[INFO] cloning repository https://github.com/jeffrey-xiao/hash-rings-rs
[INFO] running `Command { std: "git" "-c" "credential.helper=" "-c" "credential.helper=/workspace/cargo-home/bin/git-credential-null" "clone" "--bare" "https://github.com/jeffrey-xiao/hash-rings-rs" "/workspace/cache/git-repos/https%3A%2F%2Fgithub.com%2Fjeffrey-xiao%2Fhash-rings-rs", kill_on_drop: false }`
[INFO] [stderr] Cloning into bare repository '/workspace/cache/git-repos/https%3A%2F%2Fgithub.com%2Fjeffrey-xiao%2Fhash-rings-rs'...
[INFO] running `Command { std: "git" "rev-parse" "HEAD", kill_on_drop: false }`
[INFO] [stdout] 78b459660ca2d83a2317db8c3bf7b066bec6f141
[INFO] testing jeffrey-xiao/hash-rings-rs against 1.54.0 for beta-1.55-1
[INFO] running `Command { std: "git" "clone" "/workspace/cache/git-repos/https%3A%2F%2Fgithub.com%2Fjeffrey-xiao%2Fhash-rings-rs" "/workspace/builds/worker-112/source", kill_on_drop: false }`
[INFO] [stderr] Cloning into '/workspace/builds/worker-112/source'...
[INFO] [stderr] done.
[INFO] validating manifest of git repo https://github.com/jeffrey-xiao/hash-rings-rs on toolchain 1.54.0
[INFO] running `Command { std: "/workspace/cargo-home/bin/cargo" "+1.54.0" "metadata" "--manifest-path" "Cargo.toml" "--no-deps", kill_on_drop: false }`
[INFO] started tweaking git repo https://github.com/jeffrey-xiao/hash-rings-rs
[INFO] finished tweaking git repo https://github.com/jeffrey-xiao/hash-rings-rs
[INFO] tweaked toml for git repo https://github.com/jeffrey-xiao/hash-rings-rs written to /workspace/builds/worker-112/source/Cargo.toml
[INFO] running `Command { std: "/workspace/cargo-home/bin/cargo" "+1.54.0" "generate-lockfile" "--manifest-path" "Cargo.toml" "-Zno-index-update", kill_on_drop: false }`
[INFO] [stderr]     Blocking waiting for file lock on package cache
[INFO] running `Command { std: "/workspace/cargo-home/bin/cargo" "+1.54.0" "fetch" "--manifest-path" "Cargo.toml", kill_on_drop: false }`
[INFO] [stderr]     Blocking waiting for file lock on package cache
[INFO] [stderr]     Blocking waiting for file lock on package cache
[INFO] running `Command { std: "docker" "create" "-v" "/var/lib/crater-agent-workspace/builds/worker-112/target:/opt/rustwide/target:rw,Z" "-v" "/var/lib/crater-agent-workspace/builds/worker-112/source:/opt/rustwide/workdir:ro,Z" "-v" "/var/lib/crater-agent-workspace/cargo-home:/opt/rustwide/cargo-home:ro,Z" "-v" "/var/lib/crater-agent-workspace/rustup-home:/opt/rustwide/rustup-home:ro,Z" "-e" "SOURCE_DIR=/opt/rustwide/workdir" "-e" "CARGO_TARGET_DIR=/opt/rustwide/target" "-e" "CARGO_HOME=/opt/rustwide/cargo-home" "-e" "RUSTUP_HOME=/opt/rustwide/rustup-home" "-w" "/opt/rustwide/workdir" "-m" "1610612736" "--user" "0:0" "--network" "none" "ghcr.io/rust-lang/crates-build-env/linux@sha256:34b6a614d2c27851fe6cbf88fbd1137609cefab8b10d0615aaeb6fd47975d74e" "/opt/rustwide/cargo-home/bin/cargo" "+1.54.0" "metadata" "--no-deps" "--format-version=1", kill_on_drop: false }`
[INFO] [stdout] 6952d1cc9c4b854f03cf2ef8cc6882b837fb3a8130e7f25ac215d7db895d22e2
[INFO] running `Command { std: "docker" "start" "-a" "6952d1cc9c4b854f03cf2ef8cc6882b837fb3a8130e7f25ac215d7db895d22e2", kill_on_drop: false }`
[INFO] running `Command { std: "docker" "inspect" "6952d1cc9c4b854f03cf2ef8cc6882b837fb3a8130e7f25ac215d7db895d22e2", kill_on_drop: false }`
[INFO] running `Command { std: "docker" "rm" "-f" "6952d1cc9c4b854f03cf2ef8cc6882b837fb3a8130e7f25ac215d7db895d22e2", kill_on_drop: false }`
[INFO] [stdout] 6952d1cc9c4b854f03cf2ef8cc6882b837fb3a8130e7f25ac215d7db895d22e2
[INFO] running `Command { std: "docker" "create" "-v" "/var/lib/crater-agent-workspace/builds/worker-112/target:/opt/rustwide/target:rw,Z" "-v" "/var/lib/crater-agent-workspace/builds/worker-112/source:/opt/rustwide/workdir:ro,Z" "-v" "/var/lib/crater-agent-workspace/cargo-home:/opt/rustwide/cargo-home:ro,Z" "-v" "/var/lib/crater-agent-workspace/rustup-home:/opt/rustwide/rustup-home:ro,Z" "-e" "SOURCE_DIR=/opt/rustwide/workdir" "-e" "CARGO_TARGET_DIR=/opt/rustwide/target" "-e" "CARGO_INCREMENTAL=0" "-e" "RUST_BACKTRACE=full" "-e" "RUSTFLAGS=--cap-lints=warn" "-e" "CARGO_HOME=/opt/rustwide/cargo-home" "-e" "RUSTUP_HOME=/opt/rustwide/rustup-home" "-w" "/opt/rustwide/workdir" "-m" "1610612736" "--user" "0:0" "--network" "none" "ghcr.io/rust-lang/crates-build-env/linux@sha256:34b6a614d2c27851fe6cbf88fbd1137609cefab8b10d0615aaeb6fd47975d74e" "/opt/rustwide/cargo-home/bin/cargo" "+1.54.0" "build" "--frozen" "--message-format=json", kill_on_drop: false }`
[INFO] [stdout] 3e5f93d0587441653eba7f825f40ef12075518637d2150590d7230003cf4c667
[INFO] running `Command { std: "docker" "start" "-a" "3e5f93d0587441653eba7f825f40ef12075518637d2150590d7230003cf4c667", kill_on_drop: false }`
[INFO] [stderr]    Compiling autocfg v1.0.1
[INFO] [stderr]    Compiling hamming v0.1.3
[INFO] [stderr]    Compiling libc v0.2.98
[INFO] [stderr]    Compiling primal-estimate v0.2.1
[INFO] [stderr]    Compiling siphasher v0.2.3
[INFO] [stderr]    Compiling maybe-uninit v2.0.0
[INFO] [stderr]    Compiling primal-bit v0.2.4
[INFO] [stderr]    Compiling smallvec v0.6.14
[INFO] [stderr]    Compiling num-traits v0.2.14
[INFO] [stderr]    Compiling num-integer v0.1.44
[INFO] [stderr]    Compiling primal-sieve v0.2.9
[INFO] [stderr]    Compiling rand v0.4.6
[INFO] [stderr]    Compiling primal-check v0.2.3
[INFO] [stderr]    Compiling primal v0.2.3
[INFO] [stderr]    Compiling hash-rings v1.1.0 (/opt/rustwide/workdir)
[INFO] [stdout] warning: unnecessary parentheses around type
[INFO] [stdout]    --> src/maglev.rs:207:17
[INFO] [stdout]     |
[INFO] [stdout] 207 |     type Item = (&'a T);
[INFO] [stdout]     |                 ^^^^^^^ help: remove these parentheses
[INFO] [stdout]     |
[INFO] [stdout]     = note: `#[warn(unused_parens)]` on by default
[INFO] [stdout] 
[INFO] [stdout] 
[INFO] [stdout] warning: unnecessary parentheses around type
[INFO] [stdout]    --> src/mpc.rs:269:17
[INFO] [stdout]     |
[INFO] [stdout] 269 |     type Item = (&'a T);
[INFO] [stdout]     |                 ^^^^^^^ help: remove these parentheses
[INFO] [stdout] 
[INFO] [stdout] 
[INFO] [stdout] warning: 2 warnings emitted
[INFO] [stdout] 
[INFO] [stdout] 
[INFO] [stderr]     Finished dev [unoptimized + debuginfo] target(s) in 12.63s
[INFO] running `Command { std: "docker" "inspect" "3e5f93d0587441653eba7f825f40ef12075518637d2150590d7230003cf4c667", kill_on_drop: false }`
[INFO] running `Command { std: "docker" "rm" "-f" "3e5f93d0587441653eba7f825f40ef12075518637d2150590d7230003cf4c667", kill_on_drop: false }`
[INFO] [stdout] 3e5f93d0587441653eba7f825f40ef12075518637d2150590d7230003cf4c667
[INFO] running `Command { std: "docker" "create" "-v" "/var/lib/crater-agent-workspace/builds/worker-112/target:/opt/rustwide/target:rw,Z" "-v" "/var/lib/crater-agent-workspace/builds/worker-112/source:/opt/rustwide/workdir:ro,Z" "-v" "/var/lib/crater-agent-workspace/cargo-home:/opt/rustwide/cargo-home:ro,Z" "-v" "/var/lib/crater-agent-workspace/rustup-home:/opt/rustwide/rustup-home:ro,Z" "-e" "SOURCE_DIR=/opt/rustwide/workdir" "-e" "CARGO_TARGET_DIR=/opt/rustwide/target" "-e" "CARGO_INCREMENTAL=0" "-e" "RUST_BACKTRACE=full" "-e" "RUSTFLAGS=--cap-lints=warn" "-e" "CARGO_HOME=/opt/rustwide/cargo-home" "-e" "RUSTUP_HOME=/opt/rustwide/rustup-home" "-w" "/opt/rustwide/workdir" "-m" "1610612736" "--user" "0:0" "--network" "none" "ghcr.io/rust-lang/crates-build-env/linux@sha256:34b6a614d2c27851fe6cbf88fbd1137609cefab8b10d0615aaeb6fd47975d74e" "/opt/rustwide/cargo-home/bin/cargo" "+1.54.0" "test" "--frozen" "--no-run" "--message-format=json", kill_on_drop: false }`
[INFO] [stdout] e867a5e8390628092e30292dfca765dcac0d502ae816b4d9c55a0aec8069fb89
[INFO] running `Command { std: "docker" "start" "-a" "e867a5e8390628092e30292dfca765dcac0d502ae816b4d9c55a0aec8069fb89", kill_on_drop: false }`
[INFO] [stderr]     Blocking waiting for file lock on package cache
[INFO] [stderr]    Compiling hash-rings v1.1.0 (/opt/rustwide/workdir)
[INFO] [stdout] warning: unnecessary parentheses around type
[INFO] [stdout]    --> src/maglev.rs:207:17
[INFO] [stdout]     |
[INFO] [stdout] 207 |     type Item = (&'a T);
[INFO] [stdout]     |                 ^^^^^^^ help: remove these parentheses
[INFO] [stdout]     |
[INFO] [stdout]     = note: `#[warn(unused_parens)]` on by default
[INFO] [stdout] 
[INFO] [stdout] 
[INFO] [stdout] warning: unnecessary parentheses around type
[INFO] [stdout]    --> src/mpc.rs:269:17
[INFO] [stdout]     |
[INFO] [stdout] 269 |     type Item = (&'a T);
[INFO] [stdout]     |                 ^^^^^^^ help: remove these parentheses
[INFO] [stdout] 
[INFO] [stdout] 
[INFO] [stdout] warning: 2 warnings emitted
[INFO] [stdout] 
[INFO] [stdout] 
[INFO] [stdout] warning: unnecessary parentheses around type
[INFO] [stdout]    --> src/maglev.rs:207:17
[INFO] [stdout]     |
[INFO] [stdout] 207 |     type Item = (&'a T);
[INFO] [stdout]     |                 ^^^^^^^ help: remove these parentheses
[INFO] [stdout]     |
[INFO] [stdout]     = note: `#[warn(unused_parens)]` on by default
[INFO] [stdout] 
[INFO] [stdout] 
[INFO] [stdout] warning: unnecessary parentheses around type
[INFO] [stdout]    --> src/mpc.rs:269:17
[INFO] [stdout]     |
[INFO] [stdout] 269 |     type Item = (&'a T);
[INFO] [stdout]     |                 ^^^^^^^ help: remove these parentheses
[INFO] [stdout] 
[INFO] [stdout] 
[INFO] [stdout] warning: variable does not need to be mutable
[INFO] [stdout]    --> src/consistent.rs:734:13
[INFO] [stdout]     |
[INFO] [stdout] 734 |         let mut client: Client<'_, u32, u32, BuildDefaultHasher> = Client::default();
[INFO] [stdout]     |             ----^^^^^^
[INFO] [stdout]     |             |
[INFO] [stdout]     |             help: remove this `mut`
[INFO] [stdout]     |
[INFO] [stdout]     = note: `#[warn(unused_mut)]` on by default
[INFO] [stdout] 
[INFO] [stdout] 
[INFO] [stdout] warning: variable does not need to be mutable
[INFO] [stdout]    --> src/rendezvous.rs:689:13
[INFO] [stdout]     |
[INFO] [stdout] 689 |         let mut client: Client<'_, u32, u32, BuildDefaultHasher> = Client::default();
[INFO] [stdout]     |             ----^^^^^^
[INFO] [stdout]     |             |
[INFO] [stdout]     |             help: remove this `mut`
[INFO] [stdout] 
[INFO] [stdout] 
[INFO] [stdout] warning: variable does not need to be mutable
[INFO] [stdout]    --> src/weighted_rendezvous.rs:675:13
[INFO] [stdout]     |
[INFO] [stdout] 675 |         let mut client: Client<'_, u32, u32, BuildDefaultHasher> = Client::default();
[INFO] [stdout]     |             ----^^^^^^
[INFO] [stdout]     |             |
[INFO] [stdout]     |             help: remove this `mut`
[INFO] [stdout] 
[INFO] [stdout] 
[INFO] [stdout] warning: 5 warnings emitted
[INFO] [stdout] 
[INFO] [stdout] 
[INFO] [stderr]     Finished test [unoptimized + debuginfo] target(s) in 4.24s
[INFO] running `Command { std: "docker" "inspect" "e867a5e8390628092e30292dfca765dcac0d502ae816b4d9c55a0aec8069fb89", kill_on_drop: false }`
[INFO] running `Command { std: "docker" "rm" "-f" "e867a5e8390628092e30292dfca765dcac0d502ae816b4d9c55a0aec8069fb89", kill_on_drop: false }`
[INFO] [stdout] e867a5e8390628092e30292dfca765dcac0d502ae816b4d9c55a0aec8069fb89
[INFO] running `Command { std: "docker" "create" "-v" "/var/lib/crater-agent-workspace/builds/worker-112/target:/opt/rustwide/target:rw,Z" "-v" "/var/lib/crater-agent-workspace/builds/worker-112/source:/opt/rustwide/workdir:ro,Z" "-v" "/var/lib/crater-agent-workspace/cargo-home:/opt/rustwide/cargo-home:ro,Z" "-v" "/var/lib/crater-agent-workspace/rustup-home:/opt/rustwide/rustup-home:ro,Z" "-e" "SOURCE_DIR=/opt/rustwide/workdir" "-e" "CARGO_TARGET_DIR=/opt/rustwide/target" "-e" "CARGO_INCREMENTAL=0" "-e" "RUST_BACKTRACE=full" "-e" "RUSTFLAGS=--cap-lints=warn" "-e" "CARGO_HOME=/opt/rustwide/cargo-home" "-e" "RUSTUP_HOME=/opt/rustwide/rustup-home" "-w" "/opt/rustwide/workdir" "-m" "1610612736" "--user" "0:0" "--network" "none" "ghcr.io/rust-lang/crates-build-env/linux@sha256:34b6a614d2c27851fe6cbf88fbd1137609cefab8b10d0615aaeb6fd47975d74e" "/opt/rustwide/cargo-home/bin/cargo" "+1.54.0" "test" "--frozen", kill_on_drop: false }`
[INFO] [stdout] 70d76463a3ceff99e025253207b5f1594fd96bdc047d5361b632aabb072ccb6e
[INFO] running `Command { std: "docker" "start" "-a" "70d76463a3ceff99e025253207b5f1594fd96bdc047d5361b632aabb072ccb6e", kill_on_drop: false }`
[INFO] [stderr] warning: unnecessary parentheses around type
[INFO] [stderr]    --> src/maglev.rs:207:17
[INFO] [stderr]     |
[INFO] [stderr] 207 |     type Item = (&'a T);
[INFO] [stderr]     |                 ^^^^^^^ help: remove these parentheses
[INFO] [stderr]     |
[INFO] [stderr]     = note: `#[warn(unused_parens)]` on by default
[INFO] [stderr] 
[INFO] [stderr] warning: unnecessary parentheses around type
[INFO] [stderr]    --> src/mpc.rs:269:17
[INFO] [stderr]     |
[INFO] [stderr] 269 |     type Item = (&'a T);
[INFO] [stderr]     |                 ^^^^^^^ help: remove these parentheses
[INFO] [stderr] 
[INFO] [stderr] warning: 2 warnings emitted
[INFO] [stderr] 
[INFO] [stderr] warning: unnecessary parentheses around type
[INFO] [stderr]    --> src/maglev.rs:207:17
[INFO] [stderr]     |
[INFO] [stderr] 207 |     type Item = (&'a T);
[INFO] [stderr]     |                 ^^^^^^^ help: remove these parentheses
[INFO] [stderr]     |
[INFO] [stderr]     = note: `#[warn(unused_parens)]` on by default
[INFO] [stderr] 
[INFO] [stderr] warning: unnecessary parentheses around type
[INFO] [stderr]    --> src/mpc.rs:269:17
[INFO] [stderr]     |
[INFO] [stderr] 269 |     type Item = (&'a T);
[INFO] [stderr]     |                 ^^^^^^^ help: remove these parentheses
[INFO] [stderr] 
[INFO] [stderr] warning: variable does not need to be mutable
[INFO] [stderr]    --> src/consistent.rs:734:13
[INFO] [stderr]     |
[INFO] [stderr] 734 |         let mut client: Client<'_, u32, u32, BuildDefaultHasher> = Client::default();
[INFO] [stderr]     |             ----^^^^^^
[INFO] [stderr]     |             |
[INFO] [stderr]     |             help: remove this `mut`
[INFO] [stderr]     |
[INFO] [stderr]     = note: `#[warn(unused_mut)]` on by default
[INFO] [stderr] 
[INFO] [stderr] warning: variable does not need to be mutable
[INFO] [stderr]    --> src/rendezvous.rs:689:13
[INFO] [stderr]     |
[INFO] [stderr] 689 |         let mut client: Client<'_, u32, u32, BuildDefaultHasher> = Client::default();
[INFO] [stderr]     |             ----^^^^^^
[INFO] [stderr]     |             |
[INFO] [stderr]     |             help: remove this `mut`
[INFO] [stderr] 
[INFO] [stderr] warning: variable does not need to be mutable
[INFO] [stderr]    --> src/weighted_rendezvous.rs:675:13
[INFO] [stderr]     |
[INFO] [stderr] 675 |         let mut client: Client<'_, u32, u32, BuildDefaultHasher> = Client::default();
[INFO] [stderr]     |             ----^^^^^^
[INFO] [stderr]     |             |
[INFO] [stderr]     |             help: remove this `mut`
[INFO] [stderr] 
[INFO] [stderr] warning: 5 warnings emitted
[INFO] [stderr] 
[INFO] [stderr]     Finished test [unoptimized + debuginfo] target(s) in 0.04s
[INFO] [stderr]      Running unittests (/opt/rustwide/target/debug/deps/hash_rings-634f3f8bd78ffca8)
[INFO] [stdout] 
[INFO] [stdout] running 63 tests
[INFO] [stdout] test carp::tests::test_correct_weights ... ok
[INFO] [stdout] test carp::tests::test_insert_node ... ok
[INFO] [stdout] test carp::tests::test_insert_node_replace ... ok
[INFO] [stdout] test carp::tests::test_iter ... ok
[INFO] [stdout] test carp::tests::test_new_replace ... ok
[INFO] [stdout] test carp::tests::test_remove_node ... ok
[INFO] [stdout] test carp::tests::test_size_empty ... ok
[INFO] [stdout] test consistent::tests::test_get_node ... ok
[INFO] [stdout] test consistent::tests::test_insert_point ... ok
[INFO] [stdout] test consistent::tests::test_insert_node_share_node ... ok
[INFO] [stdout] test consistent::tests::test_insert_node_same_node ... ok
[INFO] [stdout] test carp::tests::test_get_node ... ok
[INFO] [stdout] test consistent::tests::test_iter ... ok
[INFO] [stdout] test weighted_rendezvous::tests::test_ring_iter ... ok
[INFO] [stdout] test weighted_rendezvous::tests::test_ring_len ... ok
[INFO] [stdout] test rendezvous::tests::test_insert_node ... ok
[INFO] [stdout] test rendezvous::tests::test_insert_point ... ok
[INFO] [stdout] test weighted_rendezvous::tests::test_size_empty ... ok
[INFO] [stdout] test rendezvous::tests::test_iter ... ok
[INFO] [stdout] test rendezvous::tests::test_remove_node ... ok
[INFO] [stdout] test rendezvous::tests::test_ring_iter ... ok
[INFO] [stdout] test rendezvous::tests::test_size_empty ... ok
[INFO] [stdout] test weighted_rendezvous::tests::test_insert_node ... ok
[INFO] [stdout] test weighted_rendezvous::tests::test_iter ... ok
[INFO] [stdout] test weighted_rendezvous::tests::test_remove_node ... ok
[INFO] [stdout] test weighted_rendezvous::tests::test_get_node ... ok
[INFO] [stdout] test weighted_rendezvous::tests::test_insert_point ... ok
[INFO] [stdout] test weighted_rendezvous::tests::test_remove_point ... ok
[INFO] [stdout] test rendezvous::tests::test_ring_len ... ok
[INFO] [stdout] test rendezvous::tests::test_remove_point ... ok
[INFO] [stdout] test mpc::tests::test_len ... ok
[INFO] [stdout] test mpc::tests::test_iter ... ok
[INFO] [stdout] test mpc::tests::test_is_empty ... ok
[INFO] [stdout] test rendezvous::tests::test_get_node ... ok
[INFO] [stdout] test mpc::tests::test_get_node ... ok
[INFO] [stdout] test maglev::tests::test_nodes ... ok
[INFO] [stdout] test maglev::tests::test_iter ... ok
[INFO] [stdout] test maglev::tests::test_get_node ... ok
[INFO] [stdout] test maglev::tests::test_capacity ... ok
[INFO] [stdout] test jump::tests::test_nodes ... ok
[INFO] [stdout] test consistent::tests::test_remove_point ... ok
[INFO] [stdout] test jump::tests::test_get_node ... ok
[INFO] [stdout] test consistent::tests::test_panic_get_node_empty_client - should panic ... ok
[INFO] [stdout] test consistent::tests::test_panic_insert_point_empty_client - should panic ... ok
[INFO] [stdout] test consistent::tests::test_size_empty ... ok
[INFO] [stdout] test consistent::tests::test_remove_node ... ok
[INFO] [stdout] test consistent::tests::test_panic_remove_point_empty_client - should panic ... ok
[INFO] [stdout] test consistent::tests::test_panic_remove_node_non_existent_node - should panic ... ok
[INFO] [stdout] test consistent::tests::test_panic_remove_node_empty_client - should panic ... ok
[INFO] [stderr]      Running unittests (/opt/rustwide/target/debug/deps/bench-40dee48bc0d8248a)
[INFO] [stdout] test rendezvous::tests::test_panic_insert_point_empty_client - should panic ... ok
[INFO] [stdout] test rendezvous::tests::test_panic_remove_node_empty_client - should panic ... ok
[INFO] [stdout] test rendezvous::tests::test_panic_remove_node_non_existent_node - should panic ... ok
[INFO] [stdout] test rendezvous::tests::test_panic_remove_point_empty_client - should panic ... ok
[INFO] [stdout] test weighted_rendezvous::tests::test_panic_insert_point_empty_client - should panic ... ok
[INFO] [stdout] test weighted_rendezvous::tests::test_panic_remove_node_empty_client - should panic ... ok
[INFO] [stdout] test weighted_rendezvous::tests::test_panic_remove_node_non_existent_node - should panic ... ok
[INFO] [stdout] test weighted_rendezvous::tests::test_panic_remove_point_empty_client - should panic ... ok
[INFO] [stdout] test weighted_rendezvous::tests::test_panic_get_node_empty_client - should panic ... ok
[INFO] [stdout] test mpc::tests::test_new_zero_hash_count - should panic ... ok
[INFO] [stdout] test rendezvous::tests::test_panic_get_node_empty_client - should panic ... ok
[INFO] [stdout] test mpc::tests::test_get_node_empty_ring - should panic ... ok
[INFO] [stdout] test maglev::tests::test_new_empty - should panic ... ok
[INFO] [stdout] test jump::tests::test_new_zero_nodes - should panic ... ok
[INFO] [stdout] 
[INFO] [stdout] test result: ok. 63 passed; 0 failed; 0 ignored; 0 measured; 0 filtered out; finished in 0.09s
[INFO] [stdout] 
[INFO] [stderr]    Doc-tests hash-rings
[INFO] [stdout] 
[INFO] [stdout] running 0 tests
[INFO] [stdout] 
[INFO] [stdout] test result: ok. 0 passed; 0 failed; 0 ignored; 0 measured; 0 filtered out; finished in 0.00s
[INFO] [stdout] 
[INFO] [stderr] warning: unnecessary parentheses around type
[INFO] [stderr]    --> /opt/rustwide/workdir/src/maglev.rs:207:17
[INFO] [stderr]     |
[INFO] [stderr] 207 |     type Item = (&'a T);
[INFO] [stderr]     |                 ^^^^^^^ help: remove these parentheses
[INFO] [stderr]     |
[INFO] [stderr]     = note: `#[warn(unused_parens)]` on by default
[INFO] [stderr] 
[INFO] [stderr] warning: unnecessary parentheses around type
[INFO] [stderr]    --> /opt/rustwide/workdir/src/mpc.rs:269:17
[INFO] [stderr]     |
[INFO] [stderr] 269 |     type Item = (&'a T);
[INFO] [stderr]     |                 ^^^^^^^ help: remove these parentheses
[INFO] [stderr] 
[INFO] [stdout] 
[INFO] [stderr] warning: 2 warnings emitted
[INFO] [stdout] running 97 tests
[INFO] [stderr] 
[INFO] [stdout] test src/consistent.rs - consistent::Ring (line 19) ... FAILED
[INFO] [stdout] test src/weighted_rendezvous.rs - weighted_rendezvous::Client (line 266) ... FAILED
[INFO] [stdout] test src/weighted_rendezvous.rs - weighted_rendezvous::Client::insert_point (line 492) ... FAILED
[INFO] [stdout] test src/carp.rs - carp::Ring::iter (line 293) ... FAILED
[INFO] [stdout] test src/rendezvous.rs - rendezvous::Client::insert_point (line 509) ... FAILED
[INFO] [stdout] test src/weighted_rendezvous.rs - weighted_rendezvous::Client::remove_node (line 393) ... FAILED
[INFO] [stdout] test src/consistent.rs - consistent::Client::insert_node (line 384) ... FAILED
[INFO] [stdout] test src/weighted_rendezvous.rs - weighted_rendezvous::Ring (line 16) ... FAILED
[INFO] [stdout] test src/weighted_rendezvous.rs - weighted_rendezvous::Client::get_node (line 466) ... FAILED
[INFO] [stdout] test src/weighted_rendezvous.rs - weighted_rendezvous::Client::len (line 557) ... FAILED
[INFO] [stdout] test src/rendezvous.rs - rendezvous::Ring::iter (line 232) ... FAILED
[INFO] [stdout] test src/carp.rs - carp::Ring::insert_node (line 164) ... FAILED
[INFO] [stdout] test src/carp.rs - carp::Ring::with_hasher (line 119) ... FAILED
[INFO] [stdout] test src/lib.rs - (line 39) ... FAILED
[INFO] [stdout] test src/consistent.rs - consistent::Ring::len (line 213) ... FAILED
[INFO] [stdout] test src/consistent.rs - consistent::Ring::is_empty (line 232) ... FAILED
[INFO] [stdout] test src/consistent.rs - consistent::Client::iter (line 646) ... FAILED
[INFO] [stdout] test src/consistent.rs - consistent::Client (line 299) ... FAILED
[INFO] [stdout] test src/mpc.rs - mpc::Ring::get_node (line 186) ... FAILED
[INFO] [stdout] test src/carp.rs - carp::Ring::remove_node (line 198) ... FAILED
[INFO] [stdout] test src/rendezvous.rs - rendezvous::Ring::get_node (line 148) ... FAILED
[INFO] [stdout] test src/weighted_rendezvous.rs - weighted_rendezvous::Ring::insert_node (line 93) ... FAILED
[INFO] [stdout] test src/weighted_rendezvous.rs - weighted_rendezvous::Ring::iter (line 220) ... FAILED
[INFO] [stdout] test src/consistent.rs - consistent::Client::insert_point (line 552) ... FAILED
[INFO] [stdout] test src/weighted_rendezvous.rs - weighted_rendezvous::Client::remove_point (line 531) ... FAILED
[INFO] [stdout] test src/carp.rs - carp::Ring (line 46) ... FAILED
[INFO] [stdout] test src/maglev.rs - maglev::Ring::iter (line 186) ... FAILED
[INFO] [stdout] test src/mpc.rs - mpc::Ring::iter (line 249) ... FAILED
[INFO] [stdout] test src/carp.rs - carp::Ring::get_node (line 223) ... FAILED
[INFO] [stdout] test src/maglev.rs - maglev::Ring::get_node (line 168) ... FAILED
[INFO] [stdout] test src/maglev.rs - maglev::Ring::nodes (line 139) ... FAILED
[INFO] [stdout] test src/rendezvous.rs - rendezvous::Client::remove_point (line 546) ... FAILED
[INFO] [stdout] test src/maglev.rs - maglev::Ring (line 15) ... FAILED
[INFO] [stdout] test src/consistent.rs - consistent::Client::get_node (line 527) ... FAILED
[INFO] [stdout] test src/consistent.rs - consistent::Client::get_points (line 490) ... FAILED
[INFO] [stdout] test src/maglev.rs - maglev::Ring::with_capacity_hint (line 64) ... FAILED
[INFO] [stdout] test src/maglev.rs - maglev::Ring::new (line 43) ... FAILED
[INFO] [stdout] test src/rendezvous.rs - rendezvous::Client (line 278) ... FAILED
[INFO] [stdout] test src/weighted_rendezvous.rs - weighted_rendezvous::Client::is_empty (line 576) ... FAILED
[INFO] [stdout] test src/weighted_rendezvous.rs - weighted_rendezvous::Client::insert_node (line 342) ... FAILED
[INFO] [stdout] test src/consistent.rs - consistent::Ring::iter (line 253) ... FAILED
[INFO] [stdout] test src/rendezvous.rs - rendezvous::Client::len (line 572) ... FAILED
[INFO] [stdout] test src/carp.rs - carp::Node::new (line 25) ... ok
[INFO] [stdout] test src/rendezvous.rs - rendezvous::Ring::insert_node (line 94) ... ok
[INFO] [stdout] test src/weighted_rendezvous.rs - weighted_rendezvous::Ring::get_node (line 137) ... ok
[INFO] [stdout] test src/jump.rs - jump::Ring<H>::nodes (line 117) ... ok
[INFO] [stdout] test src/rendezvous.rs - rendezvous::Ring::len (line 192) ... ok
[INFO] [stdout] test src/lib.rs - (line 69) ... ok
[INFO] [stderr] error: test failed, to rerun pass '--doc'
[INFO] [stderr] 
[INFO] [stderr] Caused by:
[INFO] [stderr]   process didn't exit successfully: `rustdoc --edition=2018 --crate-type lib --crate-name hash_rings --test /opt/rustwide/workdir/src/lib.rs -L dependency=/opt/rustwide/target/debug/deps -L dependency=/opt/rustwide/target/debug/deps --extern hash_rings=/opt/rustwide/target/debug/deps/libhash_rings-e33f1f9c84bfdcbd.rlib --extern primal=/opt/rustwide/target/debug/deps/libprimal-c8550f5282415d1f.rlib --extern rand=/opt/rustwide/target/debug/deps/librand-3d3751e170fe08cf.rlib --extern siphasher=/opt/rustwide/target/debug/deps/libsiphasher-cafbb31788f4725d.rlib -C embed-bitcode=no --error-format human` (signal: 9, SIGKILL: kill)
[INFO] running `Command { std: "docker" "inspect" "70d76463a3ceff99e025253207b5f1594fd96bdc047d5361b632aabb072ccb6e", kill_on_drop: false }`
[INFO] running `Command { std: "docker" "rm" "-f" "70d76463a3ceff99e025253207b5f1594fd96bdc047d5361b632aabb072ccb6e", kill_on_drop: false }`
[INFO] [stdout] 70d76463a3ceff99e025253207b5f1594fd96bdc047d5361b632aabb072ccb6e
