[INFO] cloning repository https://github.com/jcfocken/RayTracerChallenge
[INFO] running `Command { std: "git" "-c" "credential.helper=" "-c" "credential.helper=/workspace/cargo-home/bin/git-credential-null" "clone" "--bare" "https://github.com/jcfocken/RayTracerChallenge" "/workspace/cache/git-repos/https%3A%2F%2Fgithub.com%2Fjcfocken%2FRayTracerChallenge", kill_on_drop: false }`
[INFO] [stderr] Cloning into bare repository '/workspace/cache/git-repos/https%3A%2F%2Fgithub.com%2Fjcfocken%2FRayTracerChallenge'...
[INFO] running `Command { std: "git" "rev-parse" "HEAD", kill_on_drop: false }`
[INFO] [stdout] 8d6051a82a7fd63bf755e4620ca30e4bb8ed4d77
[INFO] testing jcfocken/RayTracerChallenge against 1.54.0 for beta-1.55-1
[INFO] running `Command { std: "git" "clone" "/workspace/cache/git-repos/https%3A%2F%2Fgithub.com%2Fjcfocken%2FRayTracerChallenge" "/workspace/builds/worker-81/source", kill_on_drop: false }`
[INFO] [stderr] Cloning into '/workspace/builds/worker-81/source'...
[INFO] [stderr] done.
[INFO] validating manifest of git repo https://github.com/jcfocken/RayTracerChallenge on toolchain 1.54.0
[INFO] running `Command { std: "/workspace/cargo-home/bin/cargo" "+1.54.0" "metadata" "--manifest-path" "Cargo.toml" "--no-deps", kill_on_drop: false }`
[INFO] started tweaking git repo https://github.com/jcfocken/RayTracerChallenge
[INFO] finished tweaking git repo https://github.com/jcfocken/RayTracerChallenge
[INFO] tweaked toml for git repo https://github.com/jcfocken/RayTracerChallenge written to /workspace/builds/worker-81/source/Cargo.toml
[INFO] crate git repo https://github.com/jcfocken/RayTracerChallenge already has a lockfile, it will not be regenerated
[INFO] running `Command { std: "/workspace/cargo-home/bin/cargo" "+1.54.0" "fetch" "--manifest-path" "Cargo.toml", kill_on_drop: false }`
[INFO] [stderr]     Blocking waiting for file lock on package cache
[INFO] running `Command { std: "docker" "create" "-v" "/var/lib/crater-agent-workspace/builds/worker-81/target:/opt/rustwide/target:rw,Z" "-v" "/var/lib/crater-agent-workspace/builds/worker-81/source:/opt/rustwide/workdir:ro,Z" "-v" "/var/lib/crater-agent-workspace/cargo-home:/opt/rustwide/cargo-home:ro,Z" "-v" "/var/lib/crater-agent-workspace/rustup-home:/opt/rustwide/rustup-home:ro,Z" "-e" "SOURCE_DIR=/opt/rustwide/workdir" "-e" "CARGO_TARGET_DIR=/opt/rustwide/target" "-e" "CARGO_HOME=/opt/rustwide/cargo-home" "-e" "RUSTUP_HOME=/opt/rustwide/rustup-home" "-w" "/opt/rustwide/workdir" "-m" "1610612736" "--user" "0:0" "--network" "none" "ghcr.io/rust-lang/crates-build-env/linux@sha256:34b6a614d2c27851fe6cbf88fbd1137609cefab8b10d0615aaeb6fd47975d74e" "/opt/rustwide/cargo-home/bin/cargo" "+1.54.0" "metadata" "--no-deps" "--format-version=1", kill_on_drop: false }`
[INFO] [stdout] b6dae2c26e03ddc5bf0e17b7133bb40568b5d7a4e159d14435594b99881b6252
[INFO] running `Command { std: "docker" "start" "-a" "b6dae2c26e03ddc5bf0e17b7133bb40568b5d7a4e159d14435594b99881b6252", kill_on_drop: false }`
[INFO] running `Command { std: "docker" "inspect" "b6dae2c26e03ddc5bf0e17b7133bb40568b5d7a4e159d14435594b99881b6252", kill_on_drop: false }`
[INFO] running `Command { std: "docker" "rm" "-f" "b6dae2c26e03ddc5bf0e17b7133bb40568b5d7a4e159d14435594b99881b6252", kill_on_drop: false }`
[INFO] [stdout] b6dae2c26e03ddc5bf0e17b7133bb40568b5d7a4e159d14435594b99881b6252
[INFO] running `Command { std: "docker" "create" "-v" "/var/lib/crater-agent-workspace/builds/worker-81/target:/opt/rustwide/target:rw,Z" "-v" "/var/lib/crater-agent-workspace/builds/worker-81/source:/opt/rustwide/workdir:ro,Z" "-v" "/var/lib/crater-agent-workspace/cargo-home:/opt/rustwide/cargo-home:ro,Z" "-v" "/var/lib/crater-agent-workspace/rustup-home:/opt/rustwide/rustup-home:ro,Z" "-e" "SOURCE_DIR=/opt/rustwide/workdir" "-e" "CARGO_TARGET_DIR=/opt/rustwide/target" "-e" "CARGO_INCREMENTAL=0" "-e" "RUST_BACKTRACE=full" "-e" "RUSTFLAGS=--cap-lints=warn" "-e" "CARGO_HOME=/opt/rustwide/cargo-home" "-e" "RUSTUP_HOME=/opt/rustwide/rustup-home" "-w" "/opt/rustwide/workdir" "-m" "1610612736" "--user" "0:0" "--network" "none" "ghcr.io/rust-lang/crates-build-env/linux@sha256:34b6a614d2c27851fe6cbf88fbd1137609cefab8b10d0615aaeb6fd47975d74e" "/opt/rustwide/cargo-home/bin/cargo" "+1.54.0" "build" "--frozen" "--message-format=json", kill_on_drop: false }`
[INFO] [stdout] f19e1bced36da2c30fd47fa317b2d32c3ef8e24168ea346e4c7f0f9e86cc6227
[INFO] running `Command { std: "docker" "start" "-a" "f19e1bced36da2c30fd47fa317b2d32c3ef8e24168ea346e4c7f0f9e86cc6227", kill_on_drop: false }`
[INFO] [stderr]     Blocking waiting for file lock on package cache
[INFO] [stderr]    Compiling almost v0.2.0
[INFO] [stderr]    Compiling ray_tracing v0.1.0 (/opt/rustwide/workdir)
[INFO] [stdout] warning: unnecessary parentheses around `if` condition
[INFO] [stdout]    --> src/lib.rs:881:16
[INFO] [stdout]     |
[INFO] [stdout] 881 |             if (list.len() > (self.size * self.size)) {
[INFO] [stdout]     |                ^^^^^^^^^^^^^^^^^^^^^^^^^^^^^^^^^^^^^^ help: remove these parentheses
[INFO] [stdout]     |
[INFO] [stdout]     = note: `#[warn(unused_parens)]` on by default
[INFO] [stdout] 
[INFO] [stdout] 
[INFO] [stdout] warning: 1 warning emitted
[INFO] [stdout] 
[INFO] [stdout] 
[INFO] [stderr]     Finished dev [unoptimized + debuginfo] target(s) in 1.55s
[INFO] running `Command { std: "docker" "inspect" "f19e1bced36da2c30fd47fa317b2d32c3ef8e24168ea346e4c7f0f9e86cc6227", kill_on_drop: false }`
[INFO] running `Command { std: "docker" "rm" "-f" "f19e1bced36da2c30fd47fa317b2d32c3ef8e24168ea346e4c7f0f9e86cc6227", kill_on_drop: false }`
[INFO] [stdout] f19e1bced36da2c30fd47fa317b2d32c3ef8e24168ea346e4c7f0f9e86cc6227
[INFO] running `Command { std: "docker" "create" "-v" "/var/lib/crater-agent-workspace/builds/worker-81/target:/opt/rustwide/target:rw,Z" "-v" "/var/lib/crater-agent-workspace/builds/worker-81/source:/opt/rustwide/workdir:ro,Z" "-v" "/var/lib/crater-agent-workspace/cargo-home:/opt/rustwide/cargo-home:ro,Z" "-v" "/var/lib/crater-agent-workspace/rustup-home:/opt/rustwide/rustup-home:ro,Z" "-e" "SOURCE_DIR=/opt/rustwide/workdir" "-e" "CARGO_TARGET_DIR=/opt/rustwide/target" "-e" "CARGO_INCREMENTAL=0" "-e" "RUST_BACKTRACE=full" "-e" "RUSTFLAGS=--cap-lints=warn" "-e" "CARGO_HOME=/opt/rustwide/cargo-home" "-e" "RUSTUP_HOME=/opt/rustwide/rustup-home" "-w" "/opt/rustwide/workdir" "-m" "1610612736" "--user" "0:0" "--network" "none" "ghcr.io/rust-lang/crates-build-env/linux@sha256:34b6a614d2c27851fe6cbf88fbd1137609cefab8b10d0615aaeb6fd47975d74e" "/opt/rustwide/cargo-home/bin/cargo" "+1.54.0" "test" "--frozen" "--no-run" "--message-format=json", kill_on_drop: false }`
[INFO] [stdout] 5b65ca9790d8b866c352943897214898b0ccb0ba810d5937c6914a02b7d713ba
[INFO] running `Command { std: "docker" "start" "-a" "5b65ca9790d8b866c352943897214898b0ccb0ba810d5937c6914a02b7d713ba", kill_on_drop: false }`
[INFO] [stderr]    Compiling ray_tracing v0.1.0 (/opt/rustwide/workdir)
[INFO] [stdout] warning: unnecessary parentheses around `if` condition
[INFO] [stdout]    --> src/lib.rs:881:16
[INFO] [stdout]     |
[INFO] [stdout] 881 |             if (list.len() > (self.size * self.size)) {
[INFO] [stdout]     |                ^^^^^^^^^^^^^^^^^^^^^^^^^^^^^^^^^^^^^^ help: remove these parentheses
[INFO] [stdout]     |
[INFO] [stdout]     = note: `#[warn(unused_parens)]` on by default
[INFO] [stdout] 
[INFO] [stdout] 
[INFO] [stdout] warning: 1 warning emitted
[INFO] [stdout] 
[INFO] [stdout] 
[INFO] [stdout] warning: unnecessary parentheses around `if` condition
[INFO] [stdout]    --> src/lib.rs:881:16
[INFO] [stdout]     |
[INFO] [stdout] 881 |             if (list.len() > (self.size * self.size)) {
[INFO] [stdout]     |                ^^^^^^^^^^^^^^^^^^^^^^^^^^^^^^^^^^^^^^ help: remove these parentheses
[INFO] [stdout]     |
[INFO] [stdout]     = note: `#[warn(unused_parens)]` on by default
[INFO] [stdout] 
[INFO] [stdout] 
[INFO] [stdout] warning: function is never used: `create_Matrix`
[INFO] [stdout]    --> src/lib.rs:899:12
[INFO] [stdout]     |
[INFO] [stdout] 899 |         fn create_Matrix() {
[INFO] [stdout]     |            ^^^^^^^^^^^^^
[INFO] [stdout]     |
[INFO] [stdout]     = note: `#[warn(dead_code)]` on by default
[INFO] [stdout] 
[INFO] [stdout] 
[INFO] [stdout] warning: function `create_Matrix` should have a snake case name
[INFO] [stdout]    --> src/lib.rs:899:12
[INFO] [stdout]     |
[INFO] [stdout] 899 |         fn create_Matrix() {
[INFO] [stdout]     |            ^^^^^^^^^^^^^ help: convert the identifier to snake case: `create_matrix`
[INFO] [stdout]     |
[INFO] [stdout]     = note: `#[warn(non_snake_case)]` on by default
[INFO] [stdout] 
[INFO] [stdout] 
[INFO] [stdout] warning: 3 warnings emitted
[INFO] [stdout] 
[INFO] [stdout] 
[INFO] [stderr]     Finished test [unoptimized + debuginfo] target(s) in 1.77s
[INFO] running `Command { std: "docker" "inspect" "5b65ca9790d8b866c352943897214898b0ccb0ba810d5937c6914a02b7d713ba", kill_on_drop: false }`
[INFO] running `Command { std: "docker" "rm" "-f" "5b65ca9790d8b866c352943897214898b0ccb0ba810d5937c6914a02b7d713ba", kill_on_drop: false }`
[INFO] [stdout] 5b65ca9790d8b866c352943897214898b0ccb0ba810d5937c6914a02b7d713ba
[INFO] running `Command { std: "docker" "create" "-v" "/var/lib/crater-agent-workspace/builds/worker-81/target:/opt/rustwide/target:rw,Z" "-v" "/var/lib/crater-agent-workspace/builds/worker-81/source:/opt/rustwide/workdir:ro,Z" "-v" "/var/lib/crater-agent-workspace/cargo-home:/opt/rustwide/cargo-home:ro,Z" "-v" "/var/lib/crater-agent-workspace/rustup-home:/opt/rustwide/rustup-home:ro,Z" "-e" "SOURCE_DIR=/opt/rustwide/workdir" "-e" "CARGO_TARGET_DIR=/opt/rustwide/target" "-e" "CARGO_INCREMENTAL=0" "-e" "RUST_BACKTRACE=full" "-e" "RUSTFLAGS=--cap-lints=warn" "-e" "CARGO_HOME=/opt/rustwide/cargo-home" "-e" "RUSTUP_HOME=/opt/rustwide/rustup-home" "-w" "/opt/rustwide/workdir" "-m" "1610612736" "--user" "0:0" "--network" "none" "ghcr.io/rust-lang/crates-build-env/linux@sha256:34b6a614d2c27851fe6cbf88fbd1137609cefab8b10d0615aaeb6fd47975d74e" "/opt/rustwide/cargo-home/bin/cargo" "+1.54.0" "test" "--frozen", kill_on_drop: false }`
[INFO] [stdout] 889fa28b9bc5292e1387d1643b57108c0ac7b46d756c1db406059b1d158fa95a
[INFO] running `Command { std: "docker" "start" "-a" "889fa28b9bc5292e1387d1643b57108c0ac7b46d756c1db406059b1d158fa95a", kill_on_drop: false }`
[INFO] [stderr]     Blocking waiting for file lock on package cache
[INFO] [stderr] warning: unnecessary parentheses around `if` condition
[INFO] [stderr]    --> src/lib.rs:881:16
[INFO] [stderr]     |
[INFO] [stderr] 881 |             if (list.len() > (self.size * self.size)) {
[INFO] [stderr]     |                ^^^^^^^^^^^^^^^^^^^^^^^^^^^^^^^^^^^^^^ help: remove these parentheses
[INFO] [stderr]     |
[INFO] [stderr]     = note: `#[warn(unused_parens)]` on by default
[INFO] [stderr] 
[INFO] [stderr] warning: 1 warning emitted
[INFO] [stderr] 
[INFO] [stderr] warning: unnecessary parentheses around `if` condition
[INFO] [stderr]    --> src/lib.rs:881:16
[INFO] [stderr]     |
[INFO] [stderr] 881 |             if (list.len() > (self.size * self.size)) {
[INFO] [stderr]     |                ^^^^^^^^^^^^^^^^^^^^^^^^^^^^^^^^^^^^^^ help: remove these parentheses
[INFO] [stderr]     |
[INFO] [stderr]     = note: `#[warn(unused_parens)]` on by default
[INFO] [stderr] 
[INFO] [stderr] warning: function is never used: `create_Matrix`
[INFO] [stderr]    --> src/lib.rs:899:12
[INFO] [stderr]     |
[INFO] [stderr] 899 |         fn create_Matrix() {
[INFO] [stderr]     |            ^^^^^^^^^^^^^
[INFO] [stderr]     |
[INFO] [stderr]     = note: `#[warn(dead_code)]` on by default
[INFO] [stderr] 
[INFO] [stderr] warning: function `create_Matrix` should have a snake case name
[INFO] [stderr]    --> src/lib.rs:899:12
[INFO] [stderr]     |
[INFO] [stderr] 899 |         fn create_Matrix() {
[INFO] [stderr]     |            ^^^^^^^^^^^^^ help: convert the identifier to snake case: `create_matrix`
[INFO] [stderr]     |
[INFO] [stderr]     = note: `#[warn(non_snake_case)]` on by default
[INFO] [stderr] 
[INFO] [stderr] warning: 3 warnings emitted
[INFO] [stderr] 
[INFO] [stderr]     Finished test [unoptimized + debuginfo] target(s) in 0.10s
[INFO] [stderr]      Running unittests (/opt/rustwide/target/debug/deps/ray_tracing-8578633a37a0a9f8)
[INFO] [stdout] 
[INFO] [stdout] running 37 tests
[INFO] [stdout] test canvas::tests::canvas_to_ppm ... ok
[INFO] [stdout] test canvas::tests::constructing_pixels ... ok
[INFO] [stdout] test canvas::tests::create_canvas ... ok
[INFO] [stdout] test canvas::tests::newline_at_end ... ok
[INFO] [stdout] test canvas::tests::ppm_linebreak ... ok
[INFO] [stdout] test colour::tests::add_colour ... ok
[INFO] [stdout] test colour::tests::is_tuple ... ok
[INFO] [stdout] test colour::tests::mix_colour ... ok
[INFO] [stdout] test colour::tests::scale_colour ... ok
[INFO] [stdout] test canvas::tests::write_pixel ... ok
[INFO] [stdout] test colour::tests::subtract_colour ... ok
[INFO] [stdout] test matrix::tests::oversize_fill ... ok
[INFO] [stdout] test tuple::tests::add_tuples ... ok
[INFO] [stdout] test tuple::tests::create_point ... ok
[INFO] [stdout] test tuple::tests::create_vector ... ok
[INFO] [stdout] test tuple::tests::cross ... ok
[INFO] [stdout] test tuple::tests::div_by_scalar ... ok
[INFO] [stdout] test tuple::tests::dot ... ok
[INFO] [stdout] test tuple::tests::is_point ... ok
[INFO] [stdout] test tuple::tests::magnitude1 ... ok
[INFO] [stdout] test tuple::tests::magnitude3 ... ok
[INFO] [stdout] test tuple::tests::magnitude2 ... ok
[INFO] [stdout] test tuple::tests::magnitude4 ... ok
[INFO] [stdout] test tuple::tests::magnitude5 ... ok
[INFO] [stdout] test tuple::tests::mult_by_fraction ... ok
[INFO] [stdout] test tuple::tests::is_vector ... ok
[INFO] [stdout] test tuple::tests::mult_by_scalar ... ok
[INFO] [stdout] test tuple::tests::negate_vec ... ok
[INFO] [stdout] test tuple::tests::normalize1 ... ok
[INFO] [stdout] test tuple::tests::normalize2 ... ok
[INFO] [stdout] test tuple::tests::normalize3 ... ok
[INFO] [stdout] test tuple::tests::sub_vec_from_point ... ok
[INFO] [stdout] test tuple::tests::sub_vec_from_zero ... ok
[INFO] [stdout] test tuple::tests::sub_vecs ... ok
[INFO] [stdout] test tuple::tests::sub_points ... ok
[INFO] [stdout] test canvas::tests::create_canvas_panic - should panic ... ok
[INFO] [stdout] test matrix::tests::out_of_bounds ... FAILED
[INFO] [stdout] 
[INFO] [stdout] failures:
[INFO] [stdout] 
[INFO] [stdout] ---- matrix::tests::out_of_bounds stdout ----
[INFO] [stdout] thread 'matrix::tests::out_of_bounds' panicked at 'index out of bounds: the len is 16 but the index is 17', src/lib.rs:890:13
[INFO] [stdout] stack backtrace:
[INFO] [stdout]    0:     0x5577fb0e27d0 - std::backtrace_rs::backtrace::libunwind::trace::h34055254b57d8e79
[INFO] [stdout]                                at /rustc/a178d0322ce20e33eac124758e837cbd80a6f633/library/std/src/../../backtrace/src/backtrace/libunwind.rs:90:5
[INFO] [stdout]    1:     0x5577fb0e27d0 - std::backtrace_rs::backtrace::trace_unsynchronized::h8f1e3fbd9afff6ec
[INFO] [stdout]                                at /rustc/a178d0322ce20e33eac124758e837cbd80a6f633/library/std/src/../../backtrace/src/backtrace/mod.rs:66:5
[INFO] [stdout]    2:     0x5577fb0e27d0 - std::sys_common::backtrace::_print_fmt::h3a99a796b770c360
[INFO] [stdout]                                at /rustc/a178d0322ce20e33eac124758e837cbd80a6f633/library/std/src/sys_common/backtrace.rs:67:5
[INFO] [stdout]    3:     0x5577fb0e27d0 - <std::sys_common::backtrace::_print::DisplayBacktrace as core::fmt::Display>::fmt::h32d1f94a80615d18
[INFO] [stdout]                                at /rustc/a178d0322ce20e33eac124758e837cbd80a6f633/library/std/src/sys_common/backtrace.rs:46:22
[INFO] [stdout]    4:     0x5577fb10583c - core::fmt::write::h306731c068f7162c
[INFO] [stdout]                                at /rustc/a178d0322ce20e33eac124758e837cbd80a6f633/library/core/src/fmt/mod.rs:1110:17
[INFO] [stdout]    5:     0x5577fb0df6f5 - std::io::Write::write_fmt::h87f19b0a2cd190bc
[INFO] [stdout]                                at /rustc/a178d0322ce20e33eac124758e837cbd80a6f633/library/std/src/io/mod.rs:1588:15
[INFO] [stdout]    6:     0x5577fb0e493b - std::sys_common::backtrace::_print::h5abaa2601a852287
[INFO] [stdout]                                at /rustc/a178d0322ce20e33eac124758e837cbd80a6f633/library/std/src/sys_common/backtrace.rs:49:5
[INFO] [stdout]    7:     0x5577fb0e493b - std::sys_common::backtrace::print::h8d81445442bb638f
[INFO] [stdout]                                at /rustc/a178d0322ce20e33eac124758e837cbd80a6f633/library/std/src/sys_common/backtrace.rs:36:9
[INFO] [stdout]    8:     0x5577fb0e493b - std::panicking::default_hook::{{closure}}::hcfe804496a9fa747
[INFO] [stdout]                                at /rustc/a178d0322ce20e33eac124758e837cbd80a6f633/library/std/src/panicking.rs:208:50
[INFO] [stdout]    9:     0x5577fb0e444c - std::panicking::default_hook::hbea8e3ccf2ba8901
[INFO] [stdout]                                at /rustc/a178d0322ce20e33eac124758e837cbd80a6f633/library/std/src/panicking.rs:222:9
[INFO] [stdout]   10:     0x5577fb0e5004 - std::panicking::rust_panic_with_hook::h7ee9e1a2d0f8975a
[INFO] [stdout]                                at /rustc/a178d0322ce20e33eac124758e837cbd80a6f633/library/std/src/panicking.rs:622:17
[INFO] [stdout]   11:     0x5577fb0e4ae7 - std::panicking::begin_panic_handler::{{closure}}::h8ab3b4491718b2c7
[INFO] [stdout]                                at /rustc/a178d0322ce20e33eac124758e837cbd80a6f633/library/std/src/panicking.rs:519:13
[INFO] [stdout]   12:     0x5577fb0e2ccc - std::sys_common::backtrace::__rust_end_short_backtrace::hd489062ffa586a9f
[INFO] [stdout]                                at /rustc/a178d0322ce20e33eac124758e837cbd80a6f633/library/std/src/sys_common/backtrace.rs:141:18
[INFO] [stdout]   13:     0x5577fb0e4a49 - rust_begin_unwind
[INFO] [stdout]                                at /rustc/a178d0322ce20e33eac124758e837cbd80a6f633/library/std/src/panicking.rs:515:5
[INFO] [stdout]   14:     0x5577fb07c651 - core::panicking::panic_fmt::hca6330e3e14086b4
[INFO] [stdout]                                at /rustc/a178d0322ce20e33eac124758e837cbd80a6f633/library/core/src/panicking.rs:92:14
[INFO] [stdout]   15:     0x5577fb07c612 - core::panicking::panic_bounds_check::h9e070d1e5867069b
[INFO] [stdout]                                at /rustc/a178d0322ce20e33eac124758e837cbd80a6f633/library/core/src/panicking.rs:69:5
[INFO] [stdout]   16:     0x5577fb083e0e - <usize as core::slice::index::SliceIndex<[T]>>::index::hff0146b26eb66240
[INFO] [stdout]                                at /rustc/a178d0322ce20e33eac124758e837cbd80a6f633/library/core/src/slice/index.rs:184:10
[INFO] [stdout]   17:     0x5577fb083b06 - core::slice::index::<impl core::ops::index::Index<I> for [T]>::index::h155e71fff5e78219
[INFO] [stdout]                                at /rustc/a178d0322ce20e33eac124758e837cbd80a6f633/library/core/src/slice/index.rs:15:9
[INFO] [stdout]   18:     0x5577fb088067 - <alloc::vec::Vec<T,A> as core::ops::index::Index<I>>::index::h8d0f80c1a5acf567
[INFO] [stdout]                                at /rustc/a178d0322ce20e33eac124758e837cbd80a6f633/library/alloc/src/vec/mod.rs:2428:9
[INFO] [stdout]   19:     0x5577fb0840d8 - ray_tracing::matrix::Matrix::value_at::h9c01a391b9bd81d0
[INFO] [stdout]                                at /opt/rustwide/workdir/src/lib.rs:890:13
[INFO] [stdout]   20:     0x5577fb08d790 - ray_tracing::matrix::tests::out_of_bounds::heb3432d3938d64df
[INFO] [stdout]                                at /opt/rustwide/workdir/src/lib.rs:946:24
[INFO] [stdout]   21:     0x5577fb08d28a - ray_tracing::matrix::tests::out_of_bounds::{{closure}}::hd57536a346e39820
[INFO] [stdout]                                at /opt/rustwide/workdir/src/lib.rs:933:9
[INFO] [stdout]   22:     0x5577fb07f89e - core::ops::function::FnOnce::call_once::he4c5780f6a29ae88
[INFO] [stdout]                                at /rustc/a178d0322ce20e33eac124758e837cbd80a6f633/library/core/src/ops/function.rs:227:5
[INFO] [stdout]   23:     0x5577fb0b9383 - core::ops::function::FnOnce::call_once::h152e7e439ff59e19
[INFO] [stdout]                                at /rustc/a178d0322ce20e33eac124758e837cbd80a6f633/library/core/src/ops/function.rs:227:5
[INFO] [stdout]   24:     0x5577fb0b9383 - test::__rust_begin_short_backtrace::h0908f3b1fdbb72ab
[INFO] [stdout]                                at /rustc/a178d0322ce20e33eac124758e837cbd80a6f633/library/test/src/lib.rs:577:5
[INFO] [stdout]   25:     0x5577fb0b7e40 - <alloc::boxed::Box<F,A> as core::ops::function::FnOnce<Args>>::call_once::hf6d2a51e5587546c
[INFO] [stdout]                                at /rustc/a178d0322ce20e33eac124758e837cbd80a6f633/library/alloc/src/boxed.rs:1575:9
[INFO] [stdout]   26:     0x5577fb0b7e40 - <std::panic::AssertUnwindSafe<F> as core::ops::function::FnOnce<()>>::call_once::h8af660f3a89ef593
[INFO] [stdout]                                at /rustc/a178d0322ce20e33eac124758e837cbd80a6f633/library/std/src/panic.rs:347:9
[INFO] [stdout]   27:     0x5577fb0b7e40 - std::panicking::try::do_call::hd36aef60f84b6d36
[INFO] [stdout]                                at /rustc/a178d0322ce20e33eac124758e837cbd80a6f633/library/std/src/panicking.rs:401:40
[INFO] [stdout]   28:     0x5577fb0b7e40 - std::panicking::try::h9932b4480e69817c
[INFO] [stdout]                                at /rustc/a178d0322ce20e33eac124758e837cbd80a6f633/library/std/src/panicking.rs:365:19
[INFO] [stdout]   29:     0x5577fb0b7e40 - std::panic::catch_unwind::h6aa177099cfff5f8
[INFO] [stdout]                                at /rustc/a178d0322ce20e33eac124758e837cbd80a6f633/library/std/src/panic.rs:434:14
[INFO] [stdout]   30:     0x5577fb0b7e40 - test::run_test_in_process::h5884d6f2d99e20c3
[INFO] [stdout]                                at /rustc/a178d0322ce20e33eac124758e837cbd80a6f633/library/test/src/lib.rs:600:18
[INFO] [stdout]   31:     0x5577fb0b7e40 - test::run_test::run_test_inner::{{closure}}::h6fdc58c6d5f5b6e3
[INFO] [stdout]                                at /rustc/a178d0322ce20e33eac124758e837cbd80a6f633/library/test/src/lib.rs:492:39
[INFO] [stdout]   32:     0x5577fb0914f2 - test::run_test::run_test_inner::{{closure}}::h408365d67a78ade8
[INFO] [stdout]                                at /rustc/a178d0322ce20e33eac124758e837cbd80a6f633/library/test/src/lib.rs:519:37
[INFO] [stdout]   33:     0x5577fb0914f2 - std::sys_common::backtrace::__rust_begin_short_backtrace::hb560b77c4f701523
[INFO] [stdout]                                at /rustc/a178d0322ce20e33eac124758e837cbd80a6f633/library/std/src/sys_common/backtrace.rs:125:18
[INFO] [stdout]   34:     0x5577fb0950a8 - std::thread::Builder::spawn_unchecked::{{closure}}::{{closure}}::hf2e7831dad93c597
[INFO] [stdout]                                at /rustc/a178d0322ce20e33eac124758e837cbd80a6f633/library/std/src/thread/mod.rs:481:17
[INFO] [stdout]   35:     0x5577fb0950a8 - <std::panic::AssertUnwindSafe<F> as core::ops::function::FnOnce<()>>::call_once::hd2e08783d8be4d02
[INFO] [stdout]                                at /rustc/a178d0322ce20e33eac124758e837cbd80a6f633/library/std/src/panic.rs:347:9
[INFO] [stdout]   36:     0x5577fb0950a8 - std::panicking::try::do_call::h062597b7acfd6b82
[INFO] [stdout]                                at /rustc/a178d0322ce20e33eac124758e837cbd80a6f633/library/std/src/panicking.rs:401:40
[INFO] [stdout]   37:     0x5577fb0950a8 - std::panicking::try::h0d7b79db04c14552
[INFO] [stdout]                                at /rustc/a178d0322ce20e33eac124758e837cbd80a6f633/library/std/src/panicking.rs:365:19
[INFO] [stdout]   38:     0x5577fb0950a8 - std::panic::catch_unwind::hb01a0b5e7c8cd43b
[INFO] [stdout]                                at /rustc/a178d0322ce20e33eac124758e837cbd80a6f633/library/std/src/panic.rs:434:14
[INFO] [stdout]   39:     0x5577fb0950a8 - std::thread::Builder::spawn_unchecked::{{closure}}::h5bde48cc887e0d1e
[INFO] [stdout]                                at /rustc/a178d0322ce20e33eac124758e837cbd80a6f633/library/std/src/thread/mod.rs:480:30
[INFO] [stdout]   40:     0x5577fb0950a8 - core::ops::function::FnOnce::call_once{{vtable.shim}}::h745ea30807a29e55
[INFO] [stdout]                                at /rustc/a178d0322ce20e33eac124758e837cbd80a6f633/library/core/src/ops/function.rs:227:5
[INFO] [stdout]   41:     0x5577fb0e9ac7 - <alloc::boxed::Box<F,A> as core::ops::function::FnOnce<Args>>::call_once::h7ece6cfefaff1005
[INFO] [stdout]                                at /rustc/a178d0322ce20e33eac124758e837cbd80a6f633/library/alloc/src/boxed.rs:1575:9
[INFO] [stdout]   42:     0x5577fb0e9ac7 - <alloc::boxed::Box<F,A> as core::ops::function::FnOnce<Args>>::call_once::hb8b48e55c21f193e
[INFO] [stdout]                                at /rustc/a178d0322ce20e33eac124758e837cbd80a6f633/library/alloc/src/boxed.rs:1575:9
[INFO] [stdout]   43:     0x5577fb0e9ac7 - std::sys::unix::thread::Thread::new::thread_start::h8c7c4450dba62914
[INFO] [stdout]                                at /rustc/a178d0322ce20e33eac124758e837cbd80a6f633/library/std/src/sys/unix/thread.rs:71:17
[INFO] [stdout]   44:     0x7fe6afc36609 - start_thread
[INFO] [stdout]   45:     0x7fe6afa08293 - clone
[INFO] [stdout]   46:                0x0 - <unknown>
[INFO] [stdout] 
[INFO] [stdout] 
[INFO] [stdout] failures:
[INFO] [stdout]     matrix::tests::out_of_bounds
[INFO] [stdout] 
[INFO] [stdout] test result: FAILED. 36 passed; 1 failed; 0 ignored; 0 measured; 0 filtered out; finished in 0.07s
[INFO] [stdout] 
[INFO] [stderr] error: test failed, to rerun pass '--lib'
[INFO] running `Command { std: "docker" "inspect" "889fa28b9bc5292e1387d1643b57108c0ac7b46d756c1db406059b1d158fa95a", kill_on_drop: false }`
[INFO] running `Command { std: "docker" "rm" "-f" "889fa28b9bc5292e1387d1643b57108c0ac7b46d756c1db406059b1d158fa95a", kill_on_drop: false }`
[INFO] [stdout] 889fa28b9bc5292e1387d1643b57108c0ac7b46d756c1db406059b1d158fa95a
