[INFO] cloning repository https://github.com/jannes-thesis/scaling-adapter
[INFO] running `Command { std: "git" "-c" "credential.helper=" "-c" "credential.helper=/workspace/cargo-home/bin/git-credential-null" "clone" "--bare" "https://github.com/jannes-thesis/scaling-adapter" "/workspace/cache/git-repos/https%3A%2F%2Fgithub.com%2Fjannes-thesis%2Fscaling-adapter", kill_on_drop: false }`
[INFO] [stderr] Cloning into bare repository '/workspace/cache/git-repos/https%3A%2F%2Fgithub.com%2Fjannes-thesis%2Fscaling-adapter'...
[INFO] running `Command { std: "git" "rev-parse" "HEAD", kill_on_drop: false }`
[INFO] [stdout] 15af3c99d533ebd04eb78d9d17ad029c42388002
[INFO] testing jannes-thesis/scaling-adapter against beta-2021-08-01 for beta-1.55-1
[INFO] running `Command { std: "git" "clone" "/workspace/cache/git-repos/https%3A%2F%2Fgithub.com%2Fjannes-thesis%2Fscaling-adapter" "/workspace/builds/worker-0/source", kill_on_drop: false }`
[INFO] [stderr] Cloning into '/workspace/builds/worker-0/source'...
[INFO] [stderr] done.
[INFO] validating manifest of git repo https://github.com/jannes-thesis/scaling-adapter on toolchain beta-2021-08-01
[INFO] running `Command { std: "/workspace/cargo-home/bin/cargo" "+beta-2021-08-01" "metadata" "--manifest-path" "Cargo.toml" "--no-deps", kill_on_drop: false }`
[INFO] started tweaking git repo https://github.com/jannes-thesis/scaling-adapter
[INFO] finished tweaking git repo https://github.com/jannes-thesis/scaling-adapter
[INFO] tweaked toml for git repo https://github.com/jannes-thesis/scaling-adapter written to /workspace/builds/worker-0/source/Cargo.toml
[INFO] crate git repo https://github.com/jannes-thesis/scaling-adapter already has a lockfile, it will not be regenerated
[INFO] running `Command { std: "/workspace/cargo-home/bin/cargo" "+beta-2021-08-01" "fetch" "--manifest-path" "Cargo.toml", kill_on_drop: false }`
[INFO] [stderr] warning: profiles for the non root package will be ignored, specify profiles at the workspace root:
[INFO] [stderr] package:   /workspace/builds/worker-0/source/scaling-adapter-clib/Cargo.toml
[INFO] [stderr] workspace: /workspace/builds/worker-0/source/Cargo.toml
[INFO] [stderr]  Downloading crates ...
[INFO] [stderr]   Downloaded serial_test_derive v0.5.0
[INFO] [stderr]   Downloaded clang-sys v1.0.0
[INFO] [stderr]   Downloaded cbindgen v0.14.6
[INFO] [stderr]   Downloaded serial_test v0.5.0
[INFO] [stderr]   Downloaded subprocess v0.2.6
[INFO] running `Command { std: "docker" "create" "-v" "/var/lib/crater-agent-workspace/builds/worker-0/target:/opt/rustwide/target:rw,Z" "-v" "/var/lib/crater-agent-workspace/builds/worker-0/source:/opt/rustwide/workdir:ro,Z" "-v" "/var/lib/crater-agent-workspace/cargo-home:/opt/rustwide/cargo-home:ro,Z" "-v" "/var/lib/crater-agent-workspace/rustup-home:/opt/rustwide/rustup-home:ro,Z" "-e" "SOURCE_DIR=/opt/rustwide/workdir" "-e" "CARGO_TARGET_DIR=/opt/rustwide/target" "-e" "CARGO_HOME=/opt/rustwide/cargo-home" "-e" "RUSTUP_HOME=/opt/rustwide/rustup-home" "-w" "/opt/rustwide/workdir" "-m" "1610612736" "--user" "0:0" "--network" "none" "ghcr.io/rust-lang/crates-build-env/linux@sha256:34b6a614d2c27851fe6cbf88fbd1137609cefab8b10d0615aaeb6fd47975d74e" "/opt/rustwide/cargo-home/bin/cargo" "+beta-2021-08-01" "metadata" "--no-deps" "--format-version=1", kill_on_drop: false }`
[INFO] [stdout] 35d9cd8346051a3c484d45b06f2b2b108831199db2e0551ceebfb7303ffbe35a
[INFO] [stderr] WARNING: Your kernel does not support swap limit capabilities or the cgroup is not mounted. Memory limited without swap.
[INFO] running `Command { std: "docker" "start" "-a" "35d9cd8346051a3c484d45b06f2b2b108831199db2e0551ceebfb7303ffbe35a", kill_on_drop: false }`
[INFO] running `Command { std: "docker" "inspect" "35d9cd8346051a3c484d45b06f2b2b108831199db2e0551ceebfb7303ffbe35a", kill_on_drop: false }`
[INFO] running `Command { std: "docker" "rm" "-f" "35d9cd8346051a3c484d45b06f2b2b108831199db2e0551ceebfb7303ffbe35a", kill_on_drop: false }`
[INFO] [stdout] 35d9cd8346051a3c484d45b06f2b2b108831199db2e0551ceebfb7303ffbe35a
[INFO] running `Command { std: "docker" "create" "-v" "/var/lib/crater-agent-workspace/builds/worker-0/target:/opt/rustwide/target:rw,Z" "-v" "/var/lib/crater-agent-workspace/builds/worker-0/source:/opt/rustwide/workdir:ro,Z" "-v" "/var/lib/crater-agent-workspace/cargo-home:/opt/rustwide/cargo-home:ro,Z" "-v" "/var/lib/crater-agent-workspace/rustup-home:/opt/rustwide/rustup-home:ro,Z" "-e" "SOURCE_DIR=/opt/rustwide/workdir" "-e" "CARGO_TARGET_DIR=/opt/rustwide/target" "-e" "CARGO_INCREMENTAL=0" "-e" "RUST_BACKTRACE=full" "-e" "RUSTFLAGS=--cap-lints=warn" "-e" "CARGO_HOME=/opt/rustwide/cargo-home" "-e" "RUSTUP_HOME=/opt/rustwide/rustup-home" "-w" "/opt/rustwide/workdir" "-m" "1610612736" "--user" "0:0" "--network" "none" "ghcr.io/rust-lang/crates-build-env/linux@sha256:34b6a614d2c27851fe6cbf88fbd1137609cefab8b10d0615aaeb6fd47975d74e" "/opt/rustwide/cargo-home/bin/cargo" "+beta-2021-08-01" "build" "--frozen" "--message-format=json", kill_on_drop: false }`
[INFO] [stderr] WARNING: Your kernel does not support swap limit capabilities or the cgroup is not mounted. Memory limited without swap.
[INFO] [stdout] 411fa0535b6e8cbf9b338f76d9f47017501359fc231710fa707f2e7ac9221495
[INFO] running `Command { std: "docker" "start" "-a" "411fa0535b6e8cbf9b338f76d9f47017501359fc231710fa707f2e7ac9221495", kill_on_drop: false }`
[INFO] [stderr] warning: profiles for the non root package will be ignored, specify profiles at the workspace root:
[INFO] [stderr] package:   /opt/rustwide/workdir/scaling-adapter-clib/Cargo.toml
[INFO] [stderr] workspace: /opt/rustwide/workdir/Cargo.toml
[INFO] [stderr]    Compiling proc-macro2 v1.0.23
[INFO] [stderr]    Compiling syn v1.0.42
[INFO] [stderr]    Compiling bindgen v0.55.1
[INFO] [stderr]    Compiling serde_derive v1.0.116
[INFO] [stderr]    Compiling serde v1.0.116
[INFO] [stderr]    Compiling os_str_bytes v2.3.2
[INFO] [stderr]    Compiling cbindgen v0.14.6
[INFO] [stderr]    Compiling test-utils v0.1.0 (/opt/rustwide/workdir/test-utils)
[INFO] [stderr]    Compiling clang-sys v1.0.0
[INFO] [stderr]    Compiling crossbeam-utils v0.8.0
[INFO] [stderr]    Compiling nix v0.18.0
[INFO] [stderr]    Compiling clap v2.33.3
[INFO] [stderr]    Compiling cexpr v0.4.0
[INFO] [stderr]    Compiling env_logger v0.7.1
[INFO] [stderr]    Compiling chrono v0.4.19
[INFO] [stderr]    Compiling tempfile v3.1.0
[INFO] [stderr]    Compiling quote v1.0.7
[INFO] [stderr]    Compiling proc-macro-error-attr v1.0.4
[INFO] [stderr]    Compiling crossbeam-epoch v0.9.0
[INFO] [stderr]    Compiling crossbeam-channel v0.5.0
[INFO] [stderr]    Compiling crossbeam-queue v0.3.0
[INFO] [stderr]    Compiling crossbeam-deque v0.8.0
[INFO] [stderr]    Compiling crossbeam v0.8.0
[INFO] [stderr]    Compiling ctrlc v3.1.7
[INFO] [stderr]    Compiling proc-macro-error v1.0.4
[INFO] [stderr]    Compiling clap_derive v3.0.0-beta.2
[INFO] [stderr]    Compiling tracesets_sys v0.1.0 (/opt/rustwide/workdir/tracesets-sys)
[INFO] [stderr]    Compiling clap v3.0.0-beta.2
[INFO] [stderr]    Compiling tracesets v0.1.0 (/opt/rustwide/workdir/tracesets)
[INFO] [stderr]    Compiling scaling-adapter v0.1.0 (/opt/rustwide/workdir/scaling-adapter)
[INFO] [stderr]    Compiling threadpool v0.1.0 (/opt/rustwide/workdir/threadpool)
[INFO] [stderr]    Compiling adapter-benchmark v0.1.0 (/opt/rustwide/workdir/adapter-benchmark)
[INFO] [stderr]    Compiling serde_json v1.0.57
[INFO] [stderr]    Compiling toml v0.5.6
[INFO] [stderr]    Compiling scaling-adapter-clib v0.1.0 (/opt/rustwide/workdir/scaling-adapter-clib)
[INFO] [stderr]     Finished dev [unoptimized + debuginfo] target(s) in 46.81s
[INFO] running `Command { std: "docker" "inspect" "411fa0535b6e8cbf9b338f76d9f47017501359fc231710fa707f2e7ac9221495", kill_on_drop: false }`
[INFO] running `Command { std: "docker" "rm" "-f" "411fa0535b6e8cbf9b338f76d9f47017501359fc231710fa707f2e7ac9221495", kill_on_drop: false }`
[INFO] [stdout] 411fa0535b6e8cbf9b338f76d9f47017501359fc231710fa707f2e7ac9221495
[INFO] running `Command { std: "docker" "create" "-v" "/var/lib/crater-agent-workspace/builds/worker-0/target:/opt/rustwide/target:rw,Z" "-v" "/var/lib/crater-agent-workspace/builds/worker-0/source:/opt/rustwide/workdir:ro,Z" "-v" "/var/lib/crater-agent-workspace/cargo-home:/opt/rustwide/cargo-home:ro,Z" "-v" "/var/lib/crater-agent-workspace/rustup-home:/opt/rustwide/rustup-home:ro,Z" "-e" "SOURCE_DIR=/opt/rustwide/workdir" "-e" "CARGO_TARGET_DIR=/opt/rustwide/target" "-e" "CARGO_INCREMENTAL=0" "-e" "RUST_BACKTRACE=full" "-e" "RUSTFLAGS=--cap-lints=warn" "-e" "CARGO_HOME=/opt/rustwide/cargo-home" "-e" "RUSTUP_HOME=/opt/rustwide/rustup-home" "-w" "/opt/rustwide/workdir" "-m" "1610612736" "--user" "0:0" "--network" "none" "ghcr.io/rust-lang/crates-build-env/linux@sha256:34b6a614d2c27851fe6cbf88fbd1137609cefab8b10d0615aaeb6fd47975d74e" "/opt/rustwide/cargo-home/bin/cargo" "+beta-2021-08-01" "test" "--frozen" "--no-run" "--message-format=json", kill_on_drop: false }`
[INFO] [stderr] WARNING: Your kernel does not support swap limit capabilities or the cgroup is not mounted. Memory limited without swap.
[INFO] [stdout] f8bcaa43d65915bf9aafcf65819a830381a132971b2055a72999235d64e3b9a7
[INFO] running `Command { std: "docker" "start" "-a" "f8bcaa43d65915bf9aafcf65819a830381a132971b2055a72999235d64e3b9a7", kill_on_drop: false }`
[INFO] [stderr] warning: profiles for the non root package will be ignored, specify profiles at the workspace root:
[INFO] [stderr] package:   /opt/rustwide/workdir/scaling-adapter-clib/Cargo.toml
[INFO] [stderr] workspace: /opt/rustwide/workdir/Cargo.toml
[INFO] [stderr]    Compiling test-utils v0.1.0 (/opt/rustwide/workdir/test-utils)
[INFO] [stderr]    Compiling subprocess v0.2.6
[INFO] [stderr]    Compiling serial_test_derive v0.5.0
[INFO] [stderr]    Compiling tracesets_sys v0.1.0 (/opt/rustwide/workdir/tracesets-sys)
[INFO] [stderr]    Compiling tracesets v0.1.0 (/opt/rustwide/workdir/tracesets)
[INFO] [stderr]    Compiling threadpool v0.1.0 (/opt/rustwide/workdir/threadpool)
[INFO] [stderr]    Compiling adapter-benchmark v0.1.0 (/opt/rustwide/workdir/adapter-benchmark)
[INFO] [stdout] warning: dereferencing a null pointer
[INFO] [stdout]  --> /opt/rustwide/target/debug/build/tracesets_sys-f03ca435acf24a73/out/bindings.rs:3:4621
[INFO] [stdout]   |
[INFO] [stdout] 3 | ... ! (unsafe { & (* (:: std :: ptr :: null :: < __kernel_fd_set > ())) . fds_bits as * const _ as usize } , 0usize , concat ! ("Offset o...
[INFO] [stdout]   |                   ^^^^^^^^^^^^^^^^^^^^^^^^^^^^^^^^^^^^^^^^^^^^^^^^^^^^^ this code causes undefined behavior when executed
[INFO] [stdout]   |
[INFO] [stdout]   = note: `#[warn(deref_nullptr)]` on by default
[INFO] [stdout] 
[INFO] [stdout] 
[INFO] [stdout] warning: dereferencing a null pointer
[INFO] [stdout]  --> /opt/rustwide/target/debug/build/tracesets_sys-f03ca435acf24a73/out/bindings.rs:3:6556
[INFO] [stdout]   |
[INFO] [stdout] 3 | ... ! (unsafe { & (* (:: std :: ptr :: null :: < __kernel_fsid_t > ())) . val as * const _ as usize } , 0usize , concat ! ("Offset of fie...
[INFO] [stdout]   |                   ^^^^^^^^^^^^^^^^^^^^^^^^^^^^^^^^^^^^^^^^^^^^^^^^^^^^^ this code causes undefined behavior when executed
[INFO] [stdout] 
[INFO] [stdout] 
[INFO] [stdout] warning: dereferencing a null pointer
[INFO] [stdout]  --> /opt/rustwide/target/debug/build/tracesets_sys-f03ca435acf24a73/out/bindings.rs:3:9714
[INFO] [stdout]   |
[INFO] [stdout] 3 | ...t_eq ! (unsafe { & (* (:: std :: ptr :: null :: < __fsid_t > ())) . __val as * const _ as usize } , 0usize , concat ! ("Offset of fiel...
[INFO] [stdout]   |                       ^^^^^^^^^^^^^^^^^^^^^^^^^^^^^^^^^^^^^^^^^^^^^^ this code causes undefined behavior when executed
[INFO] [stdout] 
[INFO] [stdout] 
[INFO] [stdout] warning: dereferencing a null pointer
[INFO] [stdout]  --> /opt/rustwide/target/debug/build/tracesets_sys-f03ca435acf24a73/out/bindings.rs:3:12942
[INFO] [stdout]   |
[INFO] [stdout] 3 | ..._eq ! (unsafe { & (* (:: std :: ptr :: null :: < __sigset_t > ())) . __val as * const _ as usize } , 0usize , concat ! ("Offset of fie...
[INFO] [stdout]   |                      ^^^^^^^^^^^^^^^^^^^^^^^^^^^^^^^^^^^^^^^^^^^^^^^^ this code causes undefined behavior when executed
[INFO] [stdout] 
[INFO] [stdout] 
[INFO] [stdout] warning: dereferencing a null pointer
[INFO] [stdout]  --> /opt/rustwide/target/debug/build/tracesets_sys-f03ca435acf24a73/out/bindings.rs:3:13592
[INFO] [stdout]   |
[INFO] [stdout] 3 | ...t_eq ! (unsafe { & (* (:: std :: ptr :: null :: < timeval > ())) . tv_sec as * const _ as usize } , 0usize , concat ! ("Offset of fiel...
[INFO] [stdout]   |                       ^^^^^^^^^^^^^^^^^^^^^^^^^^^^^^^^^^^^^^^^^^^^^ this code causes undefined behavior when executed
[INFO] [stdout] 
[INFO] [stdout] 
[INFO] [stdout] warning: dereferencing a null pointer
[INFO] [stdout]  --> /opt/rustwide/target/debug/build/tracesets_sys-f03ca435acf24a73/out/bindings.rs:3:13794
[INFO] [stdout]   |
[INFO] [stdout] 3 | ...t_eq ! (unsafe { & (* (:: std :: ptr :: null :: < timeval > ())) . tv_usec as * const _ as usize } , 8usize , concat ! ("Offset of fie...
[INFO] [stdout]   |                       ^^^^^^^^^^^^^^^^^^^^^^^^^^^^^^^^^^^^^^^^^^^^^ this code causes undefined behavior when executed
[INFO] [stdout] 
[INFO] [stdout] 
[INFO] [stdout] warning: dereferencing a null pointer
[INFO] [stdout]  --> /opt/rustwide/target/debug/build/tracesets_sys-f03ca435acf24a73/out/bindings.rs:3:14419
[INFO] [stdout]   |
[INFO] [stdout] 3 | ...t_eq ! (unsafe { & (* (:: std :: ptr :: null :: < timespec > ())) . tv_sec as * const _ as usize } , 0usize , concat ! ("Offset of fie...
[INFO] [stdout]   |                       ^^^^^^^^^^^^^^^^^^^^^^^^^^^^^^^^^^^^^^^^^^^^^^ this code causes undefined behavior when executed
[INFO] [stdout] 
[INFO] [stdout] 
[INFO] [stdout] warning: dereferencing a null pointer
[INFO] [stdout]  --> /opt/rustwide/target/debug/build/tracesets_sys-f03ca435acf24a73/out/bindings.rs:3:14623
[INFO] [stdout]   |
[INFO] [stdout] 3 | ...t_eq ! (unsafe { & (* (:: std :: ptr :: null :: < timespec > ())) . tv_nsec as * const _ as usize } , 8usize , concat ! ("Offset of fi...
[INFO] [stdout]   |                       ^^^^^^^^^^^^^^^^^^^^^^^^^^^^^^^^^^^^^^^^^^^^^^ this code causes undefined behavior when executed
[INFO] [stdout] 
[INFO] [stdout] 
[INFO] [stdout] warning: dereferencing a null pointer
[INFO] [stdout]  --> /opt/rustwide/target/debug/build/tracesets_sys-f03ca435acf24a73/out/bindings.rs:3:15314
[INFO] [stdout]   |
[INFO] [stdout] 3 | ...rt_eq ! (unsafe { & (* (:: std :: ptr :: null :: < fd_set > ())) . __fds_bits as * const _ as usize } , 0usize , concat ! ("Offset of ...
[INFO] [stdout]   |                        ^^^^^^^^^^^^^^^^^^^^^^^^^^^^^^^^^^^^^^^^^^^^ this code causes undefined behavior when executed
[INFO] [stdout] 
[INFO] [stdout] 
[INFO] [stdout] warning: dereferencing a null pointer
[INFO] [stdout]  --> /opt/rustwide/target/debug/build/tracesets_sys-f03ca435acf24a73/out/bindings.rs:3:16705
[INFO] [stdout]   |
[INFO] [stdout] 3 | ...unsafe { & (* (:: std :: ptr :: null :: < __pthread_internal_list > ())) . __prev as * const _ as usize } , 0usize , concat ! ("Offset...
[INFO] [stdout]   |               ^^^^^^^^^^^^^^^^^^^^^^^^^^^^^^^^^^^^^^^^^^^^^^^^^^^^^^^^^^^^^ this code causes undefined behavior when executed
[INFO] [stdout] 
[INFO] [stdout] 
[INFO] [stdout] warning: dereferencing a null pointer
[INFO] [stdout]  --> /opt/rustwide/target/debug/build/tracesets_sys-f03ca435acf24a73/out/bindings.rs:3:16939
[INFO] [stdout]   |
[INFO] [stdout] 3 | ...unsafe { & (* (:: std :: ptr :: null :: < __pthread_internal_list > ())) . __next as * const _ as usize } , 8usize , concat ! ("Offset...
[INFO] [stdout]   |               ^^^^^^^^^^^^^^^^^^^^^^^^^^^^^^^^^^^^^^^^^^^^^^^^^^^^^^^^^^^^^ this code causes undefined behavior when executed
[INFO] [stdout] 
[INFO] [stdout] 
[INFO] [stdout] warning: dereferencing a null pointer
[INFO] [stdout]  --> /opt/rustwide/target/debug/build/tracesets_sys-f03ca435acf24a73/out/bindings.rs:3:17731
[INFO] [stdout]   |
[INFO] [stdout] 3 | ...unsafe { & (* (:: std :: ptr :: null :: < __pthread_internal_slist > ())) . __next as * const _ as usize } , 0usize , concat ! ("Offse...
[INFO] [stdout]   |               ^^^^^^^^^^^^^^^^^^^^^^^^^^^^^^^^^^^^^^^^^^^^^^^^^^^^^^^^^^^^^^ this code causes undefined behavior when executed
[INFO] [stdout] 
[INFO] [stdout] 
[INFO] [stdout] warning: dereferencing a null pointer
[INFO] [stdout]  --> /opt/rustwide/target/debug/build/tracesets_sys-f03ca435acf24a73/out/bindings.rs:3:18794
[INFO] [stdout]   |
[INFO] [stdout] 3 | ...! (unsafe { & (* (:: std :: ptr :: null :: < __pthread_mutex_s > ())) . __lock as * const _ as usize } , 0usize , concat ! ("Offset of...
[INFO] [stdout]   |                  ^^^^^^^^^^^^^^^^^^^^^^^^^^^^^^^^^^^^^^^^^^^^^^^^^^^^^^^ this code causes undefined behavior when executed
[INFO] [stdout] 
[INFO] [stdout] 
[INFO] [stdout] warning: dereferencing a null pointer
[INFO] [stdout]  --> /opt/rustwide/target/debug/build/tracesets_sys-f03ca435acf24a73/out/bindings.rs:3:19016
[INFO] [stdout]   |
[INFO] [stdout] 3 | ...! (unsafe { & (* (:: std :: ptr :: null :: < __pthread_mutex_s > ())) . __count as * const _ as usize } , 4usize , concat ! ("Offset o...
[INFO] [stdout]   |                  ^^^^^^^^^^^^^^^^^^^^^^^^^^^^^^^^^^^^^^^^^^^^^^^^^^^^^^^ this code causes undefined behavior when executed
[INFO] [stdout] 
[INFO] [stdout] 
[INFO] [stdout] warning: dereferencing a null pointer
[INFO] [stdout]  --> /opt/rustwide/target/debug/build/tracesets_sys-f03ca435acf24a73/out/bindings.rs:3:19240
[INFO] [stdout]   |
[INFO] [stdout] 3 | ...! (unsafe { & (* (:: std :: ptr :: null :: < __pthread_mutex_s > ())) . __owner as * const _ as usize } , 8usize , concat ! ("Offset o...
[INFO] [stdout]   |                  ^^^^^^^^^^^^^^^^^^^^^^^^^^^^^^^^^^^^^^^^^^^^^^^^^^^^^^^ this code causes undefined behavior when executed
[INFO] [stdout] 
[INFO] [stdout] 
[INFO] [stdout] warning: dereferencing a null pointer
[INFO] [stdout]  --> /opt/rustwide/target/debug/build/tracesets_sys-f03ca435acf24a73/out/bindings.rs:3:19464
[INFO] [stdout]   |
[INFO] [stdout] 3 | ...! (unsafe { & (* (:: std :: ptr :: null :: < __pthread_mutex_s > ())) . __nusers as * const _ as usize } , 12usize , concat ! ("Offset...
[INFO] [stdout]   |                  ^^^^^^^^^^^^^^^^^^^^^^^^^^^^^^^^^^^^^^^^^^^^^^^^^^^^^^^ this code causes undefined behavior when executed
[INFO] [stdout] 
[INFO] [stdout] 
[INFO] [stdout] warning: dereferencing a null pointer
[INFO] [stdout]  --> /opt/rustwide/target/debug/build/tracesets_sys-f03ca435acf24a73/out/bindings.rs:3:19691
[INFO] [stdout]   |
[INFO] [stdout] 3 | ...! (unsafe { & (* (:: std :: ptr :: null :: < __pthread_mutex_s > ())) . __kind as * const _ as usize } , 16usize , concat ! ("Offset o...
[INFO] [stdout]   |                  ^^^^^^^^^^^^^^^^^^^^^^^^^^^^^^^^^^^^^^^^^^^^^^^^^^^^^^^ this code causes undefined behavior when executed
[INFO] [stdout] 
[INFO] [stdout] 
[INFO] [stdout] warning: dereferencing a null pointer
[INFO] [stdout]  --> /opt/rustwide/target/debug/build/tracesets_sys-f03ca435acf24a73/out/bindings.rs:3:19914
[INFO] [stdout]   |
[INFO] [stdout] 3 | ...! (unsafe { & (* (:: std :: ptr :: null :: < __pthread_mutex_s > ())) . __spins as * const _ as usize } , 20usize , concat ! ("Offset ...
[INFO] [stdout]   |                  ^^^^^^^^^^^^^^^^^^^^^^^^^^^^^^^^^^^^^^^^^^^^^^^^^^^^^^^ this code causes undefined behavior when executed
[INFO] [stdout] 
[INFO] [stdout] 
[INFO] [stdout] warning: dereferencing a null pointer
[INFO] [stdout]  --> /opt/rustwide/target/debug/build/tracesets_sys-f03ca435acf24a73/out/bindings.rs:3:20139
[INFO] [stdout]   |
[INFO] [stdout] 3 | ...! (unsafe { & (* (:: std :: ptr :: null :: < __pthread_mutex_s > ())) . __elision as * const _ as usize } , 22usize , concat ! ("Offse...
[INFO] [stdout]   |                  ^^^^^^^^^^^^^^^^^^^^^^^^^^^^^^^^^^^^^^^^^^^^^^^^^^^^^^^ this code causes undefined behavior when executed
[INFO] [stdout] 
[INFO] [stdout] 
[INFO] [stdout] warning: dereferencing a null pointer
[INFO] [stdout]  --> /opt/rustwide/target/debug/build/tracesets_sys-f03ca435acf24a73/out/bindings.rs:3:20368
[INFO] [stdout]   |
[INFO] [stdout] 3 | ...! (unsafe { & (* (:: std :: ptr :: null :: < __pthread_mutex_s > ())) . __list as * const _ as usize } , 24usize , concat ! ("Offset o...
[INFO] [stdout]   |                  ^^^^^^^^^^^^^^^^^^^^^^^^^^^^^^^^^^^^^^^^^^^^^^^^^^^^^^^ this code causes undefined behavior when executed
[INFO] [stdout] 
[INFO] [stdout] 
[INFO] [stdout] warning: dereferencing a null pointer
[INFO] [stdout]  --> /opt/rustwide/target/debug/build/tracesets_sys-f03ca435acf24a73/out/bindings.rs:3:21634
[INFO] [stdout]   |
[INFO] [stdout] 3 | ...unsafe { & (* (:: std :: ptr :: null :: < __pthread_rwlock_arch_t > ())) . __readers as * const _ as usize } , 0usize , concat ! ("Off...
[INFO] [stdout]   |               ^^^^^^^^^^^^^^^^^^^^^^^^^^^^^^^^^^^^^^^^^^^^^^^^^^^^^^^^^^^^^ this code causes undefined behavior when executed
[INFO] [stdout] 
[INFO] [stdout] 
[INFO] [stdout] warning: dereferencing a null pointer
[INFO] [stdout]  --> /opt/rustwide/target/debug/build/tracesets_sys-f03ca435acf24a73/out/bindings.rs:3:21874
[INFO] [stdout]   |
[INFO] [stdout] 3 | ...unsafe { & (* (:: std :: ptr :: null :: < __pthread_rwlock_arch_t > ())) . __writers as * const _ as usize } , 4usize , concat ! ("Off...
[INFO] [stdout]   |               ^^^^^^^^^^^^^^^^^^^^^^^^^^^^^^^^^^^^^^^^^^^^^^^^^^^^^^^^^^^^^ this code causes undefined behavior when executed
[INFO] [stdout] 
[INFO] [stdout] 
[INFO] [stdout] warning: dereferencing a null pointer
[INFO] [stdout]  --> /opt/rustwide/target/debug/build/tracesets_sys-f03ca435acf24a73/out/bindings.rs:3:22114
[INFO] [stdout]   |
[INFO] [stdout] 3 | ...unsafe { & (* (:: std :: ptr :: null :: < __pthread_rwlock_arch_t > ())) . __wrphase_futex as * const _ as usize } , 8usize , concat !...
[INFO] [stdout]   |               ^^^^^^^^^^^^^^^^^^^^^^^^^^^^^^^^^^^^^^^^^^^^^^^^^^^^^^^^^^^^^ this code causes undefined behavior when executed
[INFO] [stdout] 
[INFO] [stdout] 
[INFO] [stdout] warning: dereferencing a null pointer
[INFO] [stdout]  --> /opt/rustwide/target/debug/build/tracesets_sys-f03ca435acf24a73/out/bindings.rs:3:22366
[INFO] [stdout]   |
[INFO] [stdout] 3 | ...unsafe { & (* (:: std :: ptr :: null :: < __pthread_rwlock_arch_t > ())) . __writers_futex as * const _ as usize } , 12usize , concat ...
[INFO] [stdout]   |               ^^^^^^^^^^^^^^^^^^^^^^^^^^^^^^^^^^^^^^^^^^^^^^^^^^^^^^^^^^^^^ this code causes undefined behavior when executed
[INFO] [stdout] 
[INFO] [stdout] 
[INFO] [stdout] warning: dereferencing a null pointer
[INFO] [stdout]  --> /opt/rustwide/target/debug/build/tracesets_sys-f03ca435acf24a73/out/bindings.rs:3:22619
[INFO] [stdout]   |
[INFO] [stdout] 3 | ...unsafe { & (* (:: std :: ptr :: null :: < __pthread_rwlock_arch_t > ())) . __pad3 as * const _ as usize } , 16usize , concat ! ("Offse...
[INFO] [stdout]   |               ^^^^^^^^^^^^^^^^^^^^^^^^^^^^^^^^^^^^^^^^^^^^^^^^^^^^^^^^^^^^^ this code causes undefined behavior when executed
[INFO] [stdout] 
[INFO] [stdout] 
[INFO] [stdout] warning: dereferencing a null pointer
[INFO] [stdout]  --> /opt/rustwide/target/debug/build/tracesets_sys-f03ca435acf24a73/out/bindings.rs:3:22854
[INFO] [stdout]   |
[INFO] [stdout] 3 | ...unsafe { & (* (:: std :: ptr :: null :: < __pthread_rwlock_arch_t > ())) . __pad4 as * const _ as usize } , 20usize , concat ! ("Offse...
[INFO] [stdout]   |               ^^^^^^^^^^^^^^^^^^^^^^^^^^^^^^^^^^^^^^^^^^^^^^^^^^^^^^^^^^^^^ this code causes undefined behavior when executed
[INFO] [stdout] 
[INFO] [stdout] 
[INFO] [stdout] warning: dereferencing a null pointer
[INFO] [stdout]  --> /opt/rustwide/target/debug/build/tracesets_sys-f03ca435acf24a73/out/bindings.rs:3:23089
[INFO] [stdout]   |
[INFO] [stdout] 3 | ...unsafe { & (* (:: std :: ptr :: null :: < __pthread_rwlock_arch_t > ())) . __cur_writer as * const _ as usize } , 24usize , concat ! (...
[INFO] [stdout]   |               ^^^^^^^^^^^^^^^^^^^^^^^^^^^^^^^^^^^^^^^^^^^^^^^^^^^^^^^^^^^^^ this code causes undefined behavior when executed
[INFO] [stdout] 
[INFO] [stdout] 
[INFO] [stdout] warning: dereferencing a null pointer
[INFO] [stdout]  --> /opt/rustwide/target/debug/build/tracesets_sys-f03ca435acf24a73/out/bindings.rs:3:23336
[INFO] [stdout]   |
[INFO] [stdout] 3 | ...unsafe { & (* (:: std :: ptr :: null :: < __pthread_rwlock_arch_t > ())) . __shared as * const _ as usize } , 28usize , concat ! ("Off...
[INFO] [stdout]   |               ^^^^^^^^^^^^^^^^^^^^^^^^^^^^^^^^^^^^^^^^^^^^^^^^^^^^^^^^^^^^^ this code causes undefined behavior when executed
[INFO] [stdout] 
[INFO] [stdout] 
[INFO] [stdout] warning: dereferencing a null pointer
[INFO] [stdout]  --> /opt/rustwide/target/debug/build/tracesets_sys-f03ca435acf24a73/out/bindings.rs:3:23575
[INFO] [stdout]   |
[INFO] [stdout] 3 | ...unsafe { & (* (:: std :: ptr :: null :: < __pthread_rwlock_arch_t > ())) . __rwelision as * const _ as usize } , 32usize , concat ! ("...
[INFO] [stdout]   |               ^^^^^^^^^^^^^^^^^^^^^^^^^^^^^^^^^^^^^^^^^^^^^^^^^^^^^^^^^^^^^ this code causes undefined behavior when executed
[INFO] [stdout] 
[INFO] [stdout] 
[INFO] [stdout] warning: dereferencing a null pointer
[INFO] [stdout]  --> /opt/rustwide/target/debug/build/tracesets_sys-f03ca435acf24a73/out/bindings.rs:3:23820
[INFO] [stdout]   |
[INFO] [stdout] 3 | ...unsafe { & (* (:: std :: ptr :: null :: < __pthread_rwlock_arch_t > ())) . __pad1 as * const _ as usize } , 33usize , concat ! ("Offse...
[INFO] [stdout]   |               ^^^^^^^^^^^^^^^^^^^^^^^^^^^^^^^^^^^^^^^^^^^^^^^^^^^^^^^^^^^^^ this code causes undefined behavior when executed
[INFO] [stdout] 
[INFO] [stdout] 
[INFO] [stdout] warning: dereferencing a null pointer
[INFO] [stdout]  --> /opt/rustwide/target/debug/build/tracesets_sys-f03ca435acf24a73/out/bindings.rs:3:24055
[INFO] [stdout]   |
[INFO] [stdout] 3 | ...unsafe { & (* (:: std :: ptr :: null :: < __pthread_rwlock_arch_t > ())) . __pad2 as * const _ as usize } , 40usize , concat ! ("Offse...
[INFO] [stdout]   |               ^^^^^^^^^^^^^^^^^^^^^^^^^^^^^^^^^^^^^^^^^^^^^^^^^^^^^^^^^^^^^ this code causes undefined behavior when executed
[INFO] [stdout] 
[INFO] [stdout] 
[INFO] [stdout] warning: dereferencing a null pointer
[INFO] [stdout]  --> /opt/rustwide/target/debug/build/tracesets_sys-f03ca435acf24a73/out/bindings.rs:3:24290
[INFO] [stdout]   |
[INFO] [stdout] 3 | ...unsafe { & (* (:: std :: ptr :: null :: < __pthread_rwlock_arch_t > ())) . __flags as * const _ as usize } , 48usize , concat ! ("Offs...
[INFO] [stdout]   |               ^^^^^^^^^^^^^^^^^^^^^^^^^^^^^^^^^^^^^^^^^^^^^^^^^^^^^^^^^^^^^ this code causes undefined behavior when executed
[INFO] [stdout] 
[INFO] [stdout] 
[INFO] [stdout] warning: dereferencing a null pointer
[INFO] [stdout]  --> /opt/rustwide/target/debug/build/tracesets_sys-f03ca435acf24a73/out/bindings.rs:3:25878
[INFO] [stdout]   |
[INFO] [stdout] 3 | ...ert_eq ! (unsafe { & (* (:: std :: ptr :: null :: < __pthread_cond_s__bindgen_ty_1__bindgen_ty_1 > ())) . __low as * const _ as usize ...
[INFO] [stdout]   |                         ^^^^^^^^^^^^^^^^^^^^^^^^^^^^^^^^^^^^^^^^^^^^^^^^^^^^^^^^^^^^^^^^^^^^^^^^^^^^^^^^^^ this code causes undefined behavior when executed
[INFO] [stdout] 
[INFO] [stdout] 
[INFO] [stdout] warning: dereferencing a null pointer
[INFO] [stdout]  --> /opt/rustwide/target/debug/build/tracesets_sys-f03ca435acf24a73/out/bindings.rs:3:26152
[INFO] [stdout]   |
[INFO] [stdout] 3 | ...ert_eq ! (unsafe { & (* (:: std :: ptr :: null :: < __pthread_cond_s__bindgen_ty_1__bindgen_ty_1 > ())) . __high as * const _ as usize...
[INFO] [stdout]   |                         ^^^^^^^^^^^^^^^^^^^^^^^^^^^^^^^^^^^^^^^^^^^^^^^^^^^^^^^^^^^^^^^^^^^^^^^^^^^^^^^^^^ this code causes undefined behavior when executed
[INFO] [stdout] 
[INFO] [stdout] 
[INFO] [stdout] warning: dereferencing a null pointer
[INFO] [stdout]  --> /opt/rustwide/target/debug/build/tracesets_sys-f03ca435acf24a73/out/bindings.rs:3:26829
[INFO] [stdout]   |
[INFO] [stdout] 3 | ...afe { & (* (:: std :: ptr :: null :: < __pthread_cond_s__bindgen_ty_1 > ())) . __wseq as * const _ as usize } , 0usize , concat ! ("Of...
[INFO] [stdout]   |            ^^^^^^^^^^^^^^^^^^^^^^^^^^^^^^^^^^^^^^^^^^^^^^^^^^^^^^^^^^^^^^^^^^^^ this code causes undefined behavior when executed
[INFO] [stdout] 
[INFO] [stdout] 
[INFO] [stdout] warning: dereferencing a null pointer
[INFO] [stdout]  --> /opt/rustwide/target/debug/build/tracesets_sys-f03ca435acf24a73/out/bindings.rs:3:27077
[INFO] [stdout]   |
[INFO] [stdout] 3 | ...afe { & (* (:: std :: ptr :: null :: < __pthread_cond_s__bindgen_ty_1 > ())) . __wseq32 as * const _ as usize } , 0usize , concat ! ("...
[INFO] [stdout]   |            ^^^^^^^^^^^^^^^^^^^^^^^^^^^^^^^^^^^^^^^^^^^^^^^^^^^^^^^^^^^^^^^^^^^^ this code causes undefined behavior when executed
[INFO] [stdout] 
[INFO] [stdout] 
[INFO] [stdout] warning: dereferencing a null pointer
[INFO] [stdout]  --> /opt/rustwide/target/debug/build/tracesets_sys-f03ca435acf24a73/out/bindings.rs:3:28229
[INFO] [stdout]   |
[INFO] [stdout] 3 | ...ert_eq ! (unsafe { & (* (:: std :: ptr :: null :: < __pthread_cond_s__bindgen_ty_2__bindgen_ty_1 > ())) . __low as * const _ as usize ...
[INFO] [stdout]   |                         ^^^^^^^^^^^^^^^^^^^^^^^^^^^^^^^^^^^^^^^^^^^^^^^^^^^^^^^^^^^^^^^^^^^^^^^^^^^^^^^^^^ this code causes undefined behavior when executed
[INFO] [stdout] 
[INFO] [stdout] 
[INFO] [stdout] warning: dereferencing a null pointer
[INFO] [stdout]  --> /opt/rustwide/target/debug/build/tracesets_sys-f03ca435acf24a73/out/bindings.rs:3:28503
[INFO] [stdout]   |
[INFO] [stdout] 3 | ...ert_eq ! (unsafe { & (* (:: std :: ptr :: null :: < __pthread_cond_s__bindgen_ty_2__bindgen_ty_1 > ())) . __high as * const _ as usize...
[INFO] [stdout]   |                         ^^^^^^^^^^^^^^^^^^^^^^^^^^^^^^^^^^^^^^^^^^^^^^^^^^^^^^^^^^^^^^^^^^^^^^^^^^^^^^^^^^ this code causes undefined behavior when executed
[INFO] [stdout] 
[INFO] [stdout] 
[INFO] [stdout] warning: dereferencing a null pointer
[INFO] [stdout]  --> /opt/rustwide/target/debug/build/tracesets_sys-f03ca435acf24a73/out/bindings.rs:3:29180
[INFO] [stdout]   |
[INFO] [stdout] 3 | ...afe { & (* (:: std :: ptr :: null :: < __pthread_cond_s__bindgen_ty_2 > ())) . __g1_start as * const _ as usize } , 0usize , concat ! ...
[INFO] [stdout]   |            ^^^^^^^^^^^^^^^^^^^^^^^^^^^^^^^^^^^^^^^^^^^^^^^^^^^^^^^^^^^^^^^^^^^^ this code causes undefined behavior when executed
[INFO] [stdout] 
[INFO] [stdout] 
[INFO] [stdout] warning: dereferencing a null pointer
[INFO] [stdout]  --> /opt/rustwide/target/debug/build/tracesets_sys-f03ca435acf24a73/out/bindings.rs:3:29436
[INFO] [stdout]   |
[INFO] [stdout] 3 | ...afe { & (* (:: std :: ptr :: null :: < __pthread_cond_s__bindgen_ty_2 > ())) . __g1_start32 as * const _ as usize } , 0usize , concat ...
[INFO] [stdout]   |            ^^^^^^^^^^^^^^^^^^^^^^^^^^^^^^^^^^^^^^^^^^^^^^^^^^^^^^^^^^^^^^^^^^^^ this code causes undefined behavior when executed
[INFO] [stdout] 
[INFO] [stdout] 
[INFO] [stdout] warning: dereferencing a null pointer
[INFO] [stdout]  --> /opt/rustwide/target/debug/build/tracesets_sys-f03ca435acf24a73/out/bindings.rs:3:30028
[INFO] [stdout]   |
[INFO] [stdout] 3 | ... ! (unsafe { & (* (:: std :: ptr :: null :: < __pthread_cond_s > ())) . __g_refs as * const _ as usize } , 16usize , concat ! ("Offset...
[INFO] [stdout]   |                   ^^^^^^^^^^^^^^^^^^^^^^^^^^^^^^^^^^^^^^^^^^^^^^^^^^^^^^ this code causes undefined behavior when executed
[INFO] [stdout] 
[INFO] [stdout] 
[INFO] [stdout] warning: dereferencing a null pointer
[INFO] [stdout]  --> /opt/rustwide/target/debug/build/tracesets_sys-f03ca435acf24a73/out/bindings.rs:3:30253
[INFO] [stdout]   |
[INFO] [stdout] 3 | ... ! (unsafe { & (* (:: std :: ptr :: null :: < __pthread_cond_s > ())) . __g_size as * const _ as usize } , 24usize , concat ! ("Offset...
[INFO] [stdout]   |                   ^^^^^^^^^^^^^^^^^^^^^^^^^^^^^^^^^^^^^^^^^^^^^^^^^^^^^^ this code causes undefined behavior when executed
[INFO] [stdout] 
[INFO] [stdout] 
[INFO] [stdout] warning: dereferencing a null pointer
[INFO] [stdout]  --> /opt/rustwide/target/debug/build/tracesets_sys-f03ca435acf24a73/out/bindings.rs:3:30478
[INFO] [stdout]   |
[INFO] [stdout] 3 | ... ! (unsafe { & (* (:: std :: ptr :: null :: < __pthread_cond_s > ())) . __g1_orig_size as * const _ as usize } , 32usize , concat ! ("...
[INFO] [stdout]   |                   ^^^^^^^^^^^^^^^^^^^^^^^^^^^^^^^^^^^^^^^^^^^^^^^^^^^^^^ this code causes undefined behavior when executed
[INFO] [stdout] 
[INFO] [stdout] 
[INFO] [stdout] warning: dereferencing a null pointer
[INFO] [stdout]  --> /opt/rustwide/target/debug/build/tracesets_sys-f03ca435acf24a73/out/bindings.rs:3:30715
[INFO] [stdout]   |
[INFO] [stdout] 3 | ... ! (unsafe { & (* (:: std :: ptr :: null :: < __pthread_cond_s > ())) . __wrefs as * const _ as usize } , 36usize , concat ! ("Offset ...
[INFO] [stdout]   |                   ^^^^^^^^^^^^^^^^^^^^^^^^^^^^^^^^^^^^^^^^^^^^^^^^^^^^^^ this code causes undefined behavior when executed
[INFO] [stdout] 
[INFO] [stdout] 
[INFO] [stdout] warning: dereferencing a null pointer
[INFO] [stdout]  --> /opt/rustwide/target/debug/build/tracesets_sys-f03ca435acf24a73/out/bindings.rs:3:30938
[INFO] [stdout]   |
[INFO] [stdout] 3 | ... ! (unsafe { & (* (:: std :: ptr :: null :: < __pthread_cond_s > ())) . __g_signals as * const _ as usize } , 40usize , concat ! ("Off...
[INFO] [stdout]   |                   ^^^^^^^^^^^^^^^^^^^^^^^^^^^^^^^^^^^^^^^^^^^^^^^^^^^^^^ this code causes undefined behavior when executed
[INFO] [stdout] 
[INFO] [stdout] 
[INFO] [stdout] warning: dereferencing a null pointer
[INFO] [stdout]  --> /opt/rustwide/target/debug/build/tracesets_sys-f03ca435acf24a73/out/bindings.rs:3:31772
[INFO] [stdout]   |
[INFO] [stdout] 3 | ... (unsafe { & (* (:: std :: ptr :: null :: < pthread_mutexattr_t > ())) . __size as * const _ as usize } , 0usize , concat ! ("Offset o...
[INFO] [stdout]   |                 ^^^^^^^^^^^^^^^^^^^^^^^^^^^^^^^^^^^^^^^^^^^^^^^^^^^^^^^^^ this code causes undefined behavior when executed
[INFO] [stdout] 
[INFO] [stdout] 
[INFO] [stdout] warning: dereferencing a null pointer
[INFO] [stdout]  --> /opt/rustwide/target/debug/build/tracesets_sys-f03ca435acf24a73/out/bindings.rs:3:31998
[INFO] [stdout]   |
[INFO] [stdout] 3 | ... (unsafe { & (* (:: std :: ptr :: null :: < pthread_mutexattr_t > ())) . __align as * const _ as usize } , 0usize , concat ! ("Offset ...
[INFO] [stdout]   |                 ^^^^^^^^^^^^^^^^^^^^^^^^^^^^^^^^^^^^^^^^^^^^^^^^^^^^^^^^^ this code causes undefined behavior when executed
[INFO] [stdout] 
[INFO] [stdout] 
[INFO] [stdout] warning: dereferencing a null pointer
[INFO] [stdout]  --> /opt/rustwide/target/debug/build/tracesets_sys-f03ca435acf24a73/out/bindings.rs:3:32769
[INFO] [stdout]   |
[INFO] [stdout] 3 | ...! (unsafe { & (* (:: std :: ptr :: null :: < pthread_condattr_t > ())) . __size as * const _ as usize } , 0usize , concat ! ("Offset o...
[INFO] [stdout]   |                  ^^^^^^^^^^^^^^^^^^^^^^^^^^^^^^^^^^^^^^^^^^^^^^^^^^^^^^^^ this code causes undefined behavior when executed
[INFO] [stdout] 
[INFO] [stdout] 
[INFO] [stdout] warning: dereferencing a null pointer
[INFO] [stdout]  --> /opt/rustwide/target/debug/build/tracesets_sys-f03ca435acf24a73/out/bindings.rs:3:32993
[INFO] [stdout]   |
[INFO] [stdout] 3 | ...! (unsafe { & (* (:: std :: ptr :: null :: < pthread_condattr_t > ())) . __align as * const _ as usize } , 0usize , concat ! ("Offset ...
[INFO] [stdout]   |                  ^^^^^^^^^^^^^^^^^^^^^^^^^^^^^^^^^^^^^^^^^^^^^^^^^^^^^^^^ this code causes undefined behavior when executed
[INFO] [stdout] 
[INFO] [stdout] 
[INFO] [stdout] warning: dereferencing a null pointer
[INFO] [stdout]  --> /opt/rustwide/target/debug/build/tracesets_sys-f03ca435acf24a73/out/bindings.rs:3:33866
[INFO] [stdout]   |
[INFO] [stdout] 3 | ...q ! (unsafe { & (* (:: std :: ptr :: null :: < pthread_attr_t > ())) . __size as * const _ as usize } , 0usize , concat ! ("Offset of ...
[INFO] [stdout]   |                    ^^^^^^^^^^^^^^^^^^^^^^^^^^^^^^^^^^^^^^^^^^^^^^^^^^^^ this code causes undefined behavior when executed
[INFO] [stdout] 
[INFO] [stdout] 
[INFO] [stdout] warning: dereferencing a null pointer
[INFO] [stdout]  --> /opt/rustwide/target/debug/build/tracesets_sys-f03ca435acf24a73/out/bindings.rs:3:34082
[INFO] [stdout]   |
[INFO] [stdout] 3 | ...q ! (unsafe { & (* (:: std :: ptr :: null :: < pthread_attr_t > ())) . __align as * const _ as usize } , 0usize , concat ! ("Offset of...
[INFO] [stdout]   |                    ^^^^^^^^^^^^^^^^^^^^^^^^^^^^^^^^^^^^^^^^^^^^^^^^^^^^ this code causes undefined behavior when executed
[INFO] [stdout] 
[INFO] [stdout] 
[INFO] [stdout] warning: dereferencing a null pointer
[INFO] [stdout]  --> /opt/rustwide/target/debug/build/tracesets_sys-f03ca435acf24a73/out/bindings.rs:3:34872
[INFO] [stdout]   |
[INFO] [stdout] 3 | ... ! (unsafe { & (* (:: std :: ptr :: null :: < pthread_mutex_t > ())) . __data as * const _ as usize } , 0usize , concat ! ("Offset of ...
[INFO] [stdout]   |                   ^^^^^^^^^^^^^^^^^^^^^^^^^^^^^^^^^^^^^^^^^^^^^^^^^^^^^ this code causes undefined behavior when executed
[INFO] [stdout] 
[INFO] [stdout] 
[INFO] [stdout] warning: dereferencing a null pointer
[INFO] [stdout]  --> /opt/rustwide/target/debug/build/tracesets_sys-f03ca435acf24a73/out/bindings.rs:3:35090
[INFO] [stdout]   |
[INFO] [stdout] 3 | ... ! (unsafe { & (* (:: std :: ptr :: null :: < pthread_mutex_t > ())) . __size as * const _ as usize } , 0usize , concat ! ("Offset of ...
[INFO] [stdout]   |                   ^^^^^^^^^^^^^^^^^^^^^^^^^^^^^^^^^^^^^^^^^^^^^^^^^^^^^ this code causes undefined behavior when executed
[INFO] [stdout] 
[INFO] [stdout] 
[INFO] [stdout] warning: dereferencing a null pointer
[INFO] [stdout]  --> /opt/rustwide/target/debug/build/tracesets_sys-f03ca435acf24a73/out/bindings.rs:3:35308
[INFO] [stdout]   |
[INFO] [stdout] 3 | ... ! (unsafe { & (* (:: std :: ptr :: null :: < pthread_mutex_t > ())) . __align as * const _ as usize } , 0usize , concat ! ("Offset of...
[INFO] [stdout]   |                   ^^^^^^^^^^^^^^^^^^^^^^^^^^^^^^^^^^^^^^^^^^^^^^^^^^^^^ this code causes undefined behavior when executed
[INFO] [stdout] 
[INFO] [stdout] 
[INFO] [stdout] warning: dereferencing a null pointer
[INFO] [stdout]  --> /opt/rustwide/target/debug/build/tracesets_sys-f03ca435acf24a73/out/bindings.rs:3:36097
[INFO] [stdout]   |
[INFO] [stdout] 3 | ...q ! (unsafe { & (* (:: std :: ptr :: null :: < pthread_cond_t > ())) . __data as * const _ as usize } , 0usize , concat ! ("Offset of ...
[INFO] [stdout]   |                    ^^^^^^^^^^^^^^^^^^^^^^^^^^^^^^^^^^^^^^^^^^^^^^^^^^^^ this code causes undefined behavior when executed
[INFO] [stdout] 
[INFO] [stdout] 
[INFO] [stdout] warning: dereferencing a null pointer
[INFO] [stdout]  --> /opt/rustwide/target/debug/build/tracesets_sys-f03ca435acf24a73/out/bindings.rs:3:36313
[INFO] [stdout]   |
[INFO] [stdout] 3 | ...q ! (unsafe { & (* (:: std :: ptr :: null :: < pthread_cond_t > ())) . __size as * const _ as usize } , 0usize , concat ! ("Offset of ...
[INFO] [stdout]   |                    ^^^^^^^^^^^^^^^^^^^^^^^^^^^^^^^^^^^^^^^^^^^^^^^^^^^^ this code causes undefined behavior when executed
[INFO] [stdout] 
[INFO] [stdout] 
[INFO] [stdout] warning: dereferencing a null pointer
[INFO] [stdout]  --> /opt/rustwide/target/debug/build/tracesets_sys-f03ca435acf24a73/out/bindings.rs:3:36529
[INFO] [stdout]   |
[INFO] [stdout] 3 | ...q ! (unsafe { & (* (:: std :: ptr :: null :: < pthread_cond_t > ())) . __align as * const _ as usize } , 0usize , concat ! ("Offset of...
[INFO] [stdout]   |                    ^^^^^^^^^^^^^^^^^^^^^^^^^^^^^^^^^^^^^^^^^^^^^^^^^^^^ this code causes undefined behavior when executed
[INFO] [stdout] 
[INFO] [stdout] 
[INFO] [stdout] warning: dereferencing a null pointer
[INFO] [stdout]  --> /opt/rustwide/target/debug/build/tracesets_sys-f03ca435acf24a73/out/bindings.rs:3:37331
[INFO] [stdout]   |
[INFO] [stdout] 3 | ... ! (unsafe { & (* (:: std :: ptr :: null :: < pthread_rwlock_t > ())) . __data as * const _ as usize } , 0usize , concat ! ("Offset of...
[INFO] [stdout]   |                   ^^^^^^^^^^^^^^^^^^^^^^^^^^^^^^^^^^^^^^^^^^^^^^^^^^^^^^ this code causes undefined behavior when executed
[INFO] [stdout] 
[INFO] [stdout] 
[INFO] [stdout] warning: dereferencing a null pointer
[INFO] [stdout]  --> /opt/rustwide/target/debug/build/tracesets_sys-f03ca435acf24a73/out/bindings.rs:3:37551
[INFO] [stdout]   |
[INFO] [stdout] 3 | ... ! (unsafe { & (* (:: std :: ptr :: null :: < pthread_rwlock_t > ())) . __size as * const _ as usize } , 0usize , concat ! ("Offset of...
[INFO] [stdout]   |                   ^^^^^^^^^^^^^^^^^^^^^^^^^^^^^^^^^^^^^^^^^^^^^^^^^^^^^^ this code causes undefined behavior when executed
[INFO] [stdout] 
[INFO] [stdout] 
[INFO] [stdout] warning: dereferencing a null pointer
[INFO] [stdout]  --> /opt/rustwide/target/debug/build/tracesets_sys-f03ca435acf24a73/out/bindings.rs:3:37771
[INFO] [stdout]   |
[INFO] [stdout] 3 | ... ! (unsafe { & (* (:: std :: ptr :: null :: < pthread_rwlock_t > ())) . __align as * const _ as usize } , 0usize , concat ! ("Offset o...
[INFO] [stdout]   |                   ^^^^^^^^^^^^^^^^^^^^^^^^^^^^^^^^^^^^^^^^^^^^^^^^^^^^^^ this code causes undefined behavior when executed
[INFO] [stdout] 
[INFO] [stdout] 
[INFO] [stdout] warning: dereferencing a null pointer
[INFO] [stdout]  --> /opt/rustwide/target/debug/build/tracesets_sys-f03ca435acf24a73/out/bindings.rs:3:38549
[INFO] [stdout]   |
[INFO] [stdout] 3 | ... (unsafe { & (* (:: std :: ptr :: null :: < pthread_rwlockattr_t > ())) . __size as * const _ as usize } , 0usize , concat ! ("Offset ...
[INFO] [stdout]   |                 ^^^^^^^^^^^^^^^^^^^^^^^^^^^^^^^^^^^^^^^^^^^^^^^^^^^^^^^^^^ this code causes undefined behavior when executed
[INFO] [stdout] 
[INFO] [stdout] 
[INFO] [stdout] warning: dereferencing a null pointer
[INFO] [stdout]  --> /opt/rustwide/target/debug/build/tracesets_sys-f03ca435acf24a73/out/bindings.rs:3:38777
[INFO] [stdout]   |
[INFO] [stdout] 3 | ... (unsafe { & (* (:: std :: ptr :: null :: < pthread_rwlockattr_t > ())) . __align as * const _ as usize } , 0usize , concat ! ("Offset...
[INFO] [stdout]   |                 ^^^^^^^^^^^^^^^^^^^^^^^^^^^^^^^^^^^^^^^^^^^^^^^^^^^^^^^^^^ this code causes undefined behavior when executed
[INFO] [stdout] 
[INFO] [stdout] 
[INFO] [stdout] warning: dereferencing a null pointer
[INFO] [stdout]  --> /opt/rustwide/target/debug/build/tracesets_sys-f03ca435acf24a73/out/bindings.rs:3:39619
[INFO] [stdout]   |
[INFO] [stdout] 3 | ...! (unsafe { & (* (:: std :: ptr :: null :: < pthread_barrier_t > ())) . __size as * const _ as usize } , 0usize , concat ! ("Offset of...
[INFO] [stdout]   |                  ^^^^^^^^^^^^^^^^^^^^^^^^^^^^^^^^^^^^^^^^^^^^^^^^^^^^^^^ this code causes undefined behavior when executed
[INFO] [stdout] 
[INFO] [stdout] 
[INFO] [stdout] warning: dereferencing a null pointer
[INFO] [stdout]  --> /opt/rustwide/target/debug/build/tracesets_sys-f03ca435acf24a73/out/bindings.rs:3:39841
[INFO] [stdout]   |
[INFO] [stdout] 3 | ...! (unsafe { & (* (:: std :: ptr :: null :: < pthread_barrier_t > ())) . __align as * const _ as usize } , 0usize , concat ! ("Offset o...
[INFO] [stdout]   |                  ^^^^^^^^^^^^^^^^^^^^^^^^^^^^^^^^^^^^^^^^^^^^^^^^^^^^^^^ this code causes undefined behavior when executed
[INFO] [stdout] 
[INFO] [stdout] 
[INFO] [stdout] warning: dereferencing a null pointer
[INFO] [stdout]  --> /opt/rustwide/target/debug/build/tracesets_sys-f03ca435acf24a73/out/bindings.rs:3:40626
[INFO] [stdout]   |
[INFO] [stdout] 3 | ...(unsafe { & (* (:: std :: ptr :: null :: < pthread_barrierattr_t > ())) . __size as * const _ as usize } , 0usize , concat ! ("Offset ...
[INFO] [stdout]   |                ^^^^^^^^^^^^^^^^^^^^^^^^^^^^^^^^^^^^^^^^^^^^^^^^^^^^^^^^^^^ this code causes undefined behavior when executed
[INFO] [stdout] 
[INFO] [stdout] 
[INFO] [stdout] warning: dereferencing a null pointer
[INFO] [stdout]  --> /opt/rustwide/target/debug/build/tracesets_sys-f03ca435acf24a73/out/bindings.rs:3:40856
[INFO] [stdout]   |
[INFO] [stdout] 3 | ...(unsafe { & (* (:: std :: ptr :: null :: < pthread_barrierattr_t > ())) . __align as * const _ as usize } , 0usize , concat ! ("Offset...
[INFO] [stdout]   |                ^^^^^^^^^^^^^^^^^^^^^^^^^^^^^^^^^^^^^^^^^^^^^^^^^^^^^^^^^^^ this code causes undefined behavior when executed
[INFO] [stdout] 
[INFO] [stdout] 
[INFO] [stdout] warning: dereferencing a null pointer
[INFO] [stdout]  --> /opt/rustwide/target/debug/build/tracesets_sys-f03ca435acf24a73/out/bindings.rs:3:41648
[INFO] [stdout]   |
[INFO] [stdout] 3 | ... ! (unsafe { & (* (:: std :: ptr :: null :: < __traceset_data > ())) . traceset_id as * const _ as usize } , 0usize , concat ! ("Offse...
[INFO] [stdout]   |                   ^^^^^^^^^^^^^^^^^^^^^^^^^^^^^^^^^^^^^^^^^^^^^^^^^^^^^ this code causes undefined behavior when executed
[INFO] [stdout] 
[INFO] [stdout] 
[INFO] [stdout] warning: dereferencing a null pointer
[INFO] [stdout]  --> /opt/rustwide/target/debug/build/tracesets_sys-f03ca435acf24a73/out/bindings.rs:3:41876
[INFO] [stdout]   |
[INFO] [stdout] 3 | ... ! (unsafe { & (* (:: std :: ptr :: null :: < __traceset_data > ())) . amount_targets as * const _ as usize } , 4usize , concat ! ("Of...
[INFO] [stdout]   |                   ^^^^^^^^^^^^^^^^^^^^^^^^^^^^^^^^^^^^^^^^^^^^^^^^^^^^^ this code causes undefined behavior when executed
[INFO] [stdout] 
[INFO] [stdout] 
[INFO] [stdout] warning: dereferencing a null pointer
[INFO] [stdout]  --> /opt/rustwide/target/debug/build/tracesets_sys-f03ca435acf24a73/out/bindings.rs:3:42110
[INFO] [stdout]   |
[INFO] [stdout] 3 | ... ! (unsafe { & (* (:: std :: ptr :: null :: < __traceset_data > ())) . read_bytes as * const _ as usize } , 8usize , concat ! ("Offset...
[INFO] [stdout]   |                   ^^^^^^^^^^^^^^^^^^^^^^^^^^^^^^^^^^^^^^^^^^^^^^^^^^^^^ this code causes undefined behavior when executed
[INFO] [stdout] 
[INFO] [stdout] 
[INFO] [stdout] warning: dereferencing a null pointer
[INFO] [stdout]  --> /opt/rustwide/target/debug/build/tracesets_sys-f03ca435acf24a73/out/bindings.rs:3:42336
[INFO] [stdout]   |
[INFO] [stdout] 3 | ... ! (unsafe { & (* (:: std :: ptr :: null :: < __traceset_data > ())) . write_bytes as * const _ as usize } , 16usize , concat ! ("Offs...
[INFO] [stdout]   |                   ^^^^^^^^^^^^^^^^^^^^^^^^^^^^^^^^^^^^^^^^^^^^^^^^^^^^^ this code causes undefined behavior when executed
[INFO] [stdout] 
[INFO] [stdout] 
[INFO] [stdout] warning: dereferencing a null pointer
[INFO] [stdout]  --> /opt/rustwide/target/debug/build/tracesets_sys-f03ca435acf24a73/out/bindings.rs:3:42565
[INFO] [stdout]   |
[INFO] [stdout] 3 | ... ! (unsafe { & (* (:: std :: ptr :: null :: < __traceset_data > ())) . blkio_delay as * const _ as usize } , 24usize , concat ! ("Offs...
[INFO] [stdout]   |                   ^^^^^^^^^^^^^^^^^^^^^^^^^^^^^^^^^^^^^^^^^^^^^^^^^^^^^ this code causes undefined behavior when executed
[INFO] [stdout] 
[INFO] [stdout] 
[INFO] [stdout] warning: dereferencing a null pointer
[INFO] [stdout]  --> /opt/rustwide/target/debug/build/tracesets_sys-f03ca435acf24a73/out/bindings.rs:3:43335
[INFO] [stdout]   |
[INFO] [stdout] 3 | ...unsafe { & (* (:: std :: ptr :: null :: < __traceset_syscall_data > ())) . count as * const _ as usize } , 0usize , concat ! ("Offset ...
[INFO] [stdout]   |               ^^^^^^^^^^^^^^^^^^^^^^^^^^^^^^^^^^^^^^^^^^^^^^^^^^^^^^^^^^^^^ this code causes undefined behavior when executed
[INFO] [stdout] 
[INFO] [stdout] 
[INFO] [stdout] warning: dereferencing a null pointer
[INFO] [stdout]  --> /opt/rustwide/target/debug/build/tracesets_sys-f03ca435acf24a73/out/bindings.rs:3:43567
[INFO] [stdout]   |
[INFO] [stdout] 3 | ...unsafe { & (* (:: std :: ptr :: null :: < __traceset_syscall_data > ())) . total_time as * const _ as usize } , 8usize , concat ! ("Of...
[INFO] [stdout]   |               ^^^^^^^^^^^^^^^^^^^^^^^^^^^^^^^^^^^^^^^^^^^^^^^^^^^^^^^^^^^^^ this code causes undefined behavior when executed
[INFO] [stdout] 
[INFO] [stdout] 
[INFO] [stdout] warning: dereferencing a null pointer
[INFO] [stdout]  --> /opt/rustwide/target/debug/build/tracesets_sys-f03ca435acf24a73/out/bindings.rs:3:44422
[INFO] [stdout]   |
[INFO] [stdout] 3 | ...t_eq ! (unsafe { & (* (:: std :: ptr :: null :: < traceset > ())) . data as * const _ as usize } , 0usize , concat ! ("Offset of field...
[INFO] [stdout]   |                       ^^^^^^^^^^^^^^^^^^^^^^^^^^^^^^^^^^^^^^^^^^^^^^ this code causes undefined behavior when executed
[INFO] [stdout] 
[INFO] [stdout] 
[INFO] [stdout] warning: dereferencing a null pointer
[INFO] [stdout]  --> /opt/rustwide/target/debug/build/tracesets_sys-f03ca435acf24a73/out/bindings.rs:3:44622
[INFO] [stdout]   |
[INFO] [stdout] 3 | ...t_eq ! (unsafe { & (* (:: std :: ptr :: null :: < traceset > ())) . amount_syscalls as * const _ as usize } , 8usize , concat ! ("Offs...
[INFO] [stdout]   |                       ^^^^^^^^^^^^^^^^^^^^^^^^^^^^^^^^^^^^^^^^^^^^^^ this code causes undefined behavior when executed
[INFO] [stdout] 
[INFO] [stdout] 
[INFO] [stdout] warning: dereferencing a null pointer
[INFO] [stdout]  --> /opt/rustwide/target/debug/build/tracesets_sys-f03ca435acf24a73/out/bindings.rs:3:44844
[INFO] [stdout]   |
[INFO] [stdout] 3 | ...t_eq ! (unsafe { & (* (:: std :: ptr :: null :: < traceset > ())) . syscall_nrs as * const _ as usize } , 16usize , concat ! ("Offset ...
[INFO] [stdout]   |                       ^^^^^^^^^^^^^^^^^^^^^^^^^^^^^^^^^^^^^^^^^^^^^^ this code causes undefined behavior when executed
[INFO] [stdout] 
[INFO] [stdout] 
[INFO] [stdout] warning: dereferencing a null pointer
[INFO] [stdout]  --> /opt/rustwide/target/debug/build/tracesets_sys-f03ca435acf24a73/out/bindings.rs:3:45059
[INFO] [stdout]   |
[INFO] [stdout] 3 | ...t_eq ! (unsafe { & (* (:: std :: ptr :: null :: < traceset > ())) . sdata_arr as * const _ as usize } , 24usize , concat ! ("Offset of...
[INFO] [stdout]   |                       ^^^^^^^^^^^^^^^^^^^^^^^^^^^^^^^^^^^^^^^^^^^^^^ this code causes undefined behavior when executed
[INFO] [stdout] 
[INFO] [stdout] 
[INFO] [stdout] warning: 77 warnings emitted
[INFO] [stdout] 
[INFO] [stdout] 
[INFO] [stderr]    Compiling scaling-adapter v0.1.0 (/opt/rustwide/workdir/scaling-adapter)
[INFO] [stderr]    Compiling serial_test v0.5.0
[INFO] [stderr]    Compiling scaling-adapter-clib v0.1.0 (/opt/rustwide/workdir/scaling-adapter-clib)
[INFO] [stderr]     Finished test [unoptimized + debuginfo] target(s) in 3.95s
[INFO] running `Command { std: "docker" "inspect" "f8bcaa43d65915bf9aafcf65819a830381a132971b2055a72999235d64e3b9a7", kill_on_drop: false }`
[INFO] running `Command { std: "docker" "rm" "-f" "f8bcaa43d65915bf9aafcf65819a830381a132971b2055a72999235d64e3b9a7", kill_on_drop: false }`
[INFO] [stdout] f8bcaa43d65915bf9aafcf65819a830381a132971b2055a72999235d64e3b9a7
[INFO] running `Command { std: "docker" "create" "-v" "/var/lib/crater-agent-workspace/builds/worker-0/target:/opt/rustwide/target:rw,Z" "-v" "/var/lib/crater-agent-workspace/builds/worker-0/source:/opt/rustwide/workdir:ro,Z" "-v" "/var/lib/crater-agent-workspace/cargo-home:/opt/rustwide/cargo-home:ro,Z" "-v" "/var/lib/crater-agent-workspace/rustup-home:/opt/rustwide/rustup-home:ro,Z" "-e" "SOURCE_DIR=/opt/rustwide/workdir" "-e" "CARGO_TARGET_DIR=/opt/rustwide/target" "-e" "CARGO_INCREMENTAL=0" "-e" "RUST_BACKTRACE=full" "-e" "RUSTFLAGS=--cap-lints=warn" "-e" "CARGO_HOME=/opt/rustwide/cargo-home" "-e" "RUSTUP_HOME=/opt/rustwide/rustup-home" "-w" "/opt/rustwide/workdir" "-m" "1610612736" "--user" "0:0" "--network" "none" "ghcr.io/rust-lang/crates-build-env/linux@sha256:34b6a614d2c27851fe6cbf88fbd1137609cefab8b10d0615aaeb6fd47975d74e" "/opt/rustwide/cargo-home/bin/cargo" "+beta-2021-08-01" "test" "--frozen", kill_on_drop: false }`
[INFO] [stderr] WARNING: Your kernel does not support swap limit capabilities or the cgroup is not mounted. Memory limited without swap.
[INFO] [stdout] e866760705698d0bc8a2d1e38288c2bde961b70604f1c11527a136517357026c
[INFO] running `Command { std: "docker" "start" "-a" "e866760705698d0bc8a2d1e38288c2bde961b70604f1c11527a136517357026c", kill_on_drop: false }`
[INFO] [stderr] warning: profiles for the non root package will be ignored, specify profiles at the workspace root:
[INFO] [stderr] package:   /opt/rustwide/workdir/scaling-adapter-clib/Cargo.toml
[INFO] [stderr] workspace: /opt/rustwide/workdir/Cargo.toml
[INFO] [stderr] warning: dereferencing a null pointer
[INFO] [stderr]  --> /opt/rustwide/target/debug/build/tracesets_sys-f03ca435acf24a73/out/bindings.rs:3:4621
[INFO] [stderr]   |
[INFO] [stderr] 3 | ... ! (unsafe { & (* (:: std :: ptr :: null :: < __kernel_fd_set > ())) . fds_bits as * const _ as usize } , 0usize , concat ! ("Offset o...
[INFO] [stderr]   |                   ^^^^^^^^^^^^^^^^^^^^^^^^^^^^^^^^^^^^^^^^^^^^^^^^^^^^^ this code causes undefined behavior when executed
[INFO] [stderr]   |
[INFO] [stderr]   = note: `#[warn(deref_nullptr)]` on by default
[INFO] [stderr] 
[INFO] [stderr] warning: dereferencing a null pointer
[INFO] [stderr]  --> /opt/rustwide/target/debug/build/tracesets_sys-f03ca435acf24a73/out/bindings.rs:3:6556
[INFO] [stderr]   |
[INFO] [stderr] 3 | ... ! (unsafe { & (* (:: std :: ptr :: null :: < __kernel_fsid_t > ())) . val as * const _ as usize } , 0usize , concat ! ("Offset of fie...
[INFO] [stderr]   |                   ^^^^^^^^^^^^^^^^^^^^^^^^^^^^^^^^^^^^^^^^^^^^^^^^^^^^^ this code causes undefined behavior when executed
[INFO] [stderr] 
[INFO] [stderr] warning: dereferencing a null pointer
[INFO] [stderr]  --> /opt/rustwide/target/debug/build/tracesets_sys-f03ca435acf24a73/out/bindings.rs:3:9714
[INFO] [stderr]   |
[INFO] [stderr] 3 | ...t_eq ! (unsafe { & (* (:: std :: ptr :: null :: < __fsid_t > ())) . __val as * const _ as usize } , 0usize , concat ! ("Offset of fiel...
[INFO] [stderr]   |                       ^^^^^^^^^^^^^^^^^^^^^^^^^^^^^^^^^^^^^^^^^^^^^^ this code causes undefined behavior when executed
[INFO] [stderr] 
[INFO] [stderr] warning: dereferencing a null pointer
[INFO] [stderr]  --> /opt/rustwide/target/debug/build/tracesets_sys-f03ca435acf24a73/out/bindings.rs:3:12942
[INFO] [stderr]   |
[INFO] [stderr] 3 | ..._eq ! (unsafe { & (* (:: std :: ptr :: null :: < __sigset_t > ())) . __val as * const _ as usize } , 0usize , concat ! ("Offset of fie...
[INFO] [stderr]   |                      ^^^^^^^^^^^^^^^^^^^^^^^^^^^^^^^^^^^^^^^^^^^^^^^^ this code causes undefined behavior when executed
[INFO] [stderr] 
[INFO] [stderr] warning: dereferencing a null pointer
[INFO] [stderr]  --> /opt/rustwide/target/debug/build/tracesets_sys-f03ca435acf24a73/out/bindings.rs:3:13592
[INFO] [stderr]   |
[INFO] [stderr] 3 | ...t_eq ! (unsafe { & (* (:: std :: ptr :: null :: < timeval > ())) . tv_sec as * const _ as usize } , 0usize , concat ! ("Offset of fiel...
[INFO] [stderr]   |                       ^^^^^^^^^^^^^^^^^^^^^^^^^^^^^^^^^^^^^^^^^^^^^ this code causes undefined behavior when executed
[INFO] [stderr] 
[INFO] [stderr] warning: dereferencing a null pointer
[INFO] [stderr]  --> /opt/rustwide/target/debug/build/tracesets_sys-f03ca435acf24a73/out/bindings.rs:3:13794
[INFO] [stderr]   |
[INFO] [stderr] 3 | ...t_eq ! (unsafe { & (* (:: std :: ptr :: null :: < timeval > ())) . tv_usec as * const _ as usize } , 8usize , concat ! ("Offset of fie...
[INFO] [stderr]   |                       ^^^^^^^^^^^^^^^^^^^^^^^^^^^^^^^^^^^^^^^^^^^^^ this code causes undefined behavior when executed
[INFO] [stderr] 
[INFO] [stderr] warning: dereferencing a null pointer
[INFO] [stderr]  --> /opt/rustwide/target/debug/build/tracesets_sys-f03ca435acf24a73/out/bindings.rs:3:14419
[INFO] [stderr]   |
[INFO] [stderr] 3 | ...t_eq ! (unsafe { & (* (:: std :: ptr :: null :: < timespec > ())) . tv_sec as * const _ as usize } , 0usize , concat ! ("Offset of fie...
[INFO] [stderr]   |                       ^^^^^^^^^^^^^^^^^^^^^^^^^^^^^^^^^^^^^^^^^^^^^^ this code causes undefined behavior when executed
[INFO] [stderr] 
[INFO] [stderr] warning: dereferencing a null pointer
[INFO] [stderr]  --> /opt/rustwide/target/debug/build/tracesets_sys-f03ca435acf24a73/out/bindings.rs:3:14623
[INFO] [stderr]   |
[INFO] [stderr] 3 | ...t_eq ! (unsafe { & (* (:: std :: ptr :: null :: < timespec > ())) . tv_nsec as * const _ as usize } , 8usize , concat ! ("Offset of fi...
[INFO] [stderr]   |                       ^^^^^^^^^^^^^^^^^^^^^^^^^^^^^^^^^^^^^^^^^^^^^^ this code causes undefined behavior when executed
[INFO] [stderr] 
[INFO] [stderr] warning: dereferencing a null pointer
[INFO] [stderr]  --> /opt/rustwide/target/debug/build/tracesets_sys-f03ca435acf24a73/out/bindings.rs:3:15314
[INFO] [stderr]   |
[INFO] [stderr] 3 | ...rt_eq ! (unsafe { & (* (:: std :: ptr :: null :: < fd_set > ())) . __fds_bits as * const _ as usize } , 0usize , concat ! ("Offset of ...
[INFO] [stderr]   |                        ^^^^^^^^^^^^^^^^^^^^^^^^^^^^^^^^^^^^^^^^^^^^ this code causes undefined behavior when executed
[INFO] [stderr] 
[INFO] [stderr] warning: dereferencing a null pointer
[INFO] [stderr]  --> /opt/rustwide/target/debug/build/tracesets_sys-f03ca435acf24a73/out/bindings.rs:3:16705
[INFO] [stderr]   |
[INFO] [stderr] 3 | ...unsafe { & (* (:: std :: ptr :: null :: < __pthread_internal_list > ())) . __prev as * const _ as usize } , 0usize , concat ! ("Offset...
[INFO] [stderr]   |               ^^^^^^^^^^^^^^^^^^^^^^^^^^^^^^^^^^^^^^^^^^^^^^^^^^^^^^^^^^^^^ this code causes undefined behavior when executed
[INFO] [stderr] 
[INFO] [stderr] warning: dereferencing a null pointer
[INFO] [stderr]  --> /opt/rustwide/target/debug/build/tracesets_sys-f03ca435acf24a73/out/bindings.rs:3:16939
[INFO] [stderr]   |
[INFO] [stderr] 3 | ...unsafe { & (* (:: std :: ptr :: null :: < __pthread_internal_list > ())) . __next as * const _ as usize } , 8usize , concat ! ("Offset...
[INFO] [stderr]   |               ^^^^^^^^^^^^^^^^^^^^^^^^^^^^^^^^^^^^^^^^^^^^^^^^^^^^^^^^^^^^^ this code causes undefined behavior when executed
[INFO] [stderr] 
[INFO] [stderr] warning: dereferencing a null pointer
[INFO] [stderr]  --> /opt/rustwide/target/debug/build/tracesets_sys-f03ca435acf24a73/out/bindings.rs:3:17731
[INFO] [stderr]   |
[INFO] [stderr] 3 | ...unsafe { & (* (:: std :: ptr :: null :: < __pthread_internal_slist > ())) . __next as * const _ as usize } , 0usize , concat ! ("Offse...
[INFO] [stderr]   |               ^^^^^^^^^^^^^^^^^^^^^^^^^^^^^^^^^^^^^^^^^^^^^^^^^^^^^^^^^^^^^^ this code causes undefined behavior when executed
[INFO] [stderr] 
[INFO] [stderr] warning: dereferencing a null pointer
[INFO] [stderr]  --> /opt/rustwide/target/debug/build/tracesets_sys-f03ca435acf24a73/out/bindings.rs:3:18794
[INFO] [stderr]   |
[INFO] [stderr] 3 | ...! (unsafe { & (* (:: std :: ptr :: null :: < __pthread_mutex_s > ())) . __lock as * const _ as usize } , 0usize , concat ! ("Offset of...
[INFO] [stderr]   |                  ^^^^^^^^^^^^^^^^^^^^^^^^^^^^^^^^^^^^^^^^^^^^^^^^^^^^^^^ this code causes undefined behavior when executed
[INFO] [stderr] 
[INFO] [stderr] warning: dereferencing a null pointer
[INFO] [stderr]  --> /opt/rustwide/target/debug/build/tracesets_sys-f03ca435acf24a73/out/bindings.rs:3:19016
[INFO] [stderr]   |
[INFO] [stderr] 3 | ...! (unsafe { & (* (:: std :: ptr :: null :: < __pthread_mutex_s > ())) . __count as * const _ as usize } , 4usize , concat ! ("Offset o...
[INFO] [stderr]   |                  ^^^^^^^^^^^^^^^^^^^^^^^^^^^^^^^^^^^^^^^^^^^^^^^^^^^^^^^ this code causes undefined behavior when executed
[INFO] [stderr] 
[INFO] [stderr] warning: dereferencing a null pointer
[INFO] [stderr]  --> /opt/rustwide/target/debug/build/tracesets_sys-f03ca435acf24a73/out/bindings.rs:3:19240
[INFO] [stderr]   |
[INFO] [stderr] 3 | ...! (unsafe { & (* (:: std :: ptr :: null :: < __pthread_mutex_s > ())) . __owner as * const _ as usize } , 8usize , concat ! ("Offset o...
[INFO] [stderr]   |                  ^^^^^^^^^^^^^^^^^^^^^^^^^^^^^^^^^^^^^^^^^^^^^^^^^^^^^^^ this code causes undefined behavior when executed
[INFO] [stderr] 
[INFO] [stderr] warning: dereferencing a null pointer
[INFO] [stderr]  --> /opt/rustwide/target/debug/build/tracesets_sys-f03ca435acf24a73/out/bindings.rs:3:19464
[INFO] [stderr]   |
[INFO] [stderr] 3 | ...! (unsafe { & (* (:: std :: ptr :: null :: < __pthread_mutex_s > ())) . __nusers as * const _ as usize } , 12usize , concat ! ("Offset...
[INFO] [stderr]   |                  ^^^^^^^^^^^^^^^^^^^^^^^^^^^^^^^^^^^^^^^^^^^^^^^^^^^^^^^ this code causes undefined behavior when executed
[INFO] [stderr] 
[INFO] [stderr] warning: dereferencing a null pointer
[INFO] [stderr]  --> /opt/rustwide/target/debug/build/tracesets_sys-f03ca435acf24a73/out/bindings.rs:3:19691
[INFO] [stderr]   |
[INFO] [stderr] 3 | ...! (unsafe { & (* (:: std :: ptr :: null :: < __pthread_mutex_s > ())) . __kind as * const _ as usize } , 16usize , concat ! ("Offset o...
[INFO] [stderr]   |                  ^^^^^^^^^^^^^^^^^^^^^^^^^^^^^^^^^^^^^^^^^^^^^^^^^^^^^^^ this code causes undefined behavior when executed
[INFO] [stderr] 
[INFO] [stderr] warning: dereferencing a null pointer
[INFO] [stderr]  --> /opt/rustwide/target/debug/build/tracesets_sys-f03ca435acf24a73/out/bindings.rs:3:19914
[INFO] [stderr]   |
[INFO] [stderr] 3 | ...! (unsafe { & (* (:: std :: ptr :: null :: < __pthread_mutex_s > ())) . __spins as * const _ as usize } , 20usize , concat ! ("Offset ...
[INFO] [stderr]   |                  ^^^^^^^^^^^^^^^^^^^^^^^^^^^^^^^^^^^^^^^^^^^^^^^^^^^^^^^ this code causes undefined behavior when executed
[INFO] [stderr] 
[INFO] [stderr] warning: dereferencing a null pointer
[INFO] [stderr]  --> /opt/rustwide/target/debug/build/tracesets_sys-f03ca435acf24a73/out/bindings.rs:3:20139
[INFO] [stderr]   |
[INFO] [stderr] 3 | ...! (unsafe { & (* (:: std :: ptr :: null :: < __pthread_mutex_s > ())) . __elision as * const _ as usize } , 22usize , concat ! ("Offse...
[INFO] [stderr]   |                  ^^^^^^^^^^^^^^^^^^^^^^^^^^^^^^^^^^^^^^^^^^^^^^^^^^^^^^^ this code causes undefined behavior when executed
[INFO] [stderr] 
[INFO] [stderr] warning: dereferencing a null pointer
[INFO] [stderr]  --> /opt/rustwide/target/debug/build/tracesets_sys-f03ca435acf24a73/out/bindings.rs:3:20368
[INFO] [stderr]   |
[INFO] [stderr] 3 | ...! (unsafe { & (* (:: std :: ptr :: null :: < __pthread_mutex_s > ())) . __list as * const _ as usize } , 24usize , concat ! ("Offset o...
[INFO] [stderr]   |                  ^^^^^^^^^^^^^^^^^^^^^^^^^^^^^^^^^^^^^^^^^^^^^^^^^^^^^^^ this code causes undefined behavior when executed
[INFO] [stderr] 
[INFO] [stderr] warning: dereferencing a null pointer
[INFO] [stderr]  --> /opt/rustwide/target/debug/build/tracesets_sys-f03ca435acf24a73/out/bindings.rs:3:21634
[INFO] [stderr]   |
[INFO] [stderr] 3 | ...unsafe { & (* (:: std :: ptr :: null :: < __pthread_rwlock_arch_t > ())) . __readers as * const _ as usize } , 0usize , concat ! ("Off...
[INFO] [stderr]   |               ^^^^^^^^^^^^^^^^^^^^^^^^^^^^^^^^^^^^^^^^^^^^^^^^^^^^^^^^^^^^^ this code causes undefined behavior when executed
[INFO] [stderr] 
[INFO] [stderr] warning: dereferencing a null pointer
[INFO] [stderr]  --> /opt/rustwide/target/debug/build/tracesets_sys-f03ca435acf24a73/out/bindings.rs:3:21874
[INFO] [stderr]   |
[INFO] [stderr] 3 | ...unsafe { & (* (:: std :: ptr :: null :: < __pthread_rwlock_arch_t > ())) . __writers as * const _ as usize } , 4usize , concat ! ("Off...
[INFO] [stderr]   |               ^^^^^^^^^^^^^^^^^^^^^^^^^^^^^^^^^^^^^^^^^^^^^^^^^^^^^^^^^^^^^ this code causes undefined behavior when executed
[INFO] [stderr] 
[INFO] [stderr] warning: dereferencing a null pointer
[INFO] [stderr]  --> /opt/rustwide/target/debug/build/tracesets_sys-f03ca435acf24a73/out/bindings.rs:3:22114
[INFO] [stderr]   |
[INFO] [stderr] 3 | ...unsafe { & (* (:: std :: ptr :: null :: < __pthread_rwlock_arch_t > ())) . __wrphase_futex as * const _ as usize } , 8usize , concat !...
[INFO] [stderr]   |               ^^^^^^^^^^^^^^^^^^^^^^^^^^^^^^^^^^^^^^^^^^^^^^^^^^^^^^^^^^^^^ this code causes undefined behavior when executed
[INFO] [stderr] 
[INFO] [stderr] warning: dereferencing a null pointer
[INFO] [stderr]  --> /opt/rustwide/target/debug/build/tracesets_sys-f03ca435acf24a73/out/bindings.rs:3:22366
[INFO] [stderr]   |
[INFO] [stderr] 3 | ...unsafe { & (* (:: std :: ptr :: null :: < __pthread_rwlock_arch_t > ())) . __writers_futex as * const _ as usize } , 12usize , concat ...
[INFO] [stderr]   |               ^^^^^^^^^^^^^^^^^^^^^^^^^^^^^^^^^^^^^^^^^^^^^^^^^^^^^^^^^^^^^ this code causes undefined behavior when executed
[INFO] [stderr] 
[INFO] [stderr] warning: dereferencing a null pointer
[INFO] [stderr]  --> /opt/rustwide/target/debug/build/tracesets_sys-f03ca435acf24a73/out/bindings.rs:3:22619
[INFO] [stderr]   |
[INFO] [stderr] 3 | ...unsafe { & (* (:: std :: ptr :: null :: < __pthread_rwlock_arch_t > ())) . __pad3 as * const _ as usize } , 16usize , concat ! ("Offse...
[INFO] [stderr]   |               ^^^^^^^^^^^^^^^^^^^^^^^^^^^^^^^^^^^^^^^^^^^^^^^^^^^^^^^^^^^^^ this code causes undefined behavior when executed
[INFO] [stderr] 
[INFO] [stderr] warning: dereferencing a null pointer
[INFO] [stderr]  --> /opt/rustwide/target/debug/build/tracesets_sys-f03ca435acf24a73/out/bindings.rs:3:22854
[INFO] [stderr]   |
[INFO] [stderr] 3 | ...unsafe { & (* (:: std :: ptr :: null :: < __pthread_rwlock_arch_t > ())) . __pad4 as * const _ as usize } , 20usize , concat ! ("Offse...
[INFO] [stderr]   |               ^^^^^^^^^^^^^^^^^^^^^^^^^^^^^^^^^^^^^^^^^^^^^^^^^^^^^^^^^^^^^ this code causes undefined behavior when executed
[INFO] [stderr] 
[INFO] [stderr] warning: dereferencing a null pointer
[INFO] [stderr]  --> /opt/rustwide/target/debug/build/tracesets_sys-f03ca435acf24a73/out/bindings.rs:3:23089
[INFO] [stderr]   |
[INFO] [stderr] 3 | ...unsafe { & (* (:: std :: ptr :: null :: < __pthread_rwlock_arch_t > ())) . __cur_writer as * const _ as usize } , 24usize , concat ! (...
[INFO] [stderr]   |               ^^^^^^^^^^^^^^^^^^^^^^^^^^^^^^^^^^^^^^^^^^^^^^^^^^^^^^^^^^^^^ this code causes undefined behavior when executed
[INFO] [stderr] 
[INFO] [stderr] warning: dereferencing a null pointer
[INFO] [stderr]  --> /opt/rustwide/target/debug/build/tracesets_sys-f03ca435acf24a73/out/bindings.rs:3:23336
[INFO] [stderr]   |
[INFO] [stderr] 3 | ...unsafe { & (* (:: std :: ptr :: null :: < __pthread_rwlock_arch_t > ())) . __shared as * const _ as usize } , 28usize , concat ! ("Off...
[INFO] [stderr]   |               ^^^^^^^^^^^^^^^^^^^^^^^^^^^^^^^^^^^^^^^^^^^^^^^^^^^^^^^^^^^^^ this code causes undefined behavior when executed
[INFO] [stderr] 
[INFO] [stderr] warning: dereferencing a null pointer
[INFO] [stderr]  --> /opt/rustwide/target/debug/build/tracesets_sys-f03ca435acf24a73/out/bindings.rs:3:23575
[INFO] [stderr]   |
[INFO] [stderr] 3 | ...unsafe { & (* (:: std :: ptr :: null :: < __pthread_rwlock_arch_t > ())) . __rwelision as * const _ as usize } , 32usize , concat ! ("...
[INFO] [stderr]   |               ^^^^^^^^^^^^^^^^^^^^^^^^^^^^^^^^^^^^^^^^^^^^^^^^^^^^^^^^^^^^^ this code causes undefined behavior when executed
[INFO] [stderr] 
[INFO] [stderr] warning: dereferencing a null pointer
[INFO] [stderr]  --> /opt/rustwide/target/debug/build/tracesets_sys-f03ca435acf24a73/out/bindings.rs:3:23820
[INFO] [stderr]   |
[INFO] [stderr] 3 | ...unsafe { & (* (:: std :: ptr :: null :: < __pthread_rwlock_arch_t > ())) . __pad1 as * const _ as usize } , 33usize , concat ! ("Offse...
[INFO] [stderr]   |               ^^^^^^^^^^^^^^^^^^^^^^^^^^^^^^^^^^^^^^^^^^^^^^^^^^^^^^^^^^^^^ this code causes undefined behavior when executed
[INFO] [stderr] 
[INFO] [stderr] warning: dereferencing a null pointer
[INFO] [stderr]  --> /opt/rustwide/target/debug/build/tracesets_sys-f03ca435acf24a73/out/bindings.rs:3:24055
[INFO] [stderr]   |
[INFO] [stderr] 3 | ...unsafe { & (* (:: std :: ptr :: null :: < __pthread_rwlock_arch_t > ())) . __pad2 as * const _ as usize } , 40usize , concat ! ("Offse...
[INFO] [stderr]   |               ^^^^^^^^^^^^^^^^^^^^^^^^^^^^^^^^^^^^^^^^^^^^^^^^^^^^^^^^^^^^^ this code causes undefined behavior when executed
[INFO] [stderr] 
[INFO] [stderr] warning: dereferencing a null pointer
[INFO] [stderr]  --> /opt/rustwide/target/debug/build/tracesets_sys-f03ca435acf24a73/out/bindings.rs:3:24290
[INFO] [stderr]   |
[INFO] [stderr] 3 | ...unsafe { & (* (:: std :: ptr :: null :: < __pthread_rwlock_arch_t > ())) . __flags as * const _ as usize } , 48usize , concat ! ("Offs...
[INFO] [stderr]   |               ^^^^^^^^^^^^^^^^^^^^^^^^^^^^^^^^^^^^^^^^^^^^^^^^^^^^^^^^^^^^^ this code causes undefined behavior when executed
[INFO] [stderr] 
[INFO] [stderr] warning: dereferencing a null pointer
[INFO] [stderr]  --> /opt/rustwide/target/debug/build/tracesets_sys-f03ca435acf24a73/out/bindings.rs:3:25878
[INFO] [stderr]   |
[INFO] [stderr] 3 | ...ert_eq ! (unsafe { & (* (:: std :: ptr :: null :: < __pthread_cond_s__bindgen_ty_1__bindgen_ty_1 > ())) . __low as * const _ as usize ...
[INFO] [stderr]   |                         ^^^^^^^^^^^^^^^^^^^^^^^^^^^^^^^^^^^^^^^^^^^^^^^^^^^^^^^^^^^^^^^^^^^^^^^^^^^^^^^^^^ this code causes undefined behavior when executed
[INFO] [stderr] 
[INFO] [stderr] warning: dereferencing a null pointer
[INFO] [stderr]  --> /opt/rustwide/target/debug/build/tracesets_sys-f03ca435acf24a73/out/bindings.rs:3:26152
[INFO] [stderr]   |
[INFO] [stderr] 3 | ...ert_eq ! (unsafe { & (* (:: std :: ptr :: null :: < __pthread_cond_s__bindgen_ty_1__bindgen_ty_1 > ())) . __high as * const _ as usize...
[INFO] [stderr]   |                         ^^^^^^^^^^^^^^^^^^^^^^^^^^^^^^^^^^^^^^^^^^^^^^^^^^^^^^^^^^^^^^^^^^^^^^^^^^^^^^^^^^ this code causes undefined behavior when executed
[INFO] [stderr] 
[INFO] [stderr] warning: dereferencing a null pointer
[INFO] [stderr]  --> /opt/rustwide/target/debug/build/tracesets_sys-f03ca435acf24a73/out/bindings.rs:3:26829
[INFO] [stderr]   |
[INFO] [stderr] 3 | ...afe { & (* (:: std :: ptr :: null :: < __pthread_cond_s__bindgen_ty_1 > ())) . __wseq as * const _ as usize } , 0usize , concat ! ("Of...
[INFO] [stderr]   |            ^^^^^^^^^^^^^^^^^^^^^^^^^^^^^^^^^^^^^^^^^^^^^^^^^^^^^^^^^^^^^^^^^^^^ this code causes undefined behavior when executed
[INFO] [stderr] 
[INFO] [stderr] warning: dereferencing a null pointer
[INFO] [stderr]  --> /opt/rustwide/target/debug/build/tracesets_sys-f03ca435acf24a73/out/bindings.rs:3:27077
[INFO] [stderr]   |
[INFO] [stderr] 3 | ...afe { & (* (:: std :: ptr :: null :: < __pthread_cond_s__bindgen_ty_1 > ())) . __wseq32 as * const _ as usize } , 0usize , concat ! ("...
[INFO] [stderr]   |            ^^^^^^^^^^^^^^^^^^^^^^^^^^^^^^^^^^^^^^^^^^^^^^^^^^^^^^^^^^^^^^^^^^^^ this code causes undefined behavior when executed
[INFO] [stderr] 
[INFO] [stderr] warning: dereferencing a null pointer
[INFO] [stderr]  --> /opt/rustwide/target/debug/build/tracesets_sys-f03ca435acf24a73/out/bindings.rs:3:28229
[INFO] [stderr]   |
[INFO] [stderr] 3 | ...ert_eq ! (unsafe { & (* (:: std :: ptr :: null :: < __pthread_cond_s__bindgen_ty_2__bindgen_ty_1 > ())) . __low as * const _ as usize ...
[INFO] [stderr]   |                         ^^^^^^^^^^^^^^^^^^^^^^^^^^^^^^^^^^^^^^^^^^^^^^^^^^^^^^^^^^^^^^^^^^^^^^^^^^^^^^^^^^ this code causes undefined behavior when executed
[INFO] [stderr] 
[INFO] [stderr] warning: dereferencing a null pointer
[INFO] [stderr]  --> /opt/rustwide/target/debug/build/tracesets_sys-f03ca435acf24a73/out/bindings.rs:3:28503
[INFO] [stderr]   |
[INFO] [stderr] 3 | ...ert_eq ! (unsafe { & (* (:: std :: ptr :: null :: < __pthread_cond_s__bindgen_ty_2__bindgen_ty_1 > ())) . __high as * const _ as usize...
[INFO] [stderr]   |                         ^^^^^^^^^^^^^^^^^^^^^^^^^^^^^^^^^^^^^^^^^^^^^^^^^^^^^^^^^^^^^^^^^^^^^^^^^^^^^^^^^^ this code causes undefined behavior when executed
[INFO] [stderr] 
[INFO] [stderr] warning: dereferencing a null pointer
[INFO] [stderr]  --> /opt/rustwide/target/debug/build/tracesets_sys-f03ca435acf24a73/out/bindings.rs:3:29180
[INFO] [stderr]   |
[INFO] [stderr] 3 | ...afe { & (* (:: std :: ptr :: null :: < __pthread_cond_s__bindgen_ty_2 > ())) . __g1_start as * const _ as usize } , 0usize , concat ! ...
[INFO] [stderr]   |            ^^^^^^^^^^^^^^^^^^^^^^^^^^^^^^^^^^^^^^^^^^^^^^^^^^^^^^^^^^^^^^^^^^^^ this code causes undefined behavior when executed
[INFO] [stderr] 
[INFO] [stderr] warning: dereferencing a null pointer
[INFO] [stderr]  --> /opt/rustwide/target/debug/build/tracesets_sys-f03ca435acf24a73/out/bindings.rs:3:29436
[INFO] [stderr]   |
[INFO] [stderr] 3 | ...afe { & (* (:: std :: ptr :: null :: < __pthread_cond_s__bindgen_ty_2 > ())) . __g1_start32 as * const _ as usize } , 0usize , concat ...
[INFO] [stderr]   |            ^^^^^^^^^^^^^^^^^^^^^^^^^^^^^^^^^^^^^^^^^^^^^^^^^^^^^^^^^^^^^^^^^^^^ this code causes undefined behavior when executed
[INFO] [stderr] 
[INFO] [stderr] warning: dereferencing a null pointer
[INFO] [stderr]  --> /opt/rustwide/target/debug/build/tracesets_sys-f03ca435acf24a73/out/bindings.rs:3:30028
[INFO] [stderr]   |
[INFO] [stderr] 3 | ... ! (unsafe { & (* (:: std :: ptr :: null :: < __pthread_cond_s > ())) . __g_refs as * const _ as usize } , 16usize , concat ! ("Offset...
[INFO] [stderr]   |                   ^^^^^^^^^^^^^^^^^^^^^^^^^^^^^^^^^^^^^^^^^^^^^^^^^^^^^^ this code causes undefined behavior when executed
[INFO] [stderr] 
[INFO] [stderr] warning: dereferencing a null pointer
[INFO] [stderr]  --> /opt/rustwide/target/debug/build/tracesets_sys-f03ca435acf24a73/out/bindings.rs:3:30253
[INFO] [stderr]   |
[INFO] [stderr] 3 | ... ! (unsafe { & (* (:: std :: ptr :: null :: < __pthread_cond_s > ())) . __g_size as * const _ as usize } , 24usize , concat ! ("Offset...
[INFO] [stderr]   |                   ^^^^^^^^^^^^^^^^^^^^^^^^^^^^^^^^^^^^^^^^^^^^^^^^^^^^^^ this code causes undefined behavior when executed
[INFO] [stderr] 
[INFO] [stderr] warning: dereferencing a null pointer
[INFO] [stderr]  --> /opt/rustwide/target/debug/build/tracesets_sys-f03ca435acf24a73/out/bindings.rs:3:30478
[INFO] [stderr]   |
[INFO] [stderr] 3 | ... ! (unsafe { & (* (:: std :: ptr :: null :: < __pthread_cond_s > ())) . __g1_orig_size as * const _ as usize } , 32usize , concat ! ("...
[INFO] [stderr]   |                   ^^^^^^^^^^^^^^^^^^^^^^^^^^^^^^^^^^^^^^^^^^^^^^^^^^^^^^ this code causes undefined behavior when executed
[INFO] [stderr] 
[INFO] [stderr] warning: dereferencing a null pointer
[INFO] [stderr]  --> /opt/rustwide/target/debug/build/tracesets_sys-f03ca435acf24a73/out/bindings.rs:3:30715
[INFO] [stderr]   |
[INFO] [stderr] 3 | ... ! (unsafe { & (* (:: std :: ptr :: null :: < __pthread_cond_s > ())) . __wrefs as * const _ as usize } , 36usize , concat ! ("Offset ...
[INFO] [stderr]   |                   ^^^^^^^^^^^^^^^^^^^^^^^^^^^^^^^^^^^^^^^^^^^^^^^^^^^^^^ this code causes undefined behavior when executed
[INFO] [stderr] 
[INFO] [stderr] warning: dereferencing a null pointer
[INFO] [stderr]  --> /opt/rustwide/target/debug/build/tracesets_sys-f03ca435acf24a73/out/bindings.rs:3:30938
[INFO] [stderr]   |
[INFO] [stderr] 3 | ... ! (unsafe { & (* (:: std :: ptr :: null :: < __pthread_cond_s > ())) . __g_signals as * const _ as usize } , 40usize , concat ! ("Off...
[INFO] [stderr]   |                   ^^^^^^^^^^^^^^^^^^^^^^^^^^^^^^^^^^^^^^^^^^^^^^^^^^^^^^ this code causes undefined behavior when executed
[INFO] [stderr] 
[INFO] [stderr] warning: dereferencing a null pointer
[INFO] [stderr]  --> /opt/rustwide/target/debug/build/tracesets_sys-f03ca435acf24a73/out/bindings.rs:3:31772
[INFO] [stderr]   |
[INFO] [stderr] 3 | ... (unsafe { & (* (:: std :: ptr :: null :: < pthread_mutexattr_t > ())) . __size as * const _ as usize } , 0usize , concat ! ("Offset o...
[INFO] [stderr]   |                 ^^^^^^^^^^^^^^^^^^^^^^^^^^^^^^^^^^^^^^^^^^^^^^^^^^^^^^^^^ this code causes undefined behavior when executed
[INFO] [stderr] 
[INFO] [stderr] warning: dereferencing a null pointer
[INFO] [stderr]  --> /opt/rustwide/target/debug/build/tracesets_sys-f03ca435acf24a73/out/bindings.rs:3:31998
[INFO] [stderr]   |
[INFO] [stderr] 3 | ... (unsafe { & (* (:: std :: ptr :: null :: < pthread_mutexattr_t > ())) . __align as * const _ as usize } , 0usize , concat ! ("Offset ...
[INFO] [stderr]   |                 ^^^^^^^^^^^^^^^^^^^^^^^^^^^^^^^^^^^^^^^^^^^^^^^^^^^^^^^^^ this code causes undefined behavior when executed
[INFO] [stderr] 
[INFO] [stderr] warning: dereferencing a null pointer
[INFO] [stderr]  --> /opt/rustwide/target/debug/build/tracesets_sys-f03ca435acf24a73/out/bindings.rs:3:32769
[INFO] [stderr]   |
[INFO] [stderr] 3 | ...! (unsafe { & (* (:: std :: ptr :: null :: < pthread_condattr_t > ())) . __size as * const _ as usize } , 0usize , concat ! ("Offset o...
[INFO] [stderr]   |                  ^^^^^^^^^^^^^^^^^^^^^^^^^^^^^^^^^^^^^^^^^^^^^^^^^^^^^^^^ this code causes undefined behavior when executed
[INFO] [stderr] 
[INFO] [stderr] warning: dereferencing a null pointer
[INFO] [stderr]  --> /opt/rustwide/target/debug/build/tracesets_sys-f03ca435acf24a73/out/bindings.rs:3:32993
[INFO] [stderr]   |
[INFO] [stderr] 3 | ...! (unsafe { & (* (:: std :: ptr :: null :: < pthread_condattr_t > ())) . __align as * const _ as usize } , 0usize , concat ! ("Offset ...
[INFO] [stderr]   |                  ^^^^^^^^^^^^^^^^^^^^^^^^^^^^^^^^^^^^^^^^^^^^^^^^^^^^^^^^ this code causes undefined behavior when executed
[INFO] [stderr] 
[INFO] [stderr] warning: dereferencing a null pointer
[INFO] [stderr]  --> /opt/rustwide/target/debug/build/tracesets_sys-f03ca435acf24a73/out/bindings.rs:3:33866
[INFO] [stderr]   |
[INFO] [stderr] 3 | ...q ! (unsafe { & (* (:: std :: ptr :: null :: < pthread_attr_t > ())) . __size as * const _ as usize } , 0usize , concat ! ("Offset of ...
[INFO] [stderr]   |                    ^^^^^^^^^^^^^^^^^^^^^^^^^^^^^^^^^^^^^^^^^^^^^^^^^^^^ this code causes undefined behavior when executed
[INFO] [stderr] 
[INFO] [stderr] warning: dereferencing a null pointer
[INFO] [stderr]  --> /opt/rustwide/target/debug/build/tracesets_sys-f03ca435acf24a73/out/bindings.rs:3:34082
[INFO] [stderr]   |
[INFO] [stderr] 3 | ...q ! (unsafe { & (* (:: std :: ptr :: null :: < pthread_attr_t > ())) . __align as * const _ as usize } , 0usize , concat ! ("Offset of...
[INFO] [stderr]   |                    ^^^^^^^^^^^^^^^^^^^^^^^^^^^^^^^^^^^^^^^^^^^^^^^^^^^^ this code causes undefined behavior when executed
[INFO] [stderr] 
[INFO] [stderr] warning: dereferencing a null pointer
[INFO] [stderr]  --> /opt/rustwide/target/debug/build/tracesets_sys-f03ca435acf24a73/out/bindings.rs:3:34872
[INFO] [stderr]   |
[INFO] [stderr] 3 | ... ! (unsafe { & (* (:: std :: ptr :: null :: < pthread_mutex_t > ())) . __data as * const _ as usize } , 0usize , concat ! ("Offset of ...
[INFO] [stderr]   |                   ^^^^^^^^^^^^^^^^^^^^^^^^^^^^^^^^^^^^^^^^^^^^^^^^^^^^^ this code causes undefined behavior when executed
[INFO] [stderr] 
[INFO] [stderr] warning: dereferencing a null pointer
[INFO] [stderr]  --> /opt/rustwide/target/debug/build/tracesets_sys-f03ca435acf24a73/out/bindings.rs:3:35090
[INFO] [stderr]   |
[INFO] [stderr] 3 | ... ! (unsafe { & (* (:: std :: ptr :: null :: < pthread_mutex_t > ())) . __size as * const _ as usize } , 0usize , concat ! ("Offset of ...
[INFO] [stderr]   |                   ^^^^^^^^^^^^^^^^^^^^^^^^^^^^^^^^^^^^^^^^^^^^^^^^^^^^^ this code causes undefined behavior when executed
[INFO] [stderr] 
[INFO] [stderr] warning: dereferencing a null pointer
[INFO] [stderr]  --> /opt/rustwide/target/debug/build/tracesets_sys-f03ca435acf24a73/out/bindings.rs:3:35308
[INFO] [stderr]   |
[INFO] [stderr] 3 | ... ! (unsafe { & (* (:: std :: ptr :: null :: < pthread_mutex_t > ())) . __align as * const _ as usize } , 0usize , concat ! ("Offset of...
[INFO] [stderr]   |                   ^^^^^^^^^^^^^^^^^^^^^^^^^^^^^^^^^^^^^^^^^^^^^^^^^^^^^ this code causes undefined behavior when executed
[INFO] [stderr] 
[INFO] [stderr] warning: dereferencing a null pointer
[INFO] [stderr]  --> /opt/rustwide/target/debug/build/tracesets_sys-f03ca435acf24a73/out/bindings.rs:3:36097
[INFO] [stderr]   |
[INFO] [stderr] 3 | ...q ! (unsafe { & (* (:: std :: ptr :: null :: < pthread_cond_t > ())) . __data as * const _ as usize } , 0usize , concat ! ("Offset of ...
[INFO] [stderr]   |                    ^^^^^^^^^^^^^^^^^^^^^^^^^^^^^^^^^^^^^^^^^^^^^^^^^^^^ this code causes undefined behavior when executed
[INFO] [stderr] 
[INFO] [stderr] warning: dereferencing a null pointer
[INFO] [stderr]  --> /opt/rustwide/target/debug/build/tracesets_sys-f03ca435acf24a73/out/bindings.rs:3:36313
[INFO] [stderr]   |
[INFO] [stderr] 3 | ...q ! (unsafe { & (* (:: std :: ptr :: null :: < pthread_cond_t > ())) . __size as * const _ as usize } , 0usize , concat ! ("Offset of ...
[INFO] [stderr]   |                    ^^^^^^^^^^^^^^^^^^^^^^^^^^^^^^^^^^^^^^^^^^^^^^^^^^^^ this code causes undefined behavior when executed
[INFO] [stderr] 
[INFO] [stderr] warning: dereferencing a null pointer
[INFO] [stderr]  --> /opt/rustwide/target/debug/build/tracesets_sys-f03ca435acf24a73/out/bindings.rs:3:36529
[INFO] [stderr]   |
[INFO] [stderr] 3 | ...q ! (unsafe { & (* (:: std :: ptr :: null :: < pthread_cond_t > ())) . __align as * const _ as usize } , 0usize , concat ! ("Offset of...
[INFO] [stderr]   |                    ^^^^^^^^^^^^^^^^^^^^^^^^^^^^^^^^^^^^^^^^^^^^^^^^^^^^ this code causes undefined behavior when executed
[INFO] [stderr] 
[INFO] [stderr] warning: dereferencing a null pointer
[INFO] [stderr]  --> /opt/rustwide/target/debug/build/tracesets_sys-f03ca435acf24a73/out/bindings.rs:3:37331
[INFO] [stderr]   |
[INFO] [stderr] 3 | ... ! (unsafe { & (* (:: std :: ptr :: null :: < pthread_rwlock_t > ())) . __data as * const _ as usize } , 0usize , concat ! ("Offset of...
[INFO] [stderr]   |                   ^^^^^^^^^^^^^^^^^^^^^^^^^^^^^^^^^^^^^^^^^^^^^^^^^^^^^^ this code causes undefined behavior when executed
[INFO] [stderr] 
[INFO] [stderr] warning: dereferencing a null pointer
[INFO] [stderr]  --> /opt/rustwide/target/debug/build/tracesets_sys-f03ca435acf24a73/out/bindings.rs:3:37551
[INFO] [stderr]   |
[INFO] [stderr] 3 | ... ! (unsafe { & (* (:: std :: ptr :: null :: < pthread_rwlock_t > ())) . __size as * const _ as usize } , 0usize , concat ! ("Offset of...
[INFO] [stderr]   |                   ^^^^^^^^^^^^^^^^^^^^^^^^^^^^^^^^^^^^^^^^^^^^^^^^^^^^^^ this code causes undefined behavior when executed
[INFO] [stderr] 
[INFO] [stderr] warning: dereferencing a null pointer
[INFO] [stderr]  --> /opt/rustwide/target/debug/build/tracesets_sys-f03ca435acf24a73/out/bindings.rs:3:37771
[INFO] [stderr]   |
[INFO] [stderr] 3 | ... ! (unsafe { & (* (:: std :: ptr :: null :: < pthread_rwlock_t > ())) . __align as * const _ as usize } , 0usize , concat ! ("Offset o...
[INFO] [stderr]   |                   ^^^^^^^^^^^^^^^^^^^^^^^^^^^^^^^^^^^^^^^^^^^^^^^^^^^^^^ this code causes undefined behavior when executed
[INFO] [stderr] 
[INFO] [stderr] warning: dereferencing a null pointer
[INFO] [stderr]  --> /opt/rustwide/target/debug/build/tracesets_sys-f03ca435acf24a73/out/bindings.rs:3:38549
[INFO] [stderr]   |
[INFO] [stderr] 3 | ... (unsafe { & (* (:: std :: ptr :: null :: < pthread_rwlockattr_t > ())) . __size as * const _ as usize } , 0usize , concat ! ("Offset ...
[INFO] [stderr]   |                 ^^^^^^^^^^^^^^^^^^^^^^^^^^^^^^^^^^^^^^^^^^^^^^^^^^^^^^^^^^ this code causes undefined behavior when executed
[INFO] [stderr] 
[INFO] [stderr] warning: dereferencing a null pointer
[INFO] [stderr]  --> /opt/rustwide/target/debug/build/tracesets_sys-f03ca435acf24a73/out/bindings.rs:3:38777
[INFO] [stderr]   |
[INFO] [stderr] 3 | ... (unsafe { & (* (:: std :: ptr :: null :: < pthread_rwlockattr_t > ())) . __align as * const _ as usize } , 0usize , concat ! ("Offset...
[INFO] [stderr]   |                 ^^^^^^^^^^^^^^^^^^^^^^^^^^^^^^^^^^^^^^^^^^^^^^^^^^^^^^^^^^ this code causes undefined behavior when executed
[INFO] [stderr] 
[INFO] [stderr] warning: dereferencing a null pointer
[INFO] [stderr]  --> /opt/rustwide/target/debug/build/tracesets_sys-f03ca435acf24a73/out/bindings.rs:3:39619
[INFO] [stderr]   |
[INFO] [stderr] 3 | ...! (unsafe { & (* (:: std :: ptr :: null :: < pthread_barrier_t > ())) . __size as * const _ as usize } , 0usize , concat ! ("Offset of...
[INFO] [stderr]   |                  ^^^^^^^^^^^^^^^^^^^^^^^^^^^^^^^^^^^^^^^^^^^^^^^^^^^^^^^ this code causes undefined behavior when executed
[INFO] [stderr] 
[INFO] [stderr] warning: dereferencing a null pointer
[INFO] [stderr]  --> /opt/rustwide/target/debug/build/tracesets_sys-f03ca435acf24a73/out/bindings.rs:3:39841
[INFO] [stderr]   |
[INFO] [stderr] 3 | ...! (unsafe { & (* (:: std :: ptr :: null :: < pthread_barrier_t > ())) . __align as * const _ as usize } , 0usize , concat ! ("Offset o...
[INFO] [stderr]   |                  ^^^^^^^^^^^^^^^^^^^^^^^^^^^^^^^^^^^^^^^^^^^^^^^^^^^^^^^ this code causes undefined behavior when executed
[INFO] [stderr] 
[INFO] [stderr] warning: dereferencing a null pointer
[INFO] [stderr]  --> /opt/rustwide/target/debug/build/tracesets_sys-f03ca435acf24a73/out/bindings.rs:3:40626
[INFO] [stderr]   |
[INFO] [stderr] 3 | ...(unsafe { & (* (:: std :: ptr :: null :: < pthread_barrierattr_t > ())) . __size as * const _ as usize } , 0usize , concat ! ("Offset ...
[INFO] [stderr]   |                ^^^^^^^^^^^^^^^^^^^^^^^^^^^^^^^^^^^^^^^^^^^^^^^^^^^^^^^^^^^ this code causes undefined behavior when executed
[INFO] [stderr] 
[INFO] [stderr] warning: dereferencing a null pointer
[INFO] [stderr]  --> /opt/rustwide/target/debug/build/tracesets_sys-f03ca435acf24a73/out/bindings.rs:3:40856
[INFO] [stderr]   |
[INFO] [stderr] 3 | ...(unsafe { & (* (:: std :: ptr :: null :: < pthread_barrierattr_t > ())) . __align as * const _ as usize } , 0usize , concat ! ("Offset...
[INFO] [stderr]   |                ^^^^^^^^^^^^^^^^^^^^^^^^^^^^^^^^^^^^^^^^^^^^^^^^^^^^^^^^^^^ this code causes undefined behavior when executed
[INFO] [stderr] 
[INFO] [stderr] warning: dereferencing a null pointer
[INFO] [stderr]  --> /opt/rustwide/target/debug/build/tracesets_sys-f03ca435acf24a73/out/bindings.rs:3:41648
[INFO] [stderr]   |
[INFO] [stderr] 3 | ... ! (unsafe { & (* (:: std :: ptr :: null :: < __traceset_data > ())) . traceset_id as * const _ as usize } , 0usize , concat ! ("Offse...
[INFO] [stderr]   |                   ^^^^^^^^^^^^^^^^^^^^^^^^^^^^^^^^^^^^^^^^^^^^^^^^^^^^^ this code causes undefined behavior when executed
[INFO] [stderr] 
[INFO] [stderr] warning: dereferencing a null pointer
[INFO] [stderr]  --> /opt/rustwide/target/debug/build/tracesets_sys-f03ca435acf24a73/out/bindings.rs:3:41876
[INFO] [stderr]   |
[INFO] [stderr] 3 | ... ! (unsafe { & (* (:: std :: ptr :: null :: < __traceset_data > ())) . amount_targets as * const _ as usize } , 4usize , concat ! ("Of...
[INFO] [stderr]   |                   ^^^^^^^^^^^^^^^^^^^^^^^^^^^^^^^^^^^^^^^^^^^^^^^^^^^^^ this code causes undefined behavior when executed
[INFO] [stderr] 
[INFO] [stderr] warning: dereferencing a null pointer
[INFO] [stderr]  --> /opt/rustwide/target/debug/build/tracesets_sys-f03ca435acf24a73/out/bindings.rs:3:42110
[INFO] [stderr]   |
[INFO] [stderr] 3 | ... ! (unsafe { & (* (:: std :: ptr :: null :: < __traceset_data > ())) . read_bytes as * const _ as usize } , 8usize , concat ! ("Offset...
[INFO] [stderr]   |                   ^^^^^^^^^^^^^^^^^^^^^^^^^^^^^^^^^^^^^^^^^^^^^^^^^^^^^ this code causes undefined behavior when executed
[INFO] [stderr] 
[INFO] [stderr] warning: dereferencing a null pointer
[INFO] [stderr]  --> /opt/rustwide/target/debug/build/tracesets_sys-f03ca435acf24a73/out/bindings.rs:3:42336
[INFO] [stderr]   |
[INFO] [stderr] 3 | ... ! (unsafe { & (* (:: std :: ptr :: null :: < __traceset_data > ())) . write_bytes as * const _ as usize } , 16usize , concat ! ("Offs...
[INFO] [stderr]   |                   ^^^^^^^^^^^^^^^^^^^^^^^^^^^^^^^^^^^^^^^^^^^^^^^^^^^^^ this code causes undefined behavior when executed
[INFO] [stderr] 
[INFO] [stderr] warning: dereferencing a null pointer
[INFO] [stderr]  --> /opt/rustwide/target/debug/build/tracesets_sys-f03ca435acf24a73/out/bindings.rs:3:42565
[INFO] [stderr]   |
[INFO] [stderr] 3 | ... ! (unsafe { & (* (:: std :: ptr :: null :: < __traceset_data > ())) . blkio_delay as * const _ as usize } , 24usize , concat ! ("Offs...
[INFO] [stderr]   |                   ^^^^^^^^^^^^^^^^^^^^^^^^^^^^^^^^^^^^^^^^^^^^^^^^^^^^^ this code causes undefined behavior when executed
[INFO] [stderr] 
[INFO] [stderr] warning: dereferencing a null pointer
[INFO] [stderr]  --> /opt/rustwide/target/debug/build/tracesets_sys-f03ca435acf24a73/out/bindings.rs:3:43335
[INFO] [stderr]   |
[INFO] [stderr] 3 | ...unsafe { & (* (:: std :: ptr :: null :: < __traceset_syscall_data > ())) . count as * const _ as usize } , 0usize , concat ! ("Offset ...
[INFO] [stderr]   |               ^^^^^^^^^^^^^^^^^^^^^^^^^^^^^^^^^^^^^^^^^^^^^^^^^^^^^^^^^^^^^ this code causes undefined behavior when executed
[INFO] [stderr] 
[INFO] [stderr] warning: dereferencing a null pointer
[INFO] [stderr]  --> /opt/rustwide/target/debug/build/tracesets_sys-f03ca435acf24a73/out/bindings.rs:3:43567
[INFO] [stderr]   |
[INFO] [stderr] 3 | ...unsafe { & (* (:: std :: ptr :: null :: < __traceset_syscall_data > ())) . total_time as * const _ as usize } , 8usize , concat ! ("Of...
[INFO] [stderr]   |               ^^^^^^^^^^^^^^^^^^^^^^^^^^^^^^^^^^^^^^^^^^^^^^^^^^^^^^^^^^^^^ this code causes undefined behavior when executed
[INFO] [stderr] 
[INFO] [stderr] warning: dereferencing a null pointer
[INFO] [stderr]  --> /opt/rustwide/target/debug/build/tracesets_sys-f03ca435acf24a73/out/bindings.rs:3:44422
[INFO] [stderr]   |
[INFO] [stderr] 3 | ...t_eq ! (unsafe { & (* (:: std :: ptr :: null :: < traceset > ())) . data as * const _ as usize } , 0usize , concat ! ("Offset of field...
[INFO] [stderr]   |                       ^^^^^^^^^^^^^^^^^^^^^^^^^^^^^^^^^^^^^^^^^^^^^^ this code causes undefined behavior when executed
[INFO] [stderr] 
[INFO] [stderr] warning: dereferencing a null pointer
[INFO] [stderr]  --> /opt/rustwide/target/debug/build/tracesets_sys-f03ca435acf24a73/out/bindings.rs:3:44622
[INFO] [stderr]   |
[INFO] [stderr] 3 | ...t_eq ! (unsafe { & (* (:: std :: ptr :: null :: < traceset > ())) . amount_syscalls as * const _ as usize } , 8usize , concat ! ("Offs...
[INFO] [stderr]   |                       ^^^^^^^^^^^^^^^^^^^^^^^^^^^^^^^^^^^^^^^^^^^^^^ this code causes undefined behavior when executed
[INFO] [stderr] 
[INFO] [stderr] warning: dereferencing a null pointer
[INFO] [stderr]  --> /opt/rustwide/target/debug/build/tracesets_sys-f03ca435acf24a73/out/bindings.rs:3:44844
[INFO] [stderr]   |
[INFO] [stderr] 3 | ...t_eq ! (unsafe { & (* (:: std :: ptr :: null :: < traceset > ())) . syscall_nrs as * const _ as usize } , 16usize , concat ! ("Offset ...
[INFO] [stderr]   |                       ^^^^^^^^^^^^^^^^^^^^^^^^^^^^^^^^^^^^^^^^^^^^^^ this code causes undefined behavior when executed
[INFO] [stderr] 
[INFO] [stderr] warning: dereferencing a null pointer
[INFO] [stderr]  --> /opt/rustwide/target/debug/build/tracesets_sys-f03ca435acf24a73/out/bindings.rs:3:45059
[INFO] [stderr]   |
[INFO] [stderr] 3 | ...t_eq ! (unsafe { & (* (:: std :: ptr :: null :: < traceset > ())) . sdata_arr as * const _ as usize } , 24usize , concat ! ("Offset of...
[INFO] [stderr]   |                       ^^^^^^^^^^^^^^^^^^^^^^^^^^^^^^^^^^^^^^^^^^^^^^ this code causes undefined behavior when executed
[INFO] [stderr] 
[INFO] [stderr] warning: `tracesets_sys` (lib test) generated 77 warnings
[INFO] [stderr]     Finished test [unoptimized + debuginfo] target(s) in 0.09s
[INFO] [stderr]      Running unittests (/opt/rustwide/target/debug/deps/adapter_benchmark-0fd18ec909deb3ee)
[INFO] [stdout] 
[INFO] [stdout] running 0 tests
[INFO] [stdout] 
[INFO] [stdout] test result: ok. 0 passed; 0 failed; 0 ignored; 0 measured; 0 filtered out; finished in 0.00s
[INFO] [stdout] 
[INFO] [stderr]      Running unittests (/opt/rustwide/target/debug/deps/adapter_thread-526848f767e7d8b2)
[INFO] [stdout] 
[INFO] [stdout] running 0 tests
[INFO] [stdout] 
[INFO] [stdout] test result: ok. 0 passed; 0 failed; 0 ignored; 0 measured; 0 filtered out; finished in 0.00s
[INFO] [stdout] 
[INFO] [stderr]      Running unittests (/opt/rustwide/target/debug/deps/disk_writer-d239680a9d66fbe0)
[INFO] [stdout] 
[INFO] [stdout] running 0 tests
[INFO] [stdout] 
[INFO] [stdout] test result: ok. 0 passed; 0 failed; 0 ignored; 0 measured; 0 filtered out; finished in 0.00s
[INFO] [stdout] 
[INFO] [stderr]      Running unittests (/opt/rustwide/target/debug/deps/no_adapter-be25f157f513a6fa)
[INFO] [stdout] 
[INFO] [stdout] running 0 tests
[INFO] [stdout] 
[INFO] [stdout] test result: ok. 0 passed; 0 failed; 0 ignored; 0 measured; 0 filtered out; finished in 0.00s
[INFO] [stdout] 
[INFO] [stderr]      Running unittests (/opt/rustwide/target/debug/deps/threadpool-4eafb5afc004c774)
[INFO] [stdout] 
[INFO] [stdout] running 0 tests
[INFO] [stdout] 
[INFO] [stdout] test result: ok. 0 passed; 0 failed; 0 ignored; 0 measured; 0 filtered out; finished in 0.00s
[INFO] [stdout] 
[INFO] [stderr]      Running unittests (/opt/rustwide/target/debug/deps/scaling_adapter-9fb8a00bfab07650)
[INFO] [stdout] 
[INFO] [stdout] running 4 tests
[INFO] [stdout] test tests::metrics_history ... ok
[INFO] [stdout] test tests::create_empty_adapter ... FAILED
[INFO] [stdout] test tests::adapter_with_target ... FAILED
[INFO] [stdout] test tests::empty_adapter_scaling_advice ... FAILED
[INFO] [stdout] 
[INFO] [stdout] failures:
[INFO] [stdout] 
[INFO] [stdout] ---- tests::create_empty_adapter stdout ----
[INFO] [stdout] thread 'tests::create_empty_adapter' panicked at 'assertion failed: has_tracesets()', scaling-adapter/src/lib.rs:379:9
[INFO] [stdout] stack backtrace:
[INFO] [stdout]    0:     0x55712fbe1c90 - std::backtrace_rs::backtrace::libunwind::trace::hff4d1766e93f64f1
[INFO] [stdout]                                at /rustc/53fd98ca776cb875bc9e5514f56b52eb74f9e7a9/library/std/src/../../backtrace/src/backtrace/libunwind.rs:90:5
[INFO] [stdout]    1:     0x55712fbe1c90 - std::backtrace_rs::backtrace::trace_unsynchronized::h56bbc8eb78770bcb
[INFO] [stdout]                                at /rustc/53fd98ca776cb875bc9e5514f56b52eb74f9e7a9/library/std/src/../../backtrace/src/backtrace/mod.rs:66:5
[INFO] [stdout]    2:     0x55712fbe1c90 - std::sys_common::backtrace::_print_fmt::h5c8e75464faca780
[INFO] [stdout]                                at /rustc/53fd98ca776cb875bc9e5514f56b52eb74f9e7a9/library/std/src/sys_common/backtrace.rs:67:5
[INFO] [stdout]    3:     0x55712fbe1c90 - <std::sys_common::backtrace::_print::DisplayBacktrace as core::fmt::Display>::fmt::h48b88277def8b362
[INFO] [stdout]                                at /rustc/53fd98ca776cb875bc9e5514f56b52eb74f9e7a9/library/std/src/sys_common/backtrace.rs:46:22
[INFO] [stdout]    4:     0x55712fc0478c - core::fmt::write::h3381b3176fe2b3d3
[INFO] [stdout]                                at /rustc/53fd98ca776cb875bc9e5514f56b52eb74f9e7a9/library/core/src/fmt/mod.rs:1115:17
[INFO] [stdout]    5:     0x55712fbde9c5 - std::io::Write::write_fmt::h5f34a676f60246b5
[INFO] [stdout]                                at /rustc/53fd98ca776cb875bc9e5514f56b52eb74f9e7a9/library/std/src/io/mod.rs:1665:15
[INFO] [stdout]    6:     0x55712fbe3e0b - std::sys_common::backtrace::_print::ha537687d6c17dd0d
[INFO] [stdout]                                at /rustc/53fd98ca776cb875bc9e5514f56b52eb74f9e7a9/library/std/src/sys_common/backtrace.rs:49:5
[INFO] [stdout]    7:     0x55712fbe3e0b - std::sys_common::backtrace::print::h61376ae57d131d72
[INFO] [stdout]                                at /rustc/53fd98ca776cb875bc9e5514f56b52eb74f9e7a9/library/std/src/sys_common/backtrace.rs:36:9
[INFO] [stdout]    8:     0x55712fbe3e0b - std::panicking::default_hook::{{closure}}::h0f7208c0b9644a54
[INFO] [stdout]                                at /rustc/53fd98ca776cb875bc9e5514f56b52eb74f9e7a9/library/std/src/panicking.rs:208:50
[INFO] [stdout]    9:     0x55712fbe391c - std::panicking::default_hook::hdac7fc06578c14ce
[INFO] [stdout]                                at /rustc/53fd98ca776cb875bc9e5514f56b52eb74f9e7a9/library/std/src/panicking.rs:222:9
[INFO] [stdout]   10:     0x55712fbe44d4 - std::panicking::rust_panic_with_hook::h72b21c283da3d1ef
[INFO] [stdout]                                at /rustc/53fd98ca776cb875bc9e5514f56b52eb74f9e7a9/library/std/src/panicking.rs:622:17
[INFO] [stdout]   11:     0x55712fbe3f87 - std::panicking::begin_panic_handler::{{closure}}::he5778f1729cff84a
[INFO] [stdout]                                at /rustc/53fd98ca776cb875bc9e5514f56b52eb74f9e7a9/library/std/src/panicking.rs:517:13
[INFO] [stdout]   12:     0x55712fbe216c - std::sys_common::backtrace::__rust_end_short_backtrace::h2d11ca8b453b4b1d
[INFO] [stdout]                                at /rustc/53fd98ca776cb875bc9e5514f56b52eb74f9e7a9/library/std/src/sys_common/backtrace.rs:141:18
[INFO] [stdout]   13:     0x55712fbe3f19 - rust_begin_unwind
[INFO] [stdout]                                at /rustc/53fd98ca776cb875bc9e5514f56b52eb74f9e7a9/library/std/src/panicking.rs:515:5
[INFO] [stdout]   14:     0x55712f9bc8e1 - core::panicking::panic_fmt::hf9de31d4acbce4db
[INFO] [stdout]                                at /rustc/53fd98ca776cb875bc9e5514f56b52eb74f9e7a9/library/core/src/panicking.rs:92:14
[INFO] [stdout]   15:     0x55712f9bc82d - core::panicking::panic::h8a6bc58a21c6c095
[INFO] [stdout]                                at /rustc/53fd98ca776cb875bc9e5514f56b52eb74f9e7a9/library/core/src/panicking.rs:50:5
[INFO] [stdout]   16:     0x55712f9c945f - scaling_adapter::tests::create_empty_adapter::h1ca6917932a8dfa0
[INFO] [stdout]                                at /opt/rustwide/workdir/scaling-adapter/src/lib.rs:379:9
[INFO] [stdout]   17:     0x55712f9c93da - scaling_adapter::tests::create_empty_adapter::{{closure}}::hc16c67ba16403256
[INFO] [stdout]                                at /opt/rustwide/workdir/scaling-adapter/src/lib.rs:378:5
[INFO] [stdout]   18:     0x55712f9c459e - core::ops::function::FnOnce::call_once::h521382ec4a3499d5
[INFO] [stdout]                                at /rustc/53fd98ca776cb875bc9e5514f56b52eb74f9e7a9/library/core/src/ops/function.rs:227:5
[INFO] [stdout]   19:     0x55712f9fd8e3 - core::ops::function::FnOnce::call_once::hbb52c4519d3137b0
[INFO] [stdout]                                at /rustc/53fd98ca776cb875bc9e5514f56b52eb74f9e7a9/library/core/src/ops/function.rs:227:5
[INFO] [stdout]   20:     0x55712f9fd8e3 - test::__rust_begin_short_backtrace::h86fe3a2a5a5121af
[INFO] [stdout]                                at /rustc/53fd98ca776cb875bc9e5514f56b52eb74f9e7a9/library/test/src/lib.rs:578:5
[INFO] [stdout]   21:     0x55712f9fc398 - <alloc::boxed::Box<F,A> as core::ops::function::FnOnce<Args>>::call_once::hfd956bc3d57399be
[INFO] [stdout]                                at /rustc/53fd98ca776cb875bc9e5514f56b52eb74f9e7a9/library/alloc/src/boxed.rs:1572:9
[INFO] [stdout]   22:     0x55712f9fc398 - <std::panic::AssertUnwindSafe<F> as core::ops::function::FnOnce<()>>::call_once::h40dc93e0ddb5938a
[INFO] [stdout]                                at /rustc/53fd98ca776cb875bc9e5514f56b52eb74f9e7a9/library/std/src/panic.rs:347:9
[INFO] [stdout]   23:     0x55712f9fc398 - std::panicking::try::do_call::h90d07750cb47c562
[INFO] [stdout]                                at /rustc/53fd98ca776cb875bc9e5514f56b52eb74f9e7a9/library/std/src/panicking.rs:401:40
[INFO] [stdout]   24:     0x55712f9fc398 - std::panicking::try::h063c84733ad2a629
[INFO] [stdout]                                at /rustc/53fd98ca776cb875bc9e5514f56b52eb74f9e7a9/library/std/src/panicking.rs:365:19
[INFO] [stdout]   25:     0x55712f9fc398 - std::panic::catch_unwind::h0c464836a84e7c08
[INFO] [stdout]                                at /rustc/53fd98ca776cb875bc9e5514f56b52eb74f9e7a9/library/std/src/panic.rs:434:14
[INFO] [stdout]   26:     0x55712f9fc398 - test::run_test_in_process::h5cb06ef620b157fc
[INFO] [stdout]                                at /rustc/53fd98ca776cb875bc9e5514f56b52eb74f9e7a9/library/test/src/lib.rs:601:18
[INFO] [stdout]   27:     0x55712f9fc398 - test::run_test::run_test_inner::{{closure}}::h76f677f4b93f9828
[INFO] [stdout]                                at /rustc/53fd98ca776cb875bc9e5514f56b52eb74f9e7a9/library/test/src/lib.rs:493:39
[INFO] [stdout]   28:     0x55712f9cab2d - test::run_test::run_test_inner::{{closure}}::h366d01fe04f4d67a
[INFO] [stdout]                                at /rustc/53fd98ca776cb875bc9e5514f56b52eb74f9e7a9/library/test/src/lib.rs:520:37
[INFO] [stdout]   29:     0x55712f9cab2d - std::sys_common::backtrace::__rust_begin_short_backtrace::h7dfa0de4eb395af2
[INFO] [stdout]                                at /rustc/53fd98ca776cb875bc9e5514f56b52eb74f9e7a9/library/std/src/sys_common/backtrace.rs:125:18
[INFO] [stdout]   30:     0x55712f9cf2f8 - std::thread::Builder::spawn_unchecked::{{closure}}::{{closure}}::hf0a74bb58798037f
[INFO] [stdout]                                at /rustc/53fd98ca776cb875bc9e5514f56b52eb74f9e7a9/library/std/src/thread/mod.rs:476:17
[INFO] [stdout]   31:     0x55712f9cf2f8 - <std::panic::AssertUnwindSafe<F> as core::ops::function::FnOnce<()>>::call_once::hb024e854818586ac
[INFO] [stdout]                                at /rustc/53fd98ca776cb875bc9e5514f56b52eb74f9e7a9/library/std/src/panic.rs:347:9
[INFO] [stdout]   32:     0x55712f9cf2f8 - std::panicking::try::do_call::hb2dd9f1d0d48e41d
[INFO] [stdout]                                at /rustc/53fd98ca776cb875bc9e5514f56b52eb74f9e7a9/library/std/src/panicking.rs:401:40
[INFO] [stdout]   33:     0x55712f9cf2f8 - std::panicking::try::h4717ae7bac8b2bf3
[INFO] [stdout]                                at /rustc/53fd98ca776cb875bc9e5514f56b52eb74f9e7a9/library/std/src/panicking.rs:365:19
[INFO] [stdout]   34:     0x55712f9cf2f8 - std::panic::catch_unwind::h0dc8a061326ce8d8
[INFO] [stdout]                                at /rustc/53fd98ca776cb875bc9e5514f56b52eb74f9e7a9/library/std/src/panic.rs:434:14
[INFO] [stdout]   35:     0x55712f9cf2f8 - std::thread::Builder::spawn_unchecked::{{closure}}::haa369e2d6fd00aa1
[INFO] [stdout]                                at /rustc/53fd98ca776cb875bc9e5514f56b52eb74f9e7a9/library/std/src/thread/mod.rs:475:30
[INFO] [stdout]   36:     0x55712f9cf2f8 - core::ops::function::FnOnce::call_once{{vtable.shim}}::h36dcf3de8b056f17
[INFO] [stdout]                                at /rustc/53fd98ca776cb875bc9e5514f56b52eb74f9e7a9/library/core/src/ops/function.rs:227:5
[INFO] [stdout]   37:     0x55712fbe9197 - <alloc::boxed::Box<F,A> as core::ops::function::FnOnce<Args>>::call_once::h65c29e4642be2358
[INFO] [stdout]                                at /rustc/53fd98ca776cb875bc9e5514f56b52eb74f9e7a9/library/alloc/src/boxed.rs:1572:9
[INFO] [stdout]   38:     0x55712fbe9197 - <alloc::boxed::Box<F,A> as core::ops::function::FnOnce<Args>>::call_once::hd0f8f7fbbd9fffbf
[INFO] [stdout]                                at /rustc/53fd98ca776cb875bc9e5514f56b52eb74f9e7a9/library/alloc/src/boxed.rs:1572:9
[INFO] [stdout]   39:     0x55712fbe9197 - std::sys::unix::thread::Thread::new::thread_start::h2fd22fee3ca77b65
[INFO] [stdout]                                at /rustc/53fd98ca776cb875bc9e5514f56b52eb74f9e7a9/library/std/src/sys/unix/thread.rs:74:17
[INFO] [stdout]   40:     0x7f5d43918609 - start_thread
[INFO] [stdout]   41:     0x7f5d436ea293 - clone
[INFO] [stdout]   42:                0x0 - <unknown>
[INFO] [stdout] 
[INFO] [stdout] ---- tests::adapter_with_target stdout ----
[INFO] [stdout] thread 'tests::adapter_with_target' panicked at 'assertion failed: has_tracesets()', scaling-adapter/src/lib.rs:414:9
[INFO] [stdout] stack backtrace:
[INFO] [stdout]    0:     0x55712fbe1c90 - std::backtrace_rs::backtrace::libunwind::trace::hff4d1766e93f64f1
[INFO] [stdout]                                at /rustc/53fd98ca776cb875bc9e5514f56b52eb74f9e7a9/library/std/src/../../backtrace/src/backtrace/libunwind.rs:90:5
[INFO] [stdout]    1:     0x55712fbe1c90 - std::backtrace_rs::backtrace::trace_unsynchronized::h56bbc8eb78770bcb
[INFO] [stdout]                                at /rustc/53fd98ca776cb875bc9e5514f56b52eb74f9e7a9/library/std/src/../../backtrace/src/backtrace/mod.rs:66:5
[INFO] [stdout]    2:     0x55712fbe1c90 - std::sys_common::backtrace::_print_fmt::h5c8e75464faca780
[INFO] [stdout]                                at /rustc/53fd98ca776cb875bc9e5514f56b52eb74f9e7a9/library/std/src/sys_common/backtrace.rs:67:5
[INFO] [stdout]    3:     0x55712fbe1c90 - <std::sys_common::backtrace::_print::DisplayBacktrace as core::fmt::Display>::fmt::h48b88277def8b362
[INFO] [stdout]                                at /rustc/53fd98ca776cb875bc9e5514f56b52eb74f9e7a9/library/std/src/sys_common/backtrace.rs:46:22
[INFO] [stdout]    4:     0x55712fc0478c - core::fmt::write::h3381b3176fe2b3d3
[INFO] [stdout]                                at /rustc/53fd98ca776cb875bc9e5514f56b52eb74f9e7a9/library/core/src/fmt/mod.rs:1115:17
[INFO] [stdout]    5:     0x55712fbde9c5 - std::io::Write::write_fmt::h5f34a676f60246b5
[INFO] [stdout]                                at /rustc/53fd98ca776cb875bc9e5514f56b52eb74f9e7a9/library/std/src/io/mod.rs:1665:15
[INFO] [stdout]    6:     0x55712fbe3e0b - std::sys_common::backtrace::_print::ha537687d6c17dd0d
[INFO] [stdout]                                at /rustc/53fd98ca776cb875bc9e5514f56b52eb74f9e7a9/library/std/src/sys_common/backtrace.rs:49:5
[INFO] [stdout]    7:     0x55712fbe3e0b - std::sys_common::backtrace::print::h61376ae57d131d72
[INFO] [stdout]                                at /rustc/53fd98ca776cb875bc9e5514f56b52eb74f9e7a9/library/std/src/sys_common/backtrace.rs:36:9
[INFO] [stdout]    8:     0x55712fbe3e0b - std::panicking::default_hook::{{closure}}::h0f7208c0b9644a54
[INFO] [stdout]                                at /rustc/53fd98ca776cb875bc9e5514f56b52eb74f9e7a9/library/std/src/panicking.rs:208:50
[INFO] [stdout]    9:     0x55712fbe391c - std::panicking::default_hook::hdac7fc06578c14ce
[INFO] [stdout]                                at /rustc/53fd98ca776cb875bc9e5514f56b52eb74f9e7a9/library/std/src/panicking.rs:222:9
[INFO] [stdout]   10:     0x55712fbe44d4 - std::panicking::rust_panic_with_hook::h72b21c283da3d1ef
[INFO] [stdout]                                at /rustc/53fd98ca776cb875bc9e5514f56b52eb74f9e7a9/library/std/src/panicking.rs:622:17
[INFO] [stdout]   11:     0x55712fbe3f87 - std::panicking::begin_panic_handler::{{closure}}::he5778f1729cff84a
[INFO] [stdout]                                at /rustc/53fd98ca776cb875bc9e5514f56b52eb74f9e7a9/library/std/src/panicking.rs:517:13
[INFO] [stdout]   12:     0x55712fbe216c - std::sys_common::backtrace::__rust_end_short_backtrace::h2d11ca8b453b4b1d
[INFO] [stdout]                                at /rustc/53fd98ca776cb875bc9e5514f56b52eb74f9e7a9/library/std/src/sys_common/backtrace.rs:141:18
[INFO] [stdout]   13:     0x55712fbe3f19 - rust_begin_unwind
[INFO] [stdout]                                at /rustc/53fd98ca776cb875bc9e5514f56b52eb74f9e7a9/library/std/src/panicking.rs:515:5
[INFO] [stdout]   14:     0x55712f9bc8e1 - core::panicking::panic_fmt::hf9de31d4acbce4db
[INFO] [stdout]                                at /rustc/53fd98ca776cb875bc9e5514f56b52eb74f9e7a9/library/core/src/panicking.rs:92:14
[INFO] [stdout]   15:     0x55712f9bc82d - core::panicking::panic::h8a6bc58a21c6c095
[INFO] [stdout]                                at /rustc/53fd98ca776cb875bc9e5514f56b52eb74f9e7a9/library/core/src/panicking.rs:50:5
[INFO] [stdout]   16:     0x55712f9c99ec - scaling_adapter::tests::adapter_with_target::h56e0418a9308b4c4
[INFO] [stdout]                                at /opt/rustwide/workdir/scaling-adapter/src/lib.rs:414:9
[INFO] [stdout]   17:     0x55712f9c998a - scaling_adapter::tests::adapter_with_target::{{closure}}::h99efe14a4b881d99
[INFO] [stdout]                                at /opt/rustwide/workdir/scaling-adapter/src/lib.rs:413:5
[INFO] [stdout]   18:     0x55712f9c461e - core::ops::function::FnOnce::call_once::h9d8e9eaab16dcd12
[INFO] [stdout]                                at /rustc/53fd98ca776cb875bc9e5514f56b52eb74f9e7a9/library/core/src/ops/function.rs:227:5
[INFO] [stdout]   19:     0x55712f9fd8e3 - core::ops::function::FnOnce::call_once::hbb52c4519d3137b0
[INFO] [stdout]                                at /rustc/53fd98ca776cb875bc9e5514f56b52eb74f9e7a9/library/core/src/ops/function.rs:227:5
[INFO] [stdout]   20:     0x55712f9fd8e3 - test::__rust_begin_short_backtrace::h86fe3a2a5a5121af
[INFO] [stdout]                                at /rustc/53fd98ca776cb875bc9e5514f56b52eb74f9e7a9/library/test/src/lib.rs:578:5
[INFO] [stdout]   21:     0x55712f9fc398 - <alloc::boxed::Box<F,A> as core::ops::function::FnOnce<Args>>::call_once::hfd956bc3d57399be
[INFO] [stdout]                                at /rustc/53fd98ca776cb875bc9e5514f56b52eb74f9e7a9/library/alloc/src/boxed.rs:1572:9
[INFO] [stdout]   22:     0x55712f9fc398 - <std::panic::AssertUnwindSafe<F> as core::ops::function::FnOnce<()>>::call_once::h40dc93e0ddb5938a
[INFO] [stdout]                                at /rustc/53fd98ca776cb875bc9e5514f56b52eb74f9e7a9/library/std/src/panic.rs:347:9
[INFO] [stdout]   23:     0x55712f9fc398 - std::panicking::try::do_call::h90d07750cb47c562
[INFO] [stdout]                                at /rustc/53fd98ca776cb875bc9e5514f56b52eb74f9e7a9/library/std/src/panicking.rs:401:40
[INFO] [stdout]   24:     0x55712f9fc398 - std::panicking::try::h063c84733ad2a629
[INFO] [stdout]                                at /rustc/53fd98ca776cb875bc9e5514f56b52eb74f9e7a9/library/std/src/panicking.rs:365:19
[INFO] [stdout]   25:     0x55712f9fc398 - std::panic::catch_unwind::h0c464836a84e7c08
[INFO] [stdout]                                at /rustc/53fd98ca776cb875bc9e5514f56b52eb74f9e7a9/library/std/src/panic.rs:434:14
[INFO] [stdout]   26:     0x55712f9fc398 - test::run_test_in_process::h5cb06ef620b157fc
[INFO] [stdout]                                at /rustc/53fd98ca776cb875bc9e5514f56b52eb74f9e7a9/library/test/src/lib.rs:601:18
[INFO] [stdout]   27:     0x55712f9fc398 - test::run_test::run_test_inner::{{closure}}::h76f677f4b93f9828
[INFO] [stdout]                                at /rustc/53fd98ca776cb875bc9e5514f56b52eb74f9e7a9/library/test/src/lib.rs:493:39
[INFO] [stdout]   28:     0x55712f9cab2d - test::run_test::run_test_inner::{{closure}}::h366d01fe04f4d67a
[INFO] [stdout]                                at /rustc/53fd98ca776cb875bc9e5514f56b52eb74f9e7a9/library/test/src/lib.rs:520:37
[INFO] [stdout]   29:     0x55712f9cab2d - std::sys_common::backtrace::__rust_begin_short_backtrace::h7dfa0de4eb395af2
[INFO] [stdout]                                at /rustc/53fd98ca776cb875bc9e5514f56b52eb74f9e7a9/library/std/src/sys_common/backtrace.rs:125:18
[INFO] [stdout]   30:     0x55712f9cf2f8 - std::thread::Builder::spawn_unchecked::{{closure}}::{{closure}}::hf0a74bb58798037f
[INFO] [stdout]                                at /rustc/53fd98ca776cb875bc9e5514f56b52eb74f9e7a9/library/std/src/thread/mod.rs:476:17
[INFO] [stdout]   31:     0x55712f9cf2f8 - <std::panic::AssertUnwindSafe<F> as core::ops::function::FnOnce<()>>::call_once::hb024e854818586ac
[INFO] [stdout]                                at /rustc/53fd98ca776cb875bc9e5514f56b52eb74f9e7a9/library/std/src/panic.rs:347:9
[INFO] [stdout]   32:     0x55712f9cf2f8 - std::panicking::try::do_call::hb2dd9f1d0d48e41d
[INFO] [stdout]                                at /rustc/53fd98ca776cb875bc9e5514f56b52eb74f9e7a9/library/std/src/panicking.rs:401:40
[INFO] [stdout]   33:     0x55712f9cf2f8 - std::panicking::try::h4717ae7bac8b2bf3
[INFO] [stdout]                                at /rustc/53fd98ca776cb875bc9e5514f56b52eb74f9e7a9/library/std/src/panicking.rs:365:19
[INFO] [stdout]   34:     0x55712f9cf2f8 - std::panic::catch_unwind::h0dc8a061326ce8d8
[INFO] [stdout]                                at /rustc/53fd98ca776cb875bc9e5514f56b52eb74f9e7a9/library/std/src/panic.rs:434:14
[INFO] [stdout]   35:     0x55712f9cf2f8 - std::thread::Builder::spawn_unchecked::{{closure}}::haa369e2d6fd00aa1
[INFO] [stdout]                                at /rustc/53fd98ca776cb875bc9e5514f56b52eb74f9e7a9/library/std/src/thread/mod.rs:475:30
[INFO] [stdout]   36:     0x55712f9cf2f8 - core::ops::function::FnOnce::call_once{{vtable.shim}}::h36dcf3de8b056f17
[INFO] [stdout]                                at /rustc/53fd98ca776cb875bc9e5514f56b52eb74f9e7a9/library/core/src/ops/function.rs:227:5
[INFO] [stdout]   37:     0x55712fbe9197 - <alloc::boxed::Box<F,A> as core::ops::function::FnOnce<Args>>::call_once::h65c29e4642be2358
[INFO] [stdout]                                at /rustc/53fd98ca776cb875bc9e5514f56b52eb74f9e7a9/library/alloc/src/boxed.rs:1572:9
[INFO] [stdout]   38:     0x55712fbe9197 - <alloc::boxed::Box<F,A> as core::ops::function::FnOnce<Args>>::call_once::hd0f8f7fbbd9fffbf
[INFO] [stdout]                                at /rustc/53fd98ca776cb875bc9e5514f56b52eb74f9e7a9/library/alloc/src/boxed.rs:1572:9
[INFO] [stdout]   39:     0x55712fbe9197 - std::sys::unix::thread::Thread::new::thread_start::h2fd22fee3ca77b65
[INFO] [stdout]                                at /rustc/53fd98ca776cb875bc9e5514f56b52eb74f9e7a9/library/std/src/sys/unix/thread.rs:74:17
[INFO] [stdout]   40:     0x7f5d43918609 - start_thread
[INFO] [stdout]   41:     0x7f5d436ea293 - clone
[INFO] [stdout]   42:                0x0 - <unknown>
[INFO] [stdout] 
[INFO] [stdout] ---- tests::empty_adapter_scaling_advice stdout ----
[INFO] [stdout] thread 'tests::empty_adapter_scaling_advice' panicked at 'assertion failed: has_tracesets()', scaling-adapter/src/lib.rs:394:9
[INFO] [stdout] stack backtrace:
[INFO] [stdout]    0:     0x55712fbe1c90 - std::backtrace_rs::backtrace::libunwind::trace::hff4d1766e93f64f1
[INFO] [stdout]                                at /rustc/53fd98ca776cb875bc9e5514f56b52eb74f9e7a9/library/std/src/../../backtrace/src/backtrace/libunwind.rs:90:5
[INFO] [stdout]    1:     0x55712fbe1c90 - std::backtrace_rs::backtrace::trace_unsynchronized::h56bbc8eb78770bcb
[INFO] [stdout]                                at /rustc/53fd98ca776cb875bc9e5514f56b52eb74f9e7a9/library/std/src/../../backtrace/src/backtrace/mod.rs:66:5
[INFO] [stdout]    2:     0x55712fbe1c90 - std::sys_common::backtrace::_print_fmt::h5c8e75464faca780
[INFO] [stdout]                                at /rustc/53fd98ca776cb875bc9e5514f56b52eb74f9e7a9/library/std/src/sys_common/backtrace.rs:67:5
[INFO] [stdout]    3:     0x55712fbe1c90 - <std::sys_common::backtrace::_print::DisplayBacktrace as core::fmt::Display>::fmt::h48b88277def8b362
[INFO] [stdout]                                at /rustc/53fd98ca776cb875bc9e5514f56b52eb74f9e7a9/library/std/src/sys_common/backtrace.rs:46:22
[INFO] [stdout]    4:     0x55712fc0478c - core::fmt::write::h3381b3176fe2b3d3
[INFO] [stdout]                                at /rustc/53fd98ca776cb875bc9e5514f56b52eb74f9e7a9/library/core/src/fmt/mod.rs:1115:17
[INFO] [stdout]    5:     0x55712fbde9c5 - std::io::Write::write_fmt::h5f34a676f60246b5
[INFO] [stdout]                                at /rustc/53fd98ca776cb875bc9e5514f56b52eb74f9e7a9/library/std/src/io/mod.rs:1665:15
[INFO] [stdout]    6:     0x55712fbe3e0b - std::sys_common::backtrace::_print::ha537687d6c17dd0d
[INFO] [stdout]                                at /rustc/53fd98ca776cb875bc9e5514f56b52eb74f9e7a9/library/std/src/sys_common/backtrace.rs:49:5
[INFO] [stdout]    7:     0x55712fbe3e0b - std::sys_common::backtrace::print::h61376ae57d131d72
[INFO] [stdout]                                at /rustc/53fd98ca776cb875bc9e5514f56b52eb74f9e7a9/library/std/src/sys_common/backtrace.rs:36:9
[INFO] [stdout]    8:     0x55712fbe3e0b - std::panicking::default_hook::{{closure}}::h0f7208c0b9644a54
[INFO] [stdout]                                at /rustc/53fd98ca776cb875bc9e5514f56b52eb74f9e7a9/library/std/src/panicking.rs:208:50
[INFO] [stdout]    9:     0x55712fbe391c - std::panicking::default_hook::hdac7fc06578c14ce
[INFO] [stdout]                                at /rustc/53fd98ca776cb875bc9e5514f56b52eb74f9e7a9/library/std/src/panicking.rs:222:9
[INFO] [stdout]   10:     0x55712fbe44d4 - std::panicking::rust_panic_with_hook::h72b21c283da3d1ef
[INFO] [stdout]                                at /rustc/53fd98ca776cb875bc9e5514f56b52eb74f9e7a9/library/std/src/panicking.rs:622:17
[INFO] [stdout]   11:     0x55712fbe3f87 - std::panicking::begin_panic_handler::{{closure}}::he5778f1729cff84a
[INFO] [stdout]                                at /rustc/53fd98ca776cb875bc9e5514f56b52eb74f9e7a9/library/std/src/panicking.rs:517:13
[INFO] [stdout]   12:     0x55712fbe216c - std::sys_common::backtrace::__rust_end_short_backtrace::h2d11ca8b453b4b1d
[INFO] [stdout]                                at /rustc/53fd98ca776cb875bc9e5514f56b52eb74f9e7a9/library/std/src/sys_common/backtrace.rs:141:18
[INFO] [stdout]   13:     0x55712fbe3f19 - rust_begin_unwind
[INFO] [stdout]                                at /rustc/53fd98ca776cb875bc9e5514f56b52eb74f9e7a9/library/std/src/panicking.rs:515:5
[INFO] [stdout]   14:     0x55712f9bc8e1 - core::panicking::panic_fmt::hf9de31d4acbce4db
[INFO] [stdout]                                at /rustc/53fd98ca776cb875bc9e5514f56b52eb74f9e7a9/library/core/src/panicking.rs:92:14
[INFO] [stdout]   15:     0x55712f9bc82d - core::panicking::panic::h8a6bc58a21c6c095
[INFO] [stdout]                                at /rustc/53fd98ca776cb875bc9e5514f56b52eb74f9e7a9/library/core/src/panicking.rs:50:5
[INFO] [stdout]   16:     0x55712f9c9662 - scaling_adapter::tests::empty_adapter_scaling_advice::ha24c464834c9c78f
[INFO] [stdout]                                at /opt/rustwide/workdir/scaling-adapter/src/lib.rs:394:9
[INFO] [stdout]   17:     0x55712f9c95da - scaling_adapter::tests::empty_adapter_scaling_advice::{{closure}}::hf7998d6fb09030b6
[INFO] [stdout]                                at /opt/rustwide/workdir/scaling-adapter/src/lib.rs:393:5
[INFO] [stdout]   18:     0x55712f9c45de - core::ops::function::FnOnce::call_once::h63ffb417a44f246f
[INFO] [stdout]                                at /rustc/53fd98ca776cb875bc9e5514f56b52eb74f9e7a9/library/core/src/ops/function.rs:227:5
[INFO] [stdout]   19:     0x55712f9fd8e3 - core::ops::function::FnOnce::call_once::hbb52c4519d3137b0
[INFO] [stdout]                                at /rustc/53fd98ca776cb875bc9e5514f56b52eb74f9e7a9/library/core/src/ops/function.rs:227:5
[INFO] [stdout]   20:     0x55712f9fd8e3 - test::__rust_begin_short_backtrace::h86fe3a2a5a5121af
[INFO] [stdout]                                at /rustc/53fd98ca776cb875bc9e5514f56b52eb74f9e7a9/library/test/src/lib.rs:578:5
[INFO] [stdout]   21:     0x55712f9fc398 - <alloc::boxed::Box<F,A> as core::ops::function::FnOnce<Args>>::call_once::hfd956bc3d57399be
[INFO] [stdout]                                at /rustc/53fd98ca776cb875bc9e5514f56b52eb74f9e7a9/library/alloc/src/boxed.rs:1572:9
[INFO] [stdout]   22:     0x55712f9fc398 - <std::panic::AssertUnwindSafe<F> as core::ops::function::FnOnce<()>>::call_once::h40dc93e0ddb5938a
[INFO] [stdout]                                at /rustc/53fd98ca776cb875bc9e5514f56b52eb74f9e7a9/library/std/src/panic.rs:347:9
[INFO] [stdout]   23:     0x55712f9fc398 - std::panicking::try::do_call::h90d07750cb47c562
[INFO] [stdout]                                at /rustc/53fd98ca776cb875bc9e5514f56b52eb74f9e7a9/library/std/src/panicking.rs:401:40
[INFO] [stdout]   24:     0x55712f9fc398 - std::panicking::try::h063c84733ad2a629
[INFO] [stdout]                                at /rustc/53fd98ca776cb875bc9e5514f56b52eb74f9e7a9/library/std/src/panicking.rs:365:19
[INFO] [stdout]   25:     0x55712f9fc398 - std::panic::catch_unwind::h0c464836a84e7c08
[INFO] [stdout]                                at /rustc/53fd98ca776cb875bc9e5514f56b52eb74f9e7a9/library/std/src/panic.rs:434:14
[INFO] [stdout]   26:     0x55712f9fc398 - test::run_test_in_process::h5cb06ef620b157fc
[INFO] [stdout]                                at /rustc/53fd98ca776cb875bc9e5514f56b52eb74f9e7a9/library/test/src/lib.rs:601:18
[INFO] [stdout]   27:     0x55712f9fc398 - test::run_test::run_test_inner::{{closure}}::h76f677f4b93f9828
[INFO] [stdout]                                at /rustc/53fd98ca776cb875bc9e5514f56b52eb74f9e7a9/library/test/src/lib.rs:493:39
[INFO] [stdout]   28:     0x55712f9cab2d - test::run_test::run_test_inner::{{closure}}::h366d01fe04f4d67a
[INFO] [stdout]                                at /rustc/53fd98ca776cb875bc9e5514f56b52eb74f9e7a9/library/test/src/lib.rs:520:37
[INFO] [stdout]   29:     0x55712f9cab2d - std::sys_common::backtrace::__rust_begin_short_backtrace::h7dfa0de4eb395af2
[INFO] [stdout]                                at /rustc/53fd98ca776cb875bc9e5514f56b52eb74f9e7a9/library/std/src/sys_common/backtrace.rs:125:18
[INFO] [stdout]   30:     0x55712f9cf2f8 - std::thread::Builder::spawn_unchecked::{{closure}}::{{closure}}::hf0a74bb58798037f
[INFO] [stdout]                                at /rustc/53fd98ca776cb875bc9e5514f56b52eb74f9e7a9/library/std/src/thread/mod.rs:476:17
[INFO] [stdout]   31:     0x55712f9cf2f8 - <std::panic::AssertUnwindSafe<F> as core::ops::function::FnOnce<()>>::call_once::hb024e854818586ac
[INFO] [stdout]                                at /rustc/53fd98ca776cb875bc9e5514f56b52eb74f9e7a9/library/std/src/panic.rs:347:9
[INFO] [stdout]   32:     0x55712f9cf2f8 - std::panicking::try::do_call::hb2dd9f1d0d48e41d
[INFO] [stdout]                                at /rustc/53fd98ca776cb875bc9e5514f56b52eb74f9e7a9/library/std/src/panicking.rs:401:40
[INFO] [stdout]   33:     0x55712f9cf2f8 - std::panicking::try::h4717ae7bac8b2bf3
[INFO] [stdout]                                at /rustc/53fd98ca776cb875bc9e5514f56b52eb74f9e7a9/library/std/src/panicking.rs:365:19
[INFO] [stdout]   34:     0x55712f9cf2f8 - std::panic::catch_unwind::h0dc8a061326ce8d8
[INFO] [stdout]                                at /rustc/53fd98ca776cb875bc9e5514f56b52eb74f9e7a9/library/std/src/panic.rs:434:14
[INFO] [stdout]   35:     0x55712f9cf2f8 - std::thread::Builder::spawn_unchecked::{{closure}}::haa369e2d6fd00aa1
[INFO] [stdout]                                at /rustc/53fd98ca776cb875bc9e5514f56b52eb74f9e7a9/library/std/src/thread/mod.rs:475:30
[INFO] [stdout]   36:     0x55712f9cf2f8 - core::ops::function::FnOnce::call_once{{vtable.shim}}::h36dcf3de8b056f17
[INFO] [stdout]                                at /rustc/53fd98ca776cb875bc9e5514f56b52eb74f9e7a9/library/core/src/ops/function.rs:227:5
[INFO] [stdout]   37:     0x55712fbe9197 - <alloc::boxed::Box<F,A> as core::ops::function::FnOnce<Args>>::call_once::h65c29e4642be2358
[INFO] [stdout]                                at /rustc/53fd98ca776cb875bc9e5514f56b52eb74f9e7a9/library/alloc/src/boxed.rs:1572:9
[INFO] [stdout]   38:     0x55712fbe9197 - <alloc::boxed::Box<F,A> as core::ops::function::FnOnce<Args>>::call_once::hd0f8f7fbbd9fffbf
[INFO] [stdout]                                at /rustc/53fd98ca776cb875bc9e5514f56b52eb74f9e7a9/library/alloc/src/boxed.rs:1572:9
[INFO] [stdout]   39:     0x55712fbe9197 - std::sys::unix::thread::Thread::new::thread_start::h2fd22fee3ca77b65
[INFO] [stdout]                                at /rustc/53fd98ca776cb875bc9e5514f56b52eb74f9e7a9/library/std/src/sys/unix/thread.rs:74:17
[INFO] [stdout]   40:     0x7f5d43918609 - start_thread
[INFO] [stdout]   41:     0x7f5d436ea293 - clone
[INFO] [stdout]   42:                0x0 - <unknown>
[INFO] [stdout] 
[INFO] [stdout] 
[INFO] [stdout] failures:
[INFO] [stdout]     tests::adapter_with_target
[INFO] [stdout]     tests::create_empty_adapter
[INFO] [stdout]     tests::empty_adapter_scaling_advice
[INFO] [stdout] 
[INFO] [stdout] test result: FAILED. 1 passed; 3 failed; 0 ignored; 0 measured; 0 filtered out; finished in 0.18s
[INFO] [stdout] 
[INFO] [stderr] error: test failed, to rerun pass '-p scaling-adapter --lib'
[INFO] running `Command { std: "docker" "inspect" "e866760705698d0bc8a2d1e38288c2bde961b70604f1c11527a136517357026c", kill_on_drop: false }`
[INFO] running `Command { std: "docker" "rm" "-f" "e866760705698d0bc8a2d1e38288c2bde961b70604f1c11527a136517357026c", kill_on_drop: false }`
[INFO] [stdout] e866760705698d0bc8a2d1e38288c2bde961b70604f1c11527a136517357026c
