[INFO] cloning repository https://github.com/jameslittle230/stork-gh-actions-tests
[INFO] running `Command { std: "git" "-c" "credential.helper=" "-c" "credential.helper=/workspace/cargo-home/bin/git-credential-null" "clone" "--bare" "https://github.com/jameslittle230/stork-gh-actions-tests" "/workspace/cache/git-repos/https%3A%2F%2Fgithub.com%2Fjameslittle230%2Fstork-gh-actions-tests", kill_on_drop: false }`
[INFO] [stderr] Cloning into bare repository '/workspace/cache/git-repos/https%3A%2F%2Fgithub.com%2Fjameslittle230%2Fstork-gh-actions-tests'...
[INFO] running `Command { std: "git" "rev-parse" "HEAD", kill_on_drop: false }`
[INFO] [stdout] 07ef377773242a906ebfa02d3dd21b3a2cbd6abc
[INFO] testing jameslittle230/stork-gh-actions-tests against beta-2021-08-01 for beta-1.55-1
[INFO] running `Command { std: "git" "clone" "/workspace/cache/git-repos/https%3A%2F%2Fgithub.com%2Fjameslittle230%2Fstork-gh-actions-tests" "/workspace/builds/worker-4/source", kill_on_drop: false }`
[INFO] [stderr] Cloning into '/workspace/builds/worker-4/source'...
[INFO] [stderr] done.
[INFO] validating manifest of git repo https://github.com/jameslittle230/stork-gh-actions-tests on toolchain beta-2021-08-01
[INFO] running `Command { std: "/workspace/cargo-home/bin/cargo" "+beta-2021-08-01" "metadata" "--manifest-path" "Cargo.toml" "--no-deps", kill_on_drop: false }`
[INFO] started tweaking git repo https://github.com/jameslittle230/stork-gh-actions-tests
[INFO] finished tweaking git repo https://github.com/jameslittle230/stork-gh-actions-tests
[INFO] tweaked toml for git repo https://github.com/jameslittle230/stork-gh-actions-tests written to /workspace/builds/worker-4/source/Cargo.toml
[INFO] crate git repo https://github.com/jameslittle230/stork-gh-actions-tests already has a lockfile, it will not be regenerated
[INFO] running `Command { std: "/workspace/cargo-home/bin/cargo" "+beta-2021-08-01" "fetch" "--manifest-path" "Cargo.toml", kill_on_drop: false }`
[INFO] [stderr]  Downloading crates ...
[INFO] [stderr]   Downloaded srtparse v0.2.0
[INFO] [stderr]   Downloaded markdown v0.3.0
[INFO] [stderr]   Downloaded frontmatter v0.4.0
[INFO] running `Command { std: "docker" "create" "-v" "/var/lib/crater-agent-workspace/builds/worker-4/target:/opt/rustwide/target:rw,Z" "-v" "/var/lib/crater-agent-workspace/builds/worker-4/source:/opt/rustwide/workdir:ro,Z" "-v" "/var/lib/crater-agent-workspace/cargo-home:/opt/rustwide/cargo-home:ro,Z" "-v" "/var/lib/crater-agent-workspace/rustup-home:/opt/rustwide/rustup-home:ro,Z" "-e" "SOURCE_DIR=/opt/rustwide/workdir" "-e" "CARGO_TARGET_DIR=/opt/rustwide/target" "-e" "CARGO_HOME=/opt/rustwide/cargo-home" "-e" "RUSTUP_HOME=/opt/rustwide/rustup-home" "-w" "/opt/rustwide/workdir" "-m" "1610612736" "--user" "0:0" "--network" "none" "ghcr.io/rust-lang/crates-build-env/linux@sha256:34b6a614d2c27851fe6cbf88fbd1137609cefab8b10d0615aaeb6fd47975d74e" "/opt/rustwide/cargo-home/bin/cargo" "+beta-2021-08-01" "metadata" "--no-deps" "--format-version=1", kill_on_drop: false }`
[INFO] [stdout] 4fdc40f6d58638d81918d59c3edad62d04a5e23b6fd0e1f3013b6de4e6376977
[INFO] [stderr] WARNING: Your kernel does not support swap limit capabilities or the cgroup is not mounted. Memory limited without swap.
[INFO] running `Command { std: "docker" "start" "-a" "4fdc40f6d58638d81918d59c3edad62d04a5e23b6fd0e1f3013b6de4e6376977", kill_on_drop: false }`
[INFO] running `Command { std: "docker" "inspect" "4fdc40f6d58638d81918d59c3edad62d04a5e23b6fd0e1f3013b6de4e6376977", kill_on_drop: false }`
[INFO] running `Command { std: "docker" "rm" "-f" "4fdc40f6d58638d81918d59c3edad62d04a5e23b6fd0e1f3013b6de4e6376977", kill_on_drop: false }`
[INFO] [stdout] 4fdc40f6d58638d81918d59c3edad62d04a5e23b6fd0e1f3013b6de4e6376977
[INFO] running `Command { std: "docker" "create" "-v" "/var/lib/crater-agent-workspace/builds/worker-4/target:/opt/rustwide/target:rw,Z" "-v" "/var/lib/crater-agent-workspace/builds/worker-4/source:/opt/rustwide/workdir:ro,Z" "-v" "/var/lib/crater-agent-workspace/cargo-home:/opt/rustwide/cargo-home:ro,Z" "-v" "/var/lib/crater-agent-workspace/rustup-home:/opt/rustwide/rustup-home:ro,Z" "-e" "SOURCE_DIR=/opt/rustwide/workdir" "-e" "CARGO_TARGET_DIR=/opt/rustwide/target" "-e" "CARGO_INCREMENTAL=0" "-e" "RUST_BACKTRACE=full" "-e" "RUSTFLAGS=--cap-lints=warn" "-e" "CARGO_HOME=/opt/rustwide/cargo-home" "-e" "RUSTUP_HOME=/opt/rustwide/rustup-home" "-w" "/opt/rustwide/workdir" "-m" "1610612736" "--user" "0:0" "--network" "none" "ghcr.io/rust-lang/crates-build-env/linux@sha256:34b6a614d2c27851fe6cbf88fbd1137609cefab8b10d0615aaeb6fd47975d74e" "/opt/rustwide/cargo-home/bin/cargo" "+beta-2021-08-01" "build" "--frozen" "--message-format=json", kill_on_drop: false }`
[INFO] [stdout] 7e58e5ab96b0fbf5680e262b5b86bef26d2e891f1a55dc67c662fd28ad7ce570
[INFO] [stderr] WARNING: Your kernel does not support swap limit capabilities or the cgroup is not mounted. Memory limited without swap.
[INFO] running `Command { std: "docker" "start" "-a" "7e58e5ab96b0fbf5680e262b5b86bef26d2e891f1a55dc67c662fd28ad7ce570", kill_on_drop: false }`
[INFO] [stderr]    Compiling syn v1.0.44
[INFO] [stderr]    Compiling itoa v0.4.6
[INFO] [stderr]    Compiling serde_json v1.0.58
[INFO] [stderr]    Compiling wasm-bindgen-shared v0.2.59
[INFO] [stderr]    Compiling nodrop v0.1.14
[INFO] [stderr]    Compiling futures-io v0.3.6
[INFO] [stderr]    Compiling wasm-bindgen v0.2.59
[INFO] [stderr]    Compiling arrayvec v0.4.12
[INFO] [stderr]    Compiling pipeline v0.5.0
[INFO] [stderr]    Compiling ego-tree v0.6.2
[INFO] [stderr]    Compiling htmlescape v0.3.1
[INFO] [stderr]    Compiling srtparse v0.2.0
[INFO] [stderr]    Compiling futures-task v0.3.6
[INFO] [stderr]    Compiling futures-channel v0.3.6
[INFO] [stderr]    Compiling dtoa-short v0.3.2
[INFO] [stderr]    Compiling getopts v0.2.21
[INFO] [stderr]    Compiling frontmatter v0.4.0
[INFO] [stderr]    Compiling servo_arc v0.1.1
[INFO] [stderr]    Compiling rmp v0.8.9
[INFO] [stderr]    Compiling rand_pcg v0.2.1
[INFO] [stderr]    Compiling markdown v0.3.0
[INFO] [stderr]    Compiling http v0.2.1
[INFO] [stderr]    Compiling rand v0.7.3
[INFO] [stderr]    Compiling num-format v0.4.0
[INFO] [stderr]    Compiling phf_generator v0.8.0
[INFO] [stderr]    Compiling phf_codegen v0.8.0
[INFO] [stderr]    Compiling string_cache_codegen v0.5.1
[INFO] [stderr]    Compiling selectors v0.22.0
[INFO] [stderr]    Compiling http-body v0.3.1
[INFO] [stderr]    Compiling wasm-bindgen-backend v0.2.59
[INFO] [stderr]    Compiling wasm-bindgen-macro-support v0.2.59
[INFO] [stderr]    Compiling serde_derive v1.0.116
[INFO] [stderr]    Compiling phf_macros v0.8.0
[INFO] [stderr]    Compiling pin-project-internal v0.4.26
[INFO] [stderr]    Compiling futures-macro v0.3.6
[INFO] [stderr]    Compiling cssparser v0.27.2
[INFO] [stderr]    Compiling tokio-macros v0.2.5
[INFO] [stderr]    Compiling cssparser-macros v0.6.0
[INFO] [stderr]    Compiling html5ever v0.25.1
[INFO] [stderr]    Compiling derive_more v0.99.11
[INFO] [stderr]    Compiling wasm-bindgen-macro v0.2.59
[INFO] [stderr]    Compiling tokio v0.2.22
[INFO] [stderr]    Compiling phf v0.8.0
[INFO] [stderr]    Compiling pin-project v0.4.26
[INFO] [stderr]    Compiling futures-util v0.3.6
[INFO] [stderr]    Compiling serde v1.0.116
[INFO] [stderr]    Compiling tokio-util v0.3.1
[INFO] [stderr]    Compiling h2 v0.2.6
[INFO] [stderr]    Compiling futures-executor v0.3.6
[INFO] [stderr]    Compiling futures v0.3.6
[INFO] [stderr]    Compiling string_cache v0.8.0
[INFO] [stderr]    Compiling rust-stemmers v1.2.0
[INFO] [stderr]    Compiling bincode v1.3.1
[INFO] [stderr]    Compiling toml v0.5.6
[INFO] [stderr]    Compiling rmp-serde v0.14.4
[INFO] [stderr]    Compiling markup5ever v0.10.0
[INFO] [stderr]    Compiling console_error_panic_hook v0.1.6
[INFO] [stderr]    Compiling hyper v0.13.8
[INFO] [stderr]    Compiling scraper v0.12.0
[INFO] [stderr]    Compiling stork-search v0.8.0 (/opt/rustwide/workdir)
[INFO] [stderr]     Finished dev [unoptimized + debuginfo] target(s) in 1m 20s
[INFO] running `Command { std: "docker" "inspect" "7e58e5ab96b0fbf5680e262b5b86bef26d2e891f1a55dc67c662fd28ad7ce570", kill_on_drop: false }`
[INFO] running `Command { std: "docker" "rm" "-f" "7e58e5ab96b0fbf5680e262b5b86bef26d2e891f1a55dc67c662fd28ad7ce570", kill_on_drop: false }`
[INFO] [stdout] 7e58e5ab96b0fbf5680e262b5b86bef26d2e891f1a55dc67c662fd28ad7ce570
[INFO] running `Command { std: "docker" "create" "-v" "/var/lib/crater-agent-workspace/builds/worker-4/target:/opt/rustwide/target:rw,Z" "-v" "/var/lib/crater-agent-workspace/builds/worker-4/source:/opt/rustwide/workdir:ro,Z" "-v" "/var/lib/crater-agent-workspace/cargo-home:/opt/rustwide/cargo-home:ro,Z" "-v" "/var/lib/crater-agent-workspace/rustup-home:/opt/rustwide/rustup-home:ro,Z" "-e" "SOURCE_DIR=/opt/rustwide/workdir" "-e" "CARGO_TARGET_DIR=/opt/rustwide/target" "-e" "CARGO_INCREMENTAL=0" "-e" "RUST_BACKTRACE=full" "-e" "RUSTFLAGS=--cap-lints=warn" "-e" "CARGO_HOME=/opt/rustwide/cargo-home" "-e" "RUSTUP_HOME=/opt/rustwide/rustup-home" "-w" "/opt/rustwide/workdir" "-m" "1610612736" "--user" "0:0" "--network" "none" "ghcr.io/rust-lang/crates-build-env/linux@sha256:34b6a614d2c27851fe6cbf88fbd1137609cefab8b10d0615aaeb6fd47975d74e" "/opt/rustwide/cargo-home/bin/cargo" "+beta-2021-08-01" "test" "--frozen" "--no-run" "--message-format=json", kill_on_drop: false }`
[INFO] [stderr] WARNING: Your kernel does not support swap limit capabilities or the cgroup is not mounted. Memory limited without swap.
[INFO] [stdout] 93eb0803672ce55971f07ea26bc2b902fe072c3770acd16b09832294602580b1
[INFO] running `Command { std: "docker" "start" "-a" "93eb0803672ce55971f07ea26bc2b902fe072c3770acd16b09832294602580b1", kill_on_drop: false }`
[INFO] [stderr]    Compiling stork-search v0.8.0 (/opt/rustwide/workdir)
[INFO] [stderr]     Finished test [unoptimized + debuginfo] target(s) in 9.21s
[INFO] running `Command { std: "docker" "inspect" "93eb0803672ce55971f07ea26bc2b902fe072c3770acd16b09832294602580b1", kill_on_drop: false }`
[INFO] running `Command { std: "docker" "rm" "-f" "93eb0803672ce55971f07ea26bc2b902fe072c3770acd16b09832294602580b1", kill_on_drop: false }`
[INFO] [stdout] 93eb0803672ce55971f07ea26bc2b902fe072c3770acd16b09832294602580b1
[INFO] running `Command { std: "docker" "create" "-v" "/var/lib/crater-agent-workspace/builds/worker-4/target:/opt/rustwide/target:rw,Z" "-v" "/var/lib/crater-agent-workspace/builds/worker-4/source:/opt/rustwide/workdir:ro,Z" "-v" "/var/lib/crater-agent-workspace/cargo-home:/opt/rustwide/cargo-home:ro,Z" "-v" "/var/lib/crater-agent-workspace/rustup-home:/opt/rustwide/rustup-home:ro,Z" "-e" "SOURCE_DIR=/opt/rustwide/workdir" "-e" "CARGO_TARGET_DIR=/opt/rustwide/target" "-e" "CARGO_INCREMENTAL=0" "-e" "RUST_BACKTRACE=full" "-e" "RUSTFLAGS=--cap-lints=warn" "-e" "CARGO_HOME=/opt/rustwide/cargo-home" "-e" "RUSTUP_HOME=/opt/rustwide/rustup-home" "-w" "/opt/rustwide/workdir" "-m" "1610612736" "--user" "0:0" "--network" "none" "ghcr.io/rust-lang/crates-build-env/linux@sha256:34b6a614d2c27851fe6cbf88fbd1137609cefab8b10d0615aaeb6fd47975d74e" "/opt/rustwide/cargo-home/bin/cargo" "+beta-2021-08-01" "test" "--frozen", kill_on_drop: false }`
[INFO] [stdout] ff999e0370350b00c1642e9abf2ee25439b29534d52f64de3c67ac390b8e9678
[INFO] [stderr] WARNING: Your kernel does not support swap limit capabilities or the cgroup is not mounted. Memory limited without swap.
[INFO] running `Command { std: "docker" "start" "-a" "ff999e0370350b00c1642e9abf2ee25439b29534d52f64de3c67ac390b8e9678", kill_on_drop: false }`
[INFO] [stderr]     Finished test [unoptimized + debuginfo] target(s) in 0.12s
[INFO] [stdout] 
[INFO] [stderr]      Running unittests (/opt/rustwide/target/debug/deps/stork_search-df7b694ee492ec6f)
[INFO] [stdout] running 47 tests
[INFO] [stdout] test config::file::tests::compute_from_explicit_filetype ... ok
[INFO] [stdout] test config::file::tests::compute_from_implicit_filetype_error ... ok
[INFO] [stdout] test config::stemming_config::tests::test_none_capital ... ok
[INFO] [stdout] test config::stemming_config::tests::test_none_lowercase ... ok
[INFO] [stdout] test config::stemming_config::tests::test_none_tostring ... ok
[INFO] [stdout] test config::file::tests::compute_from_implicit_filetype_html_allcaps ... ok
[INFO] [stdout] test config::tests::unknown_key_fails ... ok
[INFO] [stdout] test config::tests::empty_file_not_allowed ... ok
[INFO] [stdout] test config::file::tests::compute_from_implicit_filetype_html ... ok
[INFO] [stdout] test config::tests::empty_file ... ok
[INFO] [stdout] test config::file::tests::compute_from_no_filetype_error ... ok
[INFO] [stdout] test config::tests::file_with_only_title_not_allowed ... ok
[INFO] [stdout] test config::tests::file_with_title_and_url_not_allowed ... ok
[INFO] [stdout] test config::tests::file_with_title_url_and_datasource_is_allowed ... ok
[INFO] [stdout] test config::tests::simple_config ... ok
[INFO] [stdout] test config::stemming_config::tests::test_dutch_tostring ... ok
[INFO] [stdout] test index_versions::v3::builder::intermediate_entry::tests::convert_ie_to_entry ... ok
[INFO] [stdout] test config::stemming_config::tests::test_dutch ... ok
[INFO] [stdout] test config::file::tests::compute_from_implicit_filetype_plaintext ... ok
[INFO] [stdout] test index_versions::v3::builder::nudger::tests::default_config_creates_empty_nudge ... ok
[INFO] [stdout] test config::stemming_config::tests::test_error ... ok
[INFO] [stdout] test config::file::tests::compute_from_implicit_filetype_srt ... ok
[INFO] [stdout] test config::tests::surrounding_word_count_in_input ... ok
[INFO] [stdout] test index_versions::v3::builder::nudger::tests::nudge_description ... ok
[INFO] [stdout] test index_versions::v3::builder::frontmatter::tests::test_default_input_config_omits_frontmatter ... ok
[INFO] [stdout] test index_versions::v3::builder::nudger::tests::create_nudge ... ok
[INFO] [stdout] test index_versions::v3::builder::word_list_generators::html_word_list_generator::tests::test_selector_not_present ... ok
[INFO] [stdout] test index_versions::v3::builder::word_list_generators::html_word_list_generator::tests::test_html_content_extraction_with_multiple_selector_matches ... ok
[INFO] [stdout] test index_versions::v3::builder::word_list_generators::html_word_list_generator::tests::test_html_content_extraction_from_inner_tags ... ok
[INFO] [stdout] test index_versions::v3::builder::word_list_generators::html_word_list_generator::tests::test_selector_present_but_empty_contents ... ok
[INFO] [stdout] test index_versions::v3::builder::word_list_generators::html_word_list_generator::tests::test_html_content_extraction_with_custom_selector ... ok
[INFO] [stdout] test index_versions::v3::builder::word_list_generators::html_word_list_generator::tests::test_basic_html_content_extraction ... ok
[INFO] [stdout] test index_versions::v3::builder::tests::test_not_present_html_selector_fails_gracefully ... ok
[INFO] [stdout] test tests::short_blob_throws_appropriate_error ... ignored
[INFO] [stdout] test searcher::index_analyzer::tests::can_get_version_of_0_5_3_index ... ok
[INFO] [stdout] test index_versions::v3::structs::tests::get_full_text ... ok
[INFO] [stdout] test index_versions::v3::builder::word_list_generators::html_word_list_generator::tests::test_markdown ... ok
[INFO] [stdout] test searcher::index_analyzer::tests::can_get_version_of_1_0_0_index ... ok
[INFO] [stdout] test searcher::index_analyzer::tests::can_get_version_of_0_6_0_index ... ok
[INFO] [stdout] test searcher::index_analyzer::tests::unknown_version_fails ... ok
[INFO] [stdout] test index_versions::v3::search::tests::e2e_v3_search_works ... ok
[INFO] [stdout] test index_versions::v3::builder::frontmatter::tests::test_parse_option_parses_correctly_frontmatter ... FAILED
[INFO] [stdout] test index_versions::v2::structs::tests::can_parse_0_6_0_index ... ok
[INFO] [stdout] test index_versions::v2::structs::tests::can_parse_0_5_3_index ... ok
[INFO] [stdout] test tests::wasm_parse_error_returns_json_string ... ok
[INFO] [stdout] test index_versions::v2::search::tests::e2e_v2_search_works ... ok
[INFO] [stdout] test index_versions::v3::structs::tests::can_parse_0_7_0_index ... ok
[INFO] [stdout] 
[INFO] [stdout] failures:
[INFO] [stdout] 
[INFO] [stdout] ---- index_versions::v3::builder::frontmatter::tests::test_parse_option_parses_correctly_frontmatter stdout ----
[INFO] [stdout] thread 'index_versions::v3::builder::frontmatter::tests::test_parse_option_parses_correctly_frontmatter' panicked at 'assertion failed: `(left == right)`
[INFO] [stdout]   left: `({"different formats": "+INF", "that takes": "multiple lines", "and has": "22", "this": "is frontmatter"}, "this is not")`,
[INFO] [stdout]  right: `({"different formats": "default", "that takes": "multiple lines", "this": "is frontmatter", "and has": "22"}, "this is not")`', src/index_versions/v3/builder/frontmatter.rs:101:9
[INFO] [stdout] stack backtrace:
[INFO] [stdout]    0:     0x558a515e5950 - std::backtrace_rs::backtrace::libunwind::trace::hff4d1766e93f64f1
[INFO] [stdout]                                at /rustc/53fd98ca776cb875bc9e5514f56b52eb74f9e7a9/library/std/src/../../backtrace/src/backtrace/libunwind.rs:90:5
[INFO] [stdout]    1:     0x558a515e5950 - std::backtrace_rs::backtrace::trace_unsynchronized::h56bbc8eb78770bcb
[INFO] [stdout]                                at /rustc/53fd98ca776cb875bc9e5514f56b52eb74f9e7a9/library/std/src/../../backtrace/src/backtrace/mod.rs:66:5
[INFO] [stdout]    2:     0x558a515e5950 - std::sys_common::backtrace::_print_fmt::h5c8e75464faca780
[INFO] [stdout]                                at /rustc/53fd98ca776cb875bc9e5514f56b52eb74f9e7a9/library/std/src/sys_common/backtrace.rs:67:5
[INFO] [stdout]    3:     0x558a515e5950 - <std::sys_common::backtrace::_print::DisplayBacktrace as core::fmt::Display>::fmt::h48b88277def8b362
[INFO] [stdout]                                at /rustc/53fd98ca776cb875bc9e5514f56b52eb74f9e7a9/library/std/src/sys_common/backtrace.rs:46:22
[INFO] [stdout]    4:     0x558a5160a4fc - core::fmt::write::h3381b3176fe2b3d3
[INFO] [stdout]                                at /rustc/53fd98ca776cb875bc9e5514f56b52eb74f9e7a9/library/core/src/fmt/mod.rs:1115:17
[INFO] [stdout]    5:     0x558a515e2655 - std::io::Write::write_fmt::h5f34a676f60246b5
[INFO] [stdout]                                at /rustc/53fd98ca776cb875bc9e5514f56b52eb74f9e7a9/library/std/src/io/mod.rs:1665:15
[INFO] [stdout]    6:     0x558a515e7c1b - std::sys_common::backtrace::_print::ha537687d6c17dd0d
[INFO] [stdout]                                at /rustc/53fd98ca776cb875bc9e5514f56b52eb74f9e7a9/library/std/src/sys_common/backtrace.rs:49:5
[INFO] [stdout]    7:     0x558a515e7c1b - std::sys_common::backtrace::print::h61376ae57d131d72
[INFO] [stdout]                                at /rustc/53fd98ca776cb875bc9e5514f56b52eb74f9e7a9/library/std/src/sys_common/backtrace.rs:36:9
[INFO] [stdout]    8:     0x558a515e7c1b - std::panicking::default_hook::{{closure}}::h0f7208c0b9644a54
[INFO] [stdout]                                at /rustc/53fd98ca776cb875bc9e5514f56b52eb74f9e7a9/library/std/src/panicking.rs:208:50
[INFO] [stdout]    9:     0x558a515e772c - std::panicking::default_hook::hdac7fc06578c14ce
[INFO] [stdout]                                at /rustc/53fd98ca776cb875bc9e5514f56b52eb74f9e7a9/library/std/src/panicking.rs:222:9
[INFO] [stdout]   10:     0x558a515e82e4 - std::panicking::rust_panic_with_hook::h72b21c283da3d1ef
[INFO] [stdout]                                at /rustc/53fd98ca776cb875bc9e5514f56b52eb74f9e7a9/library/std/src/panicking.rs:622:17
[INFO] [stdout]   11:     0x558a515e7dc7 - std::panicking::begin_panic_handler::{{closure}}::he5778f1729cff84a
[INFO] [stdout]                                at /rustc/53fd98ca776cb875bc9e5514f56b52eb74f9e7a9/library/std/src/panicking.rs:519:13
[INFO] [stdout]   12:     0x558a515e5e2c - std::sys_common::backtrace::__rust_end_short_backtrace::h2d11ca8b453b4b1d
[INFO] [stdout]                                at /rustc/53fd98ca776cb875bc9e5514f56b52eb74f9e7a9/library/std/src/sys_common/backtrace.rs:141:18
[INFO] [stdout]   13:     0x558a515e7d29 - rust_begin_unwind
[INFO] [stdout]                                at /rustc/53fd98ca776cb875bc9e5514f56b52eb74f9e7a9/library/std/src/panicking.rs:515:5
[INFO] [stdout]   14:     0x558a50f608c1 - core::panicking::panic_fmt::hf9de31d4acbce4db
[INFO] [stdout]                                at /rustc/53fd98ca776cb875bc9e5514f56b52eb74f9e7a9/library/core/src/panicking.rs:92:14
[INFO] [stdout]   15:     0x558a51608308 - core::panicking::assert_failed_inner::h62e8cb2847a6e7ec
[INFO] [stdout]   16:     0x558a5118a1ba - core::panicking::assert_failed::h39222e5d385f2978
[INFO] [stdout]                                at /rustc/53fd98ca776cb875bc9e5514f56b52eb74f9e7a9/library/core/src/panicking.rs:117:5
[INFO] [stdout]   17:     0x558a50fe3c5e - stork_search::index_versions::v3::builder::frontmatter::tests::test_parse_option_parses_correctly_frontmatter::h76a3c1e01eb805cc
[INFO] [stdout]                                at /opt/rustwide/workdir/src/index_versions/v3/builder/frontmatter.rs:101:9
[INFO] [stdout]   18:     0x558a50fe338a - stork_search::index_versions::v3::builder::frontmatter::tests::test_parse_option_parses_correctly_frontmatter::{{closure}}::he1d78352654ec300
[INFO] [stdout]                                at /opt/rustwide/workdir/src/index_versions/v3/builder/frontmatter.rs:70:5
[INFO] [stdout]   19:     0x558a510ad04e - core::ops::function::FnOnce::call_once::hbabaad5ee805de9e
[INFO] [stdout]                                at /rustc/53fd98ca776cb875bc9e5514f56b52eb74f9e7a9/library/core/src/ops/function.rs:227:5
[INFO] [stdout]   20:     0x558a511ce2d3 - core::ops::function::FnOnce::call_once::hbb52c4519d3137b0
[INFO] [stdout]                                at /rustc/53fd98ca776cb875bc9e5514f56b52eb74f9e7a9/library/core/src/ops/function.rs:227:5
[INFO] [stdout]   21:     0x558a511ce2d3 - test::__rust_begin_short_backtrace::h86fe3a2a5a5121af
[INFO] [stdout]                                at /rustc/53fd98ca776cb875bc9e5514f56b52eb74f9e7a9/library/test/src/lib.rs:578:5
[INFO] [stdout]   22:     0x558a511ccd88 - <alloc::boxed::Box<F,A> as core::ops::function::FnOnce<Args>>::call_once::hfd956bc3d57399be
[INFO] [stdout]                                at /rustc/53fd98ca776cb875bc9e5514f56b52eb74f9e7a9/library/alloc/src/boxed.rs:1572:9
[INFO] [stdout]   23:     0x558a511ccd88 - <std::panic::AssertUnwindSafe<F> as core::ops::function::FnOnce<()>>::call_once::h40dc93e0ddb5938a
[INFO] [stdout]                                at /rustc/53fd98ca776cb875bc9e5514f56b52eb74f9e7a9/library/std/src/panic.rs:347:9
[INFO] [stdout]   24:     0x558a511ccd88 - std::panicking::try::do_call::h90d07750cb47c562
[INFO] [stdout]                                at /rustc/53fd98ca776cb875bc9e5514f56b52eb74f9e7a9/library/std/src/panicking.rs:401:40
[INFO] [stdout]   25:     0x558a511ccd88 - std::panicking::try::h063c84733ad2a629
[INFO] [stdout]                                at /rustc/53fd98ca776cb875bc9e5514f56b52eb74f9e7a9/library/std/src/panicking.rs:365:19
[INFO] [stdout]   26:     0x558a511ccd88 - std::panic::catch_unwind::h0c464836a84e7c08
[INFO] [stdout]                                at /rustc/53fd98ca776cb875bc9e5514f56b52eb74f9e7a9/library/std/src/panic.rs:434:14
[INFO] [stdout]   27:     0x558a511ccd88 - test::run_test_in_process::h5cb06ef620b157fc
[INFO] [stdout]                                at /rustc/53fd98ca776cb875bc9e5514f56b52eb74f9e7a9/library/test/src/lib.rs:601:18
[INFO] [stdout]   28:     0x558a511ccd88 - test::run_test::run_test_inner::{{closure}}::h76f677f4b93f9828
[INFO] [stdout]                                at /rustc/53fd98ca776cb875bc9e5514f56b52eb74f9e7a9/library/test/src/lib.rs:493:39
[INFO] [stdout]   29:     0x558a5119b51d - test::run_test::run_test_inner::{{closure}}::h366d01fe04f4d67a
[INFO] [stdout]                                at /rustc/53fd98ca776cb875bc9e5514f56b52eb74f9e7a9/library/test/src/lib.rs:520:37
[INFO] [stdout]   30:     0x558a5119b51d - std::sys_common::backtrace::__rust_begin_short_backtrace::h7dfa0de4eb395af2
[INFO] [stdout]                                at /rustc/53fd98ca776cb875bc9e5514f56b52eb74f9e7a9/library/std/src/sys_common/backtrace.rs:125:18
[INFO] [stdout]   31:     0x558a5119fce8 - std::thread::Builder::spawn_unchecked::{{closure}}::{{closure}}::hf0a74bb58798037f
[INFO] [stdout]                                at /rustc/53fd98ca776cb875bc9e5514f56b52eb74f9e7a9/library/std/src/thread/mod.rs:476:17
[INFO] [stdout]   32:     0x558a5119fce8 - <std::panic::AssertUnwindSafe<F> as core::ops::function::FnOnce<()>>::call_once::hb024e854818586ac
[INFO] [stdout]                                at /rustc/53fd98ca776cb875bc9e5514f56b52eb74f9e7a9/library/std/src/panic.rs:347:9
[INFO] [stdout]   33:     0x558a5119fce8 - std::panicking::try::do_call::hb2dd9f1d0d48e41d
[INFO] [stdout]                                at /rustc/53fd98ca776cb875bc9e5514f56b52eb74f9e7a9/library/std/src/panicking.rs:401:40
[INFO] [stdout]   34:     0x558a5119fce8 - std::panicking::try::h4717ae7bac8b2bf3
[INFO] [stdout]                                at /rustc/53fd98ca776cb875bc9e5514f56b52eb74f9e7a9/library/std/src/panicking.rs:365:19
[INFO] [stdout]   35:     0x558a5119fce8 - std::panic::catch_unwind::h0dc8a061326ce8d8
[INFO] [stdout]                                at /rustc/53fd98ca776cb875bc9e5514f56b52eb74f9e7a9/library/std/src/panic.rs:434:14
[INFO] [stdout]   36:     0x558a5119fce8 - std::thread::Builder::spawn_unchecked::{{closure}}::haa369e2d6fd00aa1
[INFO] [stdout]                                at /rustc/53fd98ca776cb875bc9e5514f56b52eb74f9e7a9/library/std/src/thread/mod.rs:475:30
[INFO] [stdout]   37:     0x558a5119fce8 - core::ops::function::FnOnce::call_once{{vtable.shim}}::h36dcf3de8b056f17
[INFO] [stdout]                                at /rustc/53fd98ca776cb875bc9e5514f56b52eb74f9e7a9/library/core/src/ops/function.rs:227:5
[INFO] [stdout]   38:     0x558a515ece87 - <alloc::boxed::Box<F,A> as core::ops::function::FnOnce<Args>>::call_once::h65c29e4642be2358
[INFO] [stdout]                                at /rustc/53fd98ca776cb875bc9e5514f56b52eb74f9e7a9/library/alloc/src/boxed.rs:1572:9
[INFO] [stdout]   39:     0x558a515ece87 - <alloc::boxed::Box<F,A> as core::ops::function::FnOnce<Args>>::call_once::hd0f8f7fbbd9fffbf
[INFO] [stdout]                                at /rustc/53fd98ca776cb875bc9e5514f56b52eb74f9e7a9/library/alloc/src/boxed.rs:1572:9
[INFO] [stdout]   40:     0x558a515ece87 - std::sys::unix::thread::Thread::new::thread_start::h2fd22fee3ca77b65
[INFO] [stdout]                                at /rustc/53fd98ca776cb875bc9e5514f56b52eb74f9e7a9/library/std/src/sys/unix/thread.rs:74:17
[INFO] [stdout]   41:     0x7f7fcc142609 - start_thread
[INFO] [stdout]   42:     0x7f7fcbf14293 - clone
[INFO] [stdout]   43:                0x0 - <unknown>
[INFO] [stdout] 
[INFO] [stdout] 
[INFO] [stdout] failures:
[INFO] [stdout]     index_versions::v3::builder::frontmatter::tests::test_parse_option_parses_correctly_frontmatter
[INFO] [stdout] 
[INFO] [stdout] test result: FAILED. 45 passed; 1 failed; 1 ignored; 0 measured; 0 filtered out; finished in 0.24s
[INFO] [stdout] 
[INFO] [stderr] error: test failed, to rerun pass '--lib'
[INFO] running `Command { std: "docker" "inspect" "ff999e0370350b00c1642e9abf2ee25439b29534d52f64de3c67ac390b8e9678", kill_on_drop: false }`
[INFO] running `Command { std: "docker" "rm" "-f" "ff999e0370350b00c1642e9abf2ee25439b29534d52f64de3c67ac390b8e9678", kill_on_drop: false }`
[INFO] [stdout] ff999e0370350b00c1642e9abf2ee25439b29534d52f64de3c67ac390b8e9678
