[INFO] cloning repository https://github.com/jakubDoka/rustbatch
[INFO] running `Command { std: "git" "-c" "credential.helper=" "-c" "credential.helper=/workspace/cargo-home/bin/git-credential-null" "clone" "--bare" "https://github.com/jakubDoka/rustbatch" "/workspace/cache/git-repos/https%3A%2F%2Fgithub.com%2FjakubDoka%2Frustbatch", kill_on_drop: false }`
[INFO] [stderr] Cloning into bare repository '/workspace/cache/git-repos/https%3A%2F%2Fgithub.com%2FjakubDoka%2Frustbatch'...
[INFO] running `Command { std: "git" "rev-parse" "HEAD", kill_on_drop: false }`
[INFO] [stdout] 3721c2796588234cfae1d80bc433ce0ee06acf6c
[INFO] testing jakubDoka/rustbatch against 1.54.0 for beta-1.55-1
[INFO] running `Command { std: "git" "clone" "/workspace/cache/git-repos/https%3A%2F%2Fgithub.com%2FjakubDoka%2Frustbatch" "/workspace/builds/worker-5/source", kill_on_drop: false }`
[INFO] [stderr] Cloning into '/workspace/builds/worker-5/source'...
[INFO] [stderr] done.
[INFO] validating manifest of git repo https://github.com/jakubDoka/rustbatch on toolchain 1.54.0
[INFO] running `Command { std: "/workspace/cargo-home/bin/cargo" "+1.54.0" "metadata" "--manifest-path" "Cargo.toml" "--no-deps", kill_on_drop: false }`
[INFO] started tweaking git repo https://github.com/jakubDoka/rustbatch
[INFO] finished tweaking git repo https://github.com/jakubDoka/rustbatch
[INFO] tweaked toml for git repo https://github.com/jakubDoka/rustbatch written to /workspace/builds/worker-5/source/Cargo.toml
[INFO] crate git repo https://github.com/jakubDoka/rustbatch already has a lockfile, it will not be regenerated
[INFO] running `Command { std: "/workspace/cargo-home/bin/cargo" "+1.54.0" "fetch" "--manifest-path" "Cargo.toml", kill_on_drop: false }`
[INFO] [stderr]     Blocking waiting for file lock on package cache
[INFO] running `Command { std: "docker" "create" "-v" "/var/lib/crater-agent-workspace/builds/worker-5/target:/opt/rustwide/target:rw,Z" "-v" "/var/lib/crater-agent-workspace/builds/worker-5/source:/opt/rustwide/workdir:ro,Z" "-v" "/var/lib/crater-agent-workspace/cargo-home:/opt/rustwide/cargo-home:ro,Z" "-v" "/var/lib/crater-agent-workspace/rustup-home:/opt/rustwide/rustup-home:ro,Z" "-e" "SOURCE_DIR=/opt/rustwide/workdir" "-e" "CARGO_TARGET_DIR=/opt/rustwide/target" "-e" "CARGO_HOME=/opt/rustwide/cargo-home" "-e" "RUSTUP_HOME=/opt/rustwide/rustup-home" "-w" "/opt/rustwide/workdir" "-m" "1610612736" "--user" "0:0" "--network" "none" "ghcr.io/rust-lang/crates-build-env/linux@sha256:34b6a614d2c27851fe6cbf88fbd1137609cefab8b10d0615aaeb6fd47975d74e" "/opt/rustwide/cargo-home/bin/cargo" "+1.54.0" "metadata" "--no-deps" "--format-version=1", kill_on_drop: false }`
[INFO] [stdout] ac5e4f046c52b7c37fc3010a23b583d39cc6bcebfa3f3f91b5459e91a6338590
[INFO] [stderr] WARNING: Your kernel does not support swap limit capabilities or the cgroup is not mounted. Memory limited without swap.
[INFO] running `Command { std: "docker" "start" "-a" "ac5e4f046c52b7c37fc3010a23b583d39cc6bcebfa3f3f91b5459e91a6338590", kill_on_drop: false }`
[INFO] running `Command { std: "docker" "inspect" "ac5e4f046c52b7c37fc3010a23b583d39cc6bcebfa3f3f91b5459e91a6338590", kill_on_drop: false }`
[INFO] running `Command { std: "docker" "rm" "-f" "ac5e4f046c52b7c37fc3010a23b583d39cc6bcebfa3f3f91b5459e91a6338590", kill_on_drop: false }`
[INFO] [stdout] ac5e4f046c52b7c37fc3010a23b583d39cc6bcebfa3f3f91b5459e91a6338590
[INFO] running `Command { std: "docker" "create" "-v" "/var/lib/crater-agent-workspace/builds/worker-5/target:/opt/rustwide/target:rw,Z" "-v" "/var/lib/crater-agent-workspace/builds/worker-5/source:/opt/rustwide/workdir:ro,Z" "-v" "/var/lib/crater-agent-workspace/cargo-home:/opt/rustwide/cargo-home:ro,Z" "-v" "/var/lib/crater-agent-workspace/rustup-home:/opt/rustwide/rustup-home:ro,Z" "-e" "SOURCE_DIR=/opt/rustwide/workdir" "-e" "CARGO_TARGET_DIR=/opt/rustwide/target" "-e" "CARGO_INCREMENTAL=0" "-e" "RUST_BACKTRACE=full" "-e" "RUSTFLAGS=--cap-lints=warn" "-e" "CARGO_HOME=/opt/rustwide/cargo-home" "-e" "RUSTUP_HOME=/opt/rustwide/rustup-home" "-w" "/opt/rustwide/workdir" "-m" "1610612736" "--user" "0:0" "--network" "none" "ghcr.io/rust-lang/crates-build-env/linux@sha256:34b6a614d2c27851fe6cbf88fbd1137609cefab8b10d0615aaeb6fd47975d74e" "/opt/rustwide/cargo-home/bin/cargo" "+1.54.0" "build" "--frozen" "--message-format=json", kill_on_drop: false }`
[INFO] [stdout] 69a0e6f4464f7aec3bc3342d180425af04a1fe9d3a5d45d86693718c12c3920e
[INFO] [stderr] WARNING: Your kernel does not support swap limit capabilities or the cgroup is not mounted. Memory limited without swap.
[INFO] running `Command { std: "docker" "start" "-a" "69a0e6f4464f7aec3bc3342d180425af04a1fe9d3a5d45d86693718c12c3920e", kill_on_drop: false }`
[INFO] [stderr]    Compiling sdl2 v0.34.3
[INFO] [stderr]    Compiling rustbatch v0.3.1 (/opt/rustwide/workdir)
[INFO] [stderr]    Compiling num-integer v0.1.43
[INFO] [stderr]    Compiling sdl2-sys v0.34.2
[INFO] [stderr]    Compiling rand v0.4.6
[INFO] [stderr]    Compiling memchr v0.1.11
[INFO] [stderr]    Compiling getrandom v0.1.15
[INFO] [stderr]    Compiling crossbeam-epoch v0.8.2
[INFO] [stderr]    Compiling thread-id v2.0.0
[INFO] [stderr]    Compiling gl_generator v0.14.0
[INFO] [stderr]    Compiling num-complex v0.1.43
[INFO] [stderr]    Compiling hashers v1.0.1
[INFO] [stderr]    Compiling thread_local v0.2.7
[INFO] [stderr]    Compiling aho-corasick v0.5.3
[INFO] [stderr]    Compiling rand_core v0.5.1
[INFO] [stderr]    Compiling crossbeam-deque v0.7.3
[INFO] [stderr]    Compiling regex v0.1.80
[INFO] [stderr]    Compiling rand_chacha v0.2.2
[INFO] [stderr]    Compiling rayon-core v1.8.0
[INFO] [stderr]    Compiling rand v0.3.23
[INFO] [stderr]    Compiling rand v0.7.3
[INFO] [stderr]    Compiling num-bigint v0.1.44
[INFO] [stderr]    Compiling num-iter v0.1.41
[INFO] [stderr]    Compiling num-rational v0.3.0
[INFO] [stderr]    Compiling gl v0.14.0
[INFO] [stderr]    Compiling rayon v1.4.0
[INFO] [stderr]    Compiling env_logger v0.3.5
[INFO] [stderr]    Compiling quickcheck v0.2.27
[INFO] [stderr]    Compiling num-rational v0.1.42
[INFO] [stderr]    Compiling num v0.1.42
[INFO] [stderr]    Compiling glm v0.2.3
[INFO] [stderr]    Compiling jpeg-decoder v0.1.20
[INFO] [stderr]    Compiling image v0.23.9
[INFO] [stderr]     Finished dev [unoptimized + debuginfo] target(s) in 41.04s
[INFO] running `Command { std: "docker" "inspect" "69a0e6f4464f7aec3bc3342d180425af04a1fe9d3a5d45d86693718c12c3920e", kill_on_drop: false }`
[INFO] running `Command { std: "docker" "rm" "-f" "69a0e6f4464f7aec3bc3342d180425af04a1fe9d3a5d45d86693718c12c3920e", kill_on_drop: false }`
[INFO] [stdout] 69a0e6f4464f7aec3bc3342d180425af04a1fe9d3a5d45d86693718c12c3920e
[INFO] running `Command { std: "docker" "create" "-v" "/var/lib/crater-agent-workspace/builds/worker-5/target:/opt/rustwide/target:rw,Z" "-v" "/var/lib/crater-agent-workspace/builds/worker-5/source:/opt/rustwide/workdir:ro,Z" "-v" "/var/lib/crater-agent-workspace/cargo-home:/opt/rustwide/cargo-home:ro,Z" "-v" "/var/lib/crater-agent-workspace/rustup-home:/opt/rustwide/rustup-home:ro,Z" "-e" "SOURCE_DIR=/opt/rustwide/workdir" "-e" "CARGO_TARGET_DIR=/opt/rustwide/target" "-e" "CARGO_INCREMENTAL=0" "-e" "RUST_BACKTRACE=full" "-e" "RUSTFLAGS=--cap-lints=warn" "-e" "CARGO_HOME=/opt/rustwide/cargo-home" "-e" "RUSTUP_HOME=/opt/rustwide/rustup-home" "-w" "/opt/rustwide/workdir" "-m" "1610612736" "--user" "0:0" "--network" "none" "ghcr.io/rust-lang/crates-build-env/linux@sha256:34b6a614d2c27851fe6cbf88fbd1137609cefab8b10d0615aaeb6fd47975d74e" "/opt/rustwide/cargo-home/bin/cargo" "+1.54.0" "test" "--frozen" "--no-run" "--message-format=json", kill_on_drop: false }`
[INFO] [stdout] 4d16d1e6c8ceff18130162a4d792da34b5289e5f31e9b5e4edead717f95b2f6f
[INFO] [stderr] WARNING: Your kernel does not support swap limit capabilities or the cgroup is not mounted. Memory limited without swap.
[INFO] running `Command { std: "docker" "start" "-a" "4d16d1e6c8ceff18130162a4d792da34b5289e5f31e9b5e4edead717f95b2f6f", kill_on_drop: false }`
[INFO] [stderr]    Compiling rustbatch v0.3.1 (/opt/rustwide/workdir)
[INFO] [stdout] warning: unused import: `crate::Vect`
[INFO] [stdout]   --> src/math/curve.rs:43:9
[INFO] [stdout]    |
[INFO] [stdout] 43 |     use crate::Vect;
[INFO] [stdout]    |         ^^^^^^^^^^^
[INFO] [stdout]    |
[INFO] [stdout]    = note: `#[warn(unused_imports)]` on by default
[INFO] [stdout] 
[INFO] [stdout] 
[INFO] [stdout] warning: unused import: `Processor`
[INFO] [stdout]    --> src/entity/pathfinder.rs:170:37
[INFO] [stdout]     |
[INFO] [stdout] 170 |     use crate::entity::pathfinder::{Processor, Data};
[INFO] [stdout]     |                                     ^^^^^^^^^
[INFO] [stdout] 
[INFO] [stdout] 
[INFO] [stdout] warning: unused variable: `i`
[INFO] [stdout]    --> src/entity/scanner.rs:137:13
[INFO] [stdout]     |
[INFO] [stdout] 137 |         for i in 0..100 {
[INFO] [stdout]     |             ^ help: if this is intentional, prefix it with an underscore: `_i`
[INFO] [stdout]     |
[INFO] [stdout]     = note: `#[warn(unused_variables)]` on by default
[INFO] [stdout] 
[INFO] [stdout] 
[INFO] [stdout] warning: function is never used: `round`
[INFO] [stdout]    --> src/math/mat.rs:135:8
[INFO] [stdout]     |
[INFO] [stdout] 135 |     fn round(a: f32, decimals: i32) -> f32 {
[INFO] [stdout]     |        ^^^^^
[INFO] [stdout]     |
[INFO] [stdout]     = note: `#[warn(dead_code)]` on by default
[INFO] [stdout] 
[INFO] [stdout] 
[INFO] [stdout] warning: 4 warnings emitted
[INFO] [stdout] 
[INFO] [stdout] 
[INFO] [stderr]     Finished test [unoptimized + debuginfo] target(s) in 4.60s
[INFO] running `Command { std: "docker" "inspect" "4d16d1e6c8ceff18130162a4d792da34b5289e5f31e9b5e4edead717f95b2f6f", kill_on_drop: false }`
[INFO] running `Command { std: "docker" "rm" "-f" "4d16d1e6c8ceff18130162a4d792da34b5289e5f31e9b5e4edead717f95b2f6f", kill_on_drop: false }`
[INFO] [stdout] 4d16d1e6c8ceff18130162a4d792da34b5289e5f31e9b5e4edead717f95b2f6f
[INFO] running `Command { std: "docker" "create" "-v" "/var/lib/crater-agent-workspace/builds/worker-5/target:/opt/rustwide/target:rw,Z" "-v" "/var/lib/crater-agent-workspace/builds/worker-5/source:/opt/rustwide/workdir:ro,Z" "-v" "/var/lib/crater-agent-workspace/cargo-home:/opt/rustwide/cargo-home:ro,Z" "-v" "/var/lib/crater-agent-workspace/rustup-home:/opt/rustwide/rustup-home:ro,Z" "-e" "SOURCE_DIR=/opt/rustwide/workdir" "-e" "CARGO_TARGET_DIR=/opt/rustwide/target" "-e" "CARGO_INCREMENTAL=0" "-e" "RUST_BACKTRACE=full" "-e" "RUSTFLAGS=--cap-lints=warn" "-e" "CARGO_HOME=/opt/rustwide/cargo-home" "-e" "RUSTUP_HOME=/opt/rustwide/rustup-home" "-w" "/opt/rustwide/workdir" "-m" "1610612736" "--user" "0:0" "--network" "none" "ghcr.io/rust-lang/crates-build-env/linux@sha256:34b6a614d2c27851fe6cbf88fbd1137609cefab8b10d0615aaeb6fd47975d74e" "/opt/rustwide/cargo-home/bin/cargo" "+1.54.0" "test" "--frozen", kill_on_drop: false }`
[INFO] [stdout] b2cef04d435b92217a747f7d451f967501ae6ccef1a3a74210749623c057c584
[INFO] [stderr] WARNING: Your kernel does not support swap limit capabilities or the cgroup is not mounted. Memory limited without swap.
[INFO] running `Command { std: "docker" "start" "-a" "b2cef04d435b92217a747f7d451f967501ae6ccef1a3a74210749623c057c584", kill_on_drop: false }`
[INFO] [stderr] warning: unused import: `crate::Vect`
[INFO] [stderr]   --> src/math/curve.rs:43:9
[INFO] [stderr]    |
[INFO] [stderr] 43 |     use crate::Vect;
[INFO] [stderr]    |         ^^^^^^^^^^^
[INFO] [stderr]    |
[INFO] [stderr]    = note: `#[warn(unused_imports)]` on by default
[INFO] [stderr] 
[INFO] [stderr] warning: unused import: `Processor`
[INFO] [stderr]    --> src/entity/pathfinder.rs:170:37
[INFO] [stderr]     |
[INFO] [stderr] 170 |     use crate::entity::pathfinder::{Processor, Data};
[INFO] [stderr]     |                                     ^^^^^^^^^
[INFO] [stderr] 
[INFO] [stderr] warning: unused variable: `i`
[INFO] [stderr]    --> src/entity/scanner.rs:137:13
[INFO] [stderr]     |
[INFO] [stderr] 137 |         for i in 0..100 {
[INFO] [stderr]     |             ^ help: if this is intentional, prefix it with an underscore: `_i`
[INFO] [stderr]     |
[INFO] [stderr]     = note: `#[warn(unused_variables)]` on by default
[INFO] [stderr] 
[INFO] [stderr] warning: function is never used: `round`
[INFO] [stderr]    --> src/math/mat.rs:135:8
[INFO] [stderr]     |
[INFO] [stderr] 135 |     fn round(a: f32, decimals: i32) -> f32 {
[INFO] [stderr]     |        ^^^^^
[INFO] [stderr]     |
[INFO] [stderr]     = note: `#[warn(dead_code)]` on by default
[INFO] [stderr] 
[INFO] [stderr] warning: 4 warnings emitted
[INFO] [stderr] 
[INFO] [stderr]     Finished test [unoptimized + debuginfo] target(s) in 0.06s
[INFO] [stderr]      Running unittests (/opt/rustwide/target/debug/deps/rustbatch-bd33c6671ae4b9a7)
[INFO] [stdout] 
[INFO] [stdout] running 10 tests
[INFO] [stdout] test math::curve::tests::curve_test ... ok
[INFO] [stdout] test math::mat::tests::prj_test ... ok
[INFO] [stdout] test entity::pathfinder::tests::update_test ... ok
[INFO] [stdout] test math::vect::tests::ang_to_test ... ok
[INFO] [stdout] test math::vect::tests::average_test ... ok
[INFO] [stdout] test math::vect::tests::angle_test ... ok
[INFO] [stdout] test math::vect::tests::rot_test ... ok
[INFO] [stdout] test math::rect::tests::intersects_test ... ok
[INFO] [stdout] test entity::scanner::tests::remove_test ... ok
[INFO] [stdout] test entity::scanner::tests::insert_test ... ok
[INFO] [stdout] 
[INFO] [stdout] test result: ok. 10 passed; 0 failed; 0 ignored; 0 measured; 0 filtered out; finished in 0.00s
[INFO] [stdout] 
[INFO] [stderr]    Doc-tests rustbatch
[INFO] [stdout] 
[INFO] [stdout] running 4 tests
[INFO] [stdout] test src/render/window.rs - render::window::Window::new (line 41) ... FAILED
[INFO] [stdout] test src/lib.rs - (line 19) ... FAILED
[INFO] [stdout] test src/render/particle/shapes.rs - render::particle::shapes::SymmetricShape (line 13) ... FAILED
[INFO] [stdout] test src/render/particle/system.rs - render::particle::system::ParticleSystem (line 144) ... FAILED
[INFO] [stdout] 
[INFO] [stdout] failures:
[INFO] [stdout] 
[INFO] [stdout] ---- src/render/window.rs - render::window::Window::new (line 41) stdout ----
[INFO] [stdout] error[E0282]: type annotations needed
[INFO] [stdout]  --> src/render/window.rs:44:57
[INFO] [stdout]   |
[INFO] [stdout] 6 | let (window, event_pump, _gl, _sdl, _video_subsystem) = Window::new(|sys| {
[INFO] [stdout]   |                                                         ^^^^^^^^^^^ cannot infer type for type parameter `B` declared on the associated function `new`
[INFO] [stdout] 
[INFO] [stdout] error: aborting due to previous error
[INFO] [stdout] 
[INFO] [stdout] For more information about this error, try `rustc --explain E0282`.
[INFO] [stdout] Couldn't compile the test.
[INFO] [stdout] ---- src/lib.rs - (line 19) stdout ----
[INFO] [stdout] error[E0282]: type annotations needed
[INFO] [stdout]   --> src/lib.rs:33:65
[INFO] [stdout]    |
[INFO] [stdout] 15 | let (mut window, mut event_pump, _gl, _sdl, _video_subsystem) = Window::new(|sys| {
[INFO] [stdout]    |                                                                 ^^^^^^^^^^^ cannot infer type for type parameter `B` declared on the associated function `new`
[INFO] [stdout] 
[INFO] [stdout] error: aborting due to previous error
[INFO] [stdout] 
[INFO] [stdout] For more information about this error, try `rustc --explain E0282`.
[INFO] [stdout] Couldn't compile the test.
[INFO] [stdout] ---- src/render/particle/shapes.rs - render::particle::shapes::SymmetricShape (line 13) stdout ----
[INFO] [stdout] error[E0282]: type annotations needed
[INFO] [stdout]  --> src/render/particle/shapes.rs:19:53
[INFO] [stdout]   |
[INFO] [stdout] 8 |     let (mut window, mut event_pump, _gl, _s, _e) = Window::new(|sys| {
[INFO] [stdout]   |                                                     ^^^^^^^^^^^ cannot infer type for type parameter `B` declared on the associated function `new`
[INFO] [stdout] 
[INFO] [stdout] error: aborting due to previous error
[INFO] [stdout] 
[INFO] [stdout] For more information about this error, try `rustc --explain E0282`.
[INFO] [stdout] Couldn't compile the test.
[INFO] [stdout] ---- src/render/particle/system.rs - render::particle::system::ParticleSystem (line 144) stdout ----
[INFO] [stdout] error[E0282]: type annotations needed
[INFO] [stdout]   --> src/render/particle/system.rs:154:42
[INFO] [stdout]    |
[INFO] [stdout] 13 | let (mut window, mut pump, _f, _g, _r) = Window::new(|sys| sys.window("segmentation", 400, 400).opengl().build().unwrap());
[INFO] [stdout]    |                                          ^^^^^^^^^^^ cannot infer type for type parameter `B` declared on the associated function `new`
[INFO] [stdout] 
[INFO] [stdout] error: aborting due to previous error
[INFO] [stdout] 
[INFO] [stdout] For more information about this error, try `rustc --explain E0282`.
[INFO] [stdout] Couldn't compile the test.
[INFO] [stdout] 
[INFO] [stdout] failures:
[INFO] [stdout]     src/lib.rs - (line 19)
[INFO] [stdout]     src/render/particle/shapes.rs - render::particle::shapes::SymmetricShape (line 13)
[INFO] [stdout]     src/render/particle/system.rs - render::particle::system::ParticleSystem (line 144)
[INFO] [stdout]     src/render/window.rs - render::window::Window::new (line 41)
[INFO] [stdout] 
[INFO] [stdout] test result: FAILED. 0 passed; 4 failed; 0 ignored; 0 measured; 0 filtered out; finished in 0.65s
[INFO] [stdout] 
[INFO] [stderr] error: test failed, to rerun pass '--doc'
[INFO] running `Command { std: "docker" "inspect" "b2cef04d435b92217a747f7d451f967501ae6ccef1a3a74210749623c057c584", kill_on_drop: false }`
[INFO] running `Command { std: "docker" "rm" "-f" "b2cef04d435b92217a747f7d451f967501ae6ccef1a3a74210749623c057c584", kill_on_drop: false }`
[INFO] [stdout] b2cef04d435b92217a747f7d451f967501ae6ccef1a3a74210749623c057c584
