[INFO] cloning repository https://github.com/jahwi/maxgrep
[INFO] running `Command { std: "git" "-c" "credential.helper=" "-c" "credential.helper=/workspace/cargo-home/bin/git-credential-null" "clone" "--bare" "https://github.com/jahwi/maxgrep" "/workspace/cache/git-repos/https%3A%2F%2Fgithub.com%2Fjahwi%2Fmaxgrep", kill_on_drop: false }`
[INFO] [stderr] Cloning into bare repository '/workspace/cache/git-repos/https%3A%2F%2Fgithub.com%2Fjahwi%2Fmaxgrep'...
[INFO] running `Command { std: "git" "rev-parse" "HEAD", kill_on_drop: false }`
[INFO] [stdout] 5b0d0eecb0070634af2c1c6926d729676cc856dd
[INFO] testing jahwi/maxgrep against 1.54.0 for beta-1.55-1
[INFO] running `Command { std: "git" "clone" "/workspace/cache/git-repos/https%3A%2F%2Fgithub.com%2Fjahwi%2Fmaxgrep" "/workspace/builds/worker-7/source", kill_on_drop: false }`
[INFO] [stderr] Cloning into '/workspace/builds/worker-7/source'...
[INFO] [stderr] done.
[INFO] validating manifest of git repo https://github.com/jahwi/maxgrep on toolchain 1.54.0
[INFO] running `Command { std: "/workspace/cargo-home/bin/cargo" "+1.54.0" "metadata" "--manifest-path" "Cargo.toml" "--no-deps", kill_on_drop: false }`
[INFO] started tweaking git repo https://github.com/jahwi/maxgrep
[INFO] finished tweaking git repo https://github.com/jahwi/maxgrep
[INFO] tweaked toml for git repo https://github.com/jahwi/maxgrep written to /workspace/builds/worker-7/source/Cargo.toml
[INFO] crate git repo https://github.com/jahwi/maxgrep already has a lockfile, it will not be regenerated
[INFO] running `Command { std: "/workspace/cargo-home/bin/cargo" "+1.54.0" "fetch" "--manifest-path" "Cargo.toml", kill_on_drop: false }`
[INFO] running `Command { std: "docker" "create" "-v" "/var/lib/crater-agent-workspace/builds/worker-7/target:/opt/rustwide/target:rw,Z" "-v" "/var/lib/crater-agent-workspace/builds/worker-7/source:/opt/rustwide/workdir:ro,Z" "-v" "/var/lib/crater-agent-workspace/cargo-home:/opt/rustwide/cargo-home:ro,Z" "-v" "/var/lib/crater-agent-workspace/rustup-home:/opt/rustwide/rustup-home:ro,Z" "-e" "SOURCE_DIR=/opt/rustwide/workdir" "-e" "CARGO_TARGET_DIR=/opt/rustwide/target" "-e" "CARGO_HOME=/opt/rustwide/cargo-home" "-e" "RUSTUP_HOME=/opt/rustwide/rustup-home" "-w" "/opt/rustwide/workdir" "-m" "1610612736" "--user" "0:0" "--network" "none" "ghcr.io/rust-lang/crates-build-env/linux@sha256:34b6a614d2c27851fe6cbf88fbd1137609cefab8b10d0615aaeb6fd47975d74e" "/opt/rustwide/cargo-home/bin/cargo" "+1.54.0" "metadata" "--no-deps" "--format-version=1", kill_on_drop: false }`
[INFO] [stdout] 6503b058ca066f58e7fdffbb98d3ef47c01be9dd83431d2b1cf79378400fbff7
[INFO] [stderr] WARNING: Your kernel does not support swap limit capabilities or the cgroup is not mounted. Memory limited without swap.
[INFO] running `Command { std: "docker" "start" "-a" "6503b058ca066f58e7fdffbb98d3ef47c01be9dd83431d2b1cf79378400fbff7", kill_on_drop: false }`
[INFO] running `Command { std: "docker" "inspect" "6503b058ca066f58e7fdffbb98d3ef47c01be9dd83431d2b1cf79378400fbff7", kill_on_drop: false }`
[INFO] running `Command { std: "docker" "rm" "-f" "6503b058ca066f58e7fdffbb98d3ef47c01be9dd83431d2b1cf79378400fbff7", kill_on_drop: false }`
[INFO] [stdout] 6503b058ca066f58e7fdffbb98d3ef47c01be9dd83431d2b1cf79378400fbff7
[INFO] running `Command { std: "docker" "create" "-v" "/var/lib/crater-agent-workspace/builds/worker-7/target:/opt/rustwide/target:rw,Z" "-v" "/var/lib/crater-agent-workspace/builds/worker-7/source:/opt/rustwide/workdir:ro,Z" "-v" "/var/lib/crater-agent-workspace/cargo-home:/opt/rustwide/cargo-home:ro,Z" "-v" "/var/lib/crater-agent-workspace/rustup-home:/opt/rustwide/rustup-home:ro,Z" "-e" "SOURCE_DIR=/opt/rustwide/workdir" "-e" "CARGO_TARGET_DIR=/opt/rustwide/target" "-e" "CARGO_INCREMENTAL=0" "-e" "RUST_BACKTRACE=full" "-e" "RUSTFLAGS=--cap-lints=warn" "-e" "CARGO_HOME=/opt/rustwide/cargo-home" "-e" "RUSTUP_HOME=/opt/rustwide/rustup-home" "-w" "/opt/rustwide/workdir" "-m" "1610612736" "--user" "0:0" "--network" "none" "ghcr.io/rust-lang/crates-build-env/linux@sha256:34b6a614d2c27851fe6cbf88fbd1137609cefab8b10d0615aaeb6fd47975d74e" "/opt/rustwide/cargo-home/bin/cargo" "+1.54.0" "build" "--frozen" "--message-format=json", kill_on_drop: false }`
[INFO] [stdout] 951b02f85cf83a66864929fc2ef465c7403934b1ad6656108028577eaf59dcff
[INFO] [stderr] WARNING: Your kernel does not support swap limit capabilities or the cgroup is not mounted. Memory limited without swap.
[INFO] running `Command { std: "docker" "start" "-a" "951b02f85cf83a66864929fc2ef465c7403934b1ad6656108028577eaf59dcff", kill_on_drop: false }`
[INFO] [stderr]    Compiling maxgrep v0.1.0 (/opt/rustwide/workdir)
[INFO] [stderr]     Finished dev [unoptimized + debuginfo] target(s) in 1.31s
[INFO] running `Command { std: "docker" "inspect" "951b02f85cf83a66864929fc2ef465c7403934b1ad6656108028577eaf59dcff", kill_on_drop: false }`
[INFO] running `Command { std: "docker" "rm" "-f" "951b02f85cf83a66864929fc2ef465c7403934b1ad6656108028577eaf59dcff", kill_on_drop: false }`
[INFO] [stdout] 951b02f85cf83a66864929fc2ef465c7403934b1ad6656108028577eaf59dcff
[INFO] running `Command { std: "docker" "create" "-v" "/var/lib/crater-agent-workspace/builds/worker-7/target:/opt/rustwide/target:rw,Z" "-v" "/var/lib/crater-agent-workspace/builds/worker-7/source:/opt/rustwide/workdir:ro,Z" "-v" "/var/lib/crater-agent-workspace/cargo-home:/opt/rustwide/cargo-home:ro,Z" "-v" "/var/lib/crater-agent-workspace/rustup-home:/opt/rustwide/rustup-home:ro,Z" "-e" "SOURCE_DIR=/opt/rustwide/workdir" "-e" "CARGO_TARGET_DIR=/opt/rustwide/target" "-e" "CARGO_INCREMENTAL=0" "-e" "RUST_BACKTRACE=full" "-e" "RUSTFLAGS=--cap-lints=warn" "-e" "CARGO_HOME=/opt/rustwide/cargo-home" "-e" "RUSTUP_HOME=/opt/rustwide/rustup-home" "-w" "/opt/rustwide/workdir" "-m" "1610612736" "--user" "0:0" "--network" "none" "ghcr.io/rust-lang/crates-build-env/linux@sha256:34b6a614d2c27851fe6cbf88fbd1137609cefab8b10d0615aaeb6fd47975d74e" "/opt/rustwide/cargo-home/bin/cargo" "+1.54.0" "test" "--frozen" "--no-run" "--message-format=json", kill_on_drop: false }`
[INFO] [stdout] 3fa0d2b21b84e5b1e6094bb2744f38b0661dad9e0fbb56ba4d9dee2063d84ac9
[INFO] [stderr] WARNING: Your kernel does not support swap limit capabilities or the cgroup is not mounted. Memory limited without swap.
[INFO] running `Command { std: "docker" "start" "-a" "3fa0d2b21b84e5b1e6094bb2744f38b0661dad9e0fbb56ba4d9dee2063d84ac9", kill_on_drop: false }`
[INFO] [stderr]    Compiling maxgrep v0.1.0 (/opt/rustwide/workdir)
[INFO] [stderr]     Finished test [unoptimized + debuginfo] target(s) in 0.99s
[INFO] running `Command { std: "docker" "inspect" "3fa0d2b21b84e5b1e6094bb2744f38b0661dad9e0fbb56ba4d9dee2063d84ac9", kill_on_drop: false }`
[INFO] running `Command { std: "docker" "rm" "-f" "3fa0d2b21b84e5b1e6094bb2744f38b0661dad9e0fbb56ba4d9dee2063d84ac9", kill_on_drop: false }`
[INFO] [stdout] 3fa0d2b21b84e5b1e6094bb2744f38b0661dad9e0fbb56ba4d9dee2063d84ac9
[INFO] running `Command { std: "docker" "create" "-v" "/var/lib/crater-agent-workspace/builds/worker-7/target:/opt/rustwide/target:rw,Z" "-v" "/var/lib/crater-agent-workspace/builds/worker-7/source:/opt/rustwide/workdir:ro,Z" "-v" "/var/lib/crater-agent-workspace/cargo-home:/opt/rustwide/cargo-home:ro,Z" "-v" "/var/lib/crater-agent-workspace/rustup-home:/opt/rustwide/rustup-home:ro,Z" "-e" "SOURCE_DIR=/opt/rustwide/workdir" "-e" "CARGO_TARGET_DIR=/opt/rustwide/target" "-e" "CARGO_INCREMENTAL=0" "-e" "RUST_BACKTRACE=full" "-e" "RUSTFLAGS=--cap-lints=warn" "-e" "CARGO_HOME=/opt/rustwide/cargo-home" "-e" "RUSTUP_HOME=/opt/rustwide/rustup-home" "-w" "/opt/rustwide/workdir" "-m" "1610612736" "--user" "0:0" "--network" "none" "ghcr.io/rust-lang/crates-build-env/linux@sha256:34b6a614d2c27851fe6cbf88fbd1137609cefab8b10d0615aaeb6fd47975d74e" "/opt/rustwide/cargo-home/bin/cargo" "+1.54.0" "test" "--frozen", kill_on_drop: false }`
[INFO] [stdout] e1a41e0282443b1ed54c14cbef78eee4cad20eddde600e967ff179d452d01474
[INFO] [stderr] WARNING: Your kernel does not support swap limit capabilities or the cgroup is not mounted. Memory limited without swap.
[INFO] running `Command { std: "docker" "start" "-a" "e1a41e0282443b1ed54c14cbef78eee4cad20eddde600e967ff179d452d01474", kill_on_drop: false }`
[INFO] [stderr]     Finished test [unoptimized + debuginfo] target(s) in 0.01s
[INFO] [stderr]      Running unittests (/opt/rustwide/target/debug/deps/maxgrep-3d62b5a645c28b14)
[INFO] [stdout] 
[INFO] [stderr]      Running unittests (/opt/rustwide/target/debug/deps/maxgrep-365488ed8138536e)
[INFO] [stdout] running 0 tests
[INFO] [stdout] 
[INFO] [stdout] test result: ok. 0 passed; 0 failed; 0 ignored; 0 measured; 0 filtered out; finished in 0.00s
[INFO] [stdout] 
[INFO] [stderr]    Doc-tests maxgrep
[INFO] [stdout] 
[INFO] [stdout] running 0 tests
[INFO] [stdout] 
[INFO] [stdout] test result: ok. 0 passed; 0 failed; 0 ignored; 0 measured; 0 filtered out; finished in 0.00s
[INFO] [stdout] 
[INFO] [stdout] 
[INFO] [stdout] running 1 test
[INFO] [stdout] test src/lib.rs - Params::new (line 30) ... FAILED
[INFO] [stdout] 
[INFO] [stdout] failures:
[INFO] [stdout] 
[INFO] [stdout] ---- src/lib.rs - Params::new (line 30) stdout ----
[INFO] [stdout] error[E0433]: failed to resolve: use of undeclared crate or module `env`
[INFO] [stdout]  --> src/lib.rs:32:33
[INFO] [stdout]   |
[INFO] [stdout] 4 |     let mut args: Vec<String> = env::args().collect();
[INFO] [stdout]   |                                 ^^^ use of undeclared crate or module `env`
[INFO] [stdout] 
[INFO] [stdout] error[E0433]: failed to resolve: use of undeclared type `Params`
[INFO] [stdout]  --> src/lib.rs:36:18
[INFO] [stdout]   |
[INFO] [stdout] 8 |     let params = Params::new(args).unwrap_or_else(|err| {
[INFO] [stdout]   |                  ^^^^^^ not found in this scope
[INFO] [stdout]   |
[INFO] [stdout] help: consider importing this struct
[INFO] [stdout]   |
[INFO] [stdout] 2 | use maxgrep::Params;
[INFO] [stdout]   |
[INFO] [stdout] 
[INFO] [stdout] error: aborting due to 2 previous errors
[INFO] [stdout] 
[INFO] [stdout] For more information about this error, try `rustc --explain E0433`.
[INFO] [stdout] Couldn't compile the test.
[INFO] [stdout] 
[INFO] [stdout] failures:
[INFO] [stdout]     src/lib.rs - Params::new (line 30)
[INFO] [stdout] 
[INFO] [stdout] test result: FAILED. 0 passed; 1 failed; 0 ignored; 0 measured; 0 filtered out; finished in 0.28s
[INFO] [stdout] 
[INFO] [stderr] error: test failed, to rerun pass '--doc'
[INFO] running `Command { std: "docker" "inspect" "e1a41e0282443b1ed54c14cbef78eee4cad20eddde600e967ff179d452d01474", kill_on_drop: false }`
[INFO] running `Command { std: "docker" "rm" "-f" "e1a41e0282443b1ed54c14cbef78eee4cad20eddde600e967ff179d452d01474", kill_on_drop: false }`
[INFO] [stdout] e1a41e0282443b1ed54c14cbef78eee4cad20eddde600e967ff179d452d01474
