[INFO] cloning repository https://github.com/jacobhyphenated/advent2020
[INFO] running `Command { std: "git" "-c" "credential.helper=" "-c" "credential.helper=/workspace/cargo-home/bin/git-credential-null" "clone" "--bare" "https://github.com/jacobhyphenated/advent2020" "/workspace/cache/git-repos/https%3A%2F%2Fgithub.com%2Fjacobhyphenated%2Fadvent2020", kill_on_drop: false }`
[INFO] [stderr] Cloning into bare repository '/workspace/cache/git-repos/https%3A%2F%2Fgithub.com%2Fjacobhyphenated%2Fadvent2020'...
[INFO] running `Command { std: "git" "rev-parse" "HEAD", kill_on_drop: false }`
[INFO] [stdout] ee98da38b9d06a3744563b1ed943b8babfb57e26
[INFO] testing jacobhyphenated/advent2020 against beta-2021-08-01 for beta-1.55-1
[INFO] running `Command { std: "git" "clone" "/workspace/cache/git-repos/https%3A%2F%2Fgithub.com%2Fjacobhyphenated%2Fadvent2020" "/workspace/builds/worker-6/source", kill_on_drop: false }`
[INFO] [stderr] Cloning into '/workspace/builds/worker-6/source'...
[INFO] [stderr] done.
[INFO] validating manifest of git repo https://github.com/jacobhyphenated/advent2020 on toolchain beta-2021-08-01
[INFO] running `Command { std: "/workspace/cargo-home/bin/cargo" "+beta-2021-08-01" "metadata" "--manifest-path" "Cargo.toml" "--no-deps", kill_on_drop: false }`
[INFO] started tweaking git repo https://github.com/jacobhyphenated/advent2020
[INFO] finished tweaking git repo https://github.com/jacobhyphenated/advent2020
[INFO] tweaked toml for git repo https://github.com/jacobhyphenated/advent2020 written to /workspace/builds/worker-6/source/Cargo.toml
[INFO] crate git repo https://github.com/jacobhyphenated/advent2020 already has a lockfile, it will not be regenerated
[INFO] running `Command { std: "/workspace/cargo-home/bin/cargo" "+beta-2021-08-01" "fetch" "--manifest-path" "Cargo.toml", kill_on_drop: false }`
[INFO] running `Command { std: "docker" "create" "-v" "/var/lib/crater-agent-workspace/builds/worker-6/target:/opt/rustwide/target:rw,Z" "-v" "/var/lib/crater-agent-workspace/builds/worker-6/source:/opt/rustwide/workdir:ro,Z" "-v" "/var/lib/crater-agent-workspace/cargo-home:/opt/rustwide/cargo-home:ro,Z" "-v" "/var/lib/crater-agent-workspace/rustup-home:/opt/rustwide/rustup-home:ro,Z" "-e" "SOURCE_DIR=/opt/rustwide/workdir" "-e" "CARGO_TARGET_DIR=/opt/rustwide/target" "-e" "CARGO_HOME=/opt/rustwide/cargo-home" "-e" "RUSTUP_HOME=/opt/rustwide/rustup-home" "-w" "/opt/rustwide/workdir" "-m" "1610612736" "--user" "0:0" "--network" "none" "ghcr.io/rust-lang/crates-build-env/linux@sha256:34b6a614d2c27851fe6cbf88fbd1137609cefab8b10d0615aaeb6fd47975d74e" "/opt/rustwide/cargo-home/bin/cargo" "+beta-2021-08-01" "metadata" "--no-deps" "--format-version=1", kill_on_drop: false }`
[INFO] [stdout] 8697c3a64e2db53544d1309bf0388f85974e69e0285ec75b80f5c85868bee880
[INFO] [stderr] WARNING: Your kernel does not support swap limit capabilities or the cgroup is not mounted. Memory limited without swap.
[INFO] running `Command { std: "docker" "start" "-a" "8697c3a64e2db53544d1309bf0388f85974e69e0285ec75b80f5c85868bee880", kill_on_drop: false }`
[INFO] running `Command { std: "docker" "inspect" "8697c3a64e2db53544d1309bf0388f85974e69e0285ec75b80f5c85868bee880", kill_on_drop: false }`
[INFO] running `Command { std: "docker" "rm" "-f" "8697c3a64e2db53544d1309bf0388f85974e69e0285ec75b80f5c85868bee880", kill_on_drop: false }`
[INFO] [stdout] 8697c3a64e2db53544d1309bf0388f85974e69e0285ec75b80f5c85868bee880
[INFO] running `Command { std: "docker" "create" "-v" "/var/lib/crater-agent-workspace/builds/worker-6/target:/opt/rustwide/target:rw,Z" "-v" "/var/lib/crater-agent-workspace/builds/worker-6/source:/opt/rustwide/workdir:ro,Z" "-v" "/var/lib/crater-agent-workspace/cargo-home:/opt/rustwide/cargo-home:ro,Z" "-v" "/var/lib/crater-agent-workspace/rustup-home:/opt/rustwide/rustup-home:ro,Z" "-e" "SOURCE_DIR=/opt/rustwide/workdir" "-e" "CARGO_TARGET_DIR=/opt/rustwide/target" "-e" "CARGO_INCREMENTAL=0" "-e" "RUST_BACKTRACE=full" "-e" "RUSTFLAGS=--cap-lints=warn" "-e" "CARGO_HOME=/opt/rustwide/cargo-home" "-e" "RUSTUP_HOME=/opt/rustwide/rustup-home" "-w" "/opt/rustwide/workdir" "-m" "1610612736" "--user" "0:0" "--network" "none" "ghcr.io/rust-lang/crates-build-env/linux@sha256:34b6a614d2c27851fe6cbf88fbd1137609cefab8b10d0615aaeb6fd47975d74e" "/opt/rustwide/cargo-home/bin/cargo" "+beta-2021-08-01" "build" "--frozen" "--message-format=json", kill_on_drop: false }`
[INFO] [stdout] aae414d295ec65a0a567c40b9f043cd173cb00e29f2043eedef9dffdefaa62ab
[INFO] [stderr] WARNING: Your kernel does not support swap limit capabilities or the cgroup is not mounted. Memory limited without swap.
[INFO] running `Command { std: "docker" "start" "-a" "aae414d295ec65a0a567c40b9f043cd173cb00e29f2043eedef9dffdefaa62ab", kill_on_drop: false }`
[INFO] [stderr]    Compiling advent v0.1.0 (/opt/rustwide/workdir)
[INFO] [stderr]     Finished dev [unoptimized + debuginfo] target(s) in 6.01s
[INFO] running `Command { std: "docker" "inspect" "aae414d295ec65a0a567c40b9f043cd173cb00e29f2043eedef9dffdefaa62ab", kill_on_drop: false }`
[INFO] running `Command { std: "docker" "rm" "-f" "aae414d295ec65a0a567c40b9f043cd173cb00e29f2043eedef9dffdefaa62ab", kill_on_drop: false }`
[INFO] [stdout] aae414d295ec65a0a567c40b9f043cd173cb00e29f2043eedef9dffdefaa62ab
[INFO] running `Command { std: "docker" "create" "-v" "/var/lib/crater-agent-workspace/builds/worker-6/target:/opt/rustwide/target:rw,Z" "-v" "/var/lib/crater-agent-workspace/builds/worker-6/source:/opt/rustwide/workdir:ro,Z" "-v" "/var/lib/crater-agent-workspace/cargo-home:/opt/rustwide/cargo-home:ro,Z" "-v" "/var/lib/crater-agent-workspace/rustup-home:/opt/rustwide/rustup-home:ro,Z" "-e" "SOURCE_DIR=/opt/rustwide/workdir" "-e" "CARGO_TARGET_DIR=/opt/rustwide/target" "-e" "CARGO_INCREMENTAL=0" "-e" "RUST_BACKTRACE=full" "-e" "RUSTFLAGS=--cap-lints=warn" "-e" "CARGO_HOME=/opt/rustwide/cargo-home" "-e" "RUSTUP_HOME=/opt/rustwide/rustup-home" "-w" "/opt/rustwide/workdir" "-m" "1610612736" "--user" "0:0" "--network" "none" "ghcr.io/rust-lang/crates-build-env/linux@sha256:34b6a614d2c27851fe6cbf88fbd1137609cefab8b10d0615aaeb6fd47975d74e" "/opt/rustwide/cargo-home/bin/cargo" "+beta-2021-08-01" "test" "--frozen" "--no-run" "--message-format=json", kill_on_drop: false }`
[INFO] [stderr] WARNING: Your kernel does not support swap limit capabilities or the cgroup is not mounted. Memory limited without swap.
[INFO] [stdout] 619590f0afc39327f9bfd5d82bd9400549cac0602266f1e2c0a48c7ba5777dea
[INFO] running `Command { std: "docker" "start" "-a" "619590f0afc39327f9bfd5d82bd9400549cac0602266f1e2c0a48c7ba5777dea", kill_on_drop: false }`
[INFO] [stderr]    Compiling advent v0.1.0 (/opt/rustwide/workdir)
[INFO] [stderr]     Finished test [unoptimized + debuginfo] target(s) in 3.45s
[INFO] running `Command { std: "docker" "inspect" "619590f0afc39327f9bfd5d82bd9400549cac0602266f1e2c0a48c7ba5777dea", kill_on_drop: false }`
[INFO] running `Command { std: "docker" "rm" "-f" "619590f0afc39327f9bfd5d82bd9400549cac0602266f1e2c0a48c7ba5777dea", kill_on_drop: false }`
[INFO] [stdout] 619590f0afc39327f9bfd5d82bd9400549cac0602266f1e2c0a48c7ba5777dea
[INFO] running `Command { std: "docker" "create" "-v" "/var/lib/crater-agent-workspace/builds/worker-6/target:/opt/rustwide/target:rw,Z" "-v" "/var/lib/crater-agent-workspace/builds/worker-6/source:/opt/rustwide/workdir:ro,Z" "-v" "/var/lib/crater-agent-workspace/cargo-home:/opt/rustwide/cargo-home:ro,Z" "-v" "/var/lib/crater-agent-workspace/rustup-home:/opt/rustwide/rustup-home:ro,Z" "-e" "SOURCE_DIR=/opt/rustwide/workdir" "-e" "CARGO_TARGET_DIR=/opt/rustwide/target" "-e" "CARGO_INCREMENTAL=0" "-e" "RUST_BACKTRACE=full" "-e" "RUSTFLAGS=--cap-lints=warn" "-e" "CARGO_HOME=/opt/rustwide/cargo-home" "-e" "RUSTUP_HOME=/opt/rustwide/rustup-home" "-w" "/opt/rustwide/workdir" "-m" "1610612736" "--user" "0:0" "--network" "none" "ghcr.io/rust-lang/crates-build-env/linux@sha256:34b6a614d2c27851fe6cbf88fbd1137609cefab8b10d0615aaeb6fd47975d74e" "/opt/rustwide/cargo-home/bin/cargo" "+beta-2021-08-01" "test" "--frozen", kill_on_drop: false }`
[INFO] [stderr] WARNING: Your kernel does not support swap limit capabilities or the cgroup is not mounted. Memory limited without swap.
[INFO] [stdout] 206d85d14da9042ccd8f1f33950e8e7de4174a51bcfabad54dbef2502e5135e2
[INFO] running `Command { std: "docker" "start" "-a" "206d85d14da9042ccd8f1f33950e8e7de4174a51bcfabad54dbef2502e5135e2", kill_on_drop: false }`
[INFO] [stderr]     Finished test [unoptimized + debuginfo] target(s) in 0.02s
[INFO] [stderr]      Running unittests (/opt/rustwide/target/debug/deps/advent-18cfeedf6ac65519)
[INFO] [stdout] 
[INFO] [stdout] running 44 tests
[INFO] [stdout] test day10::tests::test_find_all_combos ... ok
[INFO] [stdout] test day13::tests::test_earliest_bus ... ok
[INFO] [stdout] test day12::tests::test_waypoint ... ok
[INFO] [stdout] test day14::tests::apply_36_mask ... ok
[INFO] [stdout] test day14::tests::convert_string_dec ... ok
[INFO] [stdout] test day14::tests::radix_convert ... ok
[INFO] [stdout] test day15::tests::test_30000000th_num ... ignored
[INFO] [stdout] test day13::tests::test_first_contiguous_timestamp ... ok
[INFO] [stdout] test day14::tests::appply_mask_v2 ... ok
[INFO] [stdout] test day11::tests::vector_eqaul ... ok
[INFO] [stdout] test day12::tests::test_nav ... ok
[INFO] [stdout] test day10::tests::find_jolt_diff_with_all_adapters ... ok
[INFO] [stdout] test day11::tests::adjacent_seats ... ok
[INFO] [stdout] test day11::tests::light_of_sight_adjacetn ... ok
[INFO] [stdout] test day15::tests::find_n ... ok
[INFO] [stdout] test day13::tests::test_gcd ... ok
[INFO] [stdout] test day11::tests::test_los_seating ... ok
[INFO] [stdout] test day17::tests::test_neighbor ... ok
[INFO] [stdout] test day14::tests::sum_mem_after_mask ... ok
[INFO] [stdout] test day14::tests::sum_mem_version_2 ... ok
[INFO] [stdout] test day16::tests::ticket_field_position ... ok
[INFO] [stdout] test day16::tests::parse_nearby_tickets ... ok
[INFO] [stdout] test day16::tests::test_error_rate ... ok
[INFO] [stdout] test day11::tests::test_stable_seating ... ok
[INFO] [stdout] test day17::tests::first_cycle ... ok
[INFO] [stdout] test day16::tests::parse_rule_example ... ok
[INFO] [stdout] test day18::tests::evaluate_addition_first_no_parens ... ok
[INFO] [stdout] test day18::tests::parse ... ok
[INFO] [stdout] test day9::tests::small_preamble ... ok
[INFO] [stdout] test day9::tests::test_contiguous_values ... ok
[INFO] [stdout] test day18::tests::evaluate_addition_first ... ok
[INFO] [stdout] test day9::tests::test_check_val ... ok
[INFO] [stdout] test day18::tests::evaluate ... ok
[INFO] [stdout] test day16::tests::departure_product ... ok
[INFO] [stdout] test day15::tests::test_2020th_num ... ok
[INFO] [stdout] test day19::tests::test_read_rules ... ok
[INFO] [stdout] test day19::tests::test_evaluate_rule ... ok
[INFO] [stdout] test day19::tests::count_messages ... ok
[INFO] [stdout] test day19::tests::count_messages_2 ... ok
[INFO] [stdout] test day19::tests::self_referencing_rule ... FAILED
[INFO] [stdout] test day17::tests::cycles_6 ... ok
[INFO] [stdout] test day7::tests::count_bags ... ok
[INFO] [stdout] test day7::tests::count_recurse_to_gold ... ok
[INFO] [stderr] error: test failed, to rerun pass '--bin advent'
[INFO] [stdout] test day17::tests::cycles6_4d ... ok
[INFO] [stdout] 
[INFO] [stdout] failures:
[INFO] [stdout] 
[INFO] [stdout] ---- day19::tests::self_referencing_rule stdout ----
[INFO] [stdout] rule 31 ((b)(((b)(((a)((b)(a)))|((b)((a)(a)))))|((a)(((b)(((a)(b))|(((a)|(b))(a))))|((a)(((b)(a))|((a)(b))))))))|((a)(((b)(((((a)(b))|(((a)|(b))(a)))(b))|(((((a)|(b))(a))|((b)(b)))(a))))|((a)((((b)(a))(b))|((((b)(a))|((b)(b)))(a))))))
[INFO] [stdout] Final Rule: ^((((((b)(((a)(((b)(b))|((a)(b))))|((b)(((a)|(b))((a)|(b))))))|((a)(((b)((b)(b)))|((a)(((b)(b))|((a)((a)|(b))))))))(b))|((((((((a)(a))|((a)(b)))(a))|(((b)(b))(b)))(b))|((((((a)|(b))(a))|((b)(b)))(a))(a)))(a)))+)((((((b)(((a)(((b)(b))|((a)(b))))|((b)(((a)|(b))((a)|(b))))))|((a)(((b)((b)(b)))|((a)(((b)(b))|((a)((a)|(b))))))))(b))|((((((((a)(a))|((a)(b)))(a))|(((b)(b))(b)))(b))|((((((a)|(b))(a))|((b)(b)))(a))(a)))(a)))((((((b)(((a)(((b)(b))|((a)(b))))|((b)(((a)|(b))((a)|(b))))))|((a)(((b)((b)(b)))|((a)(((b)(b))|((a)((a)|(b))))))))(b))|((((((((a)(a))|((a)(b)))(a))|(((b)(b))(b)))(b))|((((((a)|(b))(a))|((b)(b)))(a))(a)))(a)))(((b)(((b)(((a)((b)(a)))|((b)((a)(a)))))|((a)(((b)(((a)(b))|(((a)|(b))(a))))|((a)(((b)(a))|((a)(b))))))))|((a)(((b)(((((a)(b))|(((a)|(b))(a)))(b))|(((((a)|(b))(a))|((b)(b)))(a))))|((a)((((b)(a))(b))|((((b)(a))|((b)(b)))(a))))))))*(((b)(((b)(((a)((b)(a)))|((b)((a)(a)))))|((a)(((b)(((a)(b))|(((a)|(b))(a))))|((a)(((b)(a))|((a)(b))))))))|((a)(((b)(((((a)(b))|(((a)|(b))(a)))(b))|(((((a)|(b))(a))|((b)(b)))(a))))|((a)((((b)(a))(b))|((((b)(a))|((b)(b)))(a))))))))$
[INFO] [stdout] thread 'day19::tests::self_referencing_rule' panicked at 'assertion failed: `(left == right)`
[INFO] [stdout]   left: `12`,
[INFO] [stdout]  right: `9`', src/day19.rs:737:5
[INFO] [stdout] stack backtrace:
[INFO] [stdout]    0:     0x55851e98f000 - std::backtrace_rs::backtrace::libunwind::trace::hff4d1766e93f64f1
[INFO] [stdout]                                at /rustc/53fd98ca776cb875bc9e5514f56b52eb74f9e7a9/library/std/src/../../backtrace/src/backtrace/libunwind.rs:90:5
[INFO] [stdout]    1:     0x55851e98f000 - std::backtrace_rs::backtrace::trace_unsynchronized::h56bbc8eb78770bcb
[INFO] [stdout]                                at /rustc/53fd98ca776cb875bc9e5514f56b52eb74f9e7a9/library/std/src/../../backtrace/src/backtrace/mod.rs:66:5
[INFO] [stdout]    2:     0x55851e98f000 - std::sys_common::backtrace::_print_fmt::h5c8e75464faca780
[INFO] [stdout]                                at /rustc/53fd98ca776cb875bc9e5514f56b52eb74f9e7a9/library/std/src/sys_common/backtrace.rs:67:5
[INFO] [stdout]    3:     0x55851e98f000 - <std::sys_common::backtrace::_print::DisplayBacktrace as core::fmt::Display>::fmt::h48b88277def8b362
[INFO] [stdout]                                at /rustc/53fd98ca776cb875bc9e5514f56b52eb74f9e7a9/library/std/src/sys_common/backtrace.rs:46:22
[INFO] [stdout]    4:     0x55851e9b216c - core::fmt::write::h3381b3176fe2b3d3
[INFO] [stdout]                                at /rustc/53fd98ca776cb875bc9e5514f56b52eb74f9e7a9/library/core/src/fmt/mod.rs:1115:17
[INFO] [stdout]    5:     0x55851e98bf65 - std::io::Write::write_fmt::h5f34a676f60246b5
[INFO] [stdout]                                at /rustc/53fd98ca776cb875bc9e5514f56b52eb74f9e7a9/library/std/src/io/mod.rs:1665:15
[INFO] [stdout]    6:     0x55851e99117b - std::sys_common::backtrace::_print::ha537687d6c17dd0d
[INFO] [stdout]                                at /rustc/53fd98ca776cb875bc9e5514f56b52eb74f9e7a9/library/std/src/sys_common/backtrace.rs:49:5
[INFO] [stdout]    7:     0x55851e99117b - std::sys_common::backtrace::print::h61376ae57d131d72
[INFO] [stdout]                                at /rustc/53fd98ca776cb875bc9e5514f56b52eb74f9e7a9/library/std/src/sys_common/backtrace.rs:36:9
[INFO] [stdout]    8:     0x55851e99117b - std::panicking::default_hook::{{closure}}::h0f7208c0b9644a54
[INFO] [stdout]                                at /rustc/53fd98ca776cb875bc9e5514f56b52eb74f9e7a9/library/std/src/panicking.rs:208:50
[INFO] [stdout]    9:     0x55851e990c8c - std::panicking::default_hook::hdac7fc06578c14ce
[INFO] [stdout]                                at /rustc/53fd98ca776cb875bc9e5514f56b52eb74f9e7a9/library/std/src/panicking.rs:222:9
[INFO] [stdout]   10:     0x55851e991844 - std::panicking::rust_panic_with_hook::h72b21c283da3d1ef
[INFO] [stdout]                                at /rustc/53fd98ca776cb875bc9e5514f56b52eb74f9e7a9/library/std/src/panicking.rs:622:17
[INFO] [stdout]   11:     0x55851e991327 - std::panicking::begin_panic_handler::{{closure}}::he5778f1729cff84a
[INFO] [stdout]                                at /rustc/53fd98ca776cb875bc9e5514f56b52eb74f9e7a9/library/std/src/panicking.rs:519:13
[INFO] [stdout]   12:     0x55851e98f4dc - std::sys_common::backtrace::__rust_end_short_backtrace::h2d11ca8b453b4b1d
[INFO] [stdout]                                at /rustc/53fd98ca776cb875bc9e5514f56b52eb74f9e7a9/library/std/src/sys_common/backtrace.rs:141:18
[INFO] [stdout]   13:     0x55851e991289 - rust_begin_unwind
[INFO] [stdout]                                at /rustc/53fd98ca776cb875bc9e5514f56b52eb74f9e7a9/library/std/src/panicking.rs:515:5
[INFO] [stdout]   14:     0x55851e6f88c1 - core::panicking::panic_fmt::hf9de31d4acbce4db
[INFO] [stdout]                                at /rustc/53fd98ca776cb875bc9e5514f56b52eb74f9e7a9/library/core/src/panicking.rs:92:14
[INFO] [stdout]   15:     0x55851e9b04d8 - core::panicking::assert_failed_inner::h62e8cb2847a6e7ec
[INFO] [stdout]   16:     0x55851e8d6c2a - core::panicking::assert_failed::hf2ae178663c3b18d
[INFO] [stdout]                                at /rustc/53fd98ca776cb875bc9e5514f56b52eb74f9e7a9/library/core/src/panicking.rs:117:5
[INFO] [stdout]   17:     0x55851e75b748 - advent::day19::tests::self_referencing_rule::h9ee2a67f4d5acc7b
[INFO] [stdout]                                at /opt/rustwide/workdir/src/day19.rs:737:5
[INFO] [stdout]   18:     0x55851e75b5ca - advent::day19::tests::self_referencing_rule::{{closure}}::h5bbe9058680f5af2
[INFO] [stdout]                                at /opt/rustwide/workdir/src/day19.rs:687:3
[INFO] [stdout]   19:     0x55851e72d33e - core::ops::function::FnOnce::call_once::h3affaad42870a2b2
[INFO] [stdout]                                at /rustc/53fd98ca776cb875bc9e5514f56b52eb74f9e7a9/library/core/src/ops/function.rs:227:5
[INFO] [stdout]   20:     0x55851e7a87d3 - core::ops::function::FnOnce::call_once::hbb52c4519d3137b0
[INFO] [stdout]                                at /rustc/53fd98ca776cb875bc9e5514f56b52eb74f9e7a9/library/core/src/ops/function.rs:227:5
[INFO] [stdout]   21:     0x55851e7a87d3 - test::__rust_begin_short_backtrace::h86fe3a2a5a5121af
[INFO] [stdout]                                at /rustc/53fd98ca776cb875bc9e5514f56b52eb74f9e7a9/library/test/src/lib.rs:578:5
[INFO] [stdout]   22:     0x55851e7a7288 - <alloc::boxed::Box<F,A> as core::ops::function::FnOnce<Args>>::call_once::hfd956bc3d57399be
[INFO] [stdout]                                at /rustc/53fd98ca776cb875bc9e5514f56b52eb74f9e7a9/library/alloc/src/boxed.rs:1572:9
[INFO] [stdout]   23:     0x55851e7a7288 - <std::panic::AssertUnwindSafe<F> as core::ops::function::FnOnce<()>>::call_once::h40dc93e0ddb5938a
[INFO] [stdout]                                at /rustc/53fd98ca776cb875bc9e5514f56b52eb74f9e7a9/library/std/src/panic.rs:347:9
[INFO] [stdout]   24:     0x55851e7a7288 - std::panicking::try::do_call::h90d07750cb47c562
[INFO] [stdout]                                at /rustc/53fd98ca776cb875bc9e5514f56b52eb74f9e7a9/library/std/src/panicking.rs:401:40
[INFO] [stdout]   25:     0x55851e7a7288 - std::panicking::try::h063c84733ad2a629
[INFO] [stdout]                                at /rustc/53fd98ca776cb875bc9e5514f56b52eb74f9e7a9/library/std/src/panicking.rs:365:19
[INFO] [stdout]   26:     0x55851e7a7288 - std::panic::catch_unwind::h0c464836a84e7c08
[INFO] [stdout]                                at /rustc/53fd98ca776cb875bc9e5514f56b52eb74f9e7a9/library/std/src/panic.rs:434:14
[INFO] [stdout]   27:     0x55851e7a7288 - test::run_test_in_process::h5cb06ef620b157fc
[INFO] [stdout]                                at /rustc/53fd98ca776cb875bc9e5514f56b52eb74f9e7a9/library/test/src/lib.rs:601:18
[INFO] [stdout]   28:     0x55851e7a7288 - test::run_test::run_test_inner::{{closure}}::h76f677f4b93f9828
[INFO] [stdout]                                at /rustc/53fd98ca776cb875bc9e5514f56b52eb74f9e7a9/library/test/src/lib.rs:493:39
[INFO] [stdout]   29:     0x55851e775a1d - test::run_test::run_test_inner::{{closure}}::h366d01fe04f4d67a
[INFO] [stdout]                                at /rustc/53fd98ca776cb875bc9e5514f56b52eb74f9e7a9/library/test/src/lib.rs:520:37
[INFO] [stdout]   30:     0x55851e775a1d - std::sys_common::backtrace::__rust_begin_short_backtrace::h7dfa0de4eb395af2
[INFO] [stdout]                                at /rustc/53fd98ca776cb875bc9e5514f56b52eb74f9e7a9/library/std/src/sys_common/backtrace.rs:125:18
[INFO] [stdout]   31:     0x55851e77a1e8 - std::thread::Builder::spawn_unchecked::{{closure}}::{{closure}}::hf0a74bb58798037f
[INFO] [stdout]                                at /rustc/53fd98ca776cb875bc9e5514f56b52eb74f9e7a9/library/std/src/thread/mod.rs:476:17
[INFO] [stdout]   32:     0x55851e77a1e8 - <std::panic::AssertUnwindSafe<F> as core::ops::function::FnOnce<()>>::call_once::hb024e854818586ac
[INFO] [stdout]                                at /rustc/53fd98ca776cb875bc9e5514f56b52eb74f9e7a9/library/std/src/panic.rs:347:9
[INFO] [stdout]   33:     0x55851e77a1e8 - std::panicking::try::do_call::hb2dd9f1d0d48e41d
[INFO] [stdout]                                at /rustc/53fd98ca776cb875bc9e5514f56b52eb74f9e7a9/library/std/src/panicking.rs:401:40
[INFO] [stdout]   34:     0x55851e77a1e8 - std::panicking::try::h4717ae7bac8b2bf3
[INFO] [stdout]                                at /rustc/53fd98ca776cb875bc9e5514f56b52eb74f9e7a9/library/std/src/panicking.rs:365:19
[INFO] [stdout]   35:     0x55851e77a1e8 - std::panic::catch_unwind::h0dc8a061326ce8d8
[INFO] [stdout]                                at /rustc/53fd98ca776cb875bc9e5514f56b52eb74f9e7a9/library/std/src/panic.rs:434:14
[INFO] [stdout]   36:     0x55851e77a1e8 - std::thread::Builder::spawn_unchecked::{{closure}}::haa369e2d6fd00aa1
[INFO] [stdout]                                at /rustc/53fd98ca776cb875bc9e5514f56b52eb74f9e7a9/library/std/src/thread/mod.rs:475:30
[INFO] [stdout]   37:     0x55851e77a1e8 - core::ops::function::FnOnce::call_once{{vtable.shim}}::h36dcf3de8b056f17
[INFO] [stdout]                                at /rustc/53fd98ca776cb875bc9e5514f56b52eb74f9e7a9/library/core/src/ops/function.rs:227:5
[INFO] [stdout]   38:     0x55851e9963b7 - <alloc::boxed::Box<F,A> as core::ops::function::FnOnce<Args>>::call_once::h65c29e4642be2358
[INFO] [stdout]                                at /rustc/53fd98ca776cb875bc9e5514f56b52eb74f9e7a9/library/alloc/src/boxed.rs:1572:9
[INFO] [stdout]   39:     0x55851e9963b7 - <alloc::boxed::Box<F,A> as core::ops::function::FnOnce<Args>>::call_once::hd0f8f7fbbd9fffbf
[INFO] [stdout]                                at /rustc/53fd98ca776cb875bc9e5514f56b52eb74f9e7a9/library/alloc/src/boxed.rs:1572:9
[INFO] [stdout]   40:     0x55851e9963b7 - std::sys::unix::thread::Thread::new::thread_start::h2fd22fee3ca77b65
[INFO] [stdout]                                at /rustc/53fd98ca776cb875bc9e5514f56b52eb74f9e7a9/library/std/src/sys/unix/thread.rs:74:17
[INFO] [stdout]   41:     0x7ff2f184f609 - start_thread
[INFO] [stdout]   42:     0x7ff2f1621293 - clone
[INFO] [stdout]   43:                0x0 - <unknown>
[INFO] [stdout] 
[INFO] [stdout] 
[INFO] [stdout] failures:
[INFO] [stdout]     day19::tests::self_referencing_rule
[INFO] [stdout] 
[INFO] [stdout] test result: FAILED. 42 passed; 1 failed; 1 ignored; 0 measured; 0 filtered out; finished in 7.01s
[INFO] [stdout] 
[INFO] running `Command { std: "docker" "inspect" "206d85d14da9042ccd8f1f33950e8e7de4174a51bcfabad54dbef2502e5135e2", kill_on_drop: false }`
[INFO] running `Command { std: "docker" "rm" "-f" "206d85d14da9042ccd8f1f33950e8e7de4174a51bcfabad54dbef2502e5135e2", kill_on_drop: false }`
[INFO] [stdout] 206d85d14da9042ccd8f1f33950e8e7de4174a51bcfabad54dbef2502e5135e2
