[INFO] cloning repository https://github.com/its-Aman/rust-minigrep
[INFO] running `Command { std: "git" "-c" "credential.helper=" "-c" "credential.helper=/workspace/cargo-home/bin/git-credential-null" "clone" "--bare" "https://github.com/its-Aman/rust-minigrep" "/workspace/cache/git-repos/https%3A%2F%2Fgithub.com%2Fits-Aman%2Frust-minigrep", kill_on_drop: false }`
[INFO] [stderr] Cloning into bare repository '/workspace/cache/git-repos/https%3A%2F%2Fgithub.com%2Fits-Aman%2Frust-minigrep'...
[INFO] running `Command { std: "git" "rev-parse" "HEAD", kill_on_drop: false }`
[INFO] [stdout] f65659e8a877ababf6a1f86fd82bcc06f479a586
[INFO] testing its-Aman/rust-minigrep against beta-2021-08-01 for beta-1.55-1
[INFO] running `Command { std: "git" "clone" "/workspace/cache/git-repos/https%3A%2F%2Fgithub.com%2Fits-Aman%2Frust-minigrep" "/workspace/builds/worker-6/source", kill_on_drop: false }`
[INFO] [stderr] Cloning into '/workspace/builds/worker-6/source'...
[INFO] [stderr] done.
[INFO] validating manifest of git repo https://github.com/its-Aman/rust-minigrep on toolchain beta-2021-08-01
[INFO] running `Command { std: "/workspace/cargo-home/bin/cargo" "+beta-2021-08-01" "metadata" "--manifest-path" "Cargo.toml" "--no-deps", kill_on_drop: false }`
[INFO] started tweaking git repo https://github.com/its-Aman/rust-minigrep
[INFO] finished tweaking git repo https://github.com/its-Aman/rust-minigrep
[INFO] tweaked toml for git repo https://github.com/its-Aman/rust-minigrep written to /workspace/builds/worker-6/source/Cargo.toml
[INFO] crate git repo https://github.com/its-Aman/rust-minigrep already has a lockfile, it will not be regenerated
[INFO] running `Command { std: "/workspace/cargo-home/bin/cargo" "+beta-2021-08-01" "fetch" "--manifest-path" "Cargo.toml", kill_on_drop: false }`
[INFO] running `Command { std: "docker" "create" "-v" "/var/lib/crater-agent-workspace/builds/worker-6/target:/opt/rustwide/target:rw,Z" "-v" "/var/lib/crater-agent-workspace/builds/worker-6/source:/opt/rustwide/workdir:ro,Z" "-v" "/var/lib/crater-agent-workspace/cargo-home:/opt/rustwide/cargo-home:ro,Z" "-v" "/var/lib/crater-agent-workspace/rustup-home:/opt/rustwide/rustup-home:ro,Z" "-e" "SOURCE_DIR=/opt/rustwide/workdir" "-e" "CARGO_TARGET_DIR=/opt/rustwide/target" "-e" "CARGO_HOME=/opt/rustwide/cargo-home" "-e" "RUSTUP_HOME=/opt/rustwide/rustup-home" "-w" "/opt/rustwide/workdir" "-m" "1610612736" "--user" "0:0" "--network" "none" "ghcr.io/rust-lang/crates-build-env/linux@sha256:34b6a614d2c27851fe6cbf88fbd1137609cefab8b10d0615aaeb6fd47975d74e" "/opt/rustwide/cargo-home/bin/cargo" "+beta-2021-08-01" "metadata" "--no-deps" "--format-version=1", kill_on_drop: false }`
[INFO] [stdout] fe14fd05d54761990938a3bc3322d22277dd16427ea731e168241f7bb61e022c
[INFO] running `Command { std: "docker" "start" "-a" "fe14fd05d54761990938a3bc3322d22277dd16427ea731e168241f7bb61e022c", kill_on_drop: false }`
[INFO] running `Command { std: "docker" "inspect" "fe14fd05d54761990938a3bc3322d22277dd16427ea731e168241f7bb61e022c", kill_on_drop: false }`
[INFO] running `Command { std: "docker" "rm" "-f" "fe14fd05d54761990938a3bc3322d22277dd16427ea731e168241f7bb61e022c", kill_on_drop: false }`
[INFO] [stdout] fe14fd05d54761990938a3bc3322d22277dd16427ea731e168241f7bb61e022c
[INFO] running `Command { std: "docker" "create" "-v" "/var/lib/crater-agent-workspace/builds/worker-6/target:/opt/rustwide/target:rw,Z" "-v" "/var/lib/crater-agent-workspace/builds/worker-6/source:/opt/rustwide/workdir:ro,Z" "-v" "/var/lib/crater-agent-workspace/cargo-home:/opt/rustwide/cargo-home:ro,Z" "-v" "/var/lib/crater-agent-workspace/rustup-home:/opt/rustwide/rustup-home:ro,Z" "-e" "SOURCE_DIR=/opt/rustwide/workdir" "-e" "CARGO_TARGET_DIR=/opt/rustwide/target" "-e" "CARGO_INCREMENTAL=0" "-e" "RUST_BACKTRACE=full" "-e" "RUSTFLAGS=--cap-lints=warn" "-e" "CARGO_HOME=/opt/rustwide/cargo-home" "-e" "RUSTUP_HOME=/opt/rustwide/rustup-home" "-w" "/opt/rustwide/workdir" "-m" "1610612736" "--user" "0:0" "--network" "none" "ghcr.io/rust-lang/crates-build-env/linux@sha256:34b6a614d2c27851fe6cbf88fbd1137609cefab8b10d0615aaeb6fd47975d74e" "/opt/rustwide/cargo-home/bin/cargo" "+beta-2021-08-01" "build" "--frozen" "--message-format=json", kill_on_drop: false }`
[INFO] [stdout] cff6b95ec98b723c2139171aae86a14909e6ee5246109d36aa356286c7703a80
[INFO] running `Command { std: "docker" "start" "-a" "cff6b95ec98b723c2139171aae86a14909e6ee5246109d36aa356286c7703a80", kill_on_drop: false }`
[INFO] [stderr]    Compiling minigrep_by_aman v0.1.0 (/opt/rustwide/workdir)
[INFO] [stderr]     Finished dev [unoptimized + debuginfo] target(s) in 1.76s
[INFO] running `Command { std: "docker" "inspect" "cff6b95ec98b723c2139171aae86a14909e6ee5246109d36aa356286c7703a80", kill_on_drop: false }`
[INFO] running `Command { std: "docker" "rm" "-f" "cff6b95ec98b723c2139171aae86a14909e6ee5246109d36aa356286c7703a80", kill_on_drop: false }`
[INFO] [stdout] cff6b95ec98b723c2139171aae86a14909e6ee5246109d36aa356286c7703a80
[INFO] running `Command { std: "docker" "create" "-v" "/var/lib/crater-agent-workspace/builds/worker-6/target:/opt/rustwide/target:rw,Z" "-v" "/var/lib/crater-agent-workspace/builds/worker-6/source:/opt/rustwide/workdir:ro,Z" "-v" "/var/lib/crater-agent-workspace/cargo-home:/opt/rustwide/cargo-home:ro,Z" "-v" "/var/lib/crater-agent-workspace/rustup-home:/opt/rustwide/rustup-home:ro,Z" "-e" "SOURCE_DIR=/opt/rustwide/workdir" "-e" "CARGO_TARGET_DIR=/opt/rustwide/target" "-e" "CARGO_INCREMENTAL=0" "-e" "RUST_BACKTRACE=full" "-e" "RUSTFLAGS=--cap-lints=warn" "-e" "CARGO_HOME=/opt/rustwide/cargo-home" "-e" "RUSTUP_HOME=/opt/rustwide/rustup-home" "-w" "/opt/rustwide/workdir" "-m" "1610612736" "--user" "0:0" "--network" "none" "ghcr.io/rust-lang/crates-build-env/linux@sha256:34b6a614d2c27851fe6cbf88fbd1137609cefab8b10d0615aaeb6fd47975d74e" "/opt/rustwide/cargo-home/bin/cargo" "+beta-2021-08-01" "test" "--frozen" "--no-run" "--message-format=json", kill_on_drop: false }`
[INFO] [stdout] 39aca96fe7cd0a13e1b69b368602695abed513c1102a967daf30651382618e2f
[INFO] running `Command { std: "docker" "start" "-a" "39aca96fe7cd0a13e1b69b368602695abed513c1102a967daf30651382618e2f", kill_on_drop: false }`
[INFO] [stderr]    Compiling minigrep_by_aman v0.1.0 (/opt/rustwide/workdir)
[INFO] [stderr]     Finished test [unoptimized + debuginfo] target(s) in 0.98s
[INFO] running `Command { std: "docker" "inspect" "39aca96fe7cd0a13e1b69b368602695abed513c1102a967daf30651382618e2f", kill_on_drop: false }`
[INFO] running `Command { std: "docker" "rm" "-f" "39aca96fe7cd0a13e1b69b368602695abed513c1102a967daf30651382618e2f", kill_on_drop: false }`
[INFO] [stdout] 39aca96fe7cd0a13e1b69b368602695abed513c1102a967daf30651382618e2f
[INFO] running `Command { std: "docker" "create" "-v" "/var/lib/crater-agent-workspace/builds/worker-6/target:/opt/rustwide/target:rw,Z" "-v" "/var/lib/crater-agent-workspace/builds/worker-6/source:/opt/rustwide/workdir:ro,Z" "-v" "/var/lib/crater-agent-workspace/cargo-home:/opt/rustwide/cargo-home:ro,Z" "-v" "/var/lib/crater-agent-workspace/rustup-home:/opt/rustwide/rustup-home:ro,Z" "-e" "SOURCE_DIR=/opt/rustwide/workdir" "-e" "CARGO_TARGET_DIR=/opt/rustwide/target" "-e" "CARGO_INCREMENTAL=0" "-e" "RUST_BACKTRACE=full" "-e" "RUSTFLAGS=--cap-lints=warn" "-e" "CARGO_HOME=/opt/rustwide/cargo-home" "-e" "RUSTUP_HOME=/opt/rustwide/rustup-home" "-w" "/opt/rustwide/workdir" "-m" "1610612736" "--user" "0:0" "--network" "none" "ghcr.io/rust-lang/crates-build-env/linux@sha256:34b6a614d2c27851fe6cbf88fbd1137609cefab8b10d0615aaeb6fd47975d74e" "/opt/rustwide/cargo-home/bin/cargo" "+beta-2021-08-01" "test" "--frozen", kill_on_drop: false }`
[INFO] [stdout] dec67d82e489516262f5740932c33f61d48a8e08839678b96fd234acff80bea1
[INFO] running `Command { std: "docker" "start" "-a" "dec67d82e489516262f5740932c33f61d48a8e08839678b96fd234acff80bea1", kill_on_drop: false }`
[INFO] [stderr]     Finished test [unoptimized + debuginfo] target(s) in 0.01s
[INFO] [stderr]      Running unittests (/opt/rustwide/target/debug/deps/minigrep_by_aman-52c14cc3bac33909)
[INFO] [stdout] 
[INFO] [stdout] running 2 tests
[INFO] [stdout] test tests::case_insensitive ... ok
[INFO] [stdout] test tests::case_sensitive ... ok
[INFO] [stdout] 
[INFO] [stdout] test result: ok. 2 passed; 0 failed; 0 ignored; 0 measured; 0 filtered out; finished in 0.00s
[INFO] [stdout] 
[INFO] [stderr]      Running unittests (/opt/rustwide/target/debug/deps/minigrep_by_aman-04fdaa2914621eb3)
[INFO] [stdout] 
[INFO] [stderr]    Doc-tests minigrep_by_aman
[INFO] [stdout] running 0 tests
[INFO] [stdout] 
[INFO] [stdout] test result: ok. 0 passed; 0 failed; 0 ignored; 0 measured; 0 filtered out; finished in 0.00s
[INFO] [stdout] 
[INFO] [stdout] 
[INFO] [stdout] running 1 test
[INFO] [stdout] test src/lib.rs - Config::new (line 18) ... FAILED
[INFO] [stdout] 
[INFO] [stdout] failures:
[INFO] [stdout] 
[INFO] [stdout] ---- src/lib.rs - Config::new (line 18) stdout ----
[INFO] [stdout] error[E0433]: failed to resolve: use of undeclared crate or module `env`
[INFO] [stdout]  --> src/lib.rs:19:36
[INFO] [stdout]   |
[INFO] [stdout] 3 | let config = minigrep::Config::new(env::args()).unwrap_or_else(|err| {
[INFO] [stdout]   |                                    ^^^ use of undeclared crate or module `env`
[INFO] [stdout] 
[INFO] [stdout] error[E0433]: failed to resolve: use of undeclared crate or module `process`
[INFO] [stdout]  --> src/lib.rs:21:9
[INFO] [stdout]   |
[INFO] [stdout] 5 |         process::exit(1);
[INFO] [stdout]   |         ^^^^^^^ use of undeclared crate or module `process`
[INFO] [stdout] 
[INFO] [stdout] error[E0433]: failed to resolve: use of undeclared crate or module `minigrep`
[INFO] [stdout]  --> src/lib.rs:19:24
[INFO] [stdout]   |
[INFO] [stdout] 3 | let config = minigrep::Config::new(env::args()).unwrap_or_else(|err| {
[INFO] [stdout]   |                        ^^^^^^ not found in `minigrep`
[INFO] [stdout]   |
[INFO] [stdout] help: consider importing this struct
[INFO] [stdout]   |
[INFO] [stdout] 2 | use minigrep_by_aman::Config;
[INFO] [stdout]   |
[INFO] [stdout] 
[INFO] [stdout] error: aborting due to 3 previous errors
[INFO] [stdout] 
[INFO] [stdout] For more information about this error, try `rustc --explain E0433`.
[INFO] [stdout] Couldn't compile the test.
[INFO] [stdout] 
[INFO] [stdout] failures:
[INFO] [stdout]     src/lib.rs - Config::new (line 18)
[INFO] [stdout] 
[INFO] [stdout] test result: FAILED. 0 passed; 1 failed; 0 ignored; 0 measured; 0 filtered out; finished in 0.13s
[INFO] [stdout] 
[INFO] [stderr] error: test failed, to rerun pass '--doc'
[INFO] running `Command { std: "docker" "inspect" "dec67d82e489516262f5740932c33f61d48a8e08839678b96fd234acff80bea1", kill_on_drop: false }`
[INFO] running `Command { std: "docker" "rm" "-f" "dec67d82e489516262f5740932c33f61d48a8e08839678b96fd234acff80bea1", kill_on_drop: false }`
[INFO] [stdout] dec67d82e489516262f5740932c33f61d48a8e08839678b96fd234acff80bea1
