[INFO] cloning repository https://github.com/ischeinkman/MediaSync
[INFO] running `Command { std: "git" "-c" "credential.helper=" "-c" "credential.helper=/workspace/cargo-home/bin/git-credential-null" "clone" "--bare" "https://github.com/ischeinkman/MediaSync" "/workspace/cache/git-repos/https%3A%2F%2Fgithub.com%2Fischeinkman%2FMediaSync", kill_on_drop: false }`
[INFO] [stderr] Cloning into bare repository '/workspace/cache/git-repos/https%3A%2F%2Fgithub.com%2Fischeinkman%2FMediaSync'...
[INFO] running `Command { std: "git" "rev-parse" "HEAD", kill_on_drop: false }`
[INFO] [stdout] e5b653b933aa788f5af2073e812c2ea569935228
[INFO] testing ischeinkman/MediaSync against beta-2021-08-01 for beta-1.55-1
[INFO] running `Command { std: "git" "clone" "/workspace/cache/git-repos/https%3A%2F%2Fgithub.com%2Fischeinkman%2FMediaSync" "/workspace/builds/worker-13/source", kill_on_drop: false }`
[INFO] [stderr] Cloning into '/workspace/builds/worker-13/source'...
[INFO] [stderr] done.
[INFO] validating manifest of git repo https://github.com/ischeinkman/MediaSync on toolchain beta-2021-08-01
[INFO] running `Command { std: "/workspace/cargo-home/bin/cargo" "+beta-2021-08-01" "metadata" "--manifest-path" "Cargo.toml" "--no-deps", kill_on_drop: false }`
[INFO] started tweaking git repo https://github.com/ischeinkman/MediaSync
[INFO] finished tweaking git repo https://github.com/ischeinkman/MediaSync
[INFO] tweaked toml for git repo https://github.com/ischeinkman/MediaSync written to /workspace/builds/worker-13/source/Cargo.toml
[INFO] crate git repo https://github.com/ischeinkman/MediaSync already has a lockfile, it will not be regenerated
[INFO] running `Command { std: "/workspace/cargo-home/bin/cargo" "+beta-2021-08-01" "fetch" "--manifest-path" "Cargo.toml", kill_on_drop: false }`
[INFO] [stderr]  Downloading crates ...
[INFO] [stderr]   Downloaded which v2.0.1
[INFO] [stderr]   Downloaded derive_is_enum_variant v0.1.1
[INFO] [stderr]   Downloaded darling v0.9.0
[INFO] [stderr]   Downloaded darling_macro v0.5.0
[INFO] [stderr]   Downloaded bytecodec v0.4.13
[INFO] [stderr]   Downloaded stun_codec v0.1.12
[INFO] [stderr]   Downloaded derive_builder_core v0.5.0
[INFO] [stderr]   Downloaded websocket v0.23.0
[INFO] [stderr]   Downloaded derive_builder v0.7.2
[INFO] [stderr]   Downloaded headless_chrome v0.9.0
[INFO] [stderr]   Downloaded xmltree v0.10.0
[INFO] [stderr]   Downloaded igd v0.10.2
[INFO] [stderr]   Downloaded darling_core v0.9.0
[INFO] [stderr]   Downloaded dbus v0.8.2
[INFO] [stderr]   Downloaded error-chain v0.11.0
[INFO] [stderr]   Downloaded pin-project-internal v0.4.10
[INFO] [stderr]   Downloaded darling_macro v0.9.0
[INFO] [stderr]   Downloaded darling_core v0.5.0
[INFO] [stderr]   Downloaded darling v0.5.0
[INFO] [stderr]   Downloaded pin-project v0.4.10
[INFO] [stderr]   Downloaded attohttpc v0.10.1
[INFO] [stderr]   Downloaded hmac-sha1 v0.1.3
[INFO] [stderr]   Downloaded trackable v0.2.23
[INFO] [stderr]   Downloaded enum-kinds v0.4.1
[INFO] [stderr]   Downloaded sha1 v0.2.0
[INFO] [stderr]   Downloaded from_variants_impl v0.4.0
[INFO] [stderr]   Downloaded trackable_derive v0.1.3
[INFO] [stderr]   Downloaded from_variants v0.4.0
[INFO] [stderr]   Downloaded mpris v2.0.0-rc2
[INFO] running `Command { std: "docker" "create" "-v" "/var/lib/crater-agent-workspace/builds/worker-13/target:/opt/rustwide/target:rw,Z" "-v" "/var/lib/crater-agent-workspace/builds/worker-13/source:/opt/rustwide/workdir:ro,Z" "-v" "/var/lib/crater-agent-workspace/cargo-home:/opt/rustwide/cargo-home:ro,Z" "-v" "/var/lib/crater-agent-workspace/rustup-home:/opt/rustwide/rustup-home:ro,Z" "-e" "SOURCE_DIR=/opt/rustwide/workdir" "-e" "CARGO_TARGET_DIR=/opt/rustwide/target" "-e" "CARGO_HOME=/opt/rustwide/cargo-home" "-e" "RUSTUP_HOME=/opt/rustwide/rustup-home" "-w" "/opt/rustwide/workdir" "-m" "1610612736" "--user" "0:0" "--network" "none" "ghcr.io/rust-lang/crates-build-env/linux@sha256:34b6a614d2c27851fe6cbf88fbd1137609cefab8b10d0615aaeb6fd47975d74e" "/opt/rustwide/cargo-home/bin/cargo" "+beta-2021-08-01" "metadata" "--no-deps" "--format-version=1", kill_on_drop: false }`
[INFO] [stdout] 8852e5d9f6724081ba5d7d4d657c9aac08ddf96dbfaee0be9b0643f6d7e7b73e
[INFO] running `Command { std: "docker" "start" "-a" "8852e5d9f6724081ba5d7d4d657c9aac08ddf96dbfaee0be9b0643f6d7e7b73e", kill_on_drop: false }`
[INFO] running `Command { std: "docker" "inspect" "8852e5d9f6724081ba5d7d4d657c9aac08ddf96dbfaee0be9b0643f6d7e7b73e", kill_on_drop: false }`
[INFO] running `Command { std: "docker" "rm" "-f" "8852e5d9f6724081ba5d7d4d657c9aac08ddf96dbfaee0be9b0643f6d7e7b73e", kill_on_drop: false }`
[INFO] [stdout] 8852e5d9f6724081ba5d7d4d657c9aac08ddf96dbfaee0be9b0643f6d7e7b73e
[INFO] running `Command { std: "docker" "create" "-v" "/var/lib/crater-agent-workspace/builds/worker-13/target:/opt/rustwide/target:rw,Z" "-v" "/var/lib/crater-agent-workspace/builds/worker-13/source:/opt/rustwide/workdir:ro,Z" "-v" "/var/lib/crater-agent-workspace/cargo-home:/opt/rustwide/cargo-home:ro,Z" "-v" "/var/lib/crater-agent-workspace/rustup-home:/opt/rustwide/rustup-home:ro,Z" "-e" "SOURCE_DIR=/opt/rustwide/workdir" "-e" "CARGO_TARGET_DIR=/opt/rustwide/target" "-e" "CARGO_INCREMENTAL=0" "-e" "RUST_BACKTRACE=full" "-e" "RUSTFLAGS=--cap-lints=warn" "-e" "CARGO_HOME=/opt/rustwide/cargo-home" "-e" "RUSTUP_HOME=/opt/rustwide/rustup-home" "-w" "/opt/rustwide/workdir" "-m" "1610612736" "--user" "0:0" "--network" "none" "ghcr.io/rust-lang/crates-build-env/linux@sha256:34b6a614d2c27851fe6cbf88fbd1137609cefab8b10d0615aaeb6fd47975d74e" "/opt/rustwide/cargo-home/bin/cargo" "+beta-2021-08-01" "build" "--frozen" "--message-format=json", kill_on_drop: false }`
[INFO] [stdout] 9e741fdd044232035dd6878141cf12d61e67627c2dc2634ad746b5339a3b510d
[INFO] running `Command { std: "docker" "start" "-a" "9e741fdd044232035dd6878141cf12d61e67627c2dc2634ad746b5339a3b510d", kill_on_drop: false }`
[INFO] [stderr]    Compiling libc v0.2.69
[INFO] [stderr]    Compiling proc-macro2 v1.0.12
[INFO] [stderr]    Compiling unicode-xid v0.2.0
[INFO] [stderr]    Compiling syn v1.0.18
[INFO] [stderr]    Compiling memchr v2.3.3
[INFO] [stderr]    Compiling getrandom v0.1.14
[INFO] [stderr]    Compiling futures-core v0.3.4
[INFO] [stderr]    Compiling proc-macro-nested v0.1.4
[INFO] [stderr]    Compiling log v0.4.8
[INFO] [stderr]    Compiling futures-sink v0.3.4
[INFO] [stderr]    Compiling proc-macro-hack v0.5.15
[INFO] [stderr]    Compiling futures-task v0.3.4
[INFO] [stderr]    Compiling pin-utils v0.1.0
[INFO] [stderr]    Compiling futures-io v0.3.4
[INFO] [stderr]    Compiling ppv-lite86 v0.2.6
[INFO] [stderr]    Compiling unicode-width v0.1.7
[INFO] [stderr]    Compiling arc-swap v0.4.6
[INFO] [stderr]    Compiling fnv v1.0.6
[INFO] [stderr]    Compiling strsim v0.8.0
[INFO] [stderr]    Compiling ansi_term v0.11.0
[INFO] [stderr]    Compiling vec_map v0.8.1
[INFO] [stderr]    Compiling pin-project-lite v0.1.4
[INFO] [stderr]    Compiling bytes v0.5.4
[INFO] [stderr]    Compiling futures-channel v0.3.4
[INFO] [stderr]    Compiling textwrap v0.11.0
[INFO] [stderr]    Compiling iovec v0.1.4
[INFO] [stderr]    Compiling net2 v0.2.34
[INFO] [stderr]    Compiling atty v0.2.14
[INFO] [stderr]    Compiling signal-hook-registry v1.2.0
[INFO] [stderr]    Compiling num_cpus v1.13.0
[INFO] [stderr]    Compiling quote v1.0.4
[INFO] [stderr]    Compiling clap v2.33.0
[INFO] [stderr]    Compiling rand_core v0.5.1
[INFO] [stderr]    Compiling mio v0.6.22
[INFO] [stderr]    Compiling rand_chacha v0.2.2
[INFO] [stderr]    Compiling rand v0.7.3
[INFO] [stderr]    Compiling mio-uds v0.6.8
[INFO] [stderr]    Compiling futures-macro v0.3.4
[INFO] [stderr]    Compiling tokio-macros v0.2.5
[INFO] [stderr]    Compiling tokio v0.2.20
[INFO] [stderr]    Compiling futures-util v0.3.4
[INFO] [stderr]    Compiling futures-executor v0.3.4
[INFO] [stderr]    Compiling futures v0.3.4
[INFO] [stderr]    Compiling vlcsync v0.1.0 (/opt/rustwide/workdir)
[INFO] [stdout] warning: unused variable: `con`
[INFO] [stdout]    --> src/network/publicaddr.rs:223:54
[INFO] [stdout]     |
[INFO] [stdout] 223 |         let stun_res = if let OpenPublicArgs::UdpCon(con) = args {
[INFO] [stdout]     |                                                      ^^^ help: if this is intentional, prefix it with an underscore: `_con`
[INFO] [stdout]     |
[INFO] [stdout]     = note: `#[warn(unused_variables)]` on by default
[INFO] [stdout] 
[INFO] [stdout] 
[INFO] [stdout] warning: variable does not need to be mutable
[INFO] [stdout]   --> src/players.rs:49:13
[INFO] [stdout]    |
[INFO] [stdout] 49 |         let mut retvl = Vec::new();
[INFO] [stdout]    |             ----^^^^^
[INFO] [stdout]    |             |
[INFO] [stdout]    |             help: remove this `mut`
[INFO] [stdout]    |
[INFO] [stdout]    = note: `#[warn(unused_mut)]` on by default
[INFO] [stdout] 
[INFO] [stdout] 
[INFO] [stdout] warning: function is never used: `generate_spawn`
[INFO] [stdout]   --> src/utils.rs:26:8
[INFO] [stdout]    |
[INFO] [stdout] 26 | pub fn generate_spawn<
[INFO] [stdout]    |        ^^^^^^^^^^^^^^
[INFO] [stdout]    |
[INFO] [stdout]    = note: `#[warn(dead_code)]` on by default
[INFO] [stdout] 
[INFO] [stdout] 
[INFO] [stdout] warning: associated function is never used: `new`
[INFO] [stdout]   --> src/utils.rs:41:12
[INFO] [stdout]    |
[INFO] [stdout] 41 |     pub fn new() -> Self {
[INFO] [stdout]    |            ^^^
[INFO] [stdout] 
[INFO] [stdout] 
[INFO] [stdout] warning: associated function is never used: `has_woken`
[INFO] [stdout]   --> src/utils.rs:47:12
[INFO] [stdout]    |
[INFO] [stdout] 47 |     pub fn has_woken(&self) -> bool {
[INFO] [stdout]    |            ^^^^^^^^^
[INFO] [stdout] 
[INFO] [stdout] 
[INFO] [stdout] warning: function is never used: `block_on`
[INFO] [stdout]   --> src/utils.rs:64:8
[INFO] [stdout]    |
[INFO] [stdout] 64 | pub fn block_on<F: std::future::Future>(fut: F) -> F::Output {
[INFO] [stdout]    |        ^^^^^^^^
[INFO] [stdout] 
[INFO] [stdout] 
[INFO] [stdout] warning: 6 warnings emitted
[INFO] [stdout] 
[INFO] [stdout] 
[INFO] [stderr]     Finished dev [unoptimized + debuginfo] target(s) in 27.94s
[INFO] running `Command { std: "docker" "inspect" "9e741fdd044232035dd6878141cf12d61e67627c2dc2634ad746b5339a3b510d", kill_on_drop: false }`
[INFO] running `Command { std: "docker" "rm" "-f" "9e741fdd044232035dd6878141cf12d61e67627c2dc2634ad746b5339a3b510d", kill_on_drop: false }`
[INFO] [stdout] 9e741fdd044232035dd6878141cf12d61e67627c2dc2634ad746b5339a3b510d
[INFO] running `Command { std: "docker" "create" "-v" "/var/lib/crater-agent-workspace/builds/worker-13/target:/opt/rustwide/target:rw,Z" "-v" "/var/lib/crater-agent-workspace/builds/worker-13/source:/opt/rustwide/workdir:ro,Z" "-v" "/var/lib/crater-agent-workspace/cargo-home:/opt/rustwide/cargo-home:ro,Z" "-v" "/var/lib/crater-agent-workspace/rustup-home:/opt/rustwide/rustup-home:ro,Z" "-e" "SOURCE_DIR=/opt/rustwide/workdir" "-e" "CARGO_TARGET_DIR=/opt/rustwide/target" "-e" "CARGO_INCREMENTAL=0" "-e" "RUST_BACKTRACE=full" "-e" "RUSTFLAGS=--cap-lints=warn" "-e" "CARGO_HOME=/opt/rustwide/cargo-home" "-e" "RUSTUP_HOME=/opt/rustwide/rustup-home" "-w" "/opt/rustwide/workdir" "-m" "1610612736" "--user" "0:0" "--network" "none" "ghcr.io/rust-lang/crates-build-env/linux@sha256:34b6a614d2c27851fe6cbf88fbd1137609cefab8b10d0615aaeb6fd47975d74e" "/opt/rustwide/cargo-home/bin/cargo" "+beta-2021-08-01" "test" "--frozen" "--no-run" "--message-format=json", kill_on_drop: false }`
[INFO] [stdout] 7ffd540d5067a68e5d629fceaa97a0f85df6bfa37a0f96b1a500991769e10110
[INFO] running `Command { std: "docker" "start" "-a" "7ffd540d5067a68e5d629fceaa97a0f85df6bfa37a0f96b1a500991769e10110", kill_on_drop: false }`
[INFO] [stderr]    Compiling vlcsync v0.1.0 (/opt/rustwide/workdir)
[INFO] [stdout] warning: unused variable: `con`
[INFO] [stdout]    --> src/network/publicaddr.rs:223:54
[INFO] [stdout]     |
[INFO] [stdout] 223 |         let stun_res = if let OpenPublicArgs::UdpCon(con) = args {
[INFO] [stdout]     |                                                      ^^^ help: if this is intentional, prefix it with an underscore: `_con`
[INFO] [stdout]     |
[INFO] [stdout]     = note: `#[warn(unused_variables)]` on by default
[INFO] [stdout] 
[INFO] [stdout] 
[INFO] [stdout] warning: variable does not need to be mutable
[INFO] [stdout]   --> src/players.rs:49:13
[INFO] [stdout]    |
[INFO] [stdout] 49 |         let mut retvl = Vec::new();
[INFO] [stdout]    |             ----^^^^^
[INFO] [stdout]    |             |
[INFO] [stdout]    |             help: remove this `mut`
[INFO] [stdout]    |
[INFO] [stdout]    = note: `#[warn(unused_mut)]` on by default
[INFO] [stdout] 
[INFO] [stdout] 
[INFO] [stdout] warning: function is never used: `generate_spawn`
[INFO] [stdout]   --> src/utils.rs:26:8
[INFO] [stdout]    |
[INFO] [stdout] 26 | pub fn generate_spawn<
[INFO] [stdout]    |        ^^^^^^^^^^^^^^
[INFO] [stdout]    |
[INFO] [stdout]    = note: `#[warn(dead_code)]` on by default
[INFO] [stdout] 
[INFO] [stdout] 
[INFO] [stdout] warning: associated function is never used: `new`
[INFO] [stdout]   --> src/utils.rs:41:12
[INFO] [stdout]    |
[INFO] [stdout] 41 |     pub fn new() -> Self {
[INFO] [stdout]    |            ^^^
[INFO] [stdout] 
[INFO] [stdout] 
[INFO] [stdout] warning: associated function is never used: `has_woken`
[INFO] [stdout]   --> src/utils.rs:47:12
[INFO] [stdout]    |
[INFO] [stdout] 47 |     pub fn has_woken(&self) -> bool {
[INFO] [stdout]    |            ^^^^^^^^^
[INFO] [stdout] 
[INFO] [stdout] 
[INFO] [stdout] warning: function is never used: `block_on`
[INFO] [stdout]   --> src/utils.rs:64:8
[INFO] [stdout]    |
[INFO] [stdout] 64 | pub fn block_on<F: std::future::Future>(fut: F) -> F::Output {
[INFO] [stdout]    |        ^^^^^^^^
[INFO] [stdout] 
[INFO] [stdout] 
[INFO] [stdout] warning: 6 warnings emitted
[INFO] [stdout] 
[INFO] [stdout] 
[INFO] [stderr]     Finished test [unoptimized + debuginfo] target(s) in 2.90s
[INFO] running `Command { std: "docker" "inspect" "7ffd540d5067a68e5d629fceaa97a0f85df6bfa37a0f96b1a500991769e10110", kill_on_drop: false }`
[INFO] running `Command { std: "docker" "rm" "-f" "7ffd540d5067a68e5d629fceaa97a0f85df6bfa37a0f96b1a500991769e10110", kill_on_drop: false }`
[INFO] [stdout] 7ffd540d5067a68e5d629fceaa97a0f85df6bfa37a0f96b1a500991769e10110
[INFO] running `Command { std: "docker" "create" "-v" "/var/lib/crater-agent-workspace/builds/worker-13/target:/opt/rustwide/target:rw,Z" "-v" "/var/lib/crater-agent-workspace/builds/worker-13/source:/opt/rustwide/workdir:ro,Z" "-v" "/var/lib/crater-agent-workspace/cargo-home:/opt/rustwide/cargo-home:ro,Z" "-v" "/var/lib/crater-agent-workspace/rustup-home:/opt/rustwide/rustup-home:ro,Z" "-e" "SOURCE_DIR=/opt/rustwide/workdir" "-e" "CARGO_TARGET_DIR=/opt/rustwide/target" "-e" "CARGO_INCREMENTAL=0" "-e" "RUST_BACKTRACE=full" "-e" "RUSTFLAGS=--cap-lints=warn" "-e" "CARGO_HOME=/opt/rustwide/cargo-home" "-e" "RUSTUP_HOME=/opt/rustwide/rustup-home" "-w" "/opt/rustwide/workdir" "-m" "1610612736" "--user" "0:0" "--network" "none" "ghcr.io/rust-lang/crates-build-env/linux@sha256:34b6a614d2c27851fe6cbf88fbd1137609cefab8b10d0615aaeb6fd47975d74e" "/opt/rustwide/cargo-home/bin/cargo" "+beta-2021-08-01" "test" "--frozen", kill_on_drop: false }`
[INFO] [stdout] 3a9a0229c50b7883d090bea0ce47d61461635f44578907c1af9d736b5674b990
[INFO] running `Command { std: "docker" "start" "-a" "3a9a0229c50b7883d090bea0ce47d61461635f44578907c1af9d736b5674b990", kill_on_drop: false }`
[INFO] [stderr] warning: unused variable: `con`
[INFO] [stderr]    --> src/network/publicaddr.rs:223:54
[INFO] [stderr]     |
[INFO] [stderr] 223 |         let stun_res = if let OpenPublicArgs::UdpCon(con) = args {
[INFO] [stderr]     |                                                      ^^^ help: if this is intentional, prefix it with an underscore: `_con`
[INFO] [stderr]     |
[INFO] [stderr]     = note: `#[warn(unused_variables)]` on by default
[INFO] [stderr] 
[INFO] [stderr] warning: variable does not need to be mutable
[INFO] [stderr]   --> src/players.rs:49:13
[INFO] [stderr]    |
[INFO] [stderr] 49 |         let mut retvl = Vec::new();
[INFO] [stderr]    |             ----^^^^^
[INFO] [stderr]    |             |
[INFO] [stderr]    |             help: remove this `mut`
[INFO] [stderr]    |
[INFO] [stderr]    = note: `#[warn(unused_mut)]` on by default
[INFO] [stderr] 
[INFO] [stderr] warning: function is never used: `generate_spawn`
[INFO] [stderr]   --> src/utils.rs:26:8
[INFO] [stderr]    |
[INFO] [stderr] 26 | pub fn generate_spawn<
[INFO] [stderr]    |        ^^^^^^^^^^^^^^
[INFO] [stderr]    |
[INFO] [stderr]    = note: `#[warn(dead_code)]` on by default
[INFO] [stderr] 
[INFO] [stderr] warning: associated function is never used: `new`
[INFO] [stderr]   --> src/utils.rs:41:12
[INFO] [stderr]    |
[INFO] [stderr] 41 |     pub fn new() -> Self {
[INFO] [stderr]    |            ^^^
[INFO] [stderr] 
[INFO] [stderr] warning: associated function is never used: `has_woken`
[INFO] [stderr]   --> src/utils.rs:47:12
[INFO] [stderr]    |
[INFO] [stderr] 47 |     pub fn has_woken(&self) -> bool {
[INFO] [stderr]    |            ^^^^^^^^^
[INFO] [stderr] 
[INFO] [stderr] warning: function is never used: `block_on`
[INFO] [stderr]   --> src/utils.rs:64:8
[INFO] [stderr]    |
[INFO] [stderr] 64 | pub fn block_on<F: std::future::Future>(fut: F) -> F::Output {
[INFO] [stderr]    |        ^^^^^^^^
[INFO] [stderr] 
[INFO] [stderr] warning: `vlcsync` (bin "vlcsync" test) generated 6 warnings
[INFO] [stderr]     Finished test [unoptimized + debuginfo] target(s) in 0.11s
[INFO] [stderr]      Running unittests (/opt/rustwide/target/debug/deps/vlcsync-469ffce946531297)
[INFO] [stdout] 
[INFO] [stdout] running 5 tests
[INFO] [stdout] test messages::sync::tests::test_player_pos ... ok
[INFO] [stderr] error: test failed, to rerun pass '--bin vlcsync'
[INFO] [stdout] test messages::sync::tests::test_sync_message ... ok
[INFO] [stdout] test network::friendcodes::test::test_ipv6_codec ... ok
[INFO] [stdout] test network::friendcodes::test::test_port_codec ... ok
[INFO] [stdout] test network::friendcodes::test::test_ipv4_codec ... FAILED
[INFO] [stdout] 
[INFO] [stdout] failures:
[INFO] [stdout] 
[INFO] [stdout] ---- network::friendcodes::test::test_ipv4_codec stdout ----
[INFO] [stdout] thread 'network::friendcodes::test::test_ipv4_codec' panicked at 'called `Result::unwrap()` on an `Err` value: InvalidCharacter('\u{0}')', src/network/friendcodes.rs:269:57
[INFO] [stdout] stack backtrace:
[INFO] [stdout]    0:     0x5561da098bd0 - std::backtrace_rs::backtrace::libunwind::trace::hff4d1766e93f64f1
[INFO] [stdout]                                at /rustc/53fd98ca776cb875bc9e5514f56b52eb74f9e7a9/library/std/src/../../backtrace/src/backtrace/libunwind.rs:90:5
[INFO] [stdout]    1:     0x5561da098bd0 - std::backtrace_rs::backtrace::trace_unsynchronized::h56bbc8eb78770bcb
[INFO] [stdout]                                at /rustc/53fd98ca776cb875bc9e5514f56b52eb74f9e7a9/library/std/src/../../backtrace/src/backtrace/mod.rs:66:5
[INFO] [stdout]    2:     0x5561da098bd0 - std::sys_common::backtrace::_print_fmt::h5c8e75464faca780
[INFO] [stdout]                                at /rustc/53fd98ca776cb875bc9e5514f56b52eb74f9e7a9/library/std/src/sys_common/backtrace.rs:67:5
[INFO] [stdout]    3:     0x5561da098bd0 - <std::sys_common::backtrace::_print::DisplayBacktrace as core::fmt::Display>::fmt::h48b88277def8b362
[INFO] [stdout]                                at /rustc/53fd98ca776cb875bc9e5514f56b52eb74f9e7a9/library/std/src/sys_common/backtrace.rs:46:22
[INFO] [stdout]    4:     0x5561da0bb94c - core::fmt::write::h3381b3176fe2b3d3
[INFO] [stdout]                                at /rustc/53fd98ca776cb875bc9e5514f56b52eb74f9e7a9/library/core/src/fmt/mod.rs:1115:17
[INFO] [stdout]    5:     0x5561da095a65 - std::io::Write::write_fmt::h5f34a676f60246b5
[INFO] [stdout]                                at /rustc/53fd98ca776cb875bc9e5514f56b52eb74f9e7a9/library/std/src/io/mod.rs:1665:15
[INFO] [stdout]    6:     0x5561da09ad4b - std::sys_common::backtrace::_print::ha537687d6c17dd0d
[INFO] [stdout]                                at /rustc/53fd98ca776cb875bc9e5514f56b52eb74f9e7a9/library/std/src/sys_common/backtrace.rs:49:5
[INFO] [stdout]    7:     0x5561da09ad4b - std::sys_common::backtrace::print::h61376ae57d131d72
[INFO] [stdout]                                at /rustc/53fd98ca776cb875bc9e5514f56b52eb74f9e7a9/library/std/src/sys_common/backtrace.rs:36:9
[INFO] [stdout]    8:     0x5561da09ad4b - std::panicking::default_hook::{{closure}}::h0f7208c0b9644a54
[INFO] [stdout]                                at /rustc/53fd98ca776cb875bc9e5514f56b52eb74f9e7a9/library/std/src/panicking.rs:208:50
[INFO] [stdout]    9:     0x5561da09a85c - std::panicking::default_hook::hdac7fc06578c14ce
[INFO] [stdout]                                at /rustc/53fd98ca776cb875bc9e5514f56b52eb74f9e7a9/library/std/src/panicking.rs:222:9
[INFO] [stdout]   10:     0x5561da09b414 - std::panicking::rust_panic_with_hook::h72b21c283da3d1ef
[INFO] [stdout]                                at /rustc/53fd98ca776cb875bc9e5514f56b52eb74f9e7a9/library/std/src/panicking.rs:622:17
[INFO] [stdout]   11:     0x5561da09aef7 - std::panicking::begin_panic_handler::{{closure}}::he5778f1729cff84a
[INFO] [stdout]                                at /rustc/53fd98ca776cb875bc9e5514f56b52eb74f9e7a9/library/std/src/panicking.rs:519:13
[INFO] [stdout]   12:     0x5561da0990ac - std::sys_common::backtrace::__rust_end_short_backtrace::h2d11ca8b453b4b1d
[INFO] [stdout]                                at /rustc/53fd98ca776cb875bc9e5514f56b52eb74f9e7a9/library/std/src/sys_common/backtrace.rs:141:18
[INFO] [stdout]   13:     0x5561da09ae59 - rust_begin_unwind
[INFO] [stdout]                                at /rustc/53fd98ca776cb875bc9e5514f56b52eb74f9e7a9/library/std/src/panicking.rs:515:5
[INFO] [stdout]   14:     0x5561da0077d1 - core::panicking::panic_fmt::hf9de31d4acbce4db
[INFO] [stdout]                                at /rustc/53fd98ca776cb875bc9e5514f56b52eb74f9e7a9/library/core/src/panicking.rs:92:14
[INFO] [stdout]   15:     0x5561da0078c3 - core::result::unwrap_failed::ha0c84e81219e5878
[INFO] [stdout]                                at /rustc/53fd98ca776cb875bc9e5514f56b52eb74f9e7a9/library/core/src/result.rs:1599:5
[INFO] [stdout]   16:     0x5561da00a53e - core::result::Result<T,E>::unwrap::hac19404245421602
[INFO] [stdout]                                at /rustc/53fd98ca776cb875bc9e5514f56b52eb74f9e7a9/library/core/src/result.rs:1281:23
[INFO] [stdout]   17:     0x5561da00bbe9 - vlcsync::network::friendcodes::test::test_ipv4_codec::h0c43eddcb8ecc64b
[INFO] [stdout]                                at /opt/rustwide/workdir/src/network/friendcodes.rs:269:28
[INFO] [stdout]   18:     0x5561da00bb0a - vlcsync::network::friendcodes::test::test_ipv4_codec::{{closure}}::h156576b917bc4655
[INFO] [stdout]                                at /opt/rustwide/workdir/src/network/friendcodes.rs:266:5
[INFO] [stdout]   19:     0x5561da009d6e - core::ops::function::FnOnce::call_once::h1bd3332f0d20d799
[INFO] [stdout]                                at /rustc/53fd98ca776cb875bc9e5514f56b52eb74f9e7a9/library/core/src/ops/function.rs:227:5
[INFO] [stdout]   20:     0x5561da07c7d3 - core::ops::function::FnOnce::call_once::hbb52c4519d3137b0
[INFO] [stdout]                                at /rustc/53fd98ca776cb875bc9e5514f56b52eb74f9e7a9/library/core/src/ops/function.rs:227:5
[INFO] [stdout]   21:     0x5561da07c7d3 - test::__rust_begin_short_backtrace::h86fe3a2a5a5121af
[INFO] [stdout]                                at /rustc/53fd98ca776cb875bc9e5514f56b52eb74f9e7a9/library/test/src/lib.rs:578:5
[INFO] [stdout]   22:     0x5561da07b288 - <alloc::boxed::Box<F,A> as core::ops::function::FnOnce<Args>>::call_once::hfd956bc3d57399be
[INFO] [stdout]                                at /rustc/53fd98ca776cb875bc9e5514f56b52eb74f9e7a9/library/alloc/src/boxed.rs:1572:9
[INFO] [stdout]   23:     0x5561da07b288 - <std::panic::AssertUnwindSafe<F> as core::ops::function::FnOnce<()>>::call_once::h40dc93e0ddb5938a
[INFO] [stdout]                                at /rustc/53fd98ca776cb875bc9e5514f56b52eb74f9e7a9/library/std/src/panic.rs:347:9
[INFO] [stdout]   24:     0x5561da07b288 - std::panicking::try::do_call::h90d07750cb47c562
[INFO] [stdout]                                at /rustc/53fd98ca776cb875bc9e5514f56b52eb74f9e7a9/library/std/src/panicking.rs:401:40
[INFO] [stdout]   25:     0x5561da07b288 - std::panicking::try::h063c84733ad2a629
[INFO] [stdout]                                at /rustc/53fd98ca776cb875bc9e5514f56b52eb74f9e7a9/library/std/src/panicking.rs:365:19
[INFO] [stdout]   26:     0x5561da07b288 - std::panic::catch_unwind::h0c464836a84e7c08
[INFO] [stdout]                                at /rustc/53fd98ca776cb875bc9e5514f56b52eb74f9e7a9/library/std/src/panic.rs:434:14
[INFO] [stdout]   27:     0x5561da07b288 - test::run_test_in_process::h5cb06ef620b157fc
[INFO] [stdout]                                at /rustc/53fd98ca776cb875bc9e5514f56b52eb74f9e7a9/library/test/src/lib.rs:601:18
[INFO] [stdout]   28:     0x5561da07b288 - test::run_test::run_test_inner::{{closure}}::h76f677f4b93f9828
[INFO] [stdout]                                at /rustc/53fd98ca776cb875bc9e5514f56b52eb74f9e7a9/library/test/src/lib.rs:493:39
[INFO] [stdout]   29:     0x5561da049a1d - test::run_test::run_test_inner::{{closure}}::h366d01fe04f4d67a
[INFO] [stdout]                                at /rustc/53fd98ca776cb875bc9e5514f56b52eb74f9e7a9/library/test/src/lib.rs:520:37
[INFO] [stdout]   30:     0x5561da049a1d - std::sys_common::backtrace::__rust_begin_short_backtrace::h7dfa0de4eb395af2
[INFO] [stdout]                                at /rustc/53fd98ca776cb875bc9e5514f56b52eb74f9e7a9/library/std/src/sys_common/backtrace.rs:125:18
[INFO] [stdout]   31:     0x5561da04e1e8 - std::thread::Builder::spawn_unchecked::{{closure}}::{{closure}}::hf0a74bb58798037f
[INFO] [stdout]                                at /rustc/53fd98ca776cb875bc9e5514f56b52eb74f9e7a9/library/std/src/thread/mod.rs:476:17
[INFO] [stdout]   32:     0x5561da04e1e8 - <std::panic::AssertUnwindSafe<F> as core::ops::function::FnOnce<()>>::call_once::hb024e854818586ac
[INFO] [stdout]                                at /rustc/53fd98ca776cb875bc9e5514f56b52eb74f9e7a9/library/std/src/panic.rs:347:9
[INFO] [stdout]   33:     0x5561da04e1e8 - std::panicking::try::do_call::hb2dd9f1d0d48e41d
[INFO] [stdout]                                at /rustc/53fd98ca776cb875bc9e5514f56b52eb74f9e7a9/library/std/src/panicking.rs:401:40
[INFO] [stdout]   34:     0x5561da04e1e8 - std::panicking::try::h4717ae7bac8b2bf3
[INFO] [stdout]                                at /rustc/53fd98ca776cb875bc9e5514f56b52eb74f9e7a9/library/std/src/panicking.rs:365:19
[INFO] [stdout]   35:     0x5561da04e1e8 - std::panic::catch_unwind::h0dc8a061326ce8d8
[INFO] [stdout]                                at /rustc/53fd98ca776cb875bc9e5514f56b52eb74f9e7a9/library/std/src/panic.rs:434:14
[INFO] [stdout]   36:     0x5561da04e1e8 - std::thread::Builder::spawn_unchecked::{{closure}}::haa369e2d6fd00aa1
[INFO] [stdout]                                at /rustc/53fd98ca776cb875bc9e5514f56b52eb74f9e7a9/library/std/src/thread/mod.rs:475:30
[INFO] [stdout]   37:     0x5561da04e1e8 - core::ops::function::FnOnce::call_once{{vtable.shim}}::h36dcf3de8b056f17
[INFO] [stdout]                                at /rustc/53fd98ca776cb875bc9e5514f56b52eb74f9e7a9/library/core/src/ops/function.rs:227:5
[INFO] [stdout]   38:     0x5561da09ff87 - <alloc::boxed::Box<F,A> as core::ops::function::FnOnce<Args>>::call_once::h65c29e4642be2358
[INFO] [stdout]                                at /rustc/53fd98ca776cb875bc9e5514f56b52eb74f9e7a9/library/alloc/src/boxed.rs:1572:9
[INFO] [stdout]   39:     0x5561da09ff87 - <alloc::boxed::Box<F,A> as core::ops::function::FnOnce<Args>>::call_once::hd0f8f7fbbd9fffbf
[INFO] [stdout]                                at /rustc/53fd98ca776cb875bc9e5514f56b52eb74f9e7a9/library/alloc/src/boxed.rs:1572:9
[INFO] [stdout]   40:     0x5561da09ff87 - std::sys::unix::thread::Thread::new::thread_start::h2fd22fee3ca77b65
[INFO] [stdout]                                at /rustc/53fd98ca776cb875bc9e5514f56b52eb74f9e7a9/library/std/src/sys/unix/thread.rs:74:17
[INFO] [stdout]   41:     0x7fd3d817c609 - start_thread
[INFO] [stdout]   42:     0x7fd3d7f54293 - clone
[INFO] [stdout]   43:                0x0 - <unknown>
[INFO] [stdout] 
[INFO] [stdout] 
[INFO] [stdout] failures:
[INFO] [stdout]     network::friendcodes::test::test_ipv4_codec
[INFO] [stdout] 
[INFO] [stdout] test result: FAILED. 4 passed; 1 failed; 0 ignored; 0 measured; 0 filtered out; finished in 0.03s
[INFO] [stdout] 
[INFO] running `Command { std: "docker" "inspect" "3a9a0229c50b7883d090bea0ce47d61461635f44578907c1af9d736b5674b990", kill_on_drop: false }`
[INFO] running `Command { std: "docker" "rm" "-f" "3a9a0229c50b7883d090bea0ce47d61461635f44578907c1af9d736b5674b990", kill_on_drop: false }`
[INFO] [stdout] 3a9a0229c50b7883d090bea0ce47d61461635f44578907c1af9d736b5674b990
