[INFO] cloning repository https://github.com/iqlusioninc/crates
[INFO] running `Command { std: "git" "-c" "credential.helper=" "-c" "credential.helper=/workspace/cargo-home/bin/git-credential-null" "clone" "--bare" "https://github.com/iqlusioninc/crates" "/workspace/cache/git-repos/https%3A%2F%2Fgithub.com%2Fiqlusioninc%2Fcrates", kill_on_drop: false }`
[INFO] [stderr] Cloning into bare repository '/workspace/cache/git-repos/https%3A%2F%2Fgithub.com%2Fiqlusioninc%2Fcrates'...
[INFO] running `Command { std: "git" "rev-parse" "HEAD", kill_on_drop: false }`
[INFO] [stdout] 6d9b2242b31a2756b68d9f7bb17dcfd7ec0edfa2
[INFO] testing iqlusioninc/crates against 1.54.0 for beta-1.55-1
[INFO] running `Command { std: "git" "clone" "/workspace/cache/git-repos/https%3A%2F%2Fgithub.com%2Fiqlusioninc%2Fcrates" "/workspace/builds/worker-4/source", kill_on_drop: false }`
[INFO] [stderr] Cloning into '/workspace/builds/worker-4/source'...
[INFO] [stderr] done.
[INFO] validating manifest of git repo https://github.com/iqlusioninc/crates on toolchain 1.54.0
[INFO] running `Command { std: "/workspace/cargo-home/bin/cargo" "+1.54.0" "metadata" "--manifest-path" "Cargo.toml" "--no-deps", kill_on_drop: false }`
[INFO] started tweaking git repo https://github.com/iqlusioninc/crates
[INFO] finished tweaking git repo https://github.com/iqlusioninc/crates
[INFO] tweaked toml for git repo https://github.com/iqlusioninc/crates written to /workspace/builds/worker-4/source/Cargo.toml
[INFO] crate git repo https://github.com/iqlusioninc/crates already has a lockfile, it will not be regenerated
[INFO] running `Command { std: "/workspace/cargo-home/bin/cargo" "+1.54.0" "fetch" "--manifest-path" "Cargo.toml", kill_on_drop: false }`
[INFO] [stderr]     Blocking waiting for file lock on package cache
[INFO] [stderr]     Blocking waiting for file lock on package cache
[INFO] running `Command { std: "docker" "create" "-v" "/var/lib/crater-agent-workspace/builds/worker-4/target:/opt/rustwide/target:rw,Z" "-v" "/var/lib/crater-agent-workspace/builds/worker-4/source:/opt/rustwide/workdir:ro,Z" "-v" "/var/lib/crater-agent-workspace/cargo-home:/opt/rustwide/cargo-home:ro,Z" "-v" "/var/lib/crater-agent-workspace/rustup-home:/opt/rustwide/rustup-home:ro,Z" "-e" "SOURCE_DIR=/opt/rustwide/workdir" "-e" "CARGO_TARGET_DIR=/opt/rustwide/target" "-e" "CARGO_HOME=/opt/rustwide/cargo-home" "-e" "RUSTUP_HOME=/opt/rustwide/rustup-home" "-w" "/opt/rustwide/workdir" "-m" "1610612736" "--user" "0:0" "--network" "none" "ghcr.io/rust-lang/crates-build-env/linux@sha256:34b6a614d2c27851fe6cbf88fbd1137609cefab8b10d0615aaeb6fd47975d74e" "/opt/rustwide/cargo-home/bin/cargo" "+1.54.0" "metadata" "--no-deps" "--format-version=1", kill_on_drop: false }`
[INFO] [stdout] 9633dccd2ce48f9a963c787467512c7ec730873c4bf0c76e3ae06bf9527657a3
[INFO] running `Command { std: "docker" "start" "-a" "9633dccd2ce48f9a963c787467512c7ec730873c4bf0c76e3ae06bf9527657a3", kill_on_drop: false }`
[INFO] running `Command { std: "docker" "inspect" "9633dccd2ce48f9a963c787467512c7ec730873c4bf0c76e3ae06bf9527657a3", kill_on_drop: false }`
[INFO] running `Command { std: "docker" "rm" "-f" "9633dccd2ce48f9a963c787467512c7ec730873c4bf0c76e3ae06bf9527657a3", kill_on_drop: false }`
[INFO] [stdout] 9633dccd2ce48f9a963c787467512c7ec730873c4bf0c76e3ae06bf9527657a3
[INFO] running `Command { std: "docker" "create" "-v" "/var/lib/crater-agent-workspace/builds/worker-4/target:/opt/rustwide/target:rw,Z" "-v" "/var/lib/crater-agent-workspace/builds/worker-4/source:/opt/rustwide/workdir:ro,Z" "-v" "/var/lib/crater-agent-workspace/cargo-home:/opt/rustwide/cargo-home:ro,Z" "-v" "/var/lib/crater-agent-workspace/rustup-home:/opt/rustwide/rustup-home:ro,Z" "-e" "SOURCE_DIR=/opt/rustwide/workdir" "-e" "CARGO_TARGET_DIR=/opt/rustwide/target" "-e" "CARGO_INCREMENTAL=0" "-e" "RUST_BACKTRACE=full" "-e" "RUSTFLAGS=--cap-lints=warn" "-e" "CARGO_HOME=/opt/rustwide/cargo-home" "-e" "RUSTUP_HOME=/opt/rustwide/rustup-home" "-w" "/opt/rustwide/workdir" "-m" "1610612736" "--user" "0:0" "--network" "none" "ghcr.io/rust-lang/crates-build-env/linux@sha256:34b6a614d2c27851fe6cbf88fbd1137609cefab8b10d0615aaeb6fd47975d74e" "/opt/rustwide/cargo-home/bin/cargo" "+1.54.0" "build" "--frozen" "--message-format=json", kill_on_drop: false }`
[INFO] [stdout] 5f5ea96f7451485801b241140b27e6d2cb2d5f174190da3c85792bc7e0d80465
[INFO] running `Command { std: "docker" "start" "-a" "5f5ea96f7451485801b241140b27e6d2cb2d5f174190da3c85792bc7e0d80465", kill_on_drop: false }`
[INFO] [stderr]    Compiling proc-macro2 v1.0.28
[INFO] [stderr]    Compiling syn v1.0.74
[INFO] [stderr]    Compiling cc v1.0.69
[INFO] [stderr]    Compiling typenum v1.13.0
[INFO] [stderr]    Compiling version_check v0.9.3
[INFO] [stderr]    Compiling serde_derive v1.0.127
[INFO] [stderr]    Compiling subtle v2.4.1
[INFO] [stderr]    Compiling serde v1.0.127
[INFO] [stderr]    Compiling futures-core v0.3.16
[INFO] [stderr]    Compiling futures-task v0.3.16
[INFO] [stderr]    Compiling opaque-debug v0.3.0
[INFO] [stderr]    Compiling futures-channel v0.3.16
[INFO] [stderr]    Compiling futures-sink v0.3.16
[INFO] [stderr]    Compiling smallvec v1.6.1
[INFO] [stderr]    Compiling block-padding v0.2.1
[INFO] [stderr]    Compiling gimli v0.25.0
[INFO] [stderr]    Compiling adler v1.0.2
[INFO] [stderr]    Compiling cpufeatures v0.1.5
[INFO] [stderr]    Compiling futures-io v0.3.16
[INFO] [stderr]    Compiling untrusted v0.7.1
[INFO] [stderr]    Compiling spin v0.5.2
[INFO] [stderr]    Compiling rustc-demangle v0.1.20
[INFO] [stderr]    Compiling fnv v1.0.7
[INFO] [stderr]    Compiling getrandom v0.1.16
[INFO] [stderr]    Compiling const-oid v0.6.0
[INFO] [stderr]    Compiling openssl-probe v0.1.4
[INFO] [stderr]    Compiling httparse v1.4.1
[INFO] [stderr]    Compiling base64ct v1.0.0
[INFO] [stderr]    Compiling try-lock v0.2.3
[INFO] [stderr]    Compiling serde_json v1.0.66
[INFO] [stderr]    Compiling memchr v2.4.0
[INFO] [stderr]    Compiling libc v0.2.98
[INFO] [stderr]    Compiling byteorder v1.4.3
[INFO] [stderr]    Compiling foreign-types-shared v0.1.1
[INFO] [stderr]    Compiling httpdate v1.0.1
[INFO] [stderr]    Compiling openssl v0.10.35
[INFO] [stderr]    Compiling tinyvec_macros v0.1.0
[INFO] [stderr]    Compiling matches v0.1.8
[INFO] [stderr]    Compiling tower-service v0.3.1
[INFO] [stderr]    Compiling base64 v0.13.0
[INFO] [stderr]    Compiling native-tls v0.2.7
[INFO] [stderr]    Compiling async-trait v0.1.51
[INFO] [stderr]    Compiling keccak v0.1.0
[INFO] [stderr]    Compiling percent-encoding v2.1.0
[INFO] [stderr]    Compiling eyre v0.6.5
[INFO] [stderr]    Compiling bytes v0.5.6
[INFO] [stderr]    Compiling match_cfg v0.1.0
[INFO] [stderr]    Compiling arrayvec v0.5.2
[INFO] [stderr]    Compiling indenter v0.3.3
[INFO] [stderr]    Compiling canonical-path v2.0.2 (/opt/rustwide/workdir/canonical-path)
[INFO] [stderr]    Compiling harp v0.1.0 (/opt/rustwide/workdir/harp)
[INFO] [stderr]    Compiling tai64 v3.1.0 (/opt/rustwide/workdir/tai64)
[INFO] [stderr]    Compiling futures-macro v0.3.16
[INFO] [stderr]    Compiling instant v0.1.10
[INFO] [stderr]    Compiling lock_api v0.4.4
[INFO] [stderr]    Compiling futures-util v0.3.16
[INFO] [stderr]    Compiling tokio v1.9.0
[INFO] [stderr]    Compiling miniz_oxide v0.4.4
[INFO] [stderr]    Compiling indexmap v1.7.0
[INFO] [stderr]    Compiling num-traits v0.2.14
[INFO] [stderr]    Compiling num-integer v0.1.44
[INFO] [stderr]    Compiling tracing-core v0.1.18
[INFO] [stderr]    Compiling itertools v0.7.11
[INFO] [stderr]    Compiling http v0.2.4
[INFO] [stderr]    Compiling pem-rfc7468 v0.2.0
[INFO] [stderr]    Compiling der v0.4.0
[INFO] [stderr]    Compiling foreign-types v0.3.2
[INFO] [stderr]    Compiling tinyvec v1.3.1
[INFO] [stderr]    Compiling generic-array v0.14.4
[INFO] [stderr]    Compiling unicode-bidi v0.3.5
[INFO] [stderr]    Compiling form_urlencoded v1.0.1
[INFO] [stderr]    Compiling prost-amino v0.6.0
[INFO] [stderr]    Compiling getrandom v0.2.3
[INFO] [stderr]    Compiling parking_lot_core v0.8.3
[INFO] [stderr]    Compiling mio v0.7.13
[INFO] [stderr]    Compiling want v0.3.0
[INFO] [stderr]    Compiling object v0.26.0
[INFO] [stderr]    Compiling socket2 v0.4.1
[INFO] [stderr]    Compiling time v0.1.43
[INFO] [stderr]    Compiling hostname v0.3.1
[INFO] [stderr]    Compiling parking_lot v0.11.1
[INFO] [stderr]    Compiling rand_core v0.6.3
[INFO] [stderr]    Compiling rand_core v0.5.1
[INFO] [stderr]    Compiling tracing v0.1.26
[INFO] [stderr]    Compiling ff v0.10.0
[INFO] [stderr]    Compiling rand_chacha v0.2.2
[INFO] [stderr]    Compiling spki v0.4.0
[INFO] [stderr]    Compiling group v0.10.0
[INFO] [stderr]    Compiling rand v0.7.3
[INFO] [stderr]    Compiling quote v1.0.9
[INFO] [stderr]    Compiling backtrace v0.3.61
[INFO] [stderr]    Compiling ring v0.16.20
[INFO] [stderr]    Compiling openssl-sys v0.9.65
[INFO] [stderr]    Compiling digest v0.9.0
[INFO] [stderr]    Compiling block-buffer v0.9.0
[INFO] [stderr]    Compiling crypto-mac v0.11.1
[INFO] [stderr]    Compiling unicode-normalization v0.1.19
[INFO] [stderr]    Compiling addr2line v0.16.0
[INFO] [stderr]    Compiling signature v1.3.1
[INFO] [stderr]    Compiling sha2 v0.9.5
[INFO] [stderr]    Compiling sha3 v0.9.1
[INFO] [stderr]    Compiling ripemd160 v0.9.1
[INFO] [stderr]    Compiling hmac v0.11.0
[INFO] [stderr]    Compiling pbkdf2 v0.8.0
[INFO] [stderr]    Compiling bs58 v0.4.0
[INFO] [stderr]    Compiling idna v0.2.3
[INFO] [stderr]    Compiling http-body v0.4.2
[INFO] [stderr]    Compiling url v2.2.2
[INFO] [stderr]    Compiling sct v0.6.1
[INFO] [stderr]    Compiling webpki v0.21.4
[INFO] [stderr]    Compiling ct-logs v0.8.0
[INFO] [stderr]    Compiling rustls v0.19.1
[INFO] [stderr]    Compiling anomaly v0.2.0
[INFO] [stderr]    Compiling anomaly v0.2.0 (/opt/rustwide/workdir/anomaly)
[INFO] [stderr]    Compiling synstructure v0.12.5
[INFO] [stderr]    Compiling failure v0.1.8
[INFO] [stderr]    Compiling rustls-native-certs v0.5.0
[INFO] [stderr]    Compiling zeroize_derive v1.1.0
[INFO] [stderr]    Compiling tokio-macros v1.3.0
[INFO] [stderr]    Compiling zeroize_derive v1.1.0 (/opt/rustwide/workdir/zeroize/derive)
[INFO] [stderr]    Compiling prost-derive v0.7.0
[INFO] [stderr]    Compiling thiserror-impl v1.0.26
[INFO] [stderr]    Compiling num-derive v0.3.3
[INFO] [stderr]    Compiling serde_repr v0.1.7
[INFO] [stderr]    Compiling prost-amino-derive v0.6.1
[INFO] [stderr]    Compiling zeroize v1.4.1
[INFO] [stderr]    Compiling zeroize v1.4.1 (/opt/rustwide/workdir/zeroize)
[INFO] [stderr]    Compiling subtle-encoding v0.5.1 (/opt/rustwide/workdir/subtle-encoding)
[INFO] [stderr]    Compiling secrecy v0.8.0 (/opt/rustwide/workdir/secrecy)
[INFO] [stderr]    Compiling pkcs8 v0.7.5
[INFO] [stderr]    Compiling crypto-bigint v0.2.2
[INFO] [stderr]    Compiling subtle-encoding v0.5.1
[INFO] [stderr]    Compiling curve25519-dalek v3.1.0
[INFO] [stderr]    Compiling signatory v0.23.2 (/opt/rustwide/workdir/signatory)
[INFO] [stderr]    Compiling thiserror v1.0.26
[INFO] [stderr]    Compiling hkd32 v0.6.0 (/opt/rustwide/workdir/hkd32)
[INFO] [stderr]    Compiling elliptic-curve v0.10.5
[INFO] [stderr]    Compiling prost v0.7.0
[INFO] [stderr]    Compiling ecdsa v0.12.3
[INFO] [stderr]    Compiling prost-types v0.7.0
[INFO] [stderr]    Compiling k256 v0.9.6
[INFO] [stderr]    Compiling bip32 v0.2.1 (/opt/rustwide/workdir/bip32)
[INFO] [stderr]    Compiling futures-executor v0.3.16
[INFO] [stderr]    Compiling tokio-util v0.6.7
[INFO] [stderr]    Compiling tokio-rustls v0.22.0
[INFO] [stderr]    Compiling tokio-native-tls v0.3.0
[INFO] [stderr]    Compiling futures v0.3.16
[INFO] [stderr]    Compiling h2 v0.3.3
[INFO] [stderr]    Compiling serde_bytes v0.11.5
[INFO] [stderr]    Compiling ed25519 v1.2.0
[INFO] [stderr]    Compiling chrono v0.4.19
[INFO] [stderr]    Compiling toml v0.5.8
[INFO] [stderr]    Compiling rust_decimal v1.15.0
[INFO] [stderr]    Compiling ed25519-dalek v1.0.1
[INFO] [stderr]    Compiling tendermint-proto v0.21.0
[INFO] [stderr]    Compiling hyper v0.14.11
[INFO] [stderr]    Compiling stdtx v0.5.0 (/opt/rustwide/workdir/stdtx)
[INFO] [stderr]    Compiling hyper-rustls v0.22.1
[INFO] [stderr]    Compiling hyper-tls v0.5.0
[INFO] [stderr]    Compiling datadog v0.1.0 (/opt/rustwide/workdir/datadog)
[INFO] [stderr]    Compiling iqhttp v0.1.0 (/opt/rustwide/workdir/iqhttp)
[INFO] [stderr]    Compiling tendermint v0.21.0
[INFO] [stderr]    Compiling mintscan v0.1.0 (/opt/rustwide/workdir/mintscan)
[INFO] [stderr]     Finished dev [unoptimized + debuginfo] target(s) in 2m 17s
[INFO] running `Command { std: "docker" "inspect" "5f5ea96f7451485801b241140b27e6d2cb2d5f174190da3c85792bc7e0d80465", kill_on_drop: false }`
[INFO] running `Command { std: "docker" "rm" "-f" "5f5ea96f7451485801b241140b27e6d2cb2d5f174190da3c85792bc7e0d80465", kill_on_drop: false }`
[INFO] [stdout] 5f5ea96f7451485801b241140b27e6d2cb2d5f174190da3c85792bc7e0d80465
[INFO] running `Command { std: "docker" "create" "-v" "/var/lib/crater-agent-workspace/builds/worker-4/target:/opt/rustwide/target:rw,Z" "-v" "/var/lib/crater-agent-workspace/builds/worker-4/source:/opt/rustwide/workdir:ro,Z" "-v" "/var/lib/crater-agent-workspace/cargo-home:/opt/rustwide/cargo-home:ro,Z" "-v" "/var/lib/crater-agent-workspace/rustup-home:/opt/rustwide/rustup-home:ro,Z" "-e" "SOURCE_DIR=/opt/rustwide/workdir" "-e" "CARGO_TARGET_DIR=/opt/rustwide/target" "-e" "CARGO_INCREMENTAL=0" "-e" "RUST_BACKTRACE=full" "-e" "RUSTFLAGS=--cap-lints=warn" "-e" "CARGO_HOME=/opt/rustwide/cargo-home" "-e" "RUSTUP_HOME=/opt/rustwide/rustup-home" "-w" "/opt/rustwide/workdir" "-m" "1610612736" "--user" "0:0" "--network" "none" "ghcr.io/rust-lang/crates-build-env/linux@sha256:34b6a614d2c27851fe6cbf88fbd1137609cefab8b10d0615aaeb6fd47975d74e" "/opt/rustwide/cargo-home/bin/cargo" "+1.54.0" "test" "--frozen" "--no-run" "--message-format=json", kill_on_drop: false }`
[INFO] [stdout] da744e36f4a7afc2fd44e32b6349f23a534255a27a98bda75517337572ee5108
[INFO] running `Command { std: "docker" "start" "-a" "da744e36f4a7afc2fd44e32b6349f23a534255a27a98bda75517337572ee5108", kill_on_drop: false }`
[INFO] [stderr]    Compiling hex-literal v0.3.3
[INFO] [stderr]    Compiling remove_dir_all v0.5.3
[INFO] [stderr]    Compiling regex-syntax v0.6.25
[INFO] [stderr]    Compiling harp v0.1.0 (/opt/rustwide/workdir/harp)
[INFO] [stderr]    Compiling mio v0.7.13
[INFO] [stderr]    Compiling want v0.3.0
[INFO] [stderr]    Compiling rand_chacha v0.3.1
[INFO] [stderr]    Compiling rustls v0.19.1
[INFO] [stderr]    Compiling zeroize_derive v1.1.0 (/opt/rustwide/workdir/zeroize/derive)
[INFO] [stderr]    Compiling native-tls v0.2.7
[INFO] [stderr]    Compiling anomaly v0.2.0 (/opt/rustwide/workdir/anomaly)
[INFO] [stderr]    Compiling zeroize v1.4.1 (/opt/rustwide/workdir/zeroize)
[INFO] [stderr]    Compiling subtle-encoding v0.5.1 (/opt/rustwide/workdir/subtle-encoding)
[INFO] [stderr]    Compiling secrecy v0.8.0 (/opt/rustwide/workdir/secrecy)
[INFO] [stderr]    Compiling stdtx v0.5.0 (/opt/rustwide/workdir/stdtx)
[INFO] [stderr]    Compiling rand v0.8.4
[INFO] [stderr]    Compiling tokio v1.9.0
[INFO] [stderr]    Compiling bip32 v0.2.1 (/opt/rustwide/workdir/bip32)
[INFO] [stderr]    Compiling hkd32 v0.6.0 (/opt/rustwide/workdir/hkd32)
[INFO] [stderr]    Compiling tempfile v3.2.0
[INFO] [stderr]    Compiling canonical-path v2.0.2 (/opt/rustwide/workdir/canonical-path)
[INFO] [stderr]    Compiling signatory v0.23.2 (/opt/rustwide/workdir/signatory)
[INFO] [stderr]    Compiling regex v1.5.4
[INFO] [stderr]    Compiling env_logger v0.8.4
[INFO] [stderr]    Compiling rustls-native-certs v0.5.0
[INFO] [stderr]    Compiling quickcheck v1.0.3
[INFO] [stderr]    Compiling tai64 v3.1.0 (/opt/rustwide/workdir/tai64)
[INFO] [stderr]    Compiling tokio-util v0.6.7
[INFO] [stderr]    Compiling tokio-rustls v0.22.0
[INFO] [stderr]    Compiling tokio-native-tls v0.3.0
[INFO] [stderr]    Compiling h2 v0.3.3
[INFO] [stderr]    Compiling hyper v0.14.11
[INFO] [stderr]    Compiling hyper-rustls v0.22.1
[INFO] [stderr]    Compiling hyper-tls v0.5.0
[INFO] [stderr]    Compiling datadog v0.1.0 (/opt/rustwide/workdir/datadog)
[INFO] [stderr]    Compiling iqhttp v0.1.0 (/opt/rustwide/workdir/iqhttp)
[INFO] [stderr]    Compiling mintscan v0.1.0 (/opt/rustwide/workdir/mintscan)
[INFO] [stderr]     Finished test [unoptimized + debuginfo] target(s) in 1m 03s
[INFO] running `Command { std: "docker" "inspect" "da744e36f4a7afc2fd44e32b6349f23a534255a27a98bda75517337572ee5108", kill_on_drop: false }`
[INFO] running `Command { std: "docker" "rm" "-f" "da744e36f4a7afc2fd44e32b6349f23a534255a27a98bda75517337572ee5108", kill_on_drop: false }`
[INFO] [stdout] da744e36f4a7afc2fd44e32b6349f23a534255a27a98bda75517337572ee5108
[INFO] running `Command { std: "docker" "create" "-v" "/var/lib/crater-agent-workspace/builds/worker-4/target:/opt/rustwide/target:rw,Z" "-v" "/var/lib/crater-agent-workspace/builds/worker-4/source:/opt/rustwide/workdir:ro,Z" "-v" "/var/lib/crater-agent-workspace/cargo-home:/opt/rustwide/cargo-home:ro,Z" "-v" "/var/lib/crater-agent-workspace/rustup-home:/opt/rustwide/rustup-home:ro,Z" "-e" "SOURCE_DIR=/opt/rustwide/workdir" "-e" "CARGO_TARGET_DIR=/opt/rustwide/target" "-e" "CARGO_INCREMENTAL=0" "-e" "RUST_BACKTRACE=full" "-e" "RUSTFLAGS=--cap-lints=warn" "-e" "CARGO_HOME=/opt/rustwide/cargo-home" "-e" "RUSTUP_HOME=/opt/rustwide/rustup-home" "-w" "/opt/rustwide/workdir" "-m" "1610612736" "--user" "0:0" "--network" "none" "ghcr.io/rust-lang/crates-build-env/linux@sha256:34b6a614d2c27851fe6cbf88fbd1137609cefab8b10d0615aaeb6fd47975d74e" "/opt/rustwide/cargo-home/bin/cargo" "+1.54.0" "test" "--frozen", kill_on_drop: false }`
[INFO] [stdout] 5dff669d0ea0d69e485f262014426fab9b989b69c9b7dc3fefc1f40399c592fe
[INFO] running `Command { std: "docker" "start" "-a" "5dff669d0ea0d69e485f262014426fab9b989b69c9b7dc3fefc1f40399c592fe", kill_on_drop: false }`
[INFO] [stderr]     Finished test [unoptimized + debuginfo] target(s) in 0.25s
[INFO] [stderr]      Running unittests (/opt/rustwide/target/debug/deps/anomaly-861176e83822e5da)
[INFO] [stdout] 
[INFO] [stdout] running 0 tests
[INFO] [stdout] 
[INFO] [stdout] test result: ok. 0 passed; 0 failed; 0 ignored; 0 measured; 0 filtered out; finished in 0.00s
[INFO] [stdout] 
[INFO] [stderr]      Running unittests (/opt/rustwide/target/debug/deps/bip32-84d3ca5d39f80baf)
[INFO] [stdout] 
[INFO] [stdout] running 9 tests
[INFO] [stdout] test derivation_path::tests::parent ... ok
[INFO] [stdout] test child_number::tests::index_overflow ... ok
[INFO] [stdout] test derivation_path::tests::round_trip ... ok
[INFO] [stdout] test extended_key::tests::bip32_test_vector_1_xpub ... ok
[INFO] [stdout] test child_number::tests::parse_hardened ... ok
[INFO] [stdout] test child_number::tests::parse_non_hardened ... ok
[INFO] [stdout] test prefix::tests::constants ... ok
[INFO] [stdout] test child_number::tests::parse_rejects_invalid ... ok
[INFO] [stdout] test extended_key::tests::bip32_test_vector_1_xprv ... ok
[INFO] [stdout] 
[INFO] [stdout] test result: ok. 9 passed; 0 failed; 0 ignored; 0 measured; 0 filtered out; finished in 0.01s
[INFO] [stdout] 
[INFO] [stderr]      Running tests/bip32_vectors.rs (/opt/rustwide/target/debug/deps/bip32_vectors-e6e01cb4d3ba7501)
[INFO] [stdout] 
[INFO] [stdout] running 4 tests
[INFO] [stdout] test test_vector_3 ... ok
[INFO] [stdout] test test_vector_4 ... ok
[INFO] [stdout] test test_vector_1 ... ok
[INFO] [stderr]      Running tests/bip39_vectors.rs (/opt/rustwide/target/debug/deps/bip39_vectors-ae19a5786881fa4a)
[INFO] [stdout] test test_vector_2 ... ok
[INFO] [stdout] 
[INFO] [stdout] test result: ok. 4 passed; 0 failed; 0 ignored; 0 measured; 0 filtered out; finished in 0.15s
[INFO] [stdout] 
[INFO] [stdout] 
[INFO] [stdout] running 3 tests
[INFO] [stdout] test test_mnemonic ... ok
[INFO] [stdout] test test_xprv ... ok
[INFO] [stdout] test test_seed ... ok
[INFO] [stdout] 
[INFO] [stdout] test result: ok. 3 passed; 0 failed; 0 ignored; 0 measured; 0 filtered out; finished in 1.45s
[INFO] [stdout] 
[INFO] [stderr]      Running unittests (/opt/rustwide/target/debug/deps/canonical_path-be9f77c8167453a7)
[INFO] [stdout] 
[INFO] [stdout] running 4 tests
[INFO] [stdout] test tests::create_canonical_path ... ok
[INFO] [stdout] test tests::reject_canonical_path_symlinks ... ok
[INFO] [stdout] test tests::create_canonical_path_buf ... ok
[INFO] [stdout] test tests::reject_canonical_path_buf_symlinks ... ok
[INFO] [stdout] 
[INFO] [stdout] test result: ok. 4 passed; 0 failed; 0 ignored; 0 measured; 0 filtered out; finished in 0.04s
[INFO] [stdout] 
[INFO] [stderr]      Running unittests (/opt/rustwide/target/debug/deps/datadog-2d9c5a39ab055a31)
[INFO] [stdout] 
[INFO] [stdout] running 2 tests
[INFO] [stdout] test tests::test_send_event ... ignored
[INFO] [stdout] test tests::test_send_stream_event ... ignored
[INFO] [stdout] 
[INFO] [stderr]      Running unittests (/opt/rustwide/target/debug/deps/harp-588955f68c3bb9d7)
[INFO] [stdout] test result: ok. 0 passed; 0 failed; 2 ignored; 0 measured; 0 filtered out; finished in 0.00s
[INFO] [stdout] 
[INFO] [stdout] 
[INFO] [stdout] running 0 tests
[INFO] [stdout] 
[INFO] [stdout] test result: ok. 0 passed; 0 failed; 0 ignored; 0 measured; 0 filtered out; finished in 0.00s
[INFO] [stdout] 
[INFO] [stderr]      Running unittests (/opt/rustwide/target/debug/deps/hkd32-66b48d9172eea8eb)
[INFO] [stdout] 
[INFO] [stdout] running 2 tests
[INFO] [stdout] test path::tests::test_root ... ok
[INFO] [stdout] test pathbuf::tests::test_root ... ok
[INFO] [stdout] 
[INFO] [stdout] test result: ok. 2 passed; 0 failed; 0 ignored; 0 measured; 0 filtered out; finished in 0.01s
[INFO] [stdout] 
[INFO] [stderr]      Running tests/bip39_vectors.rs (/opt/rustwide/target/debug/deps/bip39_vectors-a78f3b168e0b24aa)
[INFO] [stdout] 
[INFO] [stdout] running 2 tests
[INFO] [stdout] test mnemonic_tests::test_all ... ok
[INFO] [stdout] test seed_tests::test_all ... ok
[INFO] [stderr]      Running tests/test_vectors.rs (/opt/rustwide/target/debug/deps/test_vectors-0cf28a67a34e81f0)
[INFO] [stdout] 
[INFO] [stdout] test result: ok. 2 passed; 0 failed; 0 ignored; 0 measured; 0 filtered out; finished in 1.46s
[INFO] [stdout] 
[INFO] [stdout] 
[INFO] [stdout] running 5 tests
[INFO] [stdout] test test_vector_3 ... ok
[INFO] [stdout] test test_vector_0_empty_path ... ok
[INFO] [stdout] test test_vector_1 ... ok
[INFO] [stdout] test test_vector_2 ... ok
[INFO] [stdout] test test_mnemonic_derivation ... ok
[INFO] [stdout] 
[INFO] [stdout] test result: ok. 5 passed; 0 failed; 0 ignored; 0 measured; 0 filtered out; finished in 0.04s
[INFO] [stdout] 
[INFO] [stderr]      Running unittests (/opt/rustwide/target/debug/deps/iqhttp-a46258dcffe816cb)
[INFO] [stdout] 
[INFO] [stdout] running 1 test
[INFO] [stdout] test query::tests::params_to_string ... ok
[INFO] [stdout] 
[INFO] [stdout] test result: ok. 1 passed; 0 failed; 0 ignored; 0 measured; 0 filtered out; finished in 0.01s
[INFO] [stdout] 
[INFO] [stderr]      Running unittests (/opt/rustwide/target/debug/deps/mintscan-77779b1c2b5aa138)
[INFO] [stdout] 
[INFO] [stdout] running 0 tests
[INFO] [stdout] 
[INFO] [stdout] test result: ok. 0 passed; 0 failed; 0 ignored; 0 measured; 0 filtered out; finished in 0.00s
[INFO] [stdout] 
[INFO] [stderr]      Running tests/integration.rs (/opt/rustwide/target/debug/deps/integration-918f2c48cf227655)
[INFO] [stdout] 
[INFO] [stdout] running 3 tests
[INFO] [stdout] test validator_uptime ... FAILED
[INFO] [stdout] test status ... FAILED
[INFO] [stdout] test validator ... FAILED
[INFO] [stdout] 
[INFO] [stdout] failures:
[INFO] [stdout] 
[INFO] [stdout] ---- validator_uptime stdout ----
[INFO] [stdout] thread 'validator_uptime' panicked at 'assertion failed: result.is_ok()', mintscan/tests/integration.rs:49:5
[INFO] [stdout] stack backtrace:
[INFO] [stdout]    0:     0x560e1338ca30 - std::backtrace_rs::backtrace::libunwind::trace::h34055254b57d8e79
[INFO] [stdout]                                at /rustc/a178d0322ce20e33eac124758e837cbd80a6f633/library/std/src/../../backtrace/src/backtrace/libunwind.rs:90:5
[INFO] [stdout]    1:     0x560e1338ca30 - std::backtrace_rs::backtrace::trace_unsynchronized::h8f1e3fbd9afff6ec
[INFO] [stdout]                                at /rustc/a178d0322ce20e33eac124758e837cbd80a6f633/library/std/src/../../backtrace/src/backtrace/mod.rs:66:5
[INFO] [stdout]    2:     0x560e1338ca30 - std::sys_common::backtrace::_print_fmt::h3a99a796b770c360
[INFO] [stdout]                                at /rustc/a178d0322ce20e33eac124758e837cbd80a6f633/library/std/src/sys_common/backtrace.rs:67:5
[INFO] [stdout]    3:     0x560e1338ca30 - <std::sys_common::backtrace::_print::DisplayBacktrace as core::fmt::Display>::fmt::h32d1f94a80615d18
[INFO] [stdout]                                at /rustc/a178d0322ce20e33eac124758e837cbd80a6f633/library/std/src/sys_common/backtrace.rs:46:22
[INFO] [stdout]    4:     0x560e133afd1c - core::fmt::write::h306731c068f7162c
[INFO] [stdout]                                at /rustc/a178d0322ce20e33eac124758e837cbd80a6f633/library/core/src/fmt/mod.rs:1110:17
[INFO] [stdout]    5:     0x560e133860c5 - std::io::Write::write_fmt::h87f19b0a2cd190bc
[INFO] [stdout]                                at /rustc/a178d0322ce20e33eac124758e837cbd80a6f633/library/std/src/io/mod.rs:1588:15
[INFO] [stdout]    6:     0x560e1338ebdb - std::sys_common::backtrace::_print::h5abaa2601a852287
[INFO] [stdout]                                at /rustc/a178d0322ce20e33eac124758e837cbd80a6f633/library/std/src/sys_common/backtrace.rs:49:5
[INFO] [stdout]    7:     0x560e1338ebdb - std::sys_common::backtrace::print::h8d81445442bb638f
[INFO] [stdout]                                at /rustc/a178d0322ce20e33eac124758e837cbd80a6f633/library/std/src/sys_common/backtrace.rs:36:9
[INFO] [stdout]    8:     0x560e1338ebdb - std::panicking::default_hook::{{closure}}::hcfe804496a9fa747
[INFO] [stdout]                                at /rustc/a178d0322ce20e33eac124758e837cbd80a6f633/library/std/src/panicking.rs:208:50
[INFO] [stdout]    9:     0x560e1338e6ec - std::panicking::default_hook::hbea8e3ccf2ba8901
[INFO] [stdout]                                at /rustc/a178d0322ce20e33eac124758e837cbd80a6f633/library/std/src/panicking.rs:222:9
[INFO] [stdout]   10:     0x560e1338f2a4 - std::panicking::rust_panic_with_hook::h7ee9e1a2d0f8975a
[INFO] [stdout]                                at /rustc/a178d0322ce20e33eac124758e837cbd80a6f633/library/std/src/panicking.rs:622:17
[INFO] [stdout]   11:     0x560e1338ed57 - std::panicking::begin_panic_handler::{{closure}}::h8ab3b4491718b2c7
[INFO] [stdout]                                at /rustc/a178d0322ce20e33eac124758e837cbd80a6f633/library/std/src/panicking.rs:517:13
[INFO] [stdout]   12:     0x560e1338cf2c - std::sys_common::backtrace::__rust_end_short_backtrace::hd489062ffa586a9f
[INFO] [stdout]                                at /rustc/a178d0322ce20e33eac124758e837cbd80a6f633/library/std/src/sys_common/backtrace.rs:141:18
[INFO] [stdout]   13:     0x560e1338ece9 - rust_begin_unwind
[INFO] [stdout]                                at /rustc/a178d0322ce20e33eac124758e837cbd80a6f633/library/std/src/panicking.rs:515:5
[INFO] [stdout]   14:     0x560e12cddd31 - core::panicking::panic_fmt::hca6330e3e14086b4
[INFO] [stdout]                                at /rustc/a178d0322ce20e33eac124758e837cbd80a6f633/library/core/src/panicking.rs:92:14
[INFO] [stdout]   15:     0x560e12cddc7d - core::panicking::panic::h1a48d878ff3dcd40
[INFO] [stdout]                                at /rustc/a178d0322ce20e33eac124758e837cbd80a6f633/library/core/src/panicking.rs:50:5
[INFO] [stdout]   16:     0x560e12ddd426 - integration::validator_uptime::{{closure}}::h5f795979da9ce7ca
[INFO] [stdout]                                at /opt/rustwide/workdir/mintscan/tests/integration.rs:49:5
[INFO] [stdout]   17:     0x560e12e16d8b - <core::future::from_generator::GenFuture<T> as core::future::future::Future>::poll::h429aa539eeda03f9
[INFO] [stdout]                                at /rustc/a178d0322ce20e33eac124758e837cbd80a6f633/library/core/src/future/mod.rs:80:19
[INFO] [stdout]   18:     0x560e12de8f8f - <core::pin::Pin<P> as core::future::future::Future>::poll::ha88b4398cca18d52
[INFO] [stdout]                                at /rustc/a178d0322ce20e33eac124758e837cbd80a6f633/library/core/src/future/future.rs:119:9
[INFO] [stdout]   19:     0x560e12dfb6f0 - tokio::runtime::basic_scheduler::Inner<P>::block_on::{{closure}}::{{closure}}::he9c1f16288e3c4ae
[INFO] [stdout]                                at /opt/rustwide/cargo-home/registry/src/github.com-1ecc6299db9ec823/tokio-1.9.0/src/runtime/basic_scheduler.rs:208:62
[INFO] [stdout]   20:     0x560e12d4d35c - tokio::coop::with_budget::{{closure}}::h9dde19ad9785feb6
[INFO] [stdout]                                at /opt/rustwide/cargo-home/registry/src/github.com-1ecc6299db9ec823/tokio-1.9.0/src/coop.rs:106:9
[INFO] [stdout]   21:     0x560e12d91861 - std::thread::local::LocalKey<T>::try_with::h4b684e91b0255098
[INFO] [stdout]                                at /rustc/a178d0322ce20e33eac124758e837cbd80a6f633/library/std/src/thread/local.rs:400:16
[INFO] [stdout]   22:     0x560e12d90ead - std::thread::local::LocalKey<T>::with::h11b956d627a65238
[INFO] [stdout]                                at /rustc/a178d0322ce20e33eac124758e837cbd80a6f633/library/std/src/thread/local.rs:376:9
[INFO] [stdout]   23:     0x560e12dfae7c - tokio::coop::with_budget::h01ed916b2ee29f9b
[INFO] [stdout]                                at /opt/rustwide/cargo-home/registry/src/github.com-1ecc6299db9ec823/tokio-1.9.0/src/coop.rs:99:5
[INFO] [stdout]   24:     0x560e12dfae7c - tokio::coop::budget::h2f707027f96eb0ac
[INFO] [stdout]                                at /opt/rustwide/cargo-home/registry/src/github.com-1ecc6299db9ec823/tokio-1.9.0/src/coop.rs:76:5
[INFO] [stdout]   25:     0x560e12dfae7c - tokio::runtime::basic_scheduler::Inner<P>::block_on::{{closure}}::hb3f03c429576a698
[INFO] [stdout]                                at /opt/rustwide/cargo-home/registry/src/github.com-1ecc6299db9ec823/tokio-1.9.0/src/runtime/basic_scheduler.rs:208:39
[INFO] [stdout]   26:     0x560e12dfd321 - tokio::runtime::basic_scheduler::enter::{{closure}}::h6857e6e10d4a09ef
[INFO] [stdout]                                at /opt/rustwide/cargo-home/registry/src/github.com-1ecc6299db9ec823/tokio-1.9.0/src/runtime/basic_scheduler.rs:299:29
[INFO] [stdout]   27:     0x560e12dda34d - tokio::macros::scoped_tls::ScopedKey<T>::set::hc4bec94d38c71374
[INFO] [stdout]                                at /opt/rustwide/cargo-home/registry/src/github.com-1ecc6299db9ec823/tokio-1.9.0/src/macros/scoped_tls.rs:61:9
[INFO] [stdout]   28:     0x560e12dfcf86 - tokio::runtime::basic_scheduler::enter::hd495c7a07135a7ad
[INFO] [stdout]                                at /opt/rustwide/cargo-home/registry/src/github.com-1ecc6299db9ec823/tokio-1.9.0/src/runtime/basic_scheduler.rs:299:5
[INFO] [stdout]   29:     0x560e12df9a1b - tokio::runtime::basic_scheduler::Inner<P>::block_on::hc3a4e0d919e00b95
[INFO] [stdout]                                at /opt/rustwide/cargo-home/registry/src/github.com-1ecc6299db9ec823/tokio-1.9.0/src/runtime/basic_scheduler.rs:197:9
[INFO] [stdout]   30:     0x560e12dfb864 - tokio::runtime::basic_scheduler::InnerGuard<P>::block_on::h04369375618c5899
[INFO] [stdout]                                at /opt/rustwide/cargo-home/registry/src/github.com-1ecc6299db9ec823/tokio-1.9.0/src/runtime/basic_scheduler.rs:452:9
[INFO] [stdout]   31:     0x560e12dfbc88 - tokio::runtime::basic_scheduler::BasicScheduler<P>::block_on::h364314254099afcf
[INFO] [stdout]                                at /opt/rustwide/cargo-home/registry/src/github.com-1ecc6299db9ec823/tokio-1.9.0/src/runtime/basic_scheduler.rs:157:24
[INFO] [stdout]   32:     0x560e12e3e5c0 - tokio::runtime::Runtime::block_on::hac577e714cac699f
[INFO] [stdout]                                at /opt/rustwide/cargo-home/registry/src/github.com-1ecc6299db9ec823/tokio-1.9.0/src/runtime/mod.rs:450:46
[INFO] [stdout]   33:     0x560e12ddd0cd - integration::validator_uptime::haf2fe2889a7357d2
[INFO] [stdout]                                at /opt/rustwide/workdir/mintscan/tests/integration.rs:49:5
[INFO] [stdout]   34:     0x560e12ddcfea - integration::validator_uptime::{{closure}}::h3063d5ea01d0e89d
[INFO] [stdout]                                at /opt/rustwide/workdir/mintscan/tests/integration.rs:43:7
[INFO] [stdout]   35:     0x560e12da62de - core::ops::function::FnOnce::call_once::h8145bb444acac9cc
[INFO] [stdout]                                at /rustc/a178d0322ce20e33eac124758e837cbd80a6f633/library/core/src/ops/function.rs:227:5
[INFO] [stdout]   36:     0x560e12e6d783 - core::ops::function::FnOnce::call_once::h152e7e439ff59e19
[INFO] [stdout]                                at /rustc/a178d0322ce20e33eac124758e837cbd80a6f633/library/core/src/ops/function.rs:227:5
[INFO] [stdout]   37:     0x560e12e6d783 - test::__rust_begin_short_backtrace::h0908f3b1fdbb72ab
[INFO] [stdout]                                at /rustc/a178d0322ce20e33eac124758e837cbd80a6f633/library/test/src/lib.rs:577:5
[INFO] [stdout]   38:     0x560e12e6c240 - <alloc::boxed::Box<F,A> as core::ops::function::FnOnce<Args>>::call_once::hf6d2a51e5587546c
[INFO] [stdout]                                at /rustc/a178d0322ce20e33eac124758e837cbd80a6f633/library/alloc/src/boxed.rs:1575:9
[INFO] [stdout]   39:     0x560e12e6c240 - <std::panic::AssertUnwindSafe<F> as core::ops::function::FnOnce<()>>::call_once::h8af660f3a89ef593
[INFO] [stdout]                                at /rustc/a178d0322ce20e33eac124758e837cbd80a6f633/library/std/src/panic.rs:347:9
[INFO] [stdout]   40:     0x560e12e6c240 - std::panicking::try::do_call::hd36aef60f84b6d36
[INFO] [stdout]                                at /rustc/a178d0322ce20e33eac124758e837cbd80a6f633/library/std/src/panicking.rs:401:40
[INFO] [stdout]   41:     0x560e12e6c240 - std::panicking::try::h9932b4480e69817c
[INFO] [stdout]                                at /rustc/a178d0322ce20e33eac124758e837cbd80a6f633/library/std/src/panicking.rs:365:19
[INFO] [stdout]   42:     0x560e12e6c240 - std::panic::catch_unwind::h6aa177099cfff5f8
[INFO] [stdout]                                at /rustc/a178d0322ce20e33eac124758e837cbd80a6f633/library/std/src/panic.rs:434:14
[INFO] [stdout]   43:     0x560e12e6c240 - test::run_test_in_process::h5884d6f2d99e20c3
[INFO] [stdout]                                at /rustc/a178d0322ce20e33eac124758e837cbd80a6f633/library/test/src/lib.rs:600:18
[INFO] [stdout]   44:     0x560e12e6c240 - test::run_test::run_test_inner::{{closure}}::h6fdc58c6d5f5b6e3
[INFO] [stdout]                                at /rustc/a178d0322ce20e33eac124758e837cbd80a6f633/library/test/src/lib.rs:492:39
[INFO] [stdout]   45:     0x560e12e458f2 - test::run_test::run_test_inner::{{closure}}::h408365d67a78ade8
[INFO] [stdout]                                at /rustc/a178d0322ce20e33eac124758e837cbd80a6f633/library/test/src/lib.rs:519:37
[INFO] [stdout]   46:     0x560e12e458f2 - std::sys_common::backtrace::__rust_begin_short_backtrace::hb560b77c4f701523
[INFO] [stdout]                                at /rustc/a178d0322ce20e33eac124758e837cbd80a6f633/library/std/src/sys_common/backtrace.rs:125:18
[INFO] [stdout]   47:     0x560e12e494a8 - std::thread::Builder::spawn_unchecked::{{closure}}::{{closure}}::hf2e7831dad93c597
[INFO] [stdout]                                at /rustc/a178d0322ce20e33eac124758e837cbd80a6f633/library/std/src/thread/mod.rs:481:17
[INFO] [stdout]   48:     0x560e12e494a8 - <std::panic::AssertUnwindSafe<F> as core::ops::function::FnOnce<()>>::call_once::hd2e08783d8be4d02
[INFO] [stdout]                                at /rustc/a178d0322ce20e33eac124758e837cbd80a6f633/library/std/src/panic.rs:347:9
[INFO] [stdout]   49:     0x560e12e494a8 - std::panicking::try::do_call::h062597b7acfd6b82
[INFO] [stdout]                                at /rustc/a178d0322ce20e33eac124758e837cbd80a6f633/library/std/src/panicking.rs:401:40
[INFO] [stdout]   50:     0x560e12e494a8 - std::panicking::try::h0d7b79db04c14552
[INFO] [stdout]                                at /rustc/a178d0322ce20e33eac124758e837cbd80a6f633/library/std/src/panicking.rs:365:19
[INFO] [stdout]   51:     0x560e12e494a8 - std::panic::catch_unwind::hb01a0b5e7c8cd43b
[INFO] [stdout]                                at /rustc/a178d0322ce20e33eac124758e837cbd80a6f633/library/std/src/panic.rs:434:14
[INFO] [stdout]   52:     0x560e12e494a8 - std::thread::Builder::spawn_unchecked::{{closure}}::h5bde48cc887e0d1e
[INFO] [stdout]                                at /rustc/a178d0322ce20e33eac124758e837cbd80a6f633/library/std/src/thread/mod.rs:480:30
[INFO] [stdout]   53:     0x560e12e494a8 - core::ops::function::FnOnce::call_once{{vtable.shim}}::h745ea30807a29e55
[INFO] [stdout]                                at /rustc/a178d0322ce20e33eac124758e837cbd80a6f633/library/core/src/ops/function.rs:227:5
[INFO] [stdout]   54:     0x560e133947b7 - <alloc::boxed::Box<F,A> as core::ops::function::FnOnce<Args>>::call_once::h7ece6cfefaff1005
[INFO] [stdout]                                at /rustc/a178d0322ce20e33eac124758e837cbd80a6f633/library/alloc/src/boxed.rs:1575:9
[INFO] [stdout]   55:     0x560e133947b7 - <alloc::boxed::Box<F,A> as core::ops::function::FnOnce<Args>>::call_once::hb8b48e55c21f193e
[INFO] [stdout]                                at /rustc/a178d0322ce20e33eac124758e837cbd80a6f633/library/alloc/src/boxed.rs:1575:9
[INFO] [stdout]   56:     0x560e133947b7 - std::sys::unix::thread::Thread::new::thread_start::h8c7c4450dba62914
[INFO] [stdout]                                at /rustc/a178d0322ce20e33eac124758e837cbd80a6f633/library/std/src/sys/unix/thread.rs:71:17
[INFO] [stdout]   57:     0x7fab0ca18609 - start_thread
[INFO] [stdout]   58:     0x7fab0c7ea293 - clone
[INFO] [stdout]   59:                0x0 - <unknown>
[INFO] [stdout] 
[INFO] [stdout] ---- status stdout ----
[INFO] [stdout] thread 'status' panicked at 'assertion failed: result.is_ok()', mintscan/tests/integration.rs:18:5
[INFO] [stdout] stack backtrace:
[INFO] [stdout]    0:     0x560e1338ca30 - std::backtrace_rs::backtrace::libunwind::trace::h34055254b57d8e79
[INFO] [stdout]                                at /rustc/a178d0322ce20e33eac124758e837cbd80a6f633/library/std/src/../../backtrace/src/backtrace/libunwind.rs:90:5
[INFO] [stdout]    1:     0x560e1338ca30 - std::backtrace_rs::backtrace::trace_unsynchronized::h8f1e3fbd9afff6ec
[INFO] [stdout]                                at /rustc/a178d0322ce20e33eac124758e837cbd80a6f633/library/std/src/../../backtrace/src/backtrace/mod.rs:66:5
[INFO] [stdout]    2:     0x560e1338ca30 - std::sys_common::backtrace::_print_fmt::h3a99a796b770c360
[INFO] [stdout]                                at /rustc/a178d0322ce20e33eac124758e837cbd80a6f633/library/std/src/sys_common/backtrace.rs:67:5
[INFO] [stdout]    3:     0x560e1338ca30 - <std::sys_common::backtrace::_print::DisplayBacktrace as core::fmt::Display>::fmt::h32d1f94a80615d18
[INFO] [stdout]                                at /rustc/a178d0322ce20e33eac124758e837cbd80a6f633/library/std/src/sys_common/backtrace.rs:46:22
[INFO] [stdout]    4:     0x560e133afd1c - core::fmt::write::h306731c068f7162c
[INFO] [stdout]                                at /rustc/a178d0322ce20e33eac124758e837cbd80a6f633/library/core/src/fmt/mod.rs:1110:17
[INFO] [stdout]    5:     0x560e133860c5 - std::io::Write::write_fmt::h87f19b0a2cd190bc
[INFO] [stdout]                                at /rustc/a178d0322ce20e33eac124758e837cbd80a6f633/library/std/src/io/mod.rs:1588:15
[INFO] [stdout]    6:     0x560e1338ebdb - std::sys_common::backtrace::_print::h5abaa2601a852287
[INFO] [stdout]                                at /rustc/a178d0322ce20e33eac124758e837cbd80a6f633/library/std/src/sys_common/backtrace.rs:49:5
[INFO] [stdout]    7:     0x560e1338ebdb - std::sys_common::backtrace::print::h8d81445442bb638f
[INFO] [stdout]                                at /rustc/a178d0322ce20e33eac124758e837cbd80a6f633/library/std/src/sys_common/backtrace.rs:36:9
[INFO] [stdout]    8:     0x560e1338ebdb - std::panicking::default_hook::{{closure}}::hcfe804496a9fa747
[INFO] [stdout]                                at /rustc/a178d0322ce20e33eac124758e837cbd80a6f633/library/std/src/panicking.rs:208:50
[INFO] [stdout]    9:     0x560e1338e6ec - std::panicking::default_hook::hbea8e3ccf2ba8901
[INFO] [stdout]                                at /rustc/a178d0322ce20e33eac124758e837cbd80a6f633/library/std/src/panicking.rs:222:9
[INFO] [stdout]   10:     0x560e1338f2a4 - std::panicking::rust_panic_with_hook::h7ee9e1a2d0f8975a
[INFO] [stdout]                                at /rustc/a178d0322ce20e33eac124758e837cbd80a6f633/library/std/src/panicking.rs:622:17
[INFO] [stdout]   11:     0x560e1338ed57 - std::panicking::begin_panic_handler::{{closure}}::h8ab3b4491718b2c7
[INFO] [stdout]                                at /rustc/a178d0322ce20e33eac124758e837cbd80a6f633/library/std/src/panicking.rs:517:13
[INFO] [stdout]   12:     0x560e1338cf2c - std::sys_common::backtrace::__rust_end_short_backtrace::hd489062ffa586a9f
[INFO] [stdout]                                at /rustc/a178d0322ce20e33eac124758e837cbd80a6f633/library/std/src/sys_common/backtrace.rs:141:18
[INFO] [stdout]   13:     0x560e1338ece9 - rust_begin_unwind
[INFO] [stdout]                                at /rustc/a178d0322ce20e33eac124758e837cbd80a6f633/library/std/src/panicking.rs:515:5
[INFO] [stdout]   14:     0x560e12cddd31 - core::panicking::panic_fmt::hca6330e3e14086b4
[INFO] [stdout]                                at /rustc/a178d0322ce20e33eac124758e837cbd80a6f633/library/core/src/panicking.rs:92:14
[INFO] [stdout]   15:     0x560e12cddc7d - core::panicking::panic::h1a48d878ff3dcd40
[INFO] [stdout]                                at /rustc/a178d0322ce20e33eac124758e837cbd80a6f633/library/core/src/panicking.rs:50:5
[INFO] [stdout]   16:     0x560e12ddc6f0 - integration::status::{{closure}}::hdf504836af9ffc0c
[INFO] [stdout]                                at /opt/rustwide/workdir/mintscan/tests/integration.rs:18:5
[INFO] [stdout]   17:     0x560e12e16e1b - <core::future::from_generator::GenFuture<T> as core::future::future::Future>::poll::h4677ccbda84a142f
[INFO] [stdout]                                at /rustc/a178d0322ce20e33eac124758e837cbd80a6f633/library/core/src/future/mod.rs:80:19
[INFO] [stdout]   18:     0x560e12de8d4f - <core::pin::Pin<P> as core::future::future::Future>::poll::h6b2d490f1e0a8a88
[INFO] [stdout]                                at /rustc/a178d0322ce20e33eac124758e837cbd80a6f633/library/core/src/future/future.rs:119:9
[INFO] [stdout]   19:     0x560e12dfb560 - tokio::runtime::basic_scheduler::Inner<P>::block_on::{{closure}}::{{closure}}::h9b7477259d91abfa
[INFO] [stdout]                                at /opt/rustwide/cargo-home/registry/src/github.com-1ecc6299db9ec823/tokio-1.9.0/src/runtime/basic_scheduler.rs:208:62
[INFO] [stdout]   20:     0x560e12d4c9dc - tokio::coop::with_budget::{{closure}}::h2de2e5e7e1a16d22
[INFO] [stdout]                                at /opt/rustwide/cargo-home/registry/src/github.com-1ecc6299db9ec823/tokio-1.9.0/src/coop.rs:106:9
[INFO] [stdout]   21:     0x560e12d91d71 - std::thread::local::LocalKey<T>::try_with::h77d593be5112b860
[INFO] [stdout]                                at /rustc/a178d0322ce20e33eac124758e837cbd80a6f633/library/std/src/thread/local.rs:400:16
[INFO] [stdout]   22:     0x560e12d90ffd - std::thread::local::LocalKey<T>::with::h1bc01ab5104d0381
[INFO] [stdout]                                at /rustc/a178d0322ce20e33eac124758e837cbd80a6f633/library/std/src/thread/local.rs:376:9
[INFO] [stdout]   23:     0x560e12dfa5dc - tokio::coop::with_budget::h5530738be3328862
[INFO] [stdout]                                at /opt/rustwide/cargo-home/registry/src/github.com-1ecc6299db9ec823/tokio-1.9.0/src/coop.rs:99:5
[INFO] [stdout]   24:     0x560e12dfa5dc - tokio::coop::budget::he4ad597331aff292
[INFO] [stdout]                                at /opt/rustwide/cargo-home/registry/src/github.com-1ecc6299db9ec823/tokio-1.9.0/src/coop.rs:76:5
[INFO] [stdout]   25:     0x560e12dfa5dc - tokio::runtime::basic_scheduler::Inner<P>::block_on::{{closure}}::h51e1f8ce314d98e3
[INFO] [stdout]                                at /opt/rustwide/cargo-home/registry/src/github.com-1ecc6299db9ec823/tokio-1.9.0/src/runtime/basic_scheduler.rs:208:39
[INFO] [stdout]   26:     0x560e12dfd3a1 - tokio::runtime::basic_scheduler::enter::{{closure}}::hd945c8e7caba68e0
[INFO] [stdout]                                at /opt/rustwide/cargo-home/registry/src/github.com-1ecc6299db9ec823/tokio-1.9.0/src/runtime/basic_scheduler.rs:299:29
[INFO] [stdout]   27:     0x560e12dda25d - tokio::macros::scoped_tls::ScopedKey<T>::set::ha72ace9bfcc75051
[INFO] [stdout]                                at /opt/rustwide/cargo-home/registry/src/github.com-1ecc6299db9ec823/tokio-1.9.0/src/macros/scoped_tls.rs:61:9
[INFO] [stdout]   28:     0x560e12dfcc66 - tokio::runtime::basic_scheduler::enter::h593c52916e14e6e8
[INFO] [stdout]                                at /opt/rustwide/cargo-home/registry/src/github.com-1ecc6299db9ec823/tokio-1.9.0/src/runtime/basic_scheduler.rs:299:5
[INFO] [stdout]   29:     0x560e12df99db - tokio::runtime::basic_scheduler::Inner<P>::block_on::h0a35dcb29f8c1af8
[INFO] [stdout]                                at /opt/rustwide/cargo-home/registry/src/github.com-1ecc6299db9ec823/tokio-1.9.0/src/runtime/basic_scheduler.rs:197:9
[INFO] [stdout]   30:     0x560e12dfb984 - tokio::runtime::basic_scheduler::InnerGuard<P>::block_on::h32080908bc279c16
[INFO] [stdout]                                at /opt/rustwide/cargo-home/registry/src/github.com-1ecc6299db9ec823/tokio-1.9.0/src/runtime/basic_scheduler.rs:452:9
[INFO] [stdout]   31:     0x560e12dfc3e8 - tokio::runtime::basic_scheduler::BasicScheduler<P>::block_on::haa2949bc88ec8c0c
[INFO] [stdout]                                at /opt/rustwide/cargo-home/registry/src/github.com-1ecc6299db9ec823/tokio-1.9.0/src/runtime/basic_scheduler.rs:157:24
[INFO] [stdout]   32:     0x560e12e3e440 - tokio::runtime::Runtime::block_on::h6fd2612983fc42d6
[INFO] [stdout]                                at /opt/rustwide/cargo-home/registry/src/github.com-1ecc6299db9ec823/tokio-1.9.0/src/runtime/mod.rs:450:46
[INFO] [stdout]   33:     0x560e12ddc3ad - integration::status::h21dd4bc5ae983c98
[INFO] [stdout]                                at /opt/rustwide/workdir/mintscan/tests/integration.rs:18:5
[INFO] [stdout]   34:     0x560e12ddc2ca - integration::status::{{closure}}::ha0f37a090e60efea
[INFO] [stdout]                                at /opt/rustwide/workdir/mintscan/tests/integration.rs:14:7
[INFO] [stdout]   35:     0x560e12da5fce - core::ops::function::FnOnce::call_once::h48201e516b11a59c
[INFO] [stdout]                                at /rustc/a178d0322ce20e33eac124758e837cbd80a6f633/library/core/src/ops/function.rs:227:5
[INFO] [stdout]   36:     0x560e12e6d783 - core::ops::function::FnOnce::call_once::h152e7e439ff59e19
[INFO] [stdout]                                at /rustc/a178d0322ce20e33eac124758e837cbd80a6f633/library/core/src/ops/function.rs:227:5
[INFO] [stdout]   37:     0x560e12e6d783 - test::__rust_begin_short_backtrace::h0908f3b1fdbb72ab
[INFO] [stdout]                                at /rustc/a178d0322ce20e33eac124758e837cbd80a6f633/library/test/src/lib.rs:577:5
[INFO] [stdout]   38:     0x560e12e6c240 - <alloc::boxed::Box<F,A> as core::ops::function::FnOnce<Args>>::call_once::hf6d2a51e5587546c
[INFO] [stdout]                                at /rustc/a178d0322ce20e33eac124758e837cbd80a6f633/library/alloc/src/boxed.rs:1575:9
[INFO] [stdout]   39:     0x560e12e6c240 - <std::panic::AssertUnwindSafe<F> as core::ops::function::FnOnce<()>>::call_once::h8af660f3a89ef593
[INFO] [stdout]                                at /rustc/a178d0322ce20e33eac124758e837cbd80a6f633/library/std/src/panic.rs:347:9
[INFO] [stdout]   40:     0x560e12e6c240 - std::panicking::try::do_call::hd36aef60f84b6d36
[INFO] [stdout]                                at /rustc/a178d0322ce20e33eac124758e837cbd80a6f633/library/std/src/panicking.rs:401:40
[INFO] [stdout]   41:     0x560e12e6c240 - std::panicking::try::h9932b4480e69817c
[INFO] [stdout]                                at /rustc/a178d0322ce20e33eac124758e837cbd80a6f633/library/std/src/panicking.rs:365:19
[INFO] [stdout]   42:     0x560e12e6c240 - std::panic::catch_unwind::h6aa177099cfff5f8
[INFO] [stdout]                                at /rustc/a178d0322ce20e33eac124758e837cbd80a6f633/library/std/src/panic.rs:434:14
[INFO] [stdout]   43:     0x560e12e6c240 - test::run_test_in_process::h5884d6f2d99e20c3
[INFO] [stdout]                                at /rustc/a178d0322ce20e33eac124758e837cbd80a6f633/library/test/src/lib.rs:600:18
[INFO] [stdout]   44:     0x560e12e6c240 - test::run_test::run_test_inner::{{closure}}::h6fdc58c6d5f5b6e3
[INFO] [stdout]                                at /rustc/a178d0322ce20e33eac124758e837cbd80a6f633/library/test/src/lib.rs:492:39
[INFO] [stdout]   45:     0x560e12e458f2 - test::run_test::run_test_inner::{{closure}}::h408365d67a78ade8
[INFO] [stdout]                                at /rustc/a178d0322ce20e33eac124758e837cbd80a6f633/library/test/src/lib.rs:519:37
[INFO] [stdout]   46:     0x560e12e458f2 - std::sys_common::backtrace::__rust_begin_short_backtrace::hb560b77c4f701523
[INFO] [stdout]                                at /rustc/a178d0322ce20e33eac124758e837cbd80a6f633/library/std/src/sys_common/backtrace.rs:125:18
[INFO] [stdout]   47:     0x560e12e494a8 - std::thread::Builder::spawn_unchecked::{{closure}}::{{closure}}::hf2e7831dad93c597
[INFO] [stdout]                                at /rustc/a178d0322ce20e33eac124758e837cbd80a6f633/library/std/src/thread/mod.rs:481:17
[INFO] [stdout]   48:     0x560e12e494a8 - <std::panic::AssertUnwindSafe<F> as core::ops::function::FnOnce<()>>::call_once::hd2e08783d8be4d02
[INFO] [stdout]                                at /rustc/a178d0322ce20e33eac124758e837cbd80a6f633/library/std/src/panic.rs:347:9
[INFO] [stdout]   49:     0x560e12e494a8 - std::panicking::try::do_call::h062597b7acfd6b82
[INFO] [stdout]                                at /rustc/a178d0322ce20e33eac124758e837cbd80a6f633/library/std/src/panicking.rs:401:40
[INFO] [stdout]   50:     0x560e12e494a8 - std::panicking::try::h0d7b79db04c14552
[INFO] [stdout]                                at /rustc/a178d0322ce20e33eac124758e837cbd80a6f633/library/std/src/panicking.rs:365:19
[INFO] [stdout]   51:     0x560e12e494a8 - std::panic::catch_unwind::hb01a0b5e7c8cd43b
[INFO] [stdout]                                at /rustc/a178d0322ce20e33eac124758e837cbd80a6f633/library/std/src/panic.rs:434:14
[INFO] [stdout]   52:     0x560e12e494a8 - std::thread::Builder::spawn_unchecked::{{closure}}::h5bde48cc887e0d1e
[INFO] [stdout]                                at /rustc/a178d0322ce20e33eac124758e837cbd80a6f633/library/std/src/thread/mod.rs:480:30
[INFO] [stdout]   53:     0x560e12e494a8 - core::ops::function::FnOnce::call_once{{vtable.shim}}::h745ea30807a29e55
[INFO] [stdout]                                at /rustc/a178d0322ce20e33eac124758e837cbd80a6f633/library/core/src/ops/function.rs:227:5
[INFO] [stdout]   54:     0x560e133947b7 - <alloc::boxed::Box<F,A> as core::ops::function::FnOnce<Args>>::call_once::h7ece6cfefaff1005
[INFO] [stdout]                                at /rustc/a178d0322ce20e33eac124758e837cbd80a6f633/library/alloc/src/boxed.rs:1575:9
[INFO] [stdout]   55:     0x560e133947b7 - <alloc::boxed::Box<F,A> as core::ops::function::FnOnce<Args>>::call_once::hb8b48e55c21f193e
[INFO] [stdout]                                at /rustc/a178d0322ce20e33eac124758e837cbd80a6f633/library/alloc/src/boxed.rs:1575:9
[INFO] [stdout]   56:     0x560e133947b7 - std::sys::unix::thread::Thread::new::thread_start::h8c7c4450dba62914
[INFO] [stdout]                                at /rustc/a178d0322ce20e33eac124758e837cbd80a6f633/library/std/src/sys/unix/thread.rs:71:17
[INFO] [stdout]   57:     0x7fab0ca18609 - start_thread
[INFO] [stdout]   58:     0x7fab0c7ea293 - clone
[INFO] [stdout]   59:                0x0 - <unknown>
[INFO] [stdout] 
[INFO] [stdout] ---- validator stdout ----
[INFO] [stdout] thread 'validator' panicked at 'called `Result::unwrap()` on an `Err` value: Hyper(hyper::Error(Connect, ConnectError("dns error", Custom { kind: Other, error: "failed to lookup address information: Temporary failure in name resolution" })))', mintscan/tests/integration.rs:26:10
[INFO] [stdout] stack backtrace:
[INFO] [stdout]    0:     0x560e1338ca30 - std::backtrace_rs::backtrace::libunwind::trace::h34055254b57d8e79
[INFO] [stdout]                                at /rustc/a178d0322ce20e33eac124758e837cbd80a6f633/library/std/src/../../backtrace/src/backtrace/libunwind.rs:90:5
[INFO] [stdout]    1:     0x560e1338ca30 - std::backtrace_rs::backtrace::trace_unsynchronized::h8f1e3fbd9afff6ec
[INFO] [stdout]                                at /rustc/a178d0322ce20e33eac124758e837cbd80a6f633/library/std/src/../../backtrace/src/backtrace/mod.rs:66:5
[INFO] [stdout]    2:     0x560e1338ca30 - std::sys_common::backtrace::_print_fmt::h3a99a796b770c360
[INFO] [stdout]                                at /rustc/a178d0322ce20e33eac124758e837cbd80a6f633/library/std/src/sys_common/backtrace.rs:67:5
[INFO] [stdout]    3:     0x560e1338ca30 - <std::sys_common::backtrace::_print::DisplayBacktrace as core::fmt::Display>::fmt::h32d1f94a80615d18
[INFO] [stdout]                                at /rustc/a178d0322ce20e33eac124758e837cbd80a6f633/library/std/src/sys_common/backtrace.rs:46:22
[INFO] [stdout]    4:     0x560e133afd1c - core::fmt::write::h306731c068f7162c
[INFO] [stdout]                                at /rustc/a178d0322ce20e33eac124758e837cbd80a6f633/library/core/src/fmt/mod.rs:1110:17
[INFO] [stdout]    5:     0x560e133860c5 - std::io::Write::write_fmt::h87f19b0a2cd190bc
[INFO] [stdout]                                at /rustc/a178d0322ce20e33eac124758e837cbd80a6f633/library/std/src/io/mod.rs:1588:15
[INFO] [stdout]    6:     0x560e1338ebdb - std::sys_common::backtrace::_print::h5abaa2601a852287
[INFO] [stdout]                                at /rustc/a178d0322ce20e33eac124758e837cbd80a6f633/library/std/src/sys_common/backtrace.rs:49:5
[INFO] [stdout]    7:     0x560e1338ebdb - std::sys_common::backtrace::print::h8d81445442bb638f
[INFO] [stdout]                                at /rustc/a178d0322ce20e33eac124758e837cbd80a6f633/library/std/src/sys_common/backtrace.rs:36:9
[INFO] [stdout]    8:     0x560e1338ebdb - std::panicking::default_hook::{{closure}}::hcfe804496a9fa747
[INFO] [stdout]                                at /rustc/a178d0322ce20e33eac124758e837cbd80a6f633/library/std/src/panicking.rs:208:50
[INFO] [stdout]    9:     0x560e1338e6ec - std::panicking::default_hook::hbea8e3ccf2ba8901
[INFO] [stdout]                                at /rustc/a178d0322ce20e33eac124758e837cbd80a6f633/library/std/src/panicking.rs:222:9
[INFO] [stdout]   10:     0x560e1338f2a4 - std::panicking::rust_panic_with_hook::h7ee9e1a2d0f8975a
[INFO] [stdout]                                at /rustc/a178d0322ce20e33eac124758e837cbd80a6f633/library/std/src/panicking.rs:622:17
[INFO] [stdout]   11:     0x560e1338ed87 - std::panicking::begin_panic_handler::{{closure}}::h8ab3b4491718b2c7
[INFO] [stdout]                                at /rustc/a178d0322ce20e33eac124758e837cbd80a6f633/library/std/src/panicking.rs:519:13
[INFO] [stdout]   12:     0x560e1338cf2c - std::sys_common::backtrace::__rust_end_short_backtrace::hd489062ffa586a9f
[INFO] [stdout]                                at /rustc/a178d0322ce20e33eac124758e837cbd80a6f633/library/std/src/sys_common/backtrace.rs:141:18
[INFO] [stdout]   13:     0x560e1338ece9 - rust_begin_unwind
[INFO] [stdout]                                at /rustc/a178d0322ce20e33eac124758e837cbd80a6f633/library/std/src/panicking.rs:515:5
[INFO] [stdout]   14:     0x560e12cddd31 - core::panicking::panic_fmt::hca6330e3e14086b4
[INFO] [stdout]                                at /rustc/a178d0322ce20e33eac124758e837cbd80a6f633/library/core/src/panicking.rs:92:14
[INFO] [stdout]   15:     0x560e12cdde23 - core::result::unwrap_failed::h6160d2b4bfbb0e87
[INFO] [stdout]                                at /rustc/a178d0322ce20e33eac124758e837cbd80a6f633/library/core/src/result.rs:1355:5
[INFO] [stdout]   16:     0x560e12d9425b - core::result::Result<T,E>::unwrap::ha5f0ba4380c077a6
[INFO] [stdout]                                at /rustc/a178d0322ce20e33eac124758e837cbd80a6f633/library/core/src/result.rs:1037:23
[INFO] [stdout]   17:     0x560e12ddcb53 - integration::validator::{{closure}}::h5785d8f1c4ff8a67
[INFO] [stdout]                                at /opt/rustwide/workdir/mintscan/tests/integration.rs:23:21
[INFO] [stdout]   18:     0x560e12e171bb - <core::future::from_generator::GenFuture<T> as core::future::future::Future>::poll::h666978a67c2c7bf1
[INFO] [stdout]                                at /rustc/a178d0322ce20e33eac124758e837cbd80a6f633/library/core/src/future/mod.rs:80:19
[INFO] [stdout]   19:     0x560e12de8dbf - <core::pin::Pin<P> as core::future::future::Future>::poll::h7c2ad5d4b60180d8
[INFO] [stdout]                                at /rustc/a178d0322ce20e33eac124758e837cbd80a6f633/library/core/src/future/future.rs:119:9
[INFO] [stdout]   20:     0x560e12dfb5d0 - tokio::runtime::basic_scheduler::Inner<P>::block_on::{{closure}}::{{closure}}::habb062f0df759c11
[INFO] [stdout]                                at /opt/rustwide/cargo-home/registry/src/github.com-1ecc6299db9ec823/tokio-1.9.0/src/runtime/basic_scheduler.rs:208:62
[INFO] [stdout]   21:     0x560e12d4d0fc - tokio::coop::with_budget::{{closure}}::h7b682444d980a555
[INFO] [stdout]                                at /opt/rustwide/cargo-home/registry/src/github.com-1ecc6299db9ec823/tokio-1.9.0/src/coop.rs:106:9
[INFO] [stdout]   22:     0x560e12d92151 - std::thread::local::LocalKey<T>::try_with::ha2365cdddeb6a366
[INFO] [stdout]                                at /rustc/a178d0322ce20e33eac124758e837cbd80a6f633/library/std/src/thread/local.rs:400:16
[INFO] [stdout]   23:     0x560e12d90f8d - std::thread::local::LocalKey<T>::with::h13f8c7dcd7d7d7d9
[INFO] [stdout]                                at /rustc/a178d0322ce20e33eac124758e837cbd80a6f633/library/std/src/thread/local.rs:376:9
[INFO] [stdout]   24:     0x560e12df9d3c - tokio::coop::with_budget::h5ccb0f7d6320a828
[INFO] [stdout]                                at /opt/rustwide/cargo-home/registry/src/github.com-1ecc6299db9ec823/tokio-1.9.0/src/coop.rs:99:5
[INFO] [stdout]   25:     0x560e12df9d3c - tokio::coop::budget::h8cb17625cb464603
[INFO] [stdout]                                at /opt/rustwide/cargo-home/registry/src/github.com-1ecc6299db9ec823/tokio-1.9.0/src/coop.rs:76:5
[INFO] [stdout]   26:     0x560e12df9d3c - tokio::runtime::basic_scheduler::Inner<P>::block_on::{{closure}}::h144f201056266e17
[INFO] [stdout]                                at /opt/rustwide/cargo-home/registry/src/github.com-1ecc6299db9ec823/tokio-1.9.0/src/runtime/basic_scheduler.rs:208:39
[INFO] [stdout]   27:     0x560e12dfd361 - tokio::runtime::basic_scheduler::enter::{{closure}}::h8b09dea7e74ad2c2
[INFO] [stdout]                                at /opt/rustwide/cargo-home/registry/src/github.com-1ecc6299db9ec823/tokio-1.9.0/src/runtime/basic_scheduler.rs:299:29
[INFO] [stdout]   28:     0x560e12dda16d - tokio::macros::scoped_tls::ScopedKey<T>::set::ha1e58ce689198321
[INFO] [stdout]                                at /opt/rustwide/cargo-home/registry/src/github.com-1ecc6299db9ec823/tokio-1.9.0/src/macros/scoped_tls.rs:61:9
[INFO] [stdout]   29:     0x560e12dfd2a6 - tokio::runtime::basic_scheduler::enter::hf88acacce876c6d3
[INFO] [stdout]                                at /opt/rustwide/cargo-home/registry/src/github.com-1ecc6299db9ec823/tokio-1.9.0/src/runtime/basic_scheduler.rs:299:5
[INFO] [stdout]   30:     0x560e12df99fb - tokio::runtime::basic_scheduler::Inner<P>::block_on::hbeeeb24f44950e39
[INFO] [stdout]                                at /opt/rustwide/cargo-home/registry/src/github.com-1ecc6299db9ec823/tokio-1.9.0/src/runtime/basic_scheduler.rs:197:9
[INFO] [stdout]   31:     0x560e12dfb8f4 - tokio::runtime::basic_scheduler::InnerGuard<P>::block_on::h05120b280d7d9c25
[INFO] [stdout]                                at /opt/rustwide/cargo-home/registry/src/github.com-1ecc6299db9ec823/tokio-1.9.0/src/runtime/basic_scheduler.rs:452:9
[INFO] [stdout]   32:     0x560e12dfc038 - tokio::runtime::basic_scheduler::BasicScheduler<P>::block_on::h83f9489e3d97863c
[INFO] [stdout]                                at /opt/rustwide/cargo-home/registry/src/github.com-1ecc6299db9ec823/tokio-1.9.0/src/runtime/basic_scheduler.rs:157:24
[INFO] [stdout]   33:     0x560e12e3e2c0 - tokio::runtime::Runtime::block_on::h5babbb4c66057815
[INFO] [stdout]                                at /opt/rustwide/cargo-home/registry/src/github.com-1ecc6299db9ec823/tokio-1.9.0/src/runtime/mod.rs:450:46
[INFO] [stdout]   34:     0x560e12ddc80d - integration::validator::h634fb90f3588e2e7
[INFO] [stdout]                                at /opt/rustwide/workdir/mintscan/tests/integration.rs:39:5
[INFO] [stdout]   35:     0x560e12ddc72a - integration::validator::{{closure}}::hd3a8bbd61317607d
[INFO] [stdout]                                at /opt/rustwide/workdir/mintscan/tests/integration.rs:22:7
[INFO] [stdout]   36:     0x560e12da5c0e - core::ops::function::FnOnce::call_once::h195c1d45ce550f94
[INFO] [stdout]                                at /rustc/a178d0322ce20e33eac124758e837cbd80a6f633/library/core/src/ops/function.rs:227:5
[INFO] [stdout]   37:     0x560e12e6d783 - core::ops::function::FnOnce::call_once::h152e7e439ff59e19
[INFO] [stdout]                                at /rustc/a178d0322ce20e33eac124758e837cbd80a6f633/library/core/src/ops/function.rs:227:5
[INFO] [stdout]   38:     0x560e12e6d783 - test::__rust_begin_short_backtrace::h0908f3b1fdbb72ab
[INFO] [stdout]                                at /rustc/a178d0322ce20e33eac124758e837cbd80a6f633/library/test/src/lib.rs:577:5
[INFO] [stdout]   39:     0x560e12e6c240 - <alloc::boxed::Box<F,A> as core::ops::function::FnOnce<Args>>::call_once::hf6d2a51e5587546c
[INFO] [stdout]                                at /rustc/a178d0322ce20e33eac124758e837cbd80a6f633/library/alloc/src/boxed.rs:1575:9
[INFO] [stdout]   40:     0x560e12e6c240 - <std::panic::AssertUnwindSafe<F> as core::ops::function::FnOnce<()>>::call_once::h8af660f3a89ef593
[INFO] [stdout]                                at /rustc/a178d0322ce20e33eac124758e837cbd80a6f633/library/std/src/panic.rs:347:9
[INFO] [stdout]   41:     0x560e12e6c240 - std::panicking::try::do_call::hd36aef60f84b6d36
[INFO] [stdout]                                at /rustc/a178d0322ce20e33eac124758e837cbd80a6f633/library/std/src/panicking.rs:401:40
[INFO] [stdout]   42:     0x560e12e6c240 - std::panicking::try::h9932b4480e69817c
[INFO] [stdout]                                at /rustc/a178d0322ce20e33eac124758e837cbd80a6f633/library/std/src/panicking.rs:365:19
[INFO] [stdout]   43:     0x560e12e6c240 - std::panic::catch_unwind::h6aa177099cfff5f8
[INFO] [stdout]                                at /rustc/a178d0322ce20e33eac124758e837cbd80a6f633/library/std/src/panic.rs:434:14
[INFO] [stdout]   44:     0x560e12e6c240 - test::run_test_in_process::h5884d6f2d99e20c3
[INFO] [stdout]                                at /rustc/a178d0322ce20e33eac124758e837cbd80a6f633/library/test/src/lib.rs:600:18
[INFO] [stdout]   45:     0x560e12e6c240 - test::run_test::run_test_inner::{{closure}}::h6fdc58c6d5f5b6e3
[INFO] [stdout]                                at /rustc/a178d0322ce20e33eac124758e837cbd80a6f633/library/test/src/lib.rs:492:39
[INFO] [stdout]   46:     0x560e12e458f2 - test::run_test::run_test_inner::{{closure}}::h408365d67a78ade8
[INFO] [stdout]                                at /rustc/a178d0322ce20e33eac124758e837cbd80a6f633/library/test/src/lib.rs:519:37
[INFO] [stdout]   47:     0x560e12e458f2 - std::sys_common::backtrace::__rust_begin_short_backtrace::hb560b77c4f701523
[INFO] [stdout]                                at /rustc/a178d0322ce20e33eac124758e837cbd80a6f633/library/std/src/sys_common/backtrace.rs:125:18
[INFO] [stdout]   48:     0x560e12e494a8 - std::thread::Builder::spawn_unchecked::{{closure}}::{{closure}}::hf2e7831dad93c597
[INFO] [stdout]                                at /rustc/a178d0322ce20e33eac124758e837cbd80a6f633/library/std/src/thread/mod.rs:481:17
[INFO] [stdout]   49:     0x560e12e494a8 - <std::panic::AssertUnwindSafe<F> as core::ops::function::FnOnce<()>>::call_once::hd2e08783d8be4d02
[INFO] [stdout]                                at /rustc/a178d0322ce20e33eac124758e837cbd80a6f633/library/std/src/panic.rs:347:9
[INFO] [stdout]   50:     0x560e12e494a8 - std::panicking::try::do_call::h062597b7acfd6b82
[INFO] [stdout]                                at /rustc/a178d0322ce20e33eac124758e837cbd80a6f633/library/std/src/panicking.rs:401:40
[INFO] [stdout]   51:     0x560e12e494a8 - std::panicking::try::h0d7b79db04c14552
[INFO] [stdout]                                at /rustc/a178d0322ce20e33eac124758e837cbd80a6f633/library/std/src/panicking.rs:365:19
[INFO] [stdout]   52:     0x560e12e494a8 - std::panic::catch_unwind::hb01a0b5e7c8cd43b
[INFO] [stdout]                                at /rustc/a178d0322ce20e33eac124758e837cbd80a6f633/library/std/src/panic.rs:434:14
[INFO] [stdout]   53:     0x560e12e494a8 - std::thread::Builder::spawn_unchecked::{{closure}}::h5bde48cc887e0d1e
[INFO] [stdout]                                at /rustc/a178d0322ce20e33eac124758e837cbd80a6f633/library/std/src/thread/mod.rs:480:30
[INFO] [stdout]   54:     0x560e12e494a8 - core::ops::function::FnOnce::call_once{{vtable.shim}}::h745ea30807a29e55
[INFO] [stdout]                                at /rustc/a178d0322ce20e33eac124758e837cbd80a6f633/library/core/src/ops/function.rs:227:5
[INFO] [stdout]   55:     0x560e133947b7 - <alloc::boxed::Box<F,A> as core::ops::function::FnOnce<Args>>::call_once::h7ece6cfefaff1005
[INFO] [stdout]                                at /rustc/a178d0322ce20e33eac124758e837cbd80a6f633/library/alloc/src/boxed.rs:1575:9
[INFO] [stdout]   56:     0x560e133947b7 - <alloc::boxed::Box<F,A> as core::ops::function::FnOnce<Args>>::call_once::hb8b48e55c21f193e
[INFO] [stdout]                                at /rustc/a178d0322ce20e33eac124758e837cbd80a6f633/library/alloc/src/boxed.rs:1575:9
[INFO] [stdout]   57:     0x560e133947b7 - std::sys::unix::thread::Thread::new::thread_start::h8c7c4450dba62914
[INFO] [stdout]                                at /rustc/a178d0322ce20e33eac124758e837cbd80a6f633/library/std/src/sys/unix/thread.rs:71:17
[INFO] [stdout]   58:     0x7fab0ca18609 - start_thread
[INFO] [stdout]   59:     0x7fab0c7ea293 - clone
[INFO] [stdout]   60:                0x0 - <unknown>
[INFO] [stdout] 
[INFO] [stdout] 
[INFO] [stdout] failures:
[INFO] [stdout]     status
[INFO] [stdout]     validator
[INFO] [stdout]     validator_uptime
[INFO] [stdout] 
[INFO] [stdout] test result: FAILED. 0 passed; 3 failed; 0 ignored; 0 measured; 0 filtered out; finished in 0.15s
[INFO] [stdout] 
[INFO] [stderr] error: test failed, to rerun pass '-p mintscan --test integration'
[INFO] running `Command { std: "docker" "inspect" "5dff669d0ea0d69e485f262014426fab9b989b69c9b7dc3fefc1f40399c592fe", kill_on_drop: false }`
[INFO] running `Command { std: "docker" "rm" "-f" "5dff669d0ea0d69e485f262014426fab9b989b69c9b7dc3fefc1f40399c592fe", kill_on_drop: false }`
[INFO] [stdout] 5dff669d0ea0d69e485f262014426fab9b989b69c9b7dc3fefc1f40399c592fe
