[INFO] cloning repository https://github.com/iqlusioninc/abscissa
[INFO] running `Command { std: "git" "-c" "credential.helper=" "-c" "credential.helper=/workspace/cargo-home/bin/git-credential-null" "clone" "--bare" "https://github.com/iqlusioninc/abscissa" "/workspace/cache/git-repos/https%3A%2F%2Fgithub.com%2Fiqlusioninc%2Fabscissa", kill_on_drop: false }`
[INFO] [stderr] Cloning into bare repository '/workspace/cache/git-repos/https%3A%2F%2Fgithub.com%2Fiqlusioninc%2Fabscissa'...
[INFO] running `Command { std: "git" "rev-parse" "HEAD", kill_on_drop: false }`
[INFO] [stdout] be6f5b6042ff93aa1eae5b8aec716e822d3b943e
[INFO] testing iqlusioninc/abscissa against beta-2021-08-01 for beta-1.55-1
[INFO] running `Command { std: "git" "clone" "/workspace/cache/git-repos/https%3A%2F%2Fgithub.com%2Fiqlusioninc%2Fabscissa" "/workspace/builds/worker-6/source", kill_on_drop: false }`
[INFO] [stderr] Cloning into '/workspace/builds/worker-6/source'...
[INFO] [stderr] done.
[INFO] validating manifest of git repo https://github.com/iqlusioninc/abscissa on toolchain beta-2021-08-01
[INFO] running `Command { std: "/workspace/cargo-home/bin/cargo" "+beta-2021-08-01" "metadata" "--manifest-path" "Cargo.toml" "--no-deps", kill_on_drop: false }`
[INFO] started tweaking git repo https://github.com/iqlusioninc/abscissa
[INFO] finished tweaking git repo https://github.com/iqlusioninc/abscissa
[INFO] tweaked toml for git repo https://github.com/iqlusioninc/abscissa written to /workspace/builds/worker-6/source/Cargo.toml
[INFO] crate git repo https://github.com/iqlusioninc/abscissa already has a lockfile, it will not be regenerated
[INFO] running `Command { std: "/workspace/cargo-home/bin/cargo" "+beta-2021-08-01" "fetch" "--manifest-path" "Cargo.toml", kill_on_drop: false }`
[INFO] [stderr]  Downloading crates ...
[INFO] [stderr]   Downloaded actix-rt v2.2.0
[INFO] [stderr]   Downloaded darling_core v0.12.4
[INFO] [stderr]   Downloaded darling_macro v0.12.4
[INFO] [stderr]   Downloaded actix-macros v0.2.0
[INFO] [stderr]   Downloaded darling v0.12.4
[INFO] [stderr]   Downloaded handlebars v4.0.1
[INFO] [stderr]   Downloaded semver v1.0.3
[INFO] running `Command { std: "docker" "create" "-v" "/var/lib/crater-agent-workspace/builds/worker-6/target:/opt/rustwide/target:rw,Z" "-v" "/var/lib/crater-agent-workspace/builds/worker-6/source:/opt/rustwide/workdir:ro,Z" "-v" "/var/lib/crater-agent-workspace/cargo-home:/opt/rustwide/cargo-home:ro,Z" "-v" "/var/lib/crater-agent-workspace/rustup-home:/opt/rustwide/rustup-home:ro,Z" "-e" "SOURCE_DIR=/opt/rustwide/workdir" "-e" "CARGO_TARGET_DIR=/opt/rustwide/target" "-e" "CARGO_HOME=/opt/rustwide/cargo-home" "-e" "RUSTUP_HOME=/opt/rustwide/rustup-home" "-w" "/opt/rustwide/workdir" "-m" "1610612736" "--user" "0:0" "--network" "none" "ghcr.io/rust-lang/crates-build-env/linux@sha256:34b6a614d2c27851fe6cbf88fbd1137609cefab8b10d0615aaeb6fd47975d74e" "/opt/rustwide/cargo-home/bin/cargo" "+beta-2021-08-01" "metadata" "--no-deps" "--format-version=1", kill_on_drop: false }`
[INFO] [stdout] 4d4e8ebf3adb4d5806e18122ef4dbc14a34d086d3dce6693444fb2b32ab16c61
[INFO] running `Command { std: "docker" "start" "-a" "4d4e8ebf3adb4d5806e18122ef4dbc14a34d086d3dce6693444fb2b32ab16c61", kill_on_drop: false }`
[INFO] running `Command { std: "docker" "inspect" "4d4e8ebf3adb4d5806e18122ef4dbc14a34d086d3dce6693444fb2b32ab16c61", kill_on_drop: false }`
[INFO] running `Command { std: "docker" "rm" "-f" "4d4e8ebf3adb4d5806e18122ef4dbc14a34d086d3dce6693444fb2b32ab16c61", kill_on_drop: false }`
[INFO] [stdout] 4d4e8ebf3adb4d5806e18122ef4dbc14a34d086d3dce6693444fb2b32ab16c61
[INFO] running `Command { std: "docker" "create" "-v" "/var/lib/crater-agent-workspace/builds/worker-6/target:/opt/rustwide/target:rw,Z" "-v" "/var/lib/crater-agent-workspace/builds/worker-6/source:/opt/rustwide/workdir:ro,Z" "-v" "/var/lib/crater-agent-workspace/cargo-home:/opt/rustwide/cargo-home:ro,Z" "-v" "/var/lib/crater-agent-workspace/rustup-home:/opt/rustwide/rustup-home:ro,Z" "-e" "SOURCE_DIR=/opt/rustwide/workdir" "-e" "CARGO_TARGET_DIR=/opt/rustwide/target" "-e" "CARGO_INCREMENTAL=0" "-e" "RUST_BACKTRACE=full" "-e" "RUSTFLAGS=--cap-lints=warn" "-e" "CARGO_HOME=/opt/rustwide/cargo-home" "-e" "RUSTUP_HOME=/opt/rustwide/rustup-home" "-w" "/opt/rustwide/workdir" "-m" "1610612736" "--user" "0:0" "--network" "none" "ghcr.io/rust-lang/crates-build-env/linux@sha256:34b6a614d2c27851fe6cbf88fbd1137609cefab8b10d0615aaeb6fd47975d74e" "/opt/rustwide/cargo-home/bin/cargo" "+beta-2021-08-01" "build" "--frozen" "--message-format=json", kill_on_drop: false }`
[INFO] [stdout] 56779e8c0548c48f915de0aa3623c4f8b8f71292bb65833d0c8f7ec3ccf16662
[INFO] running `Command { std: "docker" "start" "-a" "56779e8c0548c48f915de0aa3623c4f8b8f71292bb65833d0c8f7ec3ccf16662", kill_on_drop: false }`
[INFO] [stderr]    Compiling libc v0.2.97
[INFO] [stderr]    Compiling serde v1.0.126
[INFO] [stderr]    Compiling ident_case v1.0.1
[INFO] [stderr]    Compiling strsim v0.10.0
[INFO] [stderr]    Compiling once_cell v1.8.0
[INFO] [stderr]    Compiling pin-project-lite v0.2.6
[INFO] [stderr]    Compiling gimli v0.24.0
[INFO] [stderr]    Compiling ucd-trie v0.1.3
[INFO] [stderr]    Compiling eyre v0.6.5
[INFO] [stderr]    Compiling indenter v0.3.3
[INFO] [stderr]    Compiling semver v1.0.3
[INFO] [stderr]    Compiling zeroize v1.3.0
[INFO] [stderr]    Compiling owo-colors v1.3.0
[INFO] [stderr]    Compiling arc-swap v1.3.0
[INFO] [stderr]    Compiling canonical-path v2.0.2
[INFO] [stderr]    Compiling fs-err v2.6.0
[INFO] [stderr]    Compiling quick-error v2.0.1
[INFO] [stderr]    Compiling backtrace v0.3.60
[INFO] [stderr]    Compiling tracing-core v0.1.18
[INFO] [stderr]    Compiling regex-automata v0.1.10
[INFO] [stderr]    Compiling sharded-slab v0.1.1
[INFO] [stderr]    Compiling tokio v1.7.1
[INFO] [stderr]    Compiling tracing-attributes v0.1.15
[INFO] [stderr]    Compiling synstructure v0.12.4
[INFO] [stderr]    Compiling gumdrop_derive v0.7.0
[INFO] [stderr]    Compiling darling_core v0.12.4
[INFO] [stderr]    Compiling thread_local v1.1.3
[INFO] [stderr]    Compiling tracing-log v0.1.2
[INFO] [stderr]    Compiling pest v2.1.3
[INFO] [stderr]    Compiling matchers v0.0.1
[INFO] [stderr]    Compiling time v0.1.44
[INFO] [stderr]    Compiling wait-timeout v0.2.0
[INFO] [stderr]    Compiling num_cpus v1.13.0
[INFO] [stderr]    Compiling pest_meta v2.1.3
[INFO] [stderr]    Compiling tracing v0.1.26
[INFO] [stderr]    Compiling gumdrop v0.7.0
[INFO] [stderr]    Compiling tracing-subscriber v0.2.18
[INFO] [stderr]    Compiling pest_generator v2.1.3
[INFO] [stderr]    Compiling addr2line v0.15.2
[INFO] [stderr]    Compiling darling_macro v0.12.4
[INFO] [stderr]    Compiling pest_derive v2.1.0
[INFO] [stderr]    Compiling color-eyre v0.5.11
[INFO] [stderr]    Compiling toml v0.5.8
[INFO] [stderr]    Compiling chrono v0.4.19
[INFO] [stderr]    Compiling secrecy v0.7.0
[INFO] [stderr]    Compiling serde_json v1.0.64
[INFO] [stderr]    Compiling darling v0.12.4
[INFO] [stderr]    Compiling abscissa_derive v0.6.0-pre.1 (/opt/rustwide/workdir/derive)
[INFO] [stderr]    Compiling handlebars v4.0.1
[INFO] [stderr]    Compiling abscissa_core v0.6.0-pre.1 (/opt/rustwide/workdir/core)
[INFO] [stderr]    Compiling abscissa v0.6.0-pre.1 (/opt/rustwide/workdir/cli)
[INFO] [stderr]    Compiling abscissa_tokio v0.6.0-pre.1 (/opt/rustwide/workdir/tokio)
[INFO] [stderr]     Finished dev [unoptimized + debuginfo] target(s) in 1m 01s
[INFO] running `Command { std: "docker" "inspect" "56779e8c0548c48f915de0aa3623c4f8b8f71292bb65833d0c8f7ec3ccf16662", kill_on_drop: false }`
[INFO] running `Command { std: "docker" "rm" "-f" "56779e8c0548c48f915de0aa3623c4f8b8f71292bb65833d0c8f7ec3ccf16662", kill_on_drop: false }`
[INFO] [stdout] 56779e8c0548c48f915de0aa3623c4f8b8f71292bb65833d0c8f7ec3ccf16662
[INFO] running `Command { std: "docker" "create" "-v" "/var/lib/crater-agent-workspace/builds/worker-6/target:/opt/rustwide/target:rw,Z" "-v" "/var/lib/crater-agent-workspace/builds/worker-6/source:/opt/rustwide/workdir:ro,Z" "-v" "/var/lib/crater-agent-workspace/cargo-home:/opt/rustwide/cargo-home:ro,Z" "-v" "/var/lib/crater-agent-workspace/rustup-home:/opt/rustwide/rustup-home:ro,Z" "-e" "SOURCE_DIR=/opt/rustwide/workdir" "-e" "CARGO_TARGET_DIR=/opt/rustwide/target" "-e" "CARGO_INCREMENTAL=0" "-e" "RUST_BACKTRACE=full" "-e" "RUSTFLAGS=--cap-lints=warn" "-e" "CARGO_HOME=/opt/rustwide/cargo-home" "-e" "RUSTUP_HOME=/opt/rustwide/rustup-home" "-w" "/opt/rustwide/workdir" "-m" "1610612736" "--user" "0:0" "--network" "none" "ghcr.io/rust-lang/crates-build-env/linux@sha256:34b6a614d2c27851fe6cbf88fbd1137609cefab8b10d0615aaeb6fd47975d74e" "/opt/rustwide/cargo-home/bin/cargo" "+beta-2021-08-01" "test" "--frozen" "--no-run" "--message-format=json", kill_on_drop: false }`
[INFO] [stdout] ba5d4b31a3acbae3fc5b1ab3f724eb6f5ef3fe63a32169047d62152f1b508a6c
[INFO] running `Command { std: "docker" "start" "-a" "ba5d4b31a3acbae3fc5b1ab3f724eb6f5ef3fe63a32169047d62152f1b508a6c", kill_on_drop: false }`
[INFO] [stderr]    Compiling abscissa_derive v0.6.0-pre.1 (/opt/rustwide/workdir/derive)
[INFO] [stderr]    Compiling abscissa_core v0.6.0-pre.1 (/opt/rustwide/workdir/core)
[INFO] [stderr]    Compiling abscissa_tokio v0.6.0-pre.1 (/opt/rustwide/workdir/tokio)
[INFO] [stderr]    Compiling abscissa v0.6.0-pre.1 (/opt/rustwide/workdir/cli)
[INFO] [stderr]     Finished test [unoptimized + debuginfo] target(s) in 7.33s
[INFO] running `Command { std: "docker" "inspect" "ba5d4b31a3acbae3fc5b1ab3f724eb6f5ef3fe63a32169047d62152f1b508a6c", kill_on_drop: false }`
[INFO] running `Command { std: "docker" "rm" "-f" "ba5d4b31a3acbae3fc5b1ab3f724eb6f5ef3fe63a32169047d62152f1b508a6c", kill_on_drop: false }`
[INFO] [stdout] ba5d4b31a3acbae3fc5b1ab3f724eb6f5ef3fe63a32169047d62152f1b508a6c
[INFO] running `Command { std: "docker" "create" "-v" "/var/lib/crater-agent-workspace/builds/worker-6/target:/opt/rustwide/target:rw,Z" "-v" "/var/lib/crater-agent-workspace/builds/worker-6/source:/opt/rustwide/workdir:ro,Z" "-v" "/var/lib/crater-agent-workspace/cargo-home:/opt/rustwide/cargo-home:ro,Z" "-v" "/var/lib/crater-agent-workspace/rustup-home:/opt/rustwide/rustup-home:ro,Z" "-e" "SOURCE_DIR=/opt/rustwide/workdir" "-e" "CARGO_TARGET_DIR=/opt/rustwide/target" "-e" "CARGO_INCREMENTAL=0" "-e" "RUST_BACKTRACE=full" "-e" "RUSTFLAGS=--cap-lints=warn" "-e" "CARGO_HOME=/opt/rustwide/cargo-home" "-e" "RUSTUP_HOME=/opt/rustwide/rustup-home" "-w" "/opt/rustwide/workdir" "-m" "1610612736" "--user" "0:0" "--network" "none" "ghcr.io/rust-lang/crates-build-env/linux@sha256:34b6a614d2c27851fe6cbf88fbd1137609cefab8b10d0615aaeb6fd47975d74e" "/opt/rustwide/cargo-home/bin/cargo" "+beta-2021-08-01" "test" "--frozen", kill_on_drop: false }`
[INFO] [stdout] 2b3ac774e46b8d0b22812a2a3e50541943769be08f7725045a8df41da4c22f0d
[INFO] running `Command { std: "docker" "start" "-a" "2b3ac774e46b8d0b22812a2a3e50541943769be08f7725045a8df41da4c22f0d", kill_on_drop: false }`
[INFO] [stderr]     Finished test [unoptimized + debuginfo] target(s) in 0.08s
[INFO] [stdout] 
[INFO] [stderr]      Running unittests (/opt/rustwide/target/debug/deps/abscissa-48ddf7b7d4d1d9af)
[INFO] [stdout] running 0 tests
[INFO] [stdout] 
[INFO] [stdout] test result: ok. 0 passed; 0 failed; 0 ignored; 0 measured; 0 filtered out; finished in 0.00s
[INFO] [stdout] 
[INFO] [stderr]      Running unittests (/opt/rustwide/target/debug/deps/abscissa-cbaafc4233b43a2a)
[INFO] [stdout] 
[INFO] [stdout] running 0 tests
[INFO] [stdout] 
[INFO] [stdout] test result: ok. 0 passed; 0 failed; 0 ignored; 0 measured; 0 filtered out; finished in 0.00s
[INFO] [stdout] 
[INFO] [stderr]      Running tests/generate_app.rs (/opt/rustwide/target/debug/deps/generate_app-e381bec2631b24a4)
[INFO] [stdout] 
[INFO] [stdout] running 1 test
[INFO] [stdout] + run: cargo run -- new /tmp/abscissa_gen_test_app --force --patch-crates-io abscissa_core = { path = '/opt/rustwide/workdir/core' }
[INFO] [stderr]     Finished dev [unoptimized + debuginfo] target(s) in 0.07s
[INFO] [stderr]      Running `/opt/rustwide/target/debug/abscissa new /tmp/abscissa_gen_test_app --force --patch-crates-io 'abscissa_core = { path = '\''/opt/rustwide/workdir/core'\'' }'`
[INFO] [stdout]      Created `/tmp/abscissa_gen_test_app` (application directory)
[INFO] [stdout]      Created new file: .gitignore
[INFO] [stdout]      Created new file: Cargo.toml
[INFO] [stdout]      Created new file: README.md
[INFO] [stdout]      Created new file: src/application.rs
[INFO] [stdout]      Created new file: src/bin/abscissa_gen_test_app/main.rs
[INFO] [stdout]      Created new file: src/commands.rs
[INFO] [stdout]      Created new file: src/commands/start.rs
[INFO] [stdout]      Created new file: src/commands/version.rs
[INFO] [stdout]      Created new file: src/config.rs
[INFO] [stdout]      Created new file: src/error.rs
[INFO] [stdout]      Created new file: src/lib.rs
[INFO] [stdout]      Created new file: src/prelude.rs
[INFO] [stdout]      Created new file: tests/acceptance.rs
[INFO] [stdout]      Running git init /tmp/abscissa_gen_test_app
[INFO] [stdout]      Running cargo generate-lockfile
[INFO] [stdout]     Finished `abscissa_gen_test_app` generated in 0.27s
[INFO] [stdout] + run: cargo run -- gen cmd --manifest-path /tmp/abscissa_gen_test_app/Cargo.toml foo-bar-baz
[INFO] [stderr]     Finished dev [unoptimized + debuginfo] target(s) in 0.10s
[INFO] [stderr]      Running `/opt/rustwide/target/debug/abscissa gen cmd --manifest-path /tmp/abscissa_gen_test_app/Cargo.toml foo-bar-baz`
[INFO] [stdout]    Generated /tmp/abscissa_gen_test_app/src/commands/foo_bar_baz.rs
[INFO] [stdout]       Notice add `pub mod foo_bar_baz` to your app's commands.rs
[INFO] [stdout] + run: cargo fmt -- --check
[INFO] [stderr] error: 'cargo-fmt' is not installed for the toolchain 'beta-2021-08-01-x86_64-unknown-linux-gnu'
[INFO] [stderr] To install, run `rustup component add rustfmt --toolchain beta-2021-08-01-x86_64-unknown-linux-gnu`
[INFO] [stdout] test test_generated_app ... FAILED
[INFO] [stdout] 
[INFO] [stdout] failures:
[INFO] [stdout] 
[INFO] [stdout] ---- test_generated_app stdout ----
[INFO] [stdout] thread 'test_generated_app' panicked at 'assertion failed: `(left == right)`
[INFO] [stdout]   left: `0`,
[INFO] [stdout]  right: `1`: process exited with error status: 1', core/src/testing/process/exit_status.rs:37:9
[INFO] [stdout] stack backtrace:
[INFO] [stdout]    0:     0x5595026dd860 - std::backtrace_rs::backtrace::libunwind::trace::hff4d1766e93f64f1
[INFO] [stdout]                                at /rustc/53fd98ca776cb875bc9e5514f56b52eb74f9e7a9/library/std/src/../../backtrace/src/backtrace/libunwind.rs:90:5
[INFO] [stdout]    1:     0x5595026dd860 - std::backtrace_rs::backtrace::trace_unsynchronized::h56bbc8eb78770bcb
[INFO] [stdout]                                at /rustc/53fd98ca776cb875bc9e5514f56b52eb74f9e7a9/library/std/src/../../backtrace/src/backtrace/mod.rs:66:5
[INFO] [stdout]    2:     0x5595026dd860 - std::sys_common::backtrace::_print_fmt::h5c8e75464faca780
[INFO] [stdout]                                at /rustc/53fd98ca776cb875bc9e5514f56b52eb74f9e7a9/library/std/src/sys_common/backtrace.rs:67:5
[INFO] [stdout]    3:     0x5595026dd860 - <std::sys_common::backtrace::_print::DisplayBacktrace as core::fmt::Display>::fmt::h48b88277def8b362
[INFO] [stdout]                                at /rustc/53fd98ca776cb875bc9e5514f56b52eb74f9e7a9/library/std/src/sys_common/backtrace.rs:46:22
[INFO] [stdout]    4:     0x55950270159c - core::fmt::write::h3381b3176fe2b3d3
[INFO] [stdout]                                at /rustc/53fd98ca776cb875bc9e5514f56b52eb74f9e7a9/library/core/src/fmt/mod.rs:1115:17
[INFO] [stdout]    5:     0x5595026da305 - std::io::Write::write_fmt::h5f34a676f60246b5
[INFO] [stdout]                                at /rustc/53fd98ca776cb875bc9e5514f56b52eb74f9e7a9/library/std/src/io/mod.rs:1665:15
[INFO] [stdout]    6:     0x5595026df9eb - std::sys_common::backtrace::_print::ha537687d6c17dd0d
[INFO] [stdout]                                at /rustc/53fd98ca776cb875bc9e5514f56b52eb74f9e7a9/library/std/src/sys_common/backtrace.rs:49:5
[INFO] [stdout]    7:     0x5595026df9eb - std::sys_common::backtrace::print::h61376ae57d131d72
[INFO] [stdout]                                at /rustc/53fd98ca776cb875bc9e5514f56b52eb74f9e7a9/library/std/src/sys_common/backtrace.rs:36:9
[INFO] [stdout]    8:     0x5595026df9eb - std::panicking::default_hook::{{closure}}::h0f7208c0b9644a54
[INFO] [stdout]                                at /rustc/53fd98ca776cb875bc9e5514f56b52eb74f9e7a9/library/std/src/panicking.rs:208:50
[INFO] [stdout]    9:     0x5595026df4fc - std::panicking::default_hook::hdac7fc06578c14ce
[INFO] [stdout]                                at /rustc/53fd98ca776cb875bc9e5514f56b52eb74f9e7a9/library/std/src/panicking.rs:222:9
[INFO] [stdout]   10:     0x5595026e00b4 - std::panicking::rust_panic_with_hook::h72b21c283da3d1ef
[INFO] [stdout]                                at /rustc/53fd98ca776cb875bc9e5514f56b52eb74f9e7a9/library/std/src/panicking.rs:622:17
[INFO] [stdout]   11:     0x5595026dfb97 - std::panicking::begin_panic_handler::{{closure}}::he5778f1729cff84a
[INFO] [stdout]                                at /rustc/53fd98ca776cb875bc9e5514f56b52eb74f9e7a9/library/std/src/panicking.rs:519:13
[INFO] [stdout]   12:     0x5595026ddd3c - std::sys_common::backtrace::__rust_end_short_backtrace::h2d11ca8b453b4b1d
[INFO] [stdout]                                at /rustc/53fd98ca776cb875bc9e5514f56b52eb74f9e7a9/library/std/src/sys_common/backtrace.rs:141:18
[INFO] [stdout]   13:     0x5595026dfaf9 - rust_begin_unwind
[INFO] [stdout]                                at /rustc/53fd98ca776cb875bc9e5514f56b52eb74f9e7a9/library/std/src/panicking.rs:515:5
[INFO] [stdout]   14:     0x55950263e481 - core::panicking::panic_fmt::hf9de31d4acbce4db
[INFO] [stdout]                                at /rustc/53fd98ca776cb875bc9e5514f56b52eb74f9e7a9/library/core/src/panicking.rs:92:14
[INFO] [stdout]   15:     0x5595026fff9e - core::panicking::assert_failed_inner::h62e8cb2847a6e7ec
[INFO] [stdout]   16:     0x5595026bbf7a - core::panicking::assert_failed::hf1cb445bf4f19b33
[INFO] [stdout]                                at /rustc/53fd98ca776cb875bc9e5514f56b52eb74f9e7a9/library/core/src/panicking.rs:117:5
[INFO] [stdout]   17:     0x55950267fb2e - abscissa_core::testing::process::exit_status::ExitStatus::expect_success::h2be016599a81547a
[INFO] [stdout]                                at /opt/rustwide/workdir/core/src/testing/process/exit_status.rs:37:9
[INFO] [stdout]   18:     0x5595026466a3 - generate_app::test_generated_app::hbcd55e4df0389c4d
[INFO] [stdout]                                at /opt/rustwide/workdir/cli/tests/generate_app.rs:43:9
[INFO] [stdout]   19:     0x55950264638a - generate_app::test_generated_app::{{closure}}::h7bf4ca4ab5672763
[INFO] [stdout]                                at /opt/rustwide/workdir/cli/tests/generate_app.rs:30:1
[INFO] [stdout]   20:     0x55950264453e - core::ops::function::FnOnce::call_once::hb229d343b41c552d
[INFO] [stdout]                                at /rustc/53fd98ca776cb875bc9e5514f56b52eb74f9e7a9/library/core/src/ops/function.rs:227:5
[INFO] [stdout]   21:     0x5595026798c3 - core::ops::function::FnOnce::call_once::hbb52c4519d3137b0
[INFO] [stdout]                                at /rustc/53fd98ca776cb875bc9e5514f56b52eb74f9e7a9/library/core/src/ops/function.rs:227:5
[INFO] [stdout]   22:     0x5595026798c3 - test::__rust_begin_short_backtrace::h86fe3a2a5a5121af
[INFO] [stdout]                                at /rustc/53fd98ca776cb875bc9e5514f56b52eb74f9e7a9/library/test/src/lib.rs:578:5
[INFO] [stdout]   23:     0x559502678378 - <alloc::boxed::Box<F,A> as core::ops::function::FnOnce<Args>>::call_once::hfd956bc3d57399be
[INFO] [stdout]                                at /rustc/53fd98ca776cb875bc9e5514f56b52eb74f9e7a9/library/alloc/src/boxed.rs:1572:9
[INFO] [stdout]   24:     0x559502678378 - <std::panic::AssertUnwindSafe<F> as core::ops::function::FnOnce<()>>::call_once::h40dc93e0ddb5938a
[INFO] [stdout]                                at /rustc/53fd98ca776cb875bc9e5514f56b52eb74f9e7a9/library/std/src/panic.rs:347:9
[INFO] [stdout]   25:     0x559502678378 - std::panicking::try::do_call::h90d07750cb47c562
[INFO] [stdout]                                at /rustc/53fd98ca776cb875bc9e5514f56b52eb74f9e7a9/library/std/src/panicking.rs:401:40
[INFO] [stdout]   26:     0x559502678378 - std::panicking::try::h063c84733ad2a629
[INFO] [stdout]                                at /rustc/53fd98ca776cb875bc9e5514f56b52eb74f9e7a9/library/std/src/panicking.rs:365:19
[INFO] [stdout]   27:     0x559502678378 - std::panic::catch_unwind::h0c464836a84e7c08
[INFO] [stdout]                                at /rustc/53fd98ca776cb875bc9e5514f56b52eb74f9e7a9/library/std/src/panic.rs:434:14
[INFO] [stdout]   28:     0x559502678378 - test::run_test_in_process::h5cb06ef620b157fc
[INFO] [stdout]                                at /rustc/53fd98ca776cb875bc9e5514f56b52eb74f9e7a9/library/test/src/lib.rs:601:18
[INFO] [stdout]   29:     0x559502678378 - test::run_test::run_test_inner::{{closure}}::h76f677f4b93f9828
[INFO] [stdout]                                at /rustc/53fd98ca776cb875bc9e5514f56b52eb74f9e7a9/library/test/src/lib.rs:493:39
[INFO] [stdout]   30:     0x559502646b0d - test::run_test::run_test_inner::{{closure}}::h366d01fe04f4d67a
[INFO] [stdout]                                at /rustc/53fd98ca776cb875bc9e5514f56b52eb74f9e7a9/library/test/src/lib.rs:520:37
[INFO] [stdout]   31:     0x559502646b0d - std::sys_common::backtrace::__rust_begin_short_backtrace::h7dfa0de4eb395af2
[INFO] [stdout]                                at /rustc/53fd98ca776cb875bc9e5514f56b52eb74f9e7a9/library/std/src/sys_common/backtrace.rs:125:18
[INFO] [stdout]   32:     0x55950264b2d8 - std::thread::Builder::spawn_unchecked::{{closure}}::{{closure}}::hf0a74bb58798037f
[INFO] [stdout]                                at /rustc/53fd98ca776cb875bc9e5514f56b52eb74f9e7a9/library/std/src/thread/mod.rs:476:17
[INFO] [stdout]   33:     0x55950264b2d8 - <std::panic::AssertUnwindSafe<F> as core::ops::function::FnOnce<()>>::call_once::hb024e854818586ac
[INFO] [stdout]                                at /rustc/53fd98ca776cb875bc9e5514f56b52eb74f9e7a9/library/std/src/panic.rs:347:9
[INFO] [stdout]   34:     0x55950264b2d8 - std::panicking::try::do_call::hb2dd9f1d0d48e41d
[INFO] [stdout]                                at /rustc/53fd98ca776cb875bc9e5514f56b52eb74f9e7a9/library/std/src/panicking.rs:401:40
[INFO] [stdout]   35:     0x55950264b2d8 - std::panicking::try::h4717ae7bac8b2bf3
[INFO] [stdout]                                at /rustc/53fd98ca776cb875bc9e5514f56b52eb74f9e7a9/library/std/src/panicking.rs:365:19
[INFO] [stdout]   36:     0x55950264b2d8 - std::panic::catch_unwind::h0dc8a061326ce8d8
[INFO] [stdout]                                at /rustc/53fd98ca776cb875bc9e5514f56b52eb74f9e7a9/library/std/src/panic.rs:434:14
[INFO] [stdout]   37:     0x55950264b2d8 - std::thread::Builder::spawn_unchecked::{{closure}}::haa369e2d6fd00aa1
[INFO] [stdout]                                at /rustc/53fd98ca776cb875bc9e5514f56b52eb74f9e7a9/library/std/src/thread/mod.rs:475:30
[INFO] [stdout]   38:     0x55950264b2d8 - core::ops::function::FnOnce::call_once{{vtable.shim}}::h36dcf3de8b056f17
[INFO] [stdout]                                at /rustc/53fd98ca776cb875bc9e5514f56b52eb74f9e7a9/library/core/src/ops/function.rs:227:5
[INFO] [stdout]   39:     0x5595026e6187 - <alloc::boxed::Box<F,A> as core::ops::function::FnOnce<Args>>::call_once::h65c29e4642be2358
[INFO] [stdout]                                at /rustc/53fd98ca776cb875bc9e5514f56b52eb74f9e7a9/library/alloc/src/boxed.rs:1572:9
[INFO] [stdout]   40:     0x5595026e6187 - <alloc::boxed::Box<F,A> as core::ops::function::FnOnce<Args>>::call_once::hd0f8f7fbbd9fffbf
[INFO] [stdout]                                at /rustc/53fd98ca776cb875bc9e5514f56b52eb74f9e7a9/library/alloc/src/boxed.rs:1572:9
[INFO] [stdout]   41:     0x5595026e6187 - std::sys::unix::thread::Thread::new::thread_start::h2fd22fee3ca77b65
[INFO] [stdout]                                at /rustc/53fd98ca776cb875bc9e5514f56b52eb74f9e7a9/library/std/src/sys/unix/thread.rs:74:17
[INFO] [stdout]   42:     0x7f8770a90609 - start_thread
[INFO] [stdout]   43:     0x7f8770862293 - clone
[INFO] [stdout]   44:                0x0 - <unknown>
[INFO] [stdout] 
[INFO] [stdout] 
[INFO] [stdout] failures:
[INFO] [stdout]     test_generated_app
[INFO] [stdout] 
[INFO] [stdout] test result: FAILED. 0 passed; 1 failed; 0 ignored; 0 measured; 0 filtered out; finished in 1.54s
[INFO] [stdout] 
[INFO] [stderr] error: test failed, to rerun pass '-p abscissa --test generate_app'
[INFO] running `Command { std: "docker" "inspect" "2b3ac774e46b8d0b22812a2a3e50541943769be08f7725045a8df41da4c22f0d", kill_on_drop: false }`
[INFO] running `Command { std: "docker" "rm" "-f" "2b3ac774e46b8d0b22812a2a3e50541943769be08f7725045a8df41da4c22f0d", kill_on_drop: false }`
[INFO] [stdout] 2b3ac774e46b8d0b22812a2a3e50541943769be08f7725045a8df41da4c22f0d
