[INFO] cloning repository https://github.com/ilkomiliev/rust-game-impl
[INFO] running `Command { std: "git" "-c" "credential.helper=" "-c" "credential.helper=/workspace/cargo-home/bin/git-credential-null" "clone" "--bare" "https://github.com/ilkomiliev/rust-game-impl" "/workspace/cache/git-repos/https%3A%2F%2Fgithub.com%2Filkomiliev%2Frust-game-impl", kill_on_drop: false }`
[INFO] [stderr] Cloning into bare repository '/workspace/cache/git-repos/https%3A%2F%2Fgithub.com%2Filkomiliev%2Frust-game-impl'...
[INFO] running `Command { std: "git" "rev-parse" "HEAD", kill_on_drop: false }`
[INFO] [stdout] 213bdfdd89bb57ae5b388a0542a4b4a61f0f2951
[INFO] testing ilkomiliev/rust-game-impl against beta-2021-08-01 for beta-1.55-1
[INFO] running `Command { std: "git" "clone" "/workspace/cache/git-repos/https%3A%2F%2Fgithub.com%2Filkomiliev%2Frust-game-impl" "/workspace/builds/worker-36/source", kill_on_drop: false }`
[INFO] [stderr] Cloning into '/workspace/builds/worker-36/source'...
[INFO] [stderr] done.
[INFO] validating manifest of git repo https://github.com/ilkomiliev/rust-game-impl on toolchain beta-2021-08-01
[INFO] running `Command { std: "/workspace/cargo-home/bin/cargo" "+beta-2021-08-01" "metadata" "--manifest-path" "Cargo.toml" "--no-deps", kill_on_drop: false }`
[INFO] started tweaking git repo https://github.com/ilkomiliev/rust-game-impl
[INFO] finished tweaking git repo https://github.com/ilkomiliev/rust-game-impl
[INFO] tweaked toml for git repo https://github.com/ilkomiliev/rust-game-impl written to /workspace/builds/worker-36/source/Cargo.toml
[INFO] crate git repo https://github.com/ilkomiliev/rust-game-impl already has a lockfile, it will not be regenerated
[INFO] running `Command { std: "/workspace/cargo-home/bin/cargo" "+beta-2021-08-01" "fetch" "--manifest-path" "Cargo.toml", kill_on_drop: false }`
[INFO] [stderr]     Blocking waiting for file lock on package cache
[INFO] [stderr]     Blocking waiting for file lock on package cache
[INFO] running `Command { std: "docker" "create" "-v" "/var/lib/crater-agent-workspace/builds/worker-36/target:/opt/rustwide/target:rw,Z" "-v" "/var/lib/crater-agent-workspace/builds/worker-36/source:/opt/rustwide/workdir:ro,Z" "-v" "/var/lib/crater-agent-workspace/cargo-home:/opt/rustwide/cargo-home:ro,Z" "-v" "/var/lib/crater-agent-workspace/rustup-home:/opt/rustwide/rustup-home:ro,Z" "-e" "SOURCE_DIR=/opt/rustwide/workdir" "-e" "CARGO_TARGET_DIR=/opt/rustwide/target" "-e" "CARGO_HOME=/opt/rustwide/cargo-home" "-e" "RUSTUP_HOME=/opt/rustwide/rustup-home" "-w" "/opt/rustwide/workdir" "-m" "1610612736" "--user" "0:0" "--network" "none" "ghcr.io/rust-lang/crates-build-env/linux@sha256:34b6a614d2c27851fe6cbf88fbd1137609cefab8b10d0615aaeb6fd47975d74e" "/opt/rustwide/cargo-home/bin/cargo" "+beta-2021-08-01" "metadata" "--no-deps" "--format-version=1", kill_on_drop: false }`
[INFO] [stdout] a300245d58b9c17dacf063c188a2a10e8750278235b1e4e129131b78342d445d
[INFO] running `Command { std: "docker" "start" "-a" "a300245d58b9c17dacf063c188a2a10e8750278235b1e4e129131b78342d445d", kill_on_drop: false }`
[INFO] running `Command { std: "docker" "inspect" "a300245d58b9c17dacf063c188a2a10e8750278235b1e4e129131b78342d445d", kill_on_drop: false }`
[INFO] running `Command { std: "docker" "rm" "-f" "a300245d58b9c17dacf063c188a2a10e8750278235b1e4e129131b78342d445d", kill_on_drop: false }`
[INFO] [stdout] a300245d58b9c17dacf063c188a2a10e8750278235b1e4e129131b78342d445d
[INFO] running `Command { std: "docker" "create" "-v" "/var/lib/crater-agent-workspace/builds/worker-36/target:/opt/rustwide/target:rw,Z" "-v" "/var/lib/crater-agent-workspace/builds/worker-36/source:/opt/rustwide/workdir:ro,Z" "-v" "/var/lib/crater-agent-workspace/cargo-home:/opt/rustwide/cargo-home:ro,Z" "-v" "/var/lib/crater-agent-workspace/rustup-home:/opt/rustwide/rustup-home:ro,Z" "-e" "SOURCE_DIR=/opt/rustwide/workdir" "-e" "CARGO_TARGET_DIR=/opt/rustwide/target" "-e" "CARGO_INCREMENTAL=0" "-e" "RUST_BACKTRACE=full" "-e" "RUSTFLAGS=--cap-lints=warn" "-e" "CARGO_HOME=/opt/rustwide/cargo-home" "-e" "RUSTUP_HOME=/opt/rustwide/rustup-home" "-w" "/opt/rustwide/workdir" "-m" "1610612736" "--user" "0:0" "--network" "none" "ghcr.io/rust-lang/crates-build-env/linux@sha256:34b6a614d2c27851fe6cbf88fbd1137609cefab8b10d0615aaeb6fd47975d74e" "/opt/rustwide/cargo-home/bin/cargo" "+beta-2021-08-01" "build" "--frozen" "--message-format=json", kill_on_drop: false }`
[INFO] [stdout] c6449ae471d7777f733236267af26989de135bf24895a7e661c14e4278f5a1aa
[INFO] running `Command { std: "docker" "start" "-a" "c6449ae471d7777f733236267af26989de135bf24895a7e661c14e4278f5a1aa", kill_on_drop: false }`
[INFO] [stderr]     Blocking waiting for file lock on package cache
[INFO] [stderr]    Compiling libc v0.2.62
[INFO] [stderr]    Compiling getrandom v0.1.9
[INFO] [stderr]    Compiling ppv-lite86 v0.2.5
[INFO] [stderr]    Compiling c2-chacha v0.2.2
[INFO] [stderr]    Compiling rand_core v0.5.0
[INFO] [stderr]    Compiling rand_chacha v0.2.1
[INFO] [stderr]    Compiling rand v0.7.0
[INFO] [stderr]    Compiling rust-game-impl v0.1.0 (/opt/rustwide/workdir)
[INFO] [stderr]     Finished dev [unoptimized + debuginfo] target(s) in 13.53s
[INFO] running `Command { std: "docker" "inspect" "c6449ae471d7777f733236267af26989de135bf24895a7e661c14e4278f5a1aa", kill_on_drop: false }`
[INFO] running `Command { std: "docker" "rm" "-f" "c6449ae471d7777f733236267af26989de135bf24895a7e661c14e4278f5a1aa", kill_on_drop: false }`
[INFO] [stdout] c6449ae471d7777f733236267af26989de135bf24895a7e661c14e4278f5a1aa
[INFO] running `Command { std: "docker" "create" "-v" "/var/lib/crater-agent-workspace/builds/worker-36/target:/opt/rustwide/target:rw,Z" "-v" "/var/lib/crater-agent-workspace/builds/worker-36/source:/opt/rustwide/workdir:ro,Z" "-v" "/var/lib/crater-agent-workspace/cargo-home:/opt/rustwide/cargo-home:ro,Z" "-v" "/var/lib/crater-agent-workspace/rustup-home:/opt/rustwide/rustup-home:ro,Z" "-e" "SOURCE_DIR=/opt/rustwide/workdir" "-e" "CARGO_TARGET_DIR=/opt/rustwide/target" "-e" "CARGO_INCREMENTAL=0" "-e" "RUST_BACKTRACE=full" "-e" "RUSTFLAGS=--cap-lints=warn" "-e" "CARGO_HOME=/opt/rustwide/cargo-home" "-e" "RUSTUP_HOME=/opt/rustwide/rustup-home" "-w" "/opt/rustwide/workdir" "-m" "1610612736" "--user" "0:0" "--network" "none" "ghcr.io/rust-lang/crates-build-env/linux@sha256:34b6a614d2c27851fe6cbf88fbd1137609cefab8b10d0615aaeb6fd47975d74e" "/opt/rustwide/cargo-home/bin/cargo" "+beta-2021-08-01" "test" "--frozen" "--no-run" "--message-format=json", kill_on_drop: false }`
[INFO] [stdout] 7b6d1aa8bc32cdfdd35556c0114596e459d72e3e8049aca8bbdb6705b0aafb52
[INFO] running `Command { std: "docker" "start" "-a" "7b6d1aa8bc32cdfdd35556c0114596e459d72e3e8049aca8bbdb6705b0aafb52", kill_on_drop: false }`
[INFO] [stderr]    Compiling rust-game-impl v0.1.0 (/opt/rustwide/workdir)
[INFO] [stderr]     Finished test [unoptimized + debuginfo] target(s) in 0.93s
[INFO] running `Command { std: "docker" "inspect" "7b6d1aa8bc32cdfdd35556c0114596e459d72e3e8049aca8bbdb6705b0aafb52", kill_on_drop: false }`
[INFO] running `Command { std: "docker" "rm" "-f" "7b6d1aa8bc32cdfdd35556c0114596e459d72e3e8049aca8bbdb6705b0aafb52", kill_on_drop: false }`
[INFO] [stdout] 7b6d1aa8bc32cdfdd35556c0114596e459d72e3e8049aca8bbdb6705b0aafb52
[INFO] running `Command { std: "docker" "create" "-v" "/var/lib/crater-agent-workspace/builds/worker-36/target:/opt/rustwide/target:rw,Z" "-v" "/var/lib/crater-agent-workspace/builds/worker-36/source:/opt/rustwide/workdir:ro,Z" "-v" "/var/lib/crater-agent-workspace/cargo-home:/opt/rustwide/cargo-home:ro,Z" "-v" "/var/lib/crater-agent-workspace/rustup-home:/opt/rustwide/rustup-home:ro,Z" "-e" "SOURCE_DIR=/opt/rustwide/workdir" "-e" "CARGO_TARGET_DIR=/opt/rustwide/target" "-e" "CARGO_INCREMENTAL=0" "-e" "RUST_BACKTRACE=full" "-e" "RUSTFLAGS=--cap-lints=warn" "-e" "CARGO_HOME=/opt/rustwide/cargo-home" "-e" "RUSTUP_HOME=/opt/rustwide/rustup-home" "-w" "/opt/rustwide/workdir" "-m" "1610612736" "--user" "0:0" "--network" "none" "ghcr.io/rust-lang/crates-build-env/linux@sha256:34b6a614d2c27851fe6cbf88fbd1137609cefab8b10d0615aaeb6fd47975d74e" "/opt/rustwide/cargo-home/bin/cargo" "+beta-2021-08-01" "test" "--frozen", kill_on_drop: false }`
[INFO] [stdout] af47330d7fe74899f04b28d9964bdc44a523a3e2c1186c6c659cdadb0ac328ce
[INFO] running `Command { std: "docker" "start" "-a" "af47330d7fe74899f04b28d9964bdc44a523a3e2c1186c6c659cdadb0ac328ce", kill_on_drop: false }`
[INFO] [stderr]     Blocking waiting for file lock on package cache
[INFO] [stderr]     Finished test [unoptimized + debuginfo] target(s) in 0.16s
[INFO] [stderr]      Running unittests (/opt/rustwide/target/debug/deps/rust_game_impl-b41a6a1b8f3340f1)
[INFO] [stdout] 
[INFO] [stdout] running 4 tests
[INFO] [stderr]      Running unittests (/opt/rustwide/target/debug/deps/rust_game_impl-14ca18872083206d)
[INFO] [stdout] test tests::test_move_dead_lock_with_rules_exits_after_three_attempts ... ok
[INFO] [stdout] test tests::test_move_rule_target_is_rule_cell ... ok
[INFO] [stdout] test tests::test_move_simple_cells_only_edge_cases ... ok
[INFO] [stdout] test tests::test_move_rule_target_is_simple_cell ... ok
[INFO] [stdout] 
[INFO] [stdout] test result: ok. 4 passed; 0 failed; 0 ignored; 0 measured; 0 filtered out; finished in 0.03s
[INFO] [stdout] 
[INFO] [stderr]    Doc-tests rust-game-impl
[INFO] [stdout] 
[INFO] [stdout] running 0 tests
[INFO] [stdout] 
[INFO] [stdout] test result: ok. 0 passed; 0 failed; 0 ignored; 0 measured; 0 filtered out; finished in 0.00s
[INFO] [stdout] 
[INFO] [stdout] 
[INFO] [stdout] running 2 tests
[INFO] [stdout] test src/rules.rs - rules::MoveRule::new (line 33) ... FAILED
[INFO] [stdout] test src/rules.rs - rules::MoveRule::new (line 40) ... FAILED
[INFO] [stdout] 
[INFO] [stdout] failures:
[INFO] [stdout] 
[INFO] [stdout] ---- src/rules.rs - rules::MoveRule::new (line 33) stdout ----
[INFO] [stdout] error[E0433]: failed to resolve: use of undeclared type `MoveRule`
[INFO] [stdout]  --> src/rules.rs:34:12
[INFO] [stdout]   |
[INFO] [stdout] 3 | let rule = MoveRule::new(5);
[INFO] [stdout]   |            ^^^^^^^^ not found in this scope
[INFO] [stdout]   |
[INFO] [stdout] help: consider importing this struct
[INFO] [stdout]   |
[INFO] [stdout] 2 | use rust_game_impl::rules::MoveRule;
[INFO] [stdout]   |
[INFO] [stdout] 
[INFO] [stdout] error: aborting due to previous error
[INFO] [stdout] 
[INFO] [stdout] For more information about this error, try `rustc --explain E0433`.
[INFO] [stdout] Couldn't compile the test.
[INFO] [stdout] ---- src/rules.rs - rules::MoveRule::new (line 40) stdout ----
[INFO] [stdout] error[E0433]: failed to resolve: use of undeclared type `MoveRule`
[INFO] [stdout]  --> src/rules.rs:41:12
[INFO] [stdout]   |
[INFO] [stdout] 3 | let rule = MoveRule::new(-5);
[INFO] [stdout]   |            ^^^^^^^^ not found in this scope
[INFO] [stdout]   |
[INFO] [stdout] help: consider importing this struct
[INFO] [stdout]   |
[INFO] [stdout] 2 | use rust_game_impl::rules::MoveRule;
[INFO] [stdout]   |
[INFO] [stdout] 
[INFO] [stdout] error: aborting due to previous error
[INFO] [stdout] 
[INFO] [stdout] For more information about this error, try `rustc --explain E0433`.
[INFO] [stdout] Couldn't compile the test.
[INFO] [stdout] 
[INFO] [stdout] failures:
[INFO] [stdout]     src/rules.rs - rules::MoveRule::new (line 33)
[INFO] [stdout]     src/rules.rs - rules::MoveRule::new (line 40)
[INFO] [stdout] 
[INFO] [stdout] test result: FAILED. 0 passed; 2 failed; 0 ignored; 0 measured; 0 filtered out; finished in 0.22s
[INFO] [stdout] 
[INFO] [stderr] error: test failed, to rerun pass '--doc'
[INFO] running `Command { std: "docker" "inspect" "af47330d7fe74899f04b28d9964bdc44a523a3e2c1186c6c659cdadb0ac328ce", kill_on_drop: false }`
[INFO] running `Command { std: "docker" "rm" "-f" "af47330d7fe74899f04b28d9964bdc44a523a3e2c1186c6c659cdadb0ac328ce", kill_on_drop: false }`
[INFO] [stdout] af47330d7fe74899f04b28d9964bdc44a523a3e2c1186c6c659cdadb0ac328ce
