[INFO] cloning repository https://github.com/hyeonjang/r-rt
[INFO] running `Command { std: "git" "-c" "credential.helper=" "-c" "credential.helper=/workspace/cargo-home/bin/git-credential-null" "clone" "--bare" "https://github.com/hyeonjang/r-rt" "/workspace/cache/git-repos/https%3A%2F%2Fgithub.com%2Fhyeonjang%2Fr-rt", kill_on_drop: false }`
[INFO] [stderr] Cloning into bare repository '/workspace/cache/git-repos/https%3A%2F%2Fgithub.com%2Fhyeonjang%2Fr-rt'...
[INFO] running `Command { std: "git" "rev-parse" "HEAD", kill_on_drop: false }`
[INFO] [stdout] 17a689ae7249fbf47e14b7961e98d9de410ba4c0
[INFO] testing hyeonjang/r-rt against 1.54.0 for beta-1.55-1
[INFO] running `Command { std: "git" "clone" "/workspace/cache/git-repos/https%3A%2F%2Fgithub.com%2Fhyeonjang%2Fr-rt" "/workspace/builds/worker-1/source", kill_on_drop: false }`
[INFO] [stderr] Cloning into '/workspace/builds/worker-1/source'...
[INFO] [stderr] done.
[INFO] validating manifest of git repo https://github.com/hyeonjang/r-rt on toolchain 1.54.0
[INFO] running `Command { std: "/workspace/cargo-home/bin/cargo" "+1.54.0" "metadata" "--manifest-path" "Cargo.toml" "--no-deps", kill_on_drop: false }`
[INFO] started tweaking git repo https://github.com/hyeonjang/r-rt
[INFO] finished tweaking git repo https://github.com/hyeonjang/r-rt
[INFO] tweaked toml for git repo https://github.com/hyeonjang/r-rt written to /workspace/builds/worker-1/source/Cargo.toml
[INFO] crate git repo https://github.com/hyeonjang/r-rt already has a lockfile, it will not be regenerated
[INFO] running `Command { std: "/workspace/cargo-home/bin/cargo" "+1.54.0" "fetch" "--manifest-path" "Cargo.toml", kill_on_drop: false }`
[INFO] [stderr]     Blocking waiting for file lock on package cache
[INFO] running `Command { std: "docker" "create" "-v" "/var/lib/crater-agent-workspace/builds/worker-1/target:/opt/rustwide/target:rw,Z" "-v" "/var/lib/crater-agent-workspace/builds/worker-1/source:/opt/rustwide/workdir:ro,Z" "-v" "/var/lib/crater-agent-workspace/cargo-home:/opt/rustwide/cargo-home:ro,Z" "-v" "/var/lib/crater-agent-workspace/rustup-home:/opt/rustwide/rustup-home:ro,Z" "-e" "SOURCE_DIR=/opt/rustwide/workdir" "-e" "CARGO_TARGET_DIR=/opt/rustwide/target" "-e" "CARGO_HOME=/opt/rustwide/cargo-home" "-e" "RUSTUP_HOME=/opt/rustwide/rustup-home" "-w" "/opt/rustwide/workdir" "-m" "1610612736" "--user" "0:0" "--network" "none" "ghcr.io/rust-lang/crates-build-env/linux@sha256:34b6a614d2c27851fe6cbf88fbd1137609cefab8b10d0615aaeb6fd47975d74e" "/opt/rustwide/cargo-home/bin/cargo" "+1.54.0" "metadata" "--no-deps" "--format-version=1", kill_on_drop: false }`
[INFO] [stdout] 35327f90d1cd455d8a9b67ecbfda7ac6cd68a9e6b9094c4b7627a79ca4666921
[INFO] running `Command { std: "docker" "start" "-a" "35327f90d1cd455d8a9b67ecbfda7ac6cd68a9e6b9094c4b7627a79ca4666921", kill_on_drop: false }`
[INFO] running `Command { std: "docker" "inspect" "35327f90d1cd455d8a9b67ecbfda7ac6cd68a9e6b9094c4b7627a79ca4666921", kill_on_drop: false }`
[INFO] running `Command { std: "docker" "rm" "-f" "35327f90d1cd455d8a9b67ecbfda7ac6cd68a9e6b9094c4b7627a79ca4666921", kill_on_drop: false }`
[INFO] [stdout] 35327f90d1cd455d8a9b67ecbfda7ac6cd68a9e6b9094c4b7627a79ca4666921
[INFO] running `Command { std: "docker" "create" "-v" "/var/lib/crater-agent-workspace/builds/worker-1/target:/opt/rustwide/target:rw,Z" "-v" "/var/lib/crater-agent-workspace/builds/worker-1/source:/opt/rustwide/workdir:ro,Z" "-v" "/var/lib/crater-agent-workspace/cargo-home:/opt/rustwide/cargo-home:ro,Z" "-v" "/var/lib/crater-agent-workspace/rustup-home:/opt/rustwide/rustup-home:ro,Z" "-e" "SOURCE_DIR=/opt/rustwide/workdir" "-e" "CARGO_TARGET_DIR=/opt/rustwide/target" "-e" "CARGO_INCREMENTAL=0" "-e" "RUST_BACKTRACE=full" "-e" "RUSTFLAGS=--cap-lints=warn" "-e" "CARGO_HOME=/opt/rustwide/cargo-home" "-e" "RUSTUP_HOME=/opt/rustwide/rustup-home" "-w" "/opt/rustwide/workdir" "-m" "1610612736" "--user" "0:0" "--network" "none" "ghcr.io/rust-lang/crates-build-env/linux@sha256:34b6a614d2c27851fe6cbf88fbd1137609cefab8b10d0615aaeb6fd47975d74e" "/opt/rustwide/cargo-home/bin/cargo" "+1.54.0" "build" "--frozen" "--message-format=json", kill_on_drop: false }`
[INFO] [stdout] 9d9acc8f7e871dfccec05b40612de3ea0f7bfef752155506db7a47ba352e98dc
[INFO] running `Command { std: "docker" "start" "-a" "9d9acc8f7e871dfccec05b40612de3ea0f7bfef752155506db7a47ba352e98dc", kill_on_drop: false }`
[INFO] [stderr]    Compiling autocfg v1.0.1
[INFO] [stderr]    Compiling libc v0.2.82
[INFO] [stderr]    Compiling cfg-if v1.0.0
[INFO] [stderr]    Compiling const_fn v0.4.5
[INFO] [stderr]    Compiling rayon-core v1.9.0
[INFO] [stderr]    Compiling getrandom v0.1.16
[INFO] [stderr]    Compiling byteorder v1.4.2
[INFO] [stderr]    Compiling adler32 v1.2.0
[INFO] [stderr]    Compiling crc32fast v1.2.1
[INFO] [stderr]    Compiling either v1.6.1
[INFO] [stderr]    Compiling regex-syntax v0.6.22
[INFO] [stderr]    Compiling ppv-lite86 v0.2.10
[INFO] [stderr]    Compiling weezl v0.1.3
[INFO] [stderr]    Compiling adler v0.2.3
[INFO] [stderr]    Compiling color_quant v1.1.0
[INFO] [stderr]    Compiling unicode-width v0.1.8
[INFO] [stderr]    Compiling bytemuck v1.5.0
[INFO] [stderr]    Compiling number_prefix v0.3.0
[INFO] [stderr]    Compiling scoped_threadpool v0.1.9
[INFO] [stderr]    Compiling miniz_oxide v0.3.7
[INFO] [stderr]    Compiling gif v0.11.1
[INFO] [stderr]    Compiling deflate v0.8.6
[INFO] [stderr]    Compiling crossbeam-utils v0.8.1
[INFO] [stderr]    Compiling num-traits v0.2.14
[INFO] [stderr]    Compiling memoffset v0.6.1
[INFO] [stderr]    Compiling num-integer v0.1.44
[INFO] [stderr]    Compiling rayon v1.5.0
[INFO] [stderr]    Compiling miniz_oxide v0.4.3
[INFO] [stderr]    Compiling num-iter v0.1.42
[INFO] [stderr]    Compiling num-rational v0.3.2
[INFO] [stderr]    Compiling png v0.16.8
[INFO] [stderr]    Compiling num_cpus v1.13.0
[INFO] [stderr]    Compiling terminal_size v0.1.15
[INFO] [stderr]    Compiling time v0.1.44
[INFO] [stderr]    Compiling regex v1.4.3
[INFO] [stderr]    Compiling rand_core v0.5.1
[INFO] [stderr]    Compiling rand_chacha v0.2.2
[INFO] [stderr]    Compiling console v0.14.0
[INFO] [stderr]    Compiling rand v0.7.3
[INFO] [stderr]    Compiling indicatif v0.15.0
[INFO] [stderr]    Compiling crossbeam-epoch v0.9.1
[INFO] [stderr]    Compiling crossbeam-channel v0.5.0
[INFO] [stderr]    Compiling num-complex v0.3.1
[INFO] [stderr]    Compiling rxmath v0.1.0 (/opt/rustwide/workdir/rxmath)
[INFO] [stderr]    Compiling crossbeam-deque v0.8.0
[INFO] [stderr]    Compiling chrono v0.4.19
[INFO] [stderr]    Compiling jpeg-decoder v0.1.20
[INFO] [stderr]    Compiling tiff v0.6.1
[INFO] [stderr]    Compiling image v0.23.12
[INFO] [stderr]    Compiling raytracer v0.1.0 (/opt/rustwide/workdir/raytracer)
[INFO] [stdout] warning: unused import: `image::*`
[INFO] [stdout]  --> raytracer/src/intergrate/mod.rs:5:9
[INFO] [stdout]   |
[INFO] [stdout] 5 |     use image::*;
[INFO] [stdout]   |         ^^^^^^^^
[INFO] [stdout]   |
[INFO] [stdout]   = note: `#[warn(unused_imports)]` on by default
[INFO] [stdout] 
[INFO] [stdout] 
[INFO] [stdout] warning: unused import: `accelerator::*`
[INFO] [stdout]  --> raytracer/src/shape/prism.rs:5:5
[INFO] [stdout]   |
[INFO] [stdout] 5 | use accelerator::*;
[INFO] [stdout]   |     ^^^^^^^^^^^^^^
[INFO] [stdout] 
[INFO] [stdout] 
[INFO] [stdout] warning: unused import: `crate::texture::*`
[INFO] [stdout]   --> raytracer/src/shape/volume.rs:14:5
[INFO] [stdout]    |
[INFO] [stdout] 14 | use crate::texture::*;
[INFO] [stdout]    |     ^^^^^^^^^^^^^^^^^
[INFO] [stdout] 
[INFO] [stdout] 
[INFO] [stdout] warning: unnecessary trailing semicolon
[INFO] [stdout]    --> raytracer/src/main.rs:102:6
[INFO] [stdout]     |
[INFO] [stdout] 102 |     };
[INFO] [stdout]     |      ^ help: remove this semicolon
[INFO] [stdout]     |
[INFO] [stdout]     = note: `#[warn(redundant_semicolons)]` on by default
[INFO] [stdout] 
[INFO] [stdout] 
[INFO] [stdout] warning: unused variable: `x`
[INFO] [stdout]  --> raytracer/src/intergrate/mod.rs:9:12
[INFO] [stdout]   |
[INFO] [stdout] 9 |     fn pdf(x:vec3) -> f32 {
[INFO] [stdout]   |            ^ help: if this is intentional, prefix it with an underscore: `_x`
[INFO] [stdout]   |
[INFO] [stdout]   = note: `#[warn(unused_variables)]` on by default
[INFO] [stdout] 
[INFO] [stdout] 
[INFO] [stdout] warning: unused variable: `p`
[INFO] [stdout]   --> raytracer/src/texture.rs:70:37
[INFO] [stdout]    |
[INFO] [stdout] 70 |     fn value(&self, u: f32, v: f32, p: &vec3) -> vec3 {
[INFO] [stdout]    |                                     ^ help: if this is intentional, prefix it with an underscore: `_p`
[INFO] [stdout] 
[INFO] [stdout] 
[INFO] [stdout] warning: unused variable: `h`
[INFO] [stdout]   --> raytracer/src/accelerator/bounds.rs:95:55
[INFO] [stdout]    |
[INFO] [stdout] 95 |     fn intersect(&self, r:&Ray, t_min:f32, t_max:f32, h:&mut Hit) -> bool {
[INFO] [stdout]    |                                                       ^ help: if this is intentional, prefix it with an underscore: `_h`
[INFO] [stdout] 
[INFO] [stdout] 
[INFO] [stdout] warning: unused variable: `r`
[INFO] [stdout]   --> raytracer/src/shape/material.rs:17:27
[INFO] [stdout]    |
[INFO] [stdout] 17 |     fn scatter_pdf(&self, r:&Ray, h:&Hit, scattered:&mut Ray) -> f32 { return 0.0; }
[INFO] [stdout]    |                           ^ help: if this is intentional, prefix it with an underscore: `_r`
[INFO] [stdout] 
[INFO] [stdout] 
[INFO] [stdout] warning: unused variable: `h`
[INFO] [stdout]   --> raytracer/src/shape/material.rs:17:35
[INFO] [stdout]    |
[INFO] [stdout] 17 |     fn scatter_pdf(&self, r:&Ray, h:&Hit, scattered:&mut Ray) -> f32 { return 0.0; }
[INFO] [stdout]    |                                   ^ help: if this is intentional, prefix it with an underscore: `_h`
[INFO] [stdout] 
[INFO] [stdout] 
[INFO] [stdout] warning: unused variable: `scattered`
[INFO] [stdout]   --> raytracer/src/shape/material.rs:17:43
[INFO] [stdout]    |
[INFO] [stdout] 17 |     fn scatter_pdf(&self, r:&Ray, h:&Hit, scattered:&mut Ray) -> f32 { return 0.0; }
[INFO] [stdout]    |                                           ^^^^^^^^^ help: if this is intentional, prefix it with an underscore: `_scattered`
[INFO] [stdout] 
[INFO] [stdout] 
[INFO] [stdout] warning: unused variable: `r`
[INFO] [stdout]   --> raytracer/src/shape/material.rs:94:27
[INFO] [stdout]    |
[INFO] [stdout] 94 |     fn scatter_pdf(&self, r: &Ray, h: &Hit, scattered: &mut Ray) -> f32 {
[INFO] [stdout]    |                           ^ help: if this is intentional, prefix it with an underscore: `_r`
[INFO] [stdout] 
[INFO] [stdout] 
[INFO] [stdout] warning: unused variable: `pdf`
[INFO] [stdout]    --> raytracer/src/shape/material.rs:102:82
[INFO] [stdout]     |
[INFO] [stdout] 102 |     fn scatter(&self, r:&Ray, h:&Hit, attenuation:&mut vec3, scattered:&mut Ray, pdf:&mut f32) -> bool {
[INFO] [stdout]     |                                                                                  ^^^ help: if this is intentional, prefix it with an underscore: `_pdf`
[INFO] [stdout] 
[INFO] [stdout] 
[INFO] [stdout] warning: unused variable: `pdf`
[INFO] [stdout]    --> raytracer/src/shape/material.rs:111:82
[INFO] [stdout]     |
[INFO] [stdout] 111 |     fn scatter(&self, r:&Ray, h:&Hit, attenuation:&mut vec3, scattered:&mut Ray, pdf:&mut f32) -> bool {
[INFO] [stdout]     |                                                                                  ^^^ help: if this is intentional, prefix it with an underscore: `_pdf`
[INFO] [stdout] 
[INFO] [stdout] 
[INFO] [stdout] warning: unused variable: `pdf`
[INFO] [stdout]    --> raytracer/src/shape/material.rs:138:90
[INFO] [stdout]     |
[INFO] [stdout] 138 |     fn scatter(&self, _r: &Ray, _h: &Hit, _attenuation: &mut vec3, _scattered: &mut Ray, pdf:&mut f32) -> bool {
[INFO] [stdout]     |                                                                                          ^^^ help: if this is intentional, prefix it with an underscore: `_pdf`
[INFO] [stdout] 
[INFO] [stdout] 
[INFO] [stdout] warning: unused variable: `pdf`
[INFO] [stdout]    --> raytracer/src/shape/material.rs:144:86
[INFO] [stdout]     |
[INFO] [stdout] 144 |     fn scatter(&self, r: &Ray, h: &Hit, attenuation: &mut vec3, scattered: &mut Ray, pdf:&mut f32) -> bool {
[INFO] [stdout]     |                                                                                      ^^^ help: if this is intentional, prefix it with an underscore: `_pdf`
[INFO] [stdout] 
[INFO] [stdout] 
[INFO] [stdout] warning: unused variable: `t_max`
[INFO] [stdout]   --> raytracer/src/shape/volume.rs:29:48
[INFO] [stdout]    |
[INFO] [stdout] 29 |     fn intersect(&self, ray: &Ray, t_min: f32, t_max: f32, hit0:&mut Hit) -> bool {
[INFO] [stdout]    |                                                ^^^^^ help: if this is intentional, prefix it with an underscore: `_t_max`
[INFO] [stdout] 
[INFO] [stdout] 
[INFO] [stdout] warning: field is never read: `w`
[INFO] [stdout]   --> raytracer/src/camera.rs:13:5
[INFO] [stdout]    |
[INFO] [stdout] 13 |     w:vec3, u:vec3, v:vec3,
[INFO] [stdout]    |     ^^^^^^
[INFO] [stdout]    |
[INFO] [stdout]    = note: `#[warn(dead_code)]` on by default
[INFO] [stdout] 
[INFO] [stdout] 
[INFO] [stdout] warning: function is never used: `pdf`
[INFO] [stdout]  --> raytracer/src/intergrate/mod.rs:9:8
[INFO] [stdout]   |
[INFO] [stdout] 9 |     fn pdf(x:vec3) -> f32 {
[INFO] [stdout]   |        ^^^
[INFO] [stdout] 
[INFO] [stdout] 
[INFO] [stdout] warning: function is never used: `integrate_squared_x`
[INFO] [stdout]   --> raytracer/src/intergrate/mod.rs:13:8
[INFO] [stdout]    |
[INFO] [stdout] 13 |     fn integrate_squared_x() {
[INFO] [stdout]    |        ^^^^^^^^^^^^^^^^^^^
[INFO] [stdout] 
[INFO] [stdout] 
[INFO] [stdout] warning: function is never used: `simple_mc`
[INFO] [stdout]   --> raytracer/src/intergrate/mod.rs:24:8
[INFO] [stdout]    |
[INFO] [stdout] 24 |     fn simple_mc() {
[INFO] [stdout]    |        ^^^^^^^^^
[INFO] [stdout] 
[INFO] [stdout] 
[INFO] [stdout] warning: struct is never constructed: `Triangle`
[INFO] [stdout]  --> raytracer/src/shape/triangle.rs:3:12
[INFO] [stdout]   |
[INFO] [stdout] 3 | pub struct Triangle {
[INFO] [stdout]   |            ^^^^^^^^
[INFO] [stdout] 
[INFO] [stdout] 
[INFO] [stdout] warning: variable `N` should have a snake case name
[INFO] [stdout]   --> raytracer/src/intergrate/mod.rs:14:13
[INFO] [stdout]    |
[INFO] [stdout] 14 |         let N = 1000000;
[INFO] [stdout]    |             ^ help: convert the identifier to snake case: `n`
[INFO] [stdout]    |
[INFO] [stdout]    = note: `#[warn(non_snake_case)]` on by default
[INFO] [stdout] 
[INFO] [stdout] 
[INFO] [stdout] warning: variable `N` should have a snake case name
[INFO] [stdout]   --> raytracer/src/intergrate/mod.rs:25:13
[INFO] [stdout]    |
[INFO] [stdout] 25 |         let N = 1000000;
[INFO] [stdout]    |             ^ help: convert the identifier to snake case: `n`
[INFO] [stdout] 
[INFO] [stdout] 
[INFO] [stdout] warning: 23 warnings emitted
[INFO] [stdout] 
[INFO] [stdout] 
[INFO] [stderr]     Finished dev [unoptimized + debuginfo] target(s) in 31.93s
[INFO] running `Command { std: "docker" "inspect" "9d9acc8f7e871dfccec05b40612de3ea0f7bfef752155506db7a47ba352e98dc", kill_on_drop: false }`
[INFO] running `Command { std: "docker" "rm" "-f" "9d9acc8f7e871dfccec05b40612de3ea0f7bfef752155506db7a47ba352e98dc", kill_on_drop: false }`
[INFO] [stdout] 9d9acc8f7e871dfccec05b40612de3ea0f7bfef752155506db7a47ba352e98dc
[INFO] running `Command { std: "docker" "create" "-v" "/var/lib/crater-agent-workspace/builds/worker-1/target:/opt/rustwide/target:rw,Z" "-v" "/var/lib/crater-agent-workspace/builds/worker-1/source:/opt/rustwide/workdir:ro,Z" "-v" "/var/lib/crater-agent-workspace/cargo-home:/opt/rustwide/cargo-home:ro,Z" "-v" "/var/lib/crater-agent-workspace/rustup-home:/opt/rustwide/rustup-home:ro,Z" "-e" "SOURCE_DIR=/opt/rustwide/workdir" "-e" "CARGO_TARGET_DIR=/opt/rustwide/target" "-e" "CARGO_INCREMENTAL=0" "-e" "RUST_BACKTRACE=full" "-e" "RUSTFLAGS=--cap-lints=warn" "-e" "CARGO_HOME=/opt/rustwide/cargo-home" "-e" "RUSTUP_HOME=/opt/rustwide/rustup-home" "-w" "/opt/rustwide/workdir" "-m" "1610612736" "--user" "0:0" "--network" "none" "ghcr.io/rust-lang/crates-build-env/linux@sha256:34b6a614d2c27851fe6cbf88fbd1137609cefab8b10d0615aaeb6fd47975d74e" "/opt/rustwide/cargo-home/bin/cargo" "+1.54.0" "test" "--frozen" "--no-run" "--message-format=json", kill_on_drop: false }`
[INFO] [stdout] 036ab1672eadc1b03f9a82ae260611bf47f0f08a44fba28fe603a35a87aeee65
[INFO] running `Command { std: "docker" "start" "-a" "036ab1672eadc1b03f9a82ae260611bf47f0f08a44fba28fe603a35a87aeee65", kill_on_drop: false }`
[INFO] [stderr]     Blocking waiting for file lock on package cache
[INFO] [stderr]    Compiling rxmath v0.1.0 (/opt/rustwide/workdir/rxmath)
[INFO] [stderr]    Compiling raytracer v0.1.0 (/opt/rustwide/workdir/raytracer)
[INFO] [stdout] warning: unused import: `image::*`
[INFO] [stdout]  --> raytracer/src/intergrate/mod.rs:5:9
[INFO] [stdout]   |
[INFO] [stdout] 5 |     use image::*;
[INFO] [stdout]   |         ^^^^^^^^
[INFO] [stdout]   |
[INFO] [stdout]   = note: `#[warn(unused_imports)]` on by default
[INFO] [stdout] 
[INFO] [stdout] 
[INFO] [stdout] warning: unused import: `accelerator::*`
[INFO] [stdout]  --> raytracer/src/shape/prism.rs:5:5
[INFO] [stdout]   |
[INFO] [stdout] 5 | use accelerator::*;
[INFO] [stdout]   |     ^^^^^^^^^^^^^^
[INFO] [stdout] 
[INFO] [stdout] 
[INFO] [stdout] warning: unused import: `crate::texture::*`
[INFO] [stdout]   --> raytracer/src/shape/volume.rs:14:5
[INFO] [stdout]    |
[INFO] [stdout] 14 | use crate::texture::*;
[INFO] [stdout]    |     ^^^^^^^^^^^^^^^^^
[INFO] [stdout] 
[INFO] [stdout] 
[INFO] [stdout] warning: unnecessary trailing semicolon
[INFO] [stdout]    --> raytracer/src/main.rs:102:6
[INFO] [stdout]     |
[INFO] [stdout] 102 |     };
[INFO] [stdout]     |      ^ help: remove this semicolon
[INFO] [stdout]     |
[INFO] [stdout]     = note: `#[warn(redundant_semicolons)]` on by default
[INFO] [stdout] 
[INFO] [stdout] 
[INFO] [stdout] warning: unused variable: `x`
[INFO] [stdout]  --> raytracer/src/intergrate/mod.rs:9:12
[INFO] [stdout]   |
[INFO] [stdout] 9 |     fn pdf(x:vec3) -> f32 {
[INFO] [stdout]   |            ^ help: if this is intentional, prefix it with an underscore: `_x`
[INFO] [stdout]   |
[INFO] [stdout]   = note: `#[warn(unused_variables)]` on by default
[INFO] [stdout] 
[INFO] [stdout] 
[INFO] [stdout] warning: unused variable: `p`
[INFO] [stdout]   --> raytracer/src/texture.rs:70:37
[INFO] [stdout]    |
[INFO] [stdout] 70 |     fn value(&self, u: f32, v: f32, p: &vec3) -> vec3 {
[INFO] [stdout]    |                                     ^ help: if this is intentional, prefix it with an underscore: `_p`
[INFO] [stdout] 
[INFO] [stdout] 
[INFO] [stdout] warning: unused variable: `h`
[INFO] [stdout]   --> raytracer/src/accelerator/bounds.rs:95:55
[INFO] [stdout]    |
[INFO] [stdout] 95 |     fn intersect(&self, r:&Ray, t_min:f32, t_max:f32, h:&mut Hit) -> bool {
[INFO] [stdout]    |                                                       ^ help: if this is intentional, prefix it with an underscore: `_h`
[INFO] [stdout] 
[INFO] [stdout] 
[INFO] [stdout] warning: unused variable: `r`
[INFO] [stdout]   --> raytracer/src/shape/material.rs:17:27
[INFO] [stdout]    |
[INFO] [stdout] 17 |     fn scatter_pdf(&self, r:&Ray, h:&Hit, scattered:&mut Ray) -> f32 { return 0.0; }
[INFO] [stdout]    |                           ^ help: if this is intentional, prefix it with an underscore: `_r`
[INFO] [stdout] 
[INFO] [stdout] 
[INFO] [stdout] warning: unused variable: `h`
[INFO] [stdout]   --> raytracer/src/shape/material.rs:17:35
[INFO] [stdout]    |
[INFO] [stdout] 17 |     fn scatter_pdf(&self, r:&Ray, h:&Hit, scattered:&mut Ray) -> f32 { return 0.0; }
[INFO] [stdout]    |                                   ^ help: if this is intentional, prefix it with an underscore: `_h`
[INFO] [stdout] 
[INFO] [stdout] 
[INFO] [stdout] warning: unused variable: `scattered`
[INFO] [stdout]   --> raytracer/src/shape/material.rs:17:43
[INFO] [stdout]    |
[INFO] [stdout] 17 |     fn scatter_pdf(&self, r:&Ray, h:&Hit, scattered:&mut Ray) -> f32 { return 0.0; }
[INFO] [stdout]    |                                           ^^^^^^^^^ help: if this is intentional, prefix it with an underscore: `_scattered`
[INFO] [stdout] 
[INFO] [stdout] 
[INFO] [stdout] warning: unused variable: `r`
[INFO] [stdout]   --> raytracer/src/shape/material.rs:94:27
[INFO] [stdout]    |
[INFO] [stdout] 94 |     fn scatter_pdf(&self, r: &Ray, h: &Hit, scattered: &mut Ray) -> f32 {
[INFO] [stdout]    |                           ^ help: if this is intentional, prefix it with an underscore: `_r`
[INFO] [stdout] 
[INFO] [stdout] 
[INFO] [stdout] warning: unused variable: `pdf`
[INFO] [stdout]    --> raytracer/src/shape/material.rs:102:82
[INFO] [stdout]     |
[INFO] [stdout] 102 |     fn scatter(&self, r:&Ray, h:&Hit, attenuation:&mut vec3, scattered:&mut Ray, pdf:&mut f32) -> bool {
[INFO] [stdout]     |                                                                                  ^^^ help: if this is intentional, prefix it with an underscore: `_pdf`
[INFO] [stdout] 
[INFO] [stdout] 
[INFO] [stdout] warning: unused variable: `pdf`
[INFO] [stdout]    --> raytracer/src/shape/material.rs:111:82
[INFO] [stdout]     |
[INFO] [stdout] 111 |     fn scatter(&self, r:&Ray, h:&Hit, attenuation:&mut vec3, scattered:&mut Ray, pdf:&mut f32) -> bool {
[INFO] [stdout]     |                                                                                  ^^^ help: if this is intentional, prefix it with an underscore: `_pdf`
[INFO] [stdout] 
[INFO] [stdout] 
[INFO] [stdout] warning: unused variable: `pdf`
[INFO] [stdout]    --> raytracer/src/shape/material.rs:138:90
[INFO] [stdout]     |
[INFO] [stdout] 138 |     fn scatter(&self, _r: &Ray, _h: &Hit, _attenuation: &mut vec3, _scattered: &mut Ray, pdf:&mut f32) -> bool {
[INFO] [stdout]     |                                                                                          ^^^ help: if this is intentional, prefix it with an underscore: `_pdf`
[INFO] [stdout] 
[INFO] [stdout] 
[INFO] [stdout] warning: unused variable: `pdf`
[INFO] [stdout]    --> raytracer/src/shape/material.rs:144:86
[INFO] [stdout]     |
[INFO] [stdout] 144 |     fn scatter(&self, r: &Ray, h: &Hit, attenuation: &mut vec3, scattered: &mut Ray, pdf:&mut f32) -> bool {
[INFO] [stdout]     |                                                                                      ^^^ help: if this is intentional, prefix it with an underscore: `_pdf`
[INFO] [stdout] 
[INFO] [stdout] 
[INFO] [stdout] warning: unused variable: `t_max`
[INFO] [stdout]   --> raytracer/src/shape/volume.rs:29:48
[INFO] [stdout]    |
[INFO] [stdout] 29 |     fn intersect(&self, ray: &Ray, t_min: f32, t_max: f32, hit0:&mut Hit) -> bool {
[INFO] [stdout]    |                                                ^^^^^ help: if this is intentional, prefix it with an underscore: `_t_max`
[INFO] [stdout] 
[INFO] [stdout] 
[INFO] [stdout] warning: field is never read: `w`
[INFO] [stdout]   --> raytracer/src/camera.rs:13:5
[INFO] [stdout]    |
[INFO] [stdout] 13 |     w:vec3, u:vec3, v:vec3,
[INFO] [stdout]    |     ^^^^^^
[INFO] [stdout]    |
[INFO] [stdout]    = note: `#[warn(dead_code)]` on by default
[INFO] [stdout] 
[INFO] [stdout] 
[INFO] [stdout] warning: function is never used: `simple_mc`
[INFO] [stdout]   --> raytracer/src/intergrate/mod.rs:24:8
[INFO] [stdout]    |
[INFO] [stdout] 24 |     fn simple_mc() {
[INFO] [stdout]    |        ^^^^^^^^^
[INFO] [stdout] 
[INFO] [stdout] 
[INFO] [stdout] warning: struct is never constructed: `Triangle`
[INFO] [stdout]  --> raytracer/src/shape/triangle.rs:3:12
[INFO] [stdout]   |
[INFO] [stdout] 3 | pub struct Triangle {
[INFO] [stdout]   |            ^^^^^^^^
[INFO] [stdout] 
[INFO] [stdout] 
[INFO] [stdout] warning: variable `N` should have a snake case name
[INFO] [stdout]   --> raytracer/src/intergrate/mod.rs:14:13
[INFO] [stdout]    |
[INFO] [stdout] 14 |         let N = 1000000;
[INFO] [stdout]    |             ^ help: convert the identifier to snake case: `n`
[INFO] [stdout]    |
[INFO] [stdout]    = note: `#[warn(non_snake_case)]` on by default
[INFO] [stdout] 
[INFO] [stdout] 
[INFO] [stdout] warning: variable `N` should have a snake case name
[INFO] [stdout]   --> raytracer/src/intergrate/mod.rs:25:13
[INFO] [stdout]    |
[INFO] [stdout] 25 |         let N = 1000000;
[INFO] [stdout]    |             ^ help: convert the identifier to snake case: `n`
[INFO] [stdout] 
[INFO] [stdout] 
[INFO] [stdout] warning: 21 warnings emitted
[INFO] [stdout] 
[INFO] [stdout] 
[INFO] [stderr]     Finished test [unoptimized + debuginfo] target(s) in 3.14s
[INFO] running `Command { std: "docker" "inspect" "036ab1672eadc1b03f9a82ae260611bf47f0f08a44fba28fe603a35a87aeee65", kill_on_drop: false }`
[INFO] running `Command { std: "docker" "rm" "-f" "036ab1672eadc1b03f9a82ae260611bf47f0f08a44fba28fe603a35a87aeee65", kill_on_drop: false }`
[INFO] [stdout] 036ab1672eadc1b03f9a82ae260611bf47f0f08a44fba28fe603a35a87aeee65
[INFO] running `Command { std: "docker" "create" "-v" "/var/lib/crater-agent-workspace/builds/worker-1/target:/opt/rustwide/target:rw,Z" "-v" "/var/lib/crater-agent-workspace/builds/worker-1/source:/opt/rustwide/workdir:ro,Z" "-v" "/var/lib/crater-agent-workspace/cargo-home:/opt/rustwide/cargo-home:ro,Z" "-v" "/var/lib/crater-agent-workspace/rustup-home:/opt/rustwide/rustup-home:ro,Z" "-e" "SOURCE_DIR=/opt/rustwide/workdir" "-e" "CARGO_TARGET_DIR=/opt/rustwide/target" "-e" "CARGO_INCREMENTAL=0" "-e" "RUST_BACKTRACE=full" "-e" "RUSTFLAGS=--cap-lints=warn" "-e" "CARGO_HOME=/opt/rustwide/cargo-home" "-e" "RUSTUP_HOME=/opt/rustwide/rustup-home" "-w" "/opt/rustwide/workdir" "-m" "1610612736" "--user" "0:0" "--network" "none" "ghcr.io/rust-lang/crates-build-env/linux@sha256:34b6a614d2c27851fe6cbf88fbd1137609cefab8b10d0615aaeb6fd47975d74e" "/opt/rustwide/cargo-home/bin/cargo" "+1.54.0" "test" "--frozen", kill_on_drop: false }`
[INFO] [stdout] 6c0f2dafea5b5385f1181d2cd11f17b9ea19f32098b251a267bbb8c91ebf1580
[INFO] running `Command { std: "docker" "start" "-a" "6c0f2dafea5b5385f1181d2cd11f17b9ea19f32098b251a267bbb8c91ebf1580", kill_on_drop: false }`
[INFO] [stderr]     Blocking waiting for file lock on package cache
[INFO] [stderr] warning: unused import: `image::*`
[INFO] [stderr]  --> raytracer/src/intergrate/mod.rs:5:9
[INFO] [stderr]   |
[INFO] [stderr] 5 |     use image::*;
[INFO] [stderr]   |         ^^^^^^^^
[INFO] [stderr]   |
[INFO] [stderr]   = note: `#[warn(unused_imports)]` on by default
[INFO] [stderr] 
[INFO] [stderr] warning: unused import: `accelerator::*`
[INFO] [stderr]  --> raytracer/src/shape/prism.rs:5:5
[INFO] [stderr]   |
[INFO] [stderr] 5 | use accelerator::*;
[INFO] [stderr]   |     ^^^^^^^^^^^^^^
[INFO] [stderr] 
[INFO] [stderr] warning: unused import: `crate::texture::*`
[INFO] [stderr]   --> raytracer/src/shape/volume.rs:14:5
[INFO] [stderr]    |
[INFO] [stderr] 14 | use crate::texture::*;
[INFO] [stderr]    |     ^^^^^^^^^^^^^^^^^
[INFO] [stderr] 
[INFO] [stderr] warning: unnecessary trailing semicolon
[INFO] [stderr]    --> raytracer/src/main.rs:102:6
[INFO] [stderr]     |
[INFO] [stderr] 102 |     };
[INFO] [stderr]     |      ^ help: remove this semicolon
[INFO] [stderr]     |
[INFO] [stderr]     = note: `#[warn(redundant_semicolons)]` on by default
[INFO] [stderr] 
[INFO] [stderr] warning: unused variable: `x`
[INFO] [stderr]  --> raytracer/src/intergrate/mod.rs:9:12
[INFO] [stderr]   |
[INFO] [stderr] 9 |     fn pdf(x:vec3) -> f32 {
[INFO] [stderr]   |            ^ help: if this is intentional, prefix it with an underscore: `_x`
[INFO] [stderr]   |
[INFO] [stderr]   = note: `#[warn(unused_variables)]` on by default
[INFO] [stderr] 
[INFO] [stderr] warning: unused variable: `p`
[INFO] [stderr]   --> raytracer/src/texture.rs:70:37
[INFO] [stderr]    |
[INFO] [stderr] 70 |     fn value(&self, u: f32, v: f32, p: &vec3) -> vec3 {
[INFO] [stderr]    |                                     ^ help: if this is intentional, prefix it with an underscore: `_p`
[INFO] [stderr] 
[INFO] [stderr] warning: unused variable: `h`
[INFO] [stderr]   --> raytracer/src/accelerator/bounds.rs:95:55
[INFO] [stderr]    |
[INFO] [stderr] 95 |     fn intersect(&self, r:&Ray, t_min:f32, t_max:f32, h:&mut Hit) -> bool {
[INFO] [stderr]    |                                                       ^ help: if this is intentional, prefix it with an underscore: `_h`
[INFO] [stderr] 
[INFO] [stderr] warning: unused variable: `r`
[INFO] [stderr]   --> raytracer/src/shape/material.rs:17:27
[INFO] [stderr]    |
[INFO] [stderr] 17 |     fn scatter_pdf(&self, r:&Ray, h:&Hit, scattered:&mut Ray) -> f32 { return 0.0; }
[INFO] [stderr]    |                           ^ help: if this is intentional, prefix it with an underscore: `_r`
[INFO] [stderr] 
[INFO] [stderr] warning: unused variable: `h`
[INFO] [stderr]   --> raytracer/src/shape/material.rs:17:35
[INFO] [stderr]    |
[INFO] [stderr] 17 |     fn scatter_pdf(&self, r:&Ray, h:&Hit, scattered:&mut Ray) -> f32 { return 0.0; }
[INFO] [stderr]    |                                   ^ help: if this is intentional, prefix it with an underscore: `_h`
[INFO] [stderr] 
[INFO] [stderr] warning: unused variable: `scattered`
[INFO] [stderr]   --> raytracer/src/shape/material.rs:17:43
[INFO] [stderr]    |
[INFO] [stderr] 17 |     fn scatter_pdf(&self, r:&Ray, h:&Hit, scattered:&mut Ray) -> f32 { return 0.0; }
[INFO] [stderr]    |                                           ^^^^^^^^^ help: if this is intentional, prefix it with an underscore: `_scattered`
[INFO] [stderr] 
[INFO] [stderr] warning: unused variable: `r`
[INFO] [stderr]   --> raytracer/src/shape/material.rs:94:27
[INFO] [stderr]    |
[INFO] [stderr] 94 |     fn scatter_pdf(&self, r: &Ray, h: &Hit, scattered: &mut Ray) -> f32 {
[INFO] [stderr]    |                           ^ help: if this is intentional, prefix it with an underscore: `_r`
[INFO] [stderr] 
[INFO] [stderr] warning: unused variable: `pdf`
[INFO] [stderr]    --> raytracer/src/shape/material.rs:102:82
[INFO] [stderr]     |
[INFO] [stderr] 102 |     fn scatter(&self, r:&Ray, h:&Hit, attenuation:&mut vec3, scattered:&mut Ray, pdf:&mut f32) -> bool {
[INFO] [stderr]     |                                                                                  ^^^ help: if this is intentional, prefix it with an underscore: `_pdf`
[INFO] [stderr] 
[INFO] [stderr] warning: unused variable: `pdf`
[INFO] [stderr]    --> raytracer/src/shape/material.rs:111:82
[INFO] [stderr]     |
[INFO] [stderr] 111 |     fn scatter(&self, r:&Ray, h:&Hit, attenuation:&mut vec3, scattered:&mut Ray, pdf:&mut f32) -> bool {
[INFO] [stderr]     |                                                                                  ^^^ help: if this is intentional, prefix it with an underscore: `_pdf`
[INFO] [stderr] 
[INFO] [stderr] warning: unused variable: `pdf`
[INFO] [stderr]    --> raytracer/src/shape/material.rs:138:90
[INFO] [stderr]     |
[INFO] [stderr] 138 |     fn scatter(&self, _r: &Ray, _h: &Hit, _attenuation: &mut vec3, _scattered: &mut Ray, pdf:&mut f32) -> bool {
[INFO] [stderr]     |                                                                                          ^^^ help: if this is intentional, prefix it with an underscore: `_pdf`
[INFO] [stderr] 
[INFO] [stderr] warning: unused variable: `pdf`
[INFO] [stderr]    --> raytracer/src/shape/material.rs:144:86
[INFO] [stderr]     |
[INFO] [stderr] 144 |     fn scatter(&self, r: &Ray, h: &Hit, attenuation: &mut vec3, scattered: &mut Ray, pdf:&mut f32) -> bool {
[INFO] [stderr]     |                                                                                      ^^^ help: if this is intentional, prefix it with an underscore: `_pdf`
[INFO] [stderr] 
[INFO] [stderr] warning: unused variable: `t_max`
[INFO] [stderr]   --> raytracer/src/shape/volume.rs:29:48
[INFO] [stderr]    |
[INFO] [stderr] 29 |     fn intersect(&self, ray: &Ray, t_min: f32, t_max: f32, hit0:&mut Hit) -> bool {
[INFO] [stderr]    |                                                ^^^^^ help: if this is intentional, prefix it with an underscore: `_t_max`
[INFO] [stderr] 
[INFO] [stderr] warning: field is never read: `w`
[INFO] [stderr]   --> raytracer/src/camera.rs:13:5
[INFO] [stderr]    |
[INFO] [stderr] 13 |     w:vec3, u:vec3, v:vec3,
[INFO] [stderr]    |     ^^^^^^
[INFO] [stderr]    |
[INFO] [stderr]    = note: `#[warn(dead_code)]` on by default
[INFO] [stderr] 
[INFO] [stderr] warning: function is never used: `simple_mc`
[INFO] [stderr]   --> raytracer/src/intergrate/mod.rs:24:8
[INFO] [stderr]    |
[INFO] [stderr] 24 |     fn simple_mc() {
[INFO] [stderr]    |        ^^^^^^^^^
[INFO] [stderr] 
[INFO] [stderr] warning: struct is never constructed: `Triangle`
[INFO] [stderr]  --> raytracer/src/shape/triangle.rs:3:12
[INFO] [stderr]   |
[INFO] [stderr] 3 | pub struct Triangle {
[INFO] [stderr]   |            ^^^^^^^^
[INFO] [stderr] 
[INFO] [stderr] warning: variable `N` should have a snake case name
[INFO] [stderr]   --> raytracer/src/intergrate/mod.rs:14:13
[INFO] [stderr]    |
[INFO] [stderr] 14 |         let N = 1000000;
[INFO] [stderr]    |             ^ help: convert the identifier to snake case: `n`
[INFO] [stderr]    |
[INFO] [stderr]    = note: `#[warn(non_snake_case)]` on by default
[INFO] [stderr] 
[INFO] [stderr] warning: variable `N` should have a snake case name
[INFO] [stderr]   --> raytracer/src/intergrate/mod.rs:25:13
[INFO] [stderr]    |
[INFO] [stderr] 25 |         let N = 1000000;
[INFO] [stderr]    |             ^ help: convert the identifier to snake case: `n`
[INFO] [stderr] 
[INFO] [stderr] warning: 21 warnings emitted
[INFO] [stderr] 
[INFO] [stderr]     Finished test [unoptimized + debuginfo] target(s) in 1.14s
[INFO] [stderr]      Running unittests (/opt/rustwide/target/debug/deps/raytracer-c715a91318730fab)
[INFO] [stdout] 
[INFO] [stdout] running 1 test
[INFO] [stdout] test intergrate::tests::name ... FAILED
[INFO] [stdout] 
[INFO] [stdout] failures:
[INFO] [stdout] 
[INFO] [stdout] ---- intergrate::tests::name stdout ----
[INFO] [stdout] I = 4.1913824
[INFO] [stdout] thread 'intergrate::tests::name' panicked at 'not implemented', raytracer/src/intergrate/mod.rs:43:9
[INFO] [stdout] stack backtrace:
[INFO] [stdout]    0:     0x5618bf22b6e0 - std::backtrace_rs::backtrace::libunwind::trace::h34055254b57d8e79
[INFO] [stdout]                                at /rustc/a178d0322ce20e33eac124758e837cbd80a6f633/library/std/src/../../backtrace/src/backtrace/libunwind.rs:90:5
[INFO] [stdout]    1:     0x5618bf22b6e0 - std::backtrace_rs::backtrace::trace_unsynchronized::h8f1e3fbd9afff6ec
[INFO] [stdout]                                at /rustc/a178d0322ce20e33eac124758e837cbd80a6f633/library/std/src/../../backtrace/src/backtrace/mod.rs:66:5
[INFO] [stdout]    2:     0x5618bf22b6e0 - std::sys_common::backtrace::_print_fmt::h3a99a796b770c360
[INFO] [stdout]                                at /rustc/a178d0322ce20e33eac124758e837cbd80a6f633/library/std/src/sys_common/backtrace.rs:67:5
[INFO] [stdout]    3:     0x5618bf22b6e0 - <std::sys_common::backtrace::_print::DisplayBacktrace as core::fmt::Display>::fmt::h32d1f94a80615d18
[INFO] [stdout]                                at /rustc/a178d0322ce20e33eac124758e837cbd80a6f633/library/std/src/sys_common/backtrace.rs:46:22
[INFO] [stdout]    4:     0x5618bf24e75c - core::fmt::write::h306731c068f7162c
[INFO] [stdout]                                at /rustc/a178d0322ce20e33eac124758e837cbd80a6f633/library/core/src/fmt/mod.rs:1110:17
[INFO] [stdout]    5:     0x5618bf228605 - std::io::Write::write_fmt::h87f19b0a2cd190bc
[INFO] [stdout]                                at /rustc/a178d0322ce20e33eac124758e837cbd80a6f633/library/std/src/io/mod.rs:1588:15
[INFO] [stdout]    6:     0x5618bf22d84b - std::sys_common::backtrace::_print::h5abaa2601a852287
[INFO] [stdout]                                at /rustc/a178d0322ce20e33eac124758e837cbd80a6f633/library/std/src/sys_common/backtrace.rs:49:5
[INFO] [stdout]    7:     0x5618bf22d84b - std::sys_common::backtrace::print::h8d81445442bb638f
[INFO] [stdout]                                at /rustc/a178d0322ce20e33eac124758e837cbd80a6f633/library/std/src/sys_common/backtrace.rs:36:9
[INFO] [stdout]    8:     0x5618bf22d84b - std::panicking::default_hook::{{closure}}::hcfe804496a9fa747
[INFO] [stdout]                                at /rustc/a178d0322ce20e33eac124758e837cbd80a6f633/library/std/src/panicking.rs:208:50
[INFO] [stdout]    9:     0x5618bf22d35c - std::panicking::default_hook::hbea8e3ccf2ba8901
[INFO] [stdout]                                at /rustc/a178d0322ce20e33eac124758e837cbd80a6f633/library/std/src/panicking.rs:222:9
[INFO] [stdout]   10:     0x5618bf22df14 - std::panicking::rust_panic_with_hook::h7ee9e1a2d0f8975a
[INFO] [stdout]                                at /rustc/a178d0322ce20e33eac124758e837cbd80a6f633/library/std/src/panicking.rs:622:17
[INFO] [stdout]   11:     0x5618bf22d9c7 - std::panicking::begin_panic_handler::{{closure}}::h8ab3b4491718b2c7
[INFO] [stdout]                                at /rustc/a178d0322ce20e33eac124758e837cbd80a6f633/library/std/src/panicking.rs:517:13
[INFO] [stdout]   12:     0x5618bf22bbdc - std::sys_common::backtrace::__rust_end_short_backtrace::hd489062ffa586a9f
[INFO] [stdout]                                at /rustc/a178d0322ce20e33eac124758e837cbd80a6f633/library/std/src/sys_common/backtrace.rs:141:18
[INFO] [stdout]   13:     0x5618bf22d959 - rust_begin_unwind
[INFO] [stdout]                                at /rustc/a178d0322ce20e33eac124758e837cbd80a6f633/library/std/src/panicking.rs:515:5
[INFO] [stdout]   14:     0x5618bf19ba31 - core::panicking::panic_fmt::hca6330e3e14086b4
[INFO] [stdout]                                at /rustc/a178d0322ce20e33eac124758e837cbd80a6f633/library/core/src/panicking.rs:92:14
[INFO] [stdout]   15:     0x5618bf19b97d - core::panicking::panic::h1a48d878ff3dcd40
[INFO] [stdout]                                at /rustc/a178d0322ce20e33eac124758e837cbd80a6f633/library/core/src/panicking.rs:50:5
[INFO] [stdout]   16:     0x5618bf19c582 - raytracer::intergrate::tests::name::hf24fb6244b01c877
[INFO] [stdout]                                at /opt/rustwide/workdir/raytracer/src/intergrate/mod.rs:43:9
[INFO] [stdout]   17:     0x5618bf19c54a - raytracer::intergrate::tests::name::{{closure}}::h50454220871c62bf
[INFO] [stdout]                                at /opt/rustwide/workdir/raytracer/src/intergrate/mod.rs:38:5
[INFO] [stdout]   18:     0x5618bf19c6ee - core::ops::function::FnOnce::call_once::h8265ab88b42dc81a
[INFO] [stdout]                                at /rustc/a178d0322ce20e33eac124758e837cbd80a6f633/library/core/src/ops/function.rs:227:5
[INFO] [stdout]   19:     0x5618bf1c4aa3 - core::ops::function::FnOnce::call_once::h152e7e439ff59e19
[INFO] [stdout]                                at /rustc/a178d0322ce20e33eac124758e837cbd80a6f633/library/core/src/ops/function.rs:227:5
[INFO] [stdout]   20:     0x5618bf1c4aa3 - test::__rust_begin_short_backtrace::h0908f3b1fdbb72ab
[INFO] [stdout]                                at /rustc/a178d0322ce20e33eac124758e837cbd80a6f633/library/test/src/lib.rs:577:5
[INFO] [stdout]   21:     0x5618bf1c3560 - <alloc::boxed::Box<F,A> as core::ops::function::FnOnce<Args>>::call_once::hf6d2a51e5587546c
[INFO] [stdout]                                at /rustc/a178d0322ce20e33eac124758e837cbd80a6f633/library/alloc/src/boxed.rs:1575:9
[INFO] [stdout]   22:     0x5618bf1c3560 - <std::panic::AssertUnwindSafe<F> as core::ops::function::FnOnce<()>>::call_once::h8af660f3a89ef593
[INFO] [stdout]                                at /rustc/a178d0322ce20e33eac124758e837cbd80a6f633/library/std/src/panic.rs:347:9
[INFO] [stdout]   23:     0x5618bf1c3560 - std::panicking::try::do_call::hd36aef60f84b6d36
[INFO] [stdout]                                at /rustc/a178d0322ce20e33eac124758e837cbd80a6f633/library/std/src/panicking.rs:401:40
[INFO] [stdout]   24:     0x5618bf1c3560 - std::panicking::try::h9932b4480e69817c
[INFO] [stdout]                                at /rustc/a178d0322ce20e33eac124758e837cbd80a6f633/library/std/src/panicking.rs:365:19
[INFO] [stdout]   25:     0x5618bf1c3560 - std::panic::catch_unwind::h6aa177099cfff5f8
[INFO] [stdout]                                at /rustc/a178d0322ce20e33eac124758e837cbd80a6f633/library/std/src/panic.rs:434:14
[INFO] [stdout]   26:     0x5618bf1c3560 - test::run_test_in_process::h5884d6f2d99e20c3
[INFO] [stdout]                                at /rustc/a178d0322ce20e33eac124758e837cbd80a6f633/library/test/src/lib.rs:600:18
[INFO] [stdout]   27:     0x5618bf1c3560 - test::run_test::run_test_inner::{{closure}}::h6fdc58c6d5f5b6e3
[INFO] [stdout]                                at /rustc/a178d0322ce20e33eac124758e837cbd80a6f633/library/test/src/lib.rs:492:39
[INFO] [stdout]   28:     0x5618bf19cc12 - test::run_test::run_test_inner::{{closure}}::h408365d67a78ade8
[INFO] [stdout]                                at /rustc/a178d0322ce20e33eac124758e837cbd80a6f633/library/test/src/lib.rs:519:37
[INFO] [stdout]   29:     0x5618bf19cc12 - std::sys_common::backtrace::__rust_begin_short_backtrace::hb560b77c4f701523
[INFO] [stdout]                                at /rustc/a178d0322ce20e33eac124758e837cbd80a6f633/library/std/src/sys_common/backtrace.rs:125:18
[INFO] [stdout]   30:     0x5618bf1a07c8 - std::thread::Builder::spawn_unchecked::{{closure}}::{{closure}}::hf2e7831dad93c597
[INFO] [stdout]                                at /rustc/a178d0322ce20e33eac124758e837cbd80a6f633/library/std/src/thread/mod.rs:481:17
[INFO] [stdout]   31:     0x5618bf1a07c8 - <std::panic::AssertUnwindSafe<F> as core::ops::function::FnOnce<()>>::call_once::hd2e08783d8be4d02
[INFO] [stdout]                                at /rustc/a178d0322ce20e33eac124758e837cbd80a6f633/library/std/src/panic.rs:347:9
[INFO] [stdout]   32:     0x5618bf1a07c8 - std::panicking::try::do_call::h062597b7acfd6b82
[INFO] [stdout]                                at /rustc/a178d0322ce20e33eac124758e837cbd80a6f633/library/std/src/panicking.rs:401:40
[INFO] [stdout]   33:     0x5618bf1a07c8 - std::panicking::try::h0d7b79db04c14552
[INFO] [stdout]                                at /rustc/a178d0322ce20e33eac124758e837cbd80a6f633/library/std/src/panicking.rs:365:19
[INFO] [stdout]   34:     0x5618bf1a07c8 - std::panic::catch_unwind::hb01a0b5e7c8cd43b
[INFO] [stdout]                                at /rustc/a178d0322ce20e33eac124758e837cbd80a6f633/library/std/src/panic.rs:434:14
[INFO] [stdout]   35:     0x5618bf1a07c8 - std::thread::Builder::spawn_unchecked::{{closure}}::h5bde48cc887e0d1e
[INFO] [stdout]                                at /rustc/a178d0322ce20e33eac124758e837cbd80a6f633/library/std/src/thread/mod.rs:480:30
[INFO] [stdout]   36:     0x5618bf1a07c8 - core::ops::function::FnOnce::call_once{{vtable.shim}}::h745ea30807a29e55
[INFO] [stdout]                                at /rustc/a178d0322ce20e33eac124758e837cbd80a6f633/library/core/src/ops/function.rs:227:5
[INFO] [stdout]   37:     0x5618bf2329d7 - <alloc::boxed::Box<F,A> as core::ops::function::FnOnce<Args>>::call_once::h7ece6cfefaff1005
[INFO] [stdout]                                at /rustc/a178d0322ce20e33eac124758e837cbd80a6f633/library/alloc/src/boxed.rs:1575:9
[INFO] [stdout]   38:     0x5618bf2329d7 - <alloc::boxed::Box<F,A> as core::ops::function::FnOnce<Args>>::call_once::hb8b48e55c21f193e
[INFO] [stdout]                                at /rustc/a178d0322ce20e33eac124758e837cbd80a6f633/library/alloc/src/boxed.rs:1575:9
[INFO] [stdout]   39:     0x5618bf2329d7 - std::sys::unix::thread::Thread::new::thread_start::h8c7c4450dba62914
[INFO] [stdout]                                at /rustc/a178d0322ce20e33eac124758e837cbd80a6f633/library/std/src/sys/unix/thread.rs:71:17
[INFO] [stdout]   40:     0x7fa9fe8b8609 - start_thread
[INFO] [stdout]   41:     0x7fa9fe68a293 - clone
[INFO] [stdout]   42:                0x0 - <unknown>
[INFO] [stdout] 
[INFO] [stdout] 
[INFO] [stdout] failures:
[INFO] [stdout]     intergrate::tests::name
[INFO] [stdout] 
[INFO] [stdout] test result: FAILED. 0 passed; 1 failed; 0 ignored; 0 measured; 0 filtered out; finished in 3.83s
[INFO] [stdout] 
[INFO] [stderr] error: test failed, to rerun pass '-p raytracer --bin raytracer'
[INFO] running `Command { std: "docker" "inspect" "6c0f2dafea5b5385f1181d2cd11f17b9ea19f32098b251a267bbb8c91ebf1580", kill_on_drop: false }`
[INFO] running `Command { std: "docker" "rm" "-f" "6c0f2dafea5b5385f1181d2cd11f17b9ea19f32098b251a267bbb8c91ebf1580", kill_on_drop: false }`
[INFO] [stdout] 6c0f2dafea5b5385f1181d2cd11f17b9ea19f32098b251a267bbb8c91ebf1580
