[INFO] cloning repository https://github.com/huxi/rusty_ulid
[INFO] running `Command { std: "git" "-c" "credential.helper=" "-c" "credential.helper=/workspace/cargo-home/bin/git-credential-null" "clone" "--bare" "https://github.com/huxi/rusty_ulid" "/workspace/cache/git-repos/https%3A%2F%2Fgithub.com%2Fhuxi%2Frusty_ulid", kill_on_drop: false }`
[INFO] [stderr] Cloning into bare repository '/workspace/cache/git-repos/https%3A%2F%2Fgithub.com%2Fhuxi%2Frusty_ulid'...
[INFO] running `Command { std: "git" "rev-parse" "HEAD", kill_on_drop: false }`
[INFO] [stdout] 3d2ba2e0695a588fc3401d2d861952b576310214
[INFO] testing huxi/rusty_ulid against 1.54.0 for beta-1.55-1
[INFO] running `Command { std: "git" "clone" "/workspace/cache/git-repos/https%3A%2F%2Fgithub.com%2Fhuxi%2Frusty_ulid" "/workspace/builds/worker-73/source", kill_on_drop: false }`
[INFO] [stderr] Cloning into '/workspace/builds/worker-73/source'...
[INFO] [stderr] done.
[INFO] validating manifest of git repo https://github.com/huxi/rusty_ulid on toolchain 1.54.0
[INFO] running `Command { std: "/workspace/cargo-home/bin/cargo" "+1.54.0" "metadata" "--manifest-path" "Cargo.toml" "--no-deps", kill_on_drop: false }`
[INFO] started tweaking git repo https://github.com/huxi/rusty_ulid
[INFO] finished tweaking git repo https://github.com/huxi/rusty_ulid
[INFO] tweaked toml for git repo https://github.com/huxi/rusty_ulid written to /workspace/builds/worker-73/source/Cargo.toml
[INFO] crate git repo https://github.com/huxi/rusty_ulid already has a lockfile, it will not be regenerated
[INFO] running `Command { std: "/workspace/cargo-home/bin/cargo" "+1.54.0" "fetch" "--manifest-path" "Cargo.toml", kill_on_drop: false }`
[INFO] [stderr]     Blocking waiting for file lock on package cache
[INFO] running `Command { std: "docker" "create" "-v" "/var/lib/crater-agent-workspace/builds/worker-73/target:/opt/rustwide/target:rw,Z" "-v" "/var/lib/crater-agent-workspace/builds/worker-73/source:/opt/rustwide/workdir:ro,Z" "-v" "/var/lib/crater-agent-workspace/cargo-home:/opt/rustwide/cargo-home:ro,Z" "-v" "/var/lib/crater-agent-workspace/rustup-home:/opt/rustwide/rustup-home:ro,Z" "-e" "SOURCE_DIR=/opt/rustwide/workdir" "-e" "CARGO_TARGET_DIR=/opt/rustwide/target" "-e" "CARGO_HOME=/opt/rustwide/cargo-home" "-e" "RUSTUP_HOME=/opt/rustwide/rustup-home" "-w" "/opt/rustwide/workdir" "-m" "1610612736" "--user" "0:0" "--network" "none" "ghcr.io/rust-lang/crates-build-env/linux@sha256:34b6a614d2c27851fe6cbf88fbd1137609cefab8b10d0615aaeb6fd47975d74e" "/opt/rustwide/cargo-home/bin/cargo" "+1.54.0" "metadata" "--no-deps" "--format-version=1", kill_on_drop: false }`
[INFO] [stdout] bef4ea55735a7ac5df0aca8cc7f84426fe7f420cbb7925f09afc1cd861fa7ba1
[INFO] running `Command { std: "docker" "start" "-a" "bef4ea55735a7ac5df0aca8cc7f84426fe7f420cbb7925f09afc1cd861fa7ba1", kill_on_drop: false }`
[INFO] running `Command { std: "docker" "inspect" "bef4ea55735a7ac5df0aca8cc7f84426fe7f420cbb7925f09afc1cd861fa7ba1", kill_on_drop: false }`
[INFO] running `Command { std: "docker" "rm" "-f" "bef4ea55735a7ac5df0aca8cc7f84426fe7f420cbb7925f09afc1cd861fa7ba1", kill_on_drop: false }`
[INFO] [stdout] bef4ea55735a7ac5df0aca8cc7f84426fe7f420cbb7925f09afc1cd861fa7ba1
[INFO] running `Command { std: "docker" "create" "-v" "/var/lib/crater-agent-workspace/builds/worker-73/target:/opt/rustwide/target:rw,Z" "-v" "/var/lib/crater-agent-workspace/builds/worker-73/source:/opt/rustwide/workdir:ro,Z" "-v" "/var/lib/crater-agent-workspace/cargo-home:/opt/rustwide/cargo-home:ro,Z" "-v" "/var/lib/crater-agent-workspace/rustup-home:/opt/rustwide/rustup-home:ro,Z" "-e" "SOURCE_DIR=/opt/rustwide/workdir" "-e" "CARGO_TARGET_DIR=/opt/rustwide/target" "-e" "CARGO_INCREMENTAL=0" "-e" "RUST_BACKTRACE=full" "-e" "RUSTFLAGS=--cap-lints=warn" "-e" "CARGO_HOME=/opt/rustwide/cargo-home" "-e" "RUSTUP_HOME=/opt/rustwide/rustup-home" "-w" "/opt/rustwide/workdir" "-m" "1610612736" "--user" "0:0" "--network" "none" "ghcr.io/rust-lang/crates-build-env/linux@sha256:34b6a614d2c27851fe6cbf88fbd1137609cefab8b10d0615aaeb6fd47975d74e" "/opt/rustwide/cargo-home/bin/cargo" "+1.54.0" "build" "--frozen" "--message-format=json", kill_on_drop: false }`
[INFO] [stdout] b902e5efa5dc05a971c21263e923985f21bef4204bdeac9f63a54f140e558aac
[INFO] running `Command { std: "docker" "start" "-a" "b902e5efa5dc05a971c21263e923985f21bef4204bdeac9f63a54f140e558aac", kill_on_drop: false }`
[INFO] [stderr]     Blocking waiting for file lock on package cache
[INFO] [stderr]    Compiling libc v0.2.97
[INFO] [stderr]    Compiling doc-comment v0.3.3
[INFO] [stderr]    Compiling serde v1.0.126
[INFO] [stderr]    Compiling ppv-lite86 v0.2.10
[INFO] [stderr]    Compiling num-traits v0.2.14
[INFO] [stderr]    Compiling num-integer v0.1.44
[INFO] [stderr]    Compiling getrandom v0.2.3
[INFO] [stderr]    Compiling rand_core v0.6.3
[INFO] [stderr]    Compiling rand_chacha v0.3.1
[INFO] [stderr]    Compiling rand v0.8.4
[INFO] [stderr]    Compiling chrono v0.4.19
[INFO] [stderr]    Compiling rusty_ulid v0.11.0 (/opt/rustwide/workdir)
[INFO] [stderr]     Finished dev [unoptimized + debuginfo] target(s) in 9.68s
[INFO] running `Command { std: "docker" "inspect" "b902e5efa5dc05a971c21263e923985f21bef4204bdeac9f63a54f140e558aac", kill_on_drop: false }`
[INFO] running `Command { std: "docker" "rm" "-f" "b902e5efa5dc05a971c21263e923985f21bef4204bdeac9f63a54f140e558aac", kill_on_drop: false }`
[INFO] [stdout] b902e5efa5dc05a971c21263e923985f21bef4204bdeac9f63a54f140e558aac
[INFO] running `Command { std: "docker" "create" "-v" "/var/lib/crater-agent-workspace/builds/worker-73/target:/opt/rustwide/target:rw,Z" "-v" "/var/lib/crater-agent-workspace/builds/worker-73/source:/opt/rustwide/workdir:ro,Z" "-v" "/var/lib/crater-agent-workspace/cargo-home:/opt/rustwide/cargo-home:ro,Z" "-v" "/var/lib/crater-agent-workspace/rustup-home:/opt/rustwide/rustup-home:ro,Z" "-e" "SOURCE_DIR=/opt/rustwide/workdir" "-e" "CARGO_TARGET_DIR=/opt/rustwide/target" "-e" "CARGO_INCREMENTAL=0" "-e" "RUST_BACKTRACE=full" "-e" "RUSTFLAGS=--cap-lints=warn" "-e" "CARGO_HOME=/opt/rustwide/cargo-home" "-e" "RUSTUP_HOME=/opt/rustwide/rustup-home" "-w" "/opt/rustwide/workdir" "-m" "1610612736" "--user" "0:0" "--network" "none" "ghcr.io/rust-lang/crates-build-env/linux@sha256:34b6a614d2c27851fe6cbf88fbd1137609cefab8b10d0615aaeb6fd47975d74e" "/opt/rustwide/cargo-home/bin/cargo" "+1.54.0" "test" "--frozen" "--no-run" "--message-format=json", kill_on_drop: false }`
[INFO] [stdout] d5335f66a783b32d97921bc0ff11c5c58402a8732d9a6456ca112990ae7d48ac
[INFO] running `Command { std: "docker" "start" "-a" "d5335f66a783b32d97921bc0ff11c5c58402a8732d9a6456ca112990ae7d48ac", kill_on_drop: false }`
[INFO] [stderr]     Blocking waiting for file lock on package cache
[INFO] [stderr]    Compiling semver v1.0.3
[INFO] [stderr]    Compiling crossbeam-utils v0.8.5
[INFO] [stderr]    Compiling crossbeam-epoch v0.9.5
[INFO] [stderr]    Compiling proc-macro2 v1.0.27
[INFO] [stderr]    Compiling memchr v2.4.0
[INFO] [stderr]    Compiling either v1.6.1
[INFO] [stderr]    Compiling rayon-core v1.9.1
[INFO] [stderr]    Compiling syn v1.0.73
[INFO] [stderr]    Compiling serde_json v1.0.64
[INFO] [stderr]    Compiling itoa v0.4.7
[INFO] [stderr]    Compiling regex-automata v0.1.10
[INFO] [stderr]    Compiling unicode-width v0.1.8
[INFO] [stderr]    Compiling plotters-backend v0.3.2
[INFO] [stderr]    Compiling serde_derive v1.0.126
[INFO] [stderr]    Compiling regex-syntax v0.6.25
[INFO] [stderr]    Compiling half v1.7.1
[INFO] [stderr]    Compiling oorandom v11.1.3
[INFO] [stderr]    Compiling memoffset v0.6.4
[INFO] [stderr]    Compiling rayon v1.5.1
[INFO] [stderr]    Compiling walkdir v2.3.2
[INFO] [stderr]    Compiling num_cpus v1.13.0
[INFO] [stderr]    Compiling atty v0.2.14
[INFO] [stderr]    Compiling serde_test v1.0.126
[INFO] [stderr]    Compiling textwrap v0.11.0
[INFO] [stderr]    Compiling itertools v0.9.0
[INFO] [stderr]    Compiling itertools v0.10.1
[INFO] [stderr]    Compiling plotters-svg v0.3.1
[INFO] [stderr]    Compiling serde_cbor v0.11.1
[INFO] [stderr]    Compiling plotters v0.3.1
[INFO] [stderr]    Compiling clap v2.33.3
[INFO] [stderr]    Compiling crossbeam-channel v0.5.1
[INFO] [stderr]    Compiling quote v1.0.9
[INFO] [stderr]    Compiling csv-core v0.1.10
[INFO] [stderr]    Compiling bstr v0.2.16
[INFO] [stderr]    Compiling regex v1.5.4
[INFO] [stderr]    Compiling rustc_version v0.4.0
[INFO] [stderr]    Compiling tinytemplate v1.2.1
[INFO] [stderr]    Compiling crossbeam-deque v0.8.0
[INFO] [stderr]    Compiling cast v0.2.7
[INFO] [stderr]    Compiling csv v1.1.6
[INFO] [stderr]    Compiling criterion-plot v0.4.3
[INFO] [stderr]    Compiling criterion v0.3.4
[INFO] [stderr]    Compiling rusty_ulid v0.11.0 (/opt/rustwide/workdir)
[INFO] [stderr]     Finished test [unoptimized + debuginfo] target(s) in 35.44s
[INFO] running `Command { std: "docker" "inspect" "d5335f66a783b32d97921bc0ff11c5c58402a8732d9a6456ca112990ae7d48ac", kill_on_drop: false }`
[INFO] running `Command { std: "docker" "rm" "-f" "d5335f66a783b32d97921bc0ff11c5c58402a8732d9a6456ca112990ae7d48ac", kill_on_drop: false }`
[INFO] [stdout] d5335f66a783b32d97921bc0ff11c5c58402a8732d9a6456ca112990ae7d48ac
[INFO] running `Command { std: "docker" "create" "-v" "/var/lib/crater-agent-workspace/builds/worker-73/target:/opt/rustwide/target:rw,Z" "-v" "/var/lib/crater-agent-workspace/builds/worker-73/source:/opt/rustwide/workdir:ro,Z" "-v" "/var/lib/crater-agent-workspace/cargo-home:/opt/rustwide/cargo-home:ro,Z" "-v" "/var/lib/crater-agent-workspace/rustup-home:/opt/rustwide/rustup-home:ro,Z" "-e" "SOURCE_DIR=/opt/rustwide/workdir" "-e" "CARGO_TARGET_DIR=/opt/rustwide/target" "-e" "CARGO_INCREMENTAL=0" "-e" "RUST_BACKTRACE=full" "-e" "RUSTFLAGS=--cap-lints=warn" "-e" "CARGO_HOME=/opt/rustwide/cargo-home" "-e" "RUSTUP_HOME=/opt/rustwide/rustup-home" "-w" "/opt/rustwide/workdir" "-m" "1610612736" "--user" "0:0" "--network" "none" "ghcr.io/rust-lang/crates-build-env/linux@sha256:34b6a614d2c27851fe6cbf88fbd1137609cefab8b10d0615aaeb6fd47975d74e" "/opt/rustwide/cargo-home/bin/cargo" "+1.54.0" "test" "--frozen", kill_on_drop: false }`
[INFO] [stdout] a560a02f9853a5aa9c03d0d49ecbf5276d672b3524d888d81cb34ed73d210669
[INFO] running `Command { std: "docker" "start" "-a" "a560a02f9853a5aa9c03d0d49ecbf5276d672b3524d888d81cb34ed73d210669", kill_on_drop: false }`
[INFO] [stderr]     Blocking waiting for file lock on package cache
[INFO] [stderr]     Finished test [unoptimized + debuginfo] target(s) in 3.28s
[INFO] [stderr]      Running unittests (/opt/rustwide/target/debug/deps/rusty_ulid-6eb275823638bb11)
[INFO] [stdout] 
[INFO] [stdout] running 24 tests
[INFO] [stdout] test crockford::tests::append_crockford_u128_test_cases ... ok
[INFO] [stdout] test crockford::tests::decoding_error_sources ... ok
[INFO] [stdout] test serde_tests::test_de_compact_error ... ok
[INFO] [stdout] test serde_tests::test_de_readable_error ... ok
[INFO] [stdout] test crockford::tests::decoding_error_display_trait ... ok
[INFO] [stdout] test tests::test_from_timestamp_with_rng ... ok
[INFO] [stdout] test tests::test_next_strictly_monotonic_from_timestamp_with_rng_and_postprocessor ... ok
[INFO] [stdout] test tests::from_string_to_string ... ok
[INFO] [stdout] test tests::increment ... ok
[INFO] [stdout] test serde_tests::test_serde_compact ... ok
[INFO] [stdout] test tests::from_str_failure_too_short ... ok
[INFO] [stdout] test serde_tests::test_serde_readable ... ok
[INFO] [stdout] test crockford::tests::append_crockford_u64_tuple_test_cases ... ok
[INFO] [stdout] test tests::from_string_to_string_special_cases ... ok
[INFO] [stdout] test tests::test_next_strictly_monotonic_from_timestamp_with_rng_and_postprocessor_overflow ... ok
[INFO] [stdout] test tests::from_str_failure_overflow ... ok
[INFO] [stdout] test tests::from_str_failure_too_long ... ok
[INFO] [stdout] test tests::from_str_failure_invalid_unicode ... ok
[INFO] [stdout] test crockford::tests::parse_crockford_u64_tuple_test_cases ... ok
[INFO] [stdout] test tests::hash_sanity_checks ... ok
[INFO] [stdout] test crockford::tests::parse_crockford_u128_test_cases ... ok
[INFO] [stdout] test tests::test_next_monotonic_from_timestamp_with_rng_and_postprocessor ... ok
[INFO] [stdout] test tests::eq_cmp_sanity_checks ... ok
[INFO] [stdout] test tests::y10889_bug - should panic ... ok
[INFO] [stdout] 
[INFO] [stdout] test result: ok. 24 passed; 0 failed; 0 ignored; 0 measured; 0 filtered out; finished in 0.03s
[INFO] [stdout] 
[INFO] [stderr]      Running unittests (/opt/rustwide/target/debug/deps/rusty_ulid-4934edcc0422910c)
[INFO] [stdout] 
[INFO] [stdout] running 10 tests
[INFO] [stdout] test tests::help_long_returns_no_error ... ok
[INFO] [stdout] test tests::valid_verbose_values_return_no_error ... ok
[INFO] [stdout] test tests::verbose_short_returns_no_error ... ok
[INFO] [stdout] test tests::help_short_returns_no_error ... ok
[INFO] [stdout] test tests::version_long_returns_no_error ... ok
[INFO] [stderr]    Doc-tests rusty_ulid
[INFO] [stdout] test tests::version_short_returns_no_error ... ok
[INFO] [stdout] test tests::valid_values_return_no_error ... ok
[INFO] [stdout] test tests::invalid_value_returns_error ... ok
[INFO] [stdout] test tests::no_args_return_no_error ... ok
[INFO] [stdout] test tests::verbose_long_returns_no_error ... ok
[INFO] [stdout] 
[INFO] [stdout] test result: ok. 10 passed; 0 failed; 0 ignored; 0 measured; 0 filtered out; finished in 0.01s
[INFO] [stdout] 
[INFO] [stdout] 
[INFO] [stdout] running 65 tests
[INFO] [stdout] test src/lib.rs - [u8; 16]::from (line 895) ... ok
[INFO] [stdout] test src/lib.rs - Ulid::from (line 1002) ... ok
[INFO] [stdout] test src/lib.rs - Ulid::next_monotonic_from_timestamp_with_rng_and_postprocessor (line 435) ... ok
[INFO] [stdout] test src/lib.rs - Ulid::try_from (line 1098) ... FAILED
[INFO] [stdout] test src/lib.rs - [u8; 16]::from (line 880) ... FAILED
[INFO] [stdout] test src/lib.rs - Ulid::try_from (line 1109) ... FAILED
[INFO] [stdout] test src/crockford.rs - crockford::parse_crockford_u128 (line 241) ... FAILED
[INFO] [stdout] test src/crockford.rs - crockford::parse_crockford_u64_tuple (line 438) ... FAILED
[INFO] [stdout] test src/lib.rs - Ulid::next_strictly_monotonic_from_timestamp_with_rng (line 531) ... FAILED
[INFO] [stdout] test src/lib.rs - Ulid::next_monotonic_from_timestamp_with_rng_and_postprocessor (line 454) ... FAILED
[INFO] [stdout] test src/lib.rs - Ulid::from (line 821) ... FAILED
[INFO] [stdout] test src/lib.rs - u128::from (line 1047) ... FAILED
[INFO] [stdout] test src/lib.rs - u128::from (line 1035) ... FAILED
[INFO] [stdout] test src/lib.rs - Ulid::increment (line 735) ... FAILED
[INFO] [stdout] test src/lib.rs - Ulid::generate (line 246) ... FAILED
[INFO] [stdout] test src/lib.rs - Ulid::timestamp (line 680) ... FAILED
[INFO] [stdout] test src/lib.rs - Ulid::next_monotonic_from_timestamp_with_rng_and_postprocessor (line 426) ... FAILED
[INFO] [stdout] test src/lib.rs - doc_tests::readme (line 1620) ... FAILED
[INFO] [stdout] test src/crockford.rs - crockford::append_crockford_u64_tuple (line 340) ... FAILED
[INFO] [stdout] test src/lib.rs - Ulid::from (line 1014) ... FAILED
[INFO] [stdout] test src/lib.rs - Ulid::from_timestamp_with_rng (line 331) ... FAILED
[INFO] [stdout] test src/lib.rs - Ulid::next_strictly_monotonic_from_timestamp_with_rng (line 513) ... ok
[INFO] [stdout] test src/lib.rs - Ulid::next_monotonic (line 274) ... ok
[INFO] [stdout] test src/crockford.rs - crockford::parse_crockford_u64_tuple (line 420) ... ok
[INFO] [stdout] test src/crockford.rs - crockford::parse_crockford_u128 (line 208) ... ok
[INFO] [stdout] test src/lib.rs - generate_ulid_bytes (line 222) ... ok
[INFO] [stdout] test src/crockford.rs - crockford::append_crockford_u128 (line 154) ... ok
[INFO] [stdout] test src/crockford.rs - crockford::parse_crockford_u128 (line 266) ... ok
[INFO] [stdout] test src/lib.rs - doc_tests::readme (line 1591) ... ok
[INFO] [stdout] test src/lib.rs - Ulid::next_monotonic_from_timestamp_with_rng (line 386) ... ok
[INFO] [stdout] test src/crockford.rs - crockford::parse_crockford_u128 (line 233) ... ok
[INFO] [stdout] test src/lib.rs - (u64, u64)::from (line 970) ... ok
[INFO] [stdout] test src/lib.rs - Ulid::from (line 950) ... ok
[INFO] [stdout] test src/crockford.rs - crockford::parse_crockford_u64_tuple (line 453) ... ok
[INFO] [stdout] test src/lib.rs - Ulid::to_string (line 779) ... ok
[INFO] [stdout] test src/crockford.rs - crockford::parse_crockford_u64_tuple (line 394) ... ok
[INFO] [stdout] test src/lib.rs - Ulid::next_strictly_monotonic_from_timestamp_with_rng (line 522) ... ok
[INFO] [stdout] test src/lib.rs - Ulid::datetime (line 699) ... ok
[INFO] [stdout] test src/crockford.rs - crockford::parse_crockford_u64_tuple (line 405) ... ok
[INFO] [stdout] test src/crockford.rs - crockford::append_crockford_u64_tuple (line 349) ... ok
[INFO] [stdout] test src/lib.rs - Ulid::next_strictly_monotonic_from_timestamp_with_rng_and_postprocessor (line 569) ... ok
[INFO] [stdout] test src/lib.rs - Ulid::from (line 938) ... ok
[INFO] [stdout] test src/lib.rs - doc_tests::readme (line 1604) ... ok
[INFO] [stdout] test src/lib.rs - Ulid::next_strictly_monotonic_from_timestamp_with_rng_and_postprocessor (line 600) ... ok
[INFO] [stdout] test src/crockford.rs - crockford::append_crockford_u128 (line 147) ... ok
[INFO] [stdout] test src/lib.rs - Ulid::next_strictly_monotonic (line 302) ... ok
[INFO] [stdout] test src/lib.rs - generate_ulid_string (line 204) ... ok
[INFO] [stdout] test src/crockford.rs - crockford::append_crockford_u128 (line 168) ... ok
[INFO] [stdout] test src/lib.rs - Ulid::try_from (line 1072) ... ok
[INFO] [stdout] test src/crockford.rs - crockford::parse_crockford_u128 (line 218) ... ok
[INFO] [stdout] test src/crockford.rs - crockford::parse_crockford_u128 (line 251) ... ok
[INFO] [stdout] test src/lib.rs - Ulid::next_monotonic_from_timestamp_with_rng (line 377) ... ok
[INFO] [stdout] test src/lib.rs - Ulid::increment (line 744) ... ok
[INFO] [stdout] test src/lib.rs - Ulid::next_monotonic_from_timestamp_with_rng (line 368) ... ok
[INFO] [stdout] test src/lib.rs - Ulid::next_strictly_monotonic_from_timestamp_with_rng_and_postprocessor (line 583) ... ok
[INFO] [stdout] test src/lib.rs - (u64, u64)::from (line 982) ... ok
[INFO] [stdout] test src/lib.rs - Ulid::next_monotonic_from_timestamp_with_rng_and_postprocessor (line 444) ... ok
[INFO] [stdout] test src/crockford.rs - crockford::append_crockford_u64_tuple (line 322) ... ok
[INFO] [stdout] test src/lib.rs - Ulid::from (line 836) ... ok
[INFO] [stdout] test src/crockford.rs - crockford::parse_crockford_u64_tuple (line 428) ... ok
[INFO] [stdout] test src/lib.rs - Ulid::next_strictly_monotonic_from_timestamp_with_rng_and_postprocessor (line 615) ... ok
[INFO] [stdout] test src/crockford.rs - crockford::append_crockford_u64_tuple (line 331) ... ok
[INFO] [stdout] test src/lib.rs - Ulid::to_string (line 771) ... ok
[INFO] [stdout] test src/crockford.rs - crockford::append_crockford_u128 (line 161) ... ok
[INFO] [stdout] test src/lib.rs - Ulid::increment (line 726) ... ok
[INFO] [stdout] 
[INFO] [stdout] failures:
[INFO] [stdout] 
[INFO] [stdout] ---- src/lib.rs - Ulid::try_from (line 1098) stdout ----
[INFO] [stdout] Couldn't compile the test.
[INFO] [stdout] ---- src/lib.rs - [u8; 16]::from (line 880) stdout ----
[INFO] [stdout] Couldn't compile the test.
[INFO] [stdout] ---- src/lib.rs - Ulid::try_from (line 1109) stdout ----
[INFO] [stdout] Couldn't compile the test.
[INFO] [stdout] ---- src/crockford.rs - crockford::parse_crockford_u128 (line 241) stdout ----
[INFO] [stdout] Couldn't compile the test.
[INFO] [stdout] ---- src/crockford.rs - crockford::parse_crockford_u64_tuple (line 438) stdout ----
[INFO] [stdout] Couldn't compile the test.
[INFO] [stdout] ---- src/lib.rs - Ulid::next_strictly_monotonic_from_timestamp_with_rng (line 531) stdout ----
[INFO] [stdout] Couldn't compile the test.
[INFO] [stdout] ---- src/lib.rs - Ulid::next_monotonic_from_timestamp_with_rng_and_postprocessor (line 454) stdout ----
[INFO] [stdout] Couldn't compile the test.
[INFO] [stdout] ---- src/lib.rs - Ulid::from (line 821) stdout ----
[INFO] [stdout] Couldn't compile the test.
[INFO] [stdout] ---- src/lib.rs - u128::from (line 1047) stdout ----
[INFO] [stdout] Couldn't compile the test.
[INFO] [stdout] ---- src/lib.rs - u128::from (line 1035) stdout ----
[INFO] [stdout] Couldn't compile the test.
[INFO] [stdout] ---- src/lib.rs - Ulid::increment (line 735) stdout ----
[INFO] [stdout] Couldn't compile the test.
[INFO] [stdout] ---- src/lib.rs - Ulid::generate (line 246) stdout ----
[INFO] [stdout] Couldn't compile the test.
[INFO] [stdout] ---- src/lib.rs - Ulid::timestamp (line 680) stdout ----
[INFO] [stdout] Couldn't compile the test.
[INFO] [stdout] ---- src/lib.rs - Ulid::next_monotonic_from_timestamp_with_rng_and_postprocessor (line 426) stdout ----
[INFO] [stdout] Couldn't compile the test.
[INFO] [stdout] ---- src/lib.rs - doc_tests::readme (line 1620) stdout ----
[INFO] [stdout] Couldn't compile the test.
[INFO] [stdout] ---- src/crockford.rs - crockford::append_crockford_u64_tuple (line 340) stdout ----
[INFO] [stdout] Couldn't compile the test.
[INFO] [stdout] ---- src/lib.rs - Ulid::from (line 1014) stdout ----
[INFO] [stdout] Couldn't compile the test.
[INFO] [stdout] ---- src/lib.rs - Ulid::from_timestamp_with_rng (line 331) stdout ----
[INFO] [stdout] Couldn't compile the test.
[INFO] [stdout] 
[INFO] [stdout] failures:
[INFO] [stdout]     src/crockford.rs - crockford::append_crockford_u64_tuple (line 340)
[INFO] [stdout]     src/crockford.rs - crockford::parse_crockford_u128 (line 241)
[INFO] [stdout]     src/crockford.rs - crockford::parse_crockford_u64_tuple (line 438)
[INFO] [stdout]     src/lib.rs - Ulid::from (line 1014)
[INFO] [stdout]     src/lib.rs - Ulid::from (line 821)
[INFO] [stdout]     src/lib.rs - Ulid::from_timestamp_with_rng (line 331)
[INFO] [stdout]     src/lib.rs - Ulid::generate (line 246)
[INFO] [stdout]     src/lib.rs - Ulid::increment (line 735)
[INFO] [stdout]     src/lib.rs - Ulid::next_monotonic_from_timestamp_with_rng_and_postprocessor (line 426)
[INFO] [stdout]     src/lib.rs - Ulid::next_monotonic_from_timestamp_with_rng_and_postprocessor (line 454)
[INFO] [stdout]     src/lib.rs - Ulid::next_strictly_monotonic_from_timestamp_with_rng (line 531)
[INFO] [stdout]     src/lib.rs - Ulid::timestamp (line 680)
[INFO] [stdout]     src/lib.rs - Ulid::try_from (line 1098)
[INFO] [stdout]     src/lib.rs - Ulid::try_from (line 1109)
[INFO] [stdout]     src/lib.rs - [u8; 16]::from (line 880)
[INFO] [stdout]     src/lib.rs - doc_tests::readme (line 1620)
[INFO] [stdout]     src/lib.rs - u128::from (line 1035)
[INFO] [stdout]     src/lib.rs - u128::from (line 1047)
[INFO] [stdout] 
[INFO] [stdout] test result: FAILED. 47 passed; 18 failed; 0 ignored; 0 measured; 0 filtered out; finished in 12.70s
[INFO] [stdout] 
[INFO] [stderr] error: test failed, to rerun pass '--doc'
[INFO] running `Command { std: "docker" "inspect" "a560a02f9853a5aa9c03d0d49ecbf5276d672b3524d888d81cb34ed73d210669", kill_on_drop: false }`
[INFO] running `Command { std: "docker" "rm" "-f" "a560a02f9853a5aa9c03d0d49ecbf5276d672b3524d888d81cb34ed73d210669", kill_on_drop: false }`
[INFO] [stdout] a560a02f9853a5aa9c03d0d49ecbf5276d672b3524d888d81cb34ed73d210669
