[INFO] cloning repository https://github.com/huss-a/rust-passgen
[INFO] running `Command { std: "git" "-c" "credential.helper=" "-c" "credential.helper=/workspace/cargo-home/bin/git-credential-null" "clone" "--bare" "https://github.com/huss-a/rust-passgen" "/workspace/cache/git-repos/https%3A%2F%2Fgithub.com%2Fhuss-a%2Frust-passgen", kill_on_drop: false }`
[INFO] [stderr] Cloning into bare repository '/workspace/cache/git-repos/https%3A%2F%2Fgithub.com%2Fhuss-a%2Frust-passgen'...
[INFO] running `Command { std: "git" "rev-parse" "HEAD", kill_on_drop: false }`
[INFO] [stdout] b63667a4333c13ed40d5ec72b0a655fa447eb18d
[INFO] testing huss-a/rust-passgen against beta-2021-08-01 for beta-1.55-1
[INFO] running `Command { std: "git" "clone" "/workspace/cache/git-repos/https%3A%2F%2Fgithub.com%2Fhuss-a%2Frust-passgen" "/workspace/builds/worker-102/source", kill_on_drop: false }`
[INFO] [stderr] Cloning into '/workspace/builds/worker-102/source'...
[INFO] [stderr] done.
[INFO] validating manifest of git repo https://github.com/huss-a/rust-passgen on toolchain beta-2021-08-01
[INFO] running `Command { std: "/workspace/cargo-home/bin/cargo" "+beta-2021-08-01" "metadata" "--manifest-path" "Cargo.toml" "--no-deps", kill_on_drop: false }`
[INFO] removed /workspace/builds/worker-102/source/.cargo/config
[INFO] started tweaking git repo https://github.com/huss-a/rust-passgen
[INFO] finished tweaking git repo https://github.com/huss-a/rust-passgen
[INFO] tweaked toml for git repo https://github.com/huss-a/rust-passgen written to /workspace/builds/worker-102/source/Cargo.toml
[INFO] crate git repo https://github.com/huss-a/rust-passgen already has a lockfile, it will not be regenerated
[INFO] running `Command { std: "/workspace/cargo-home/bin/cargo" "+beta-2021-08-01" "fetch" "--manifest-path" "Cargo.toml", kill_on_drop: false }`
[INFO] [stderr]     Blocking waiting for file lock on package cache
[INFO] [stderr]     Blocking waiting for file lock on package cache
[INFO] running `Command { std: "docker" "create" "-v" "/var/lib/crater-agent-workspace/builds/worker-102/target:/opt/rustwide/target:rw,Z" "-v" "/var/lib/crater-agent-workspace/builds/worker-102/source:/opt/rustwide/workdir:ro,Z" "-v" "/var/lib/crater-agent-workspace/cargo-home:/opt/rustwide/cargo-home:ro,Z" "-v" "/var/lib/crater-agent-workspace/rustup-home:/opt/rustwide/rustup-home:ro,Z" "-e" "SOURCE_DIR=/opt/rustwide/workdir" "-e" "CARGO_TARGET_DIR=/opt/rustwide/target" "-e" "CARGO_HOME=/opt/rustwide/cargo-home" "-e" "RUSTUP_HOME=/opt/rustwide/rustup-home" "-w" "/opt/rustwide/workdir" "-m" "1610612736" "--user" "0:0" "--network" "none" "ghcr.io/rust-lang/crates-build-env/linux@sha256:34b6a614d2c27851fe6cbf88fbd1137609cefab8b10d0615aaeb6fd47975d74e" "/opt/rustwide/cargo-home/bin/cargo" "+beta-2021-08-01" "metadata" "--no-deps" "--format-version=1", kill_on_drop: false }`
[INFO] [stdout] 1ee71b20b4b8471b9dfef7d6dacbb68f6c511cc9753b946b81feef9cc09bf116
[INFO] running `Command { std: "docker" "start" "-a" "1ee71b20b4b8471b9dfef7d6dacbb68f6c511cc9753b946b81feef9cc09bf116", kill_on_drop: false }`
[INFO] running `Command { std: "docker" "inspect" "1ee71b20b4b8471b9dfef7d6dacbb68f6c511cc9753b946b81feef9cc09bf116", kill_on_drop: false }`
[INFO] running `Command { std: "docker" "rm" "-f" "1ee71b20b4b8471b9dfef7d6dacbb68f6c511cc9753b946b81feef9cc09bf116", kill_on_drop: false }`
[INFO] [stdout] 1ee71b20b4b8471b9dfef7d6dacbb68f6c511cc9753b946b81feef9cc09bf116
[INFO] running `Command { std: "docker" "create" "-v" "/var/lib/crater-agent-workspace/builds/worker-102/target:/opt/rustwide/target:rw,Z" "-v" "/var/lib/crater-agent-workspace/builds/worker-102/source:/opt/rustwide/workdir:ro,Z" "-v" "/var/lib/crater-agent-workspace/cargo-home:/opt/rustwide/cargo-home:ro,Z" "-v" "/var/lib/crater-agent-workspace/rustup-home:/opt/rustwide/rustup-home:ro,Z" "-e" "SOURCE_DIR=/opt/rustwide/workdir" "-e" "CARGO_TARGET_DIR=/opt/rustwide/target" "-e" "CARGO_INCREMENTAL=0" "-e" "RUST_BACKTRACE=full" "-e" "RUSTFLAGS=--cap-lints=warn" "-e" "CARGO_HOME=/opt/rustwide/cargo-home" "-e" "RUSTUP_HOME=/opt/rustwide/rustup-home" "-w" "/opt/rustwide/workdir" "-m" "1610612736" "--user" "0:0" "--network" "none" "ghcr.io/rust-lang/crates-build-env/linux@sha256:34b6a614d2c27851fe6cbf88fbd1137609cefab8b10d0615aaeb6fd47975d74e" "/opt/rustwide/cargo-home/bin/cargo" "+beta-2021-08-01" "build" "--frozen" "--message-format=json", kill_on_drop: false }`
[INFO] [stdout] 3328bbd92d0b452038cdae995637804e15ce6ae641c49104f7c4f89ce4febd07
[INFO] running `Command { std: "docker" "start" "-a" "3328bbd92d0b452038cdae995637804e15ce6ae641c49104f7c4f89ce4febd07", kill_on_drop: false }`
[INFO] [stderr]     Blocking waiting for file lock on package cache
[INFO] [stderr]    Compiling libc v0.2.98
[INFO] [stderr]    Compiling cfg-if v1.0.0
[INFO] [stderr]    Compiling ppv-lite86 v0.2.10
[INFO] [stderr]    Compiling termcolor v1.1.2
[INFO] [stderr]    Compiling getrandom v0.2.3
[INFO] [stderr]    Compiling rand_core v0.6.3
[INFO] [stderr]    Compiling rand_chacha v0.3.1
[INFO] [stderr]    Compiling rand v0.8.4
[INFO] [stderr]    Compiling passgen v0.1.0 (/opt/rustwide/workdir)
[INFO] [stderr]     Finished dev [unoptimized + debuginfo] target(s) in 24.16s
[INFO] running `Command { std: "docker" "inspect" "3328bbd92d0b452038cdae995637804e15ce6ae641c49104f7c4f89ce4febd07", kill_on_drop: false }`
[INFO] running `Command { std: "docker" "rm" "-f" "3328bbd92d0b452038cdae995637804e15ce6ae641c49104f7c4f89ce4febd07", kill_on_drop: false }`
[INFO] [stdout] 3328bbd92d0b452038cdae995637804e15ce6ae641c49104f7c4f89ce4febd07
[INFO] running `Command { std: "docker" "create" "-v" "/var/lib/crater-agent-workspace/builds/worker-102/target:/opt/rustwide/target:rw,Z" "-v" "/var/lib/crater-agent-workspace/builds/worker-102/source:/opt/rustwide/workdir:ro,Z" "-v" "/var/lib/crater-agent-workspace/cargo-home:/opt/rustwide/cargo-home:ro,Z" "-v" "/var/lib/crater-agent-workspace/rustup-home:/opt/rustwide/rustup-home:ro,Z" "-e" "SOURCE_DIR=/opt/rustwide/workdir" "-e" "CARGO_TARGET_DIR=/opt/rustwide/target" "-e" "CARGO_INCREMENTAL=0" "-e" "RUST_BACKTRACE=full" "-e" "RUSTFLAGS=--cap-lints=warn" "-e" "CARGO_HOME=/opt/rustwide/cargo-home" "-e" "RUSTUP_HOME=/opt/rustwide/rustup-home" "-w" "/opt/rustwide/workdir" "-m" "1610612736" "--user" "0:0" "--network" "none" "ghcr.io/rust-lang/crates-build-env/linux@sha256:34b6a614d2c27851fe6cbf88fbd1137609cefab8b10d0615aaeb6fd47975d74e" "/opt/rustwide/cargo-home/bin/cargo" "+beta-2021-08-01" "test" "--frozen" "--no-run" "--message-format=json", kill_on_drop: false }`
[INFO] [stdout] 256d60a95b43607bb0f54ed842f83a3d90e78316c130894dc7f7e065c6381a01
[INFO] running `Command { std: "docker" "start" "-a" "256d60a95b43607bb0f54ed842f83a3d90e78316c130894dc7f7e065c6381a01", kill_on_drop: false }`
[INFO] [stderr]    Compiling passgen v0.1.0 (/opt/rustwide/workdir)
[INFO] [stderr]     Finished test [unoptimized + debuginfo] target(s) in 0.54s
[INFO] running `Command { std: "docker" "inspect" "256d60a95b43607bb0f54ed842f83a3d90e78316c130894dc7f7e065c6381a01", kill_on_drop: false }`
[INFO] running `Command { std: "docker" "rm" "-f" "256d60a95b43607bb0f54ed842f83a3d90e78316c130894dc7f7e065c6381a01", kill_on_drop: false }`
[INFO] [stdout] 256d60a95b43607bb0f54ed842f83a3d90e78316c130894dc7f7e065c6381a01
[INFO] running `Command { std: "docker" "create" "-v" "/var/lib/crater-agent-workspace/builds/worker-102/target:/opt/rustwide/target:rw,Z" "-v" "/var/lib/crater-agent-workspace/builds/worker-102/source:/opt/rustwide/workdir:ro,Z" "-v" "/var/lib/crater-agent-workspace/cargo-home:/opt/rustwide/cargo-home:ro,Z" "-v" "/var/lib/crater-agent-workspace/rustup-home:/opt/rustwide/rustup-home:ro,Z" "-e" "SOURCE_DIR=/opt/rustwide/workdir" "-e" "CARGO_TARGET_DIR=/opt/rustwide/target" "-e" "CARGO_INCREMENTAL=0" "-e" "RUST_BACKTRACE=full" "-e" "RUSTFLAGS=--cap-lints=warn" "-e" "CARGO_HOME=/opt/rustwide/cargo-home" "-e" "RUSTUP_HOME=/opt/rustwide/rustup-home" "-w" "/opt/rustwide/workdir" "-m" "1610612736" "--user" "0:0" "--network" "none" "ghcr.io/rust-lang/crates-build-env/linux@sha256:34b6a614d2c27851fe6cbf88fbd1137609cefab8b10d0615aaeb6fd47975d74e" "/opt/rustwide/cargo-home/bin/cargo" "+beta-2021-08-01" "test" "--frozen", kill_on_drop: false }`
[INFO] [stdout] 74bc7b769d3e0c27dcffe8da432165d29cfdd233120213c9fefbc42ec36c1330
[INFO] running `Command { std: "docker" "start" "-a" "74bc7b769d3e0c27dcffe8da432165d29cfdd233120213c9fefbc42ec36c1330", kill_on_drop: false }`
[INFO] [stderr]     Blocking waiting for file lock on package cache
[INFO] [stderr]     Finished test [unoptimized + debuginfo] target(s) in 0.96s
[INFO] [stderr]      Running unittests (/opt/rustwide/target/debug/deps/passgen-1ce9b9a2dec8394d)
[INFO] [stdout] 
[INFO] [stdout] running 0 tests
[INFO] [stdout] 
[INFO] [stdout] test result: ok. 0 passed; 0 failed; 0 ignored; 0 measured; 0 filtered out; finished in 0.00s
[INFO] [stdout] 
[INFO] [stderr]      Running unittests (/opt/rustwide/target/debug/deps/passgen-f99199c5f3f4b933)
[INFO] [stdout] 
[INFO] [stdout] running 0 tests
[INFO] [stdout] 
[INFO] [stdout] test result: ok. 0 passed; 0 failed; 0 ignored; 0 measured; 0 filtered out; finished in 0.00s
[INFO] [stdout] 
[INFO] [stderr]    Doc-tests passgen
[INFO] [stdout] 
[INFO] [stdout] running 1 test
[INFO] [stdout] test src/utils/stdout_color.rs - utils::stdout_color::std_color (line 45) ... FAILED
[INFO] [stdout] 
[INFO] [stdout] failures:
[INFO] [stdout] 
[INFO] [stdout] ---- src/utils/stdout_color.rs - utils::stdout_color::std_color (line 45) stdout ----
[INFO] [stdout] error[E0432]: unresolved import `minigrep`
[INFO] [stdout]  --> src/utils/stdout_color.rs:46:5
[INFO] [stdout]   |
[INFO] [stdout] 3 | use minigrep::{std_color, ColorConfig};
[INFO] [stdout]   |     ^^^^^^^^ use of undeclared crate or module `minigrep`
[INFO] [stdout] 
[INFO] [stdout] error: aborting due to previous error
[INFO] [stdout] 
[INFO] [stdout] For more information about this error, try `rustc --explain E0432`.
[INFO] [stdout] Couldn't compile the test.
[INFO] [stdout] 
[INFO] [stdout] failures:
[INFO] [stdout]     src/utils/stdout_color.rs - utils::stdout_color::std_color (line 45)
[INFO] [stdout] 
[INFO] [stdout] test result: FAILED. 0 passed; 1 failed; 0 ignored; 0 measured; 0 filtered out; finished in 0.24s
[INFO] [stdout] 
[INFO] [stderr] error: test failed, to rerun pass '--doc'
[INFO] running `Command { std: "docker" "inspect" "74bc7b769d3e0c27dcffe8da432165d29cfdd233120213c9fefbc42ec36c1330", kill_on_drop: false }`
[INFO] running `Command { std: "docker" "rm" "-f" "74bc7b769d3e0c27dcffe8da432165d29cfdd233120213c9fefbc42ec36c1330", kill_on_drop: false }`
[INFO] [stdout] 74bc7b769d3e0c27dcffe8da432165d29cfdd233120213c9fefbc42ec36c1330
