[INFO] cloning repository https://github.com/hman523/minlisp
[INFO] running `Command { std: "git" "-c" "credential.helper=" "-c" "credential.helper=/workspace/cargo-home/bin/git-credential-null" "clone" "--bare" "https://github.com/hman523/minlisp" "/workspace/cache/git-repos/https%3A%2F%2Fgithub.com%2Fhman523%2Fminlisp", kill_on_drop: false }`
[INFO] [stderr] Cloning into bare repository '/workspace/cache/git-repos/https%3A%2F%2Fgithub.com%2Fhman523%2Fminlisp'...
[INFO] running `Command { std: "git" "rev-parse" "HEAD", kill_on_drop: false }`
[INFO] [stdout] a12c3ee720b20443ce44ebdea1c71aab47bc96cc
[INFO] testing hman523/minlisp against 1.54.0 for beta-1.55-1
[INFO] running `Command { std: "git" "clone" "/workspace/cache/git-repos/https%3A%2F%2Fgithub.com%2Fhman523%2Fminlisp" "/workspace/builds/worker-6/source", kill_on_drop: false }`
[INFO] [stderr] Cloning into '/workspace/builds/worker-6/source'...
[INFO] [stderr] done.
[INFO] validating manifest of git repo https://github.com/hman523/minlisp on toolchain 1.54.0
[INFO] running `Command { std: "/workspace/cargo-home/bin/cargo" "+1.54.0" "metadata" "--manifest-path" "Cargo.toml" "--no-deps", kill_on_drop: false }`
[INFO] started tweaking git repo https://github.com/hman523/minlisp
[INFO] finished tweaking git repo https://github.com/hman523/minlisp
[INFO] tweaked toml for git repo https://github.com/hman523/minlisp written to /workspace/builds/worker-6/source/Cargo.toml
[INFO] crate git repo https://github.com/hman523/minlisp already has a lockfile, it will not be regenerated
[INFO] running `Command { std: "/workspace/cargo-home/bin/cargo" "+1.54.0" "fetch" "--manifest-path" "Cargo.toml", kill_on_drop: false }`
[INFO] running `Command { std: "docker" "create" "-v" "/var/lib/crater-agent-workspace/builds/worker-6/target:/opt/rustwide/target:rw,Z" "-v" "/var/lib/crater-agent-workspace/builds/worker-6/source:/opt/rustwide/workdir:ro,Z" "-v" "/var/lib/crater-agent-workspace/cargo-home:/opt/rustwide/cargo-home:ro,Z" "-v" "/var/lib/crater-agent-workspace/rustup-home:/opt/rustwide/rustup-home:ro,Z" "-e" "SOURCE_DIR=/opt/rustwide/workdir" "-e" "CARGO_TARGET_DIR=/opt/rustwide/target" "-e" "CARGO_HOME=/opt/rustwide/cargo-home" "-e" "RUSTUP_HOME=/opt/rustwide/rustup-home" "-w" "/opt/rustwide/workdir" "-m" "1610612736" "--user" "0:0" "--network" "none" "ghcr.io/rust-lang/crates-build-env/linux@sha256:34b6a614d2c27851fe6cbf88fbd1137609cefab8b10d0615aaeb6fd47975d74e" "/opt/rustwide/cargo-home/bin/cargo" "+1.54.0" "metadata" "--no-deps" "--format-version=1", kill_on_drop: false }`
[INFO] [stderr] WARNING: Your kernel does not support swap limit capabilities or the cgroup is not mounted. Memory limited without swap.
[INFO] [stdout] a649b5230e0487146109cd55e3c349750acb82432cba6042da48ce6e4b851e9a
[INFO] running `Command { std: "docker" "start" "-a" "a649b5230e0487146109cd55e3c349750acb82432cba6042da48ce6e4b851e9a", kill_on_drop: false }`
[INFO] running `Command { std: "docker" "inspect" "a649b5230e0487146109cd55e3c349750acb82432cba6042da48ce6e4b851e9a", kill_on_drop: false }`
[INFO] running `Command { std: "docker" "rm" "-f" "a649b5230e0487146109cd55e3c349750acb82432cba6042da48ce6e4b851e9a", kill_on_drop: false }`
[INFO] [stdout] a649b5230e0487146109cd55e3c349750acb82432cba6042da48ce6e4b851e9a
[INFO] running `Command { std: "docker" "create" "-v" "/var/lib/crater-agent-workspace/builds/worker-6/target:/opt/rustwide/target:rw,Z" "-v" "/var/lib/crater-agent-workspace/builds/worker-6/source:/opt/rustwide/workdir:ro,Z" "-v" "/var/lib/crater-agent-workspace/cargo-home:/opt/rustwide/cargo-home:ro,Z" "-v" "/var/lib/crater-agent-workspace/rustup-home:/opt/rustwide/rustup-home:ro,Z" "-e" "SOURCE_DIR=/opt/rustwide/workdir" "-e" "CARGO_TARGET_DIR=/opt/rustwide/target" "-e" "CARGO_INCREMENTAL=0" "-e" "RUST_BACKTRACE=full" "-e" "RUSTFLAGS=--cap-lints=warn" "-e" "CARGO_HOME=/opt/rustwide/cargo-home" "-e" "RUSTUP_HOME=/opt/rustwide/rustup-home" "-w" "/opt/rustwide/workdir" "-m" "1610612736" "--user" "0:0" "--network" "none" "ghcr.io/rust-lang/crates-build-env/linux@sha256:34b6a614d2c27851fe6cbf88fbd1137609cefab8b10d0615aaeb6fd47975d74e" "/opt/rustwide/cargo-home/bin/cargo" "+1.54.0" "build" "--frozen" "--message-format=json", kill_on_drop: false }`
[INFO] [stderr] WARNING: Your kernel does not support swap limit capabilities or the cgroup is not mounted. Memory limited without swap.
[INFO] [stdout] bf160080e9aca5d1a96e7607460ea506733764ca6027b71452a72b5df8775e52
[INFO] running `Command { std: "docker" "start" "-a" "bf160080e9aca5d1a96e7607460ea506733764ca6027b71452a72b5df8775e52", kill_on_drop: false }`
[INFO] [stderr]    Compiling dirs-sys v0.3.4
[INFO] [stderr]    Compiling nix v0.14.1
[INFO] [stderr]    Compiling colored v1.9.0
[INFO] [stderr]    Compiling dirs v2.0.2
[INFO] [stderr]    Compiling rustyline v5.0.5
[INFO] [stderr]    Compiling minlisp v0.5.0 (/opt/rustwide/workdir)
[INFO] [stdout] warning: unnecessary parentheses around block return value
[INFO] [stdout]    --> src/main.rs:241:21
[INFO] [stdout]     |
[INFO] [stdout] 241 |                     ((a - b).abs() < std::f64::EPSILON)
[INFO] [stdout]     |                     ^^^^^^^^^^^^^^^^^^^^^^^^^^^^^^^^^^^ help: remove these parentheses
[INFO] [stdout]     |
[INFO] [stdout]     = note: `#[warn(unused_parens)]` on by default
[INFO] [stdout] 
[INFO] [stdout] 
[INFO] [stdout] warning: 1 warning emitted
[INFO] [stdout] 
[INFO] [stdout] 
[INFO] [stderr]     Finished dev [unoptimized + debuginfo] target(s) in 13.94s
[INFO] running `Command { std: "docker" "inspect" "bf160080e9aca5d1a96e7607460ea506733764ca6027b71452a72b5df8775e52", kill_on_drop: false }`
[INFO] running `Command { std: "docker" "rm" "-f" "bf160080e9aca5d1a96e7607460ea506733764ca6027b71452a72b5df8775e52", kill_on_drop: false }`
[INFO] [stdout] bf160080e9aca5d1a96e7607460ea506733764ca6027b71452a72b5df8775e52
[INFO] running `Command { std: "docker" "create" "-v" "/var/lib/crater-agent-workspace/builds/worker-6/target:/opt/rustwide/target:rw,Z" "-v" "/var/lib/crater-agent-workspace/builds/worker-6/source:/opt/rustwide/workdir:ro,Z" "-v" "/var/lib/crater-agent-workspace/cargo-home:/opt/rustwide/cargo-home:ro,Z" "-v" "/var/lib/crater-agent-workspace/rustup-home:/opt/rustwide/rustup-home:ro,Z" "-e" "SOURCE_DIR=/opt/rustwide/workdir" "-e" "CARGO_TARGET_DIR=/opt/rustwide/target" "-e" "CARGO_INCREMENTAL=0" "-e" "RUST_BACKTRACE=full" "-e" "RUSTFLAGS=--cap-lints=warn" "-e" "CARGO_HOME=/opt/rustwide/cargo-home" "-e" "RUSTUP_HOME=/opt/rustwide/rustup-home" "-w" "/opt/rustwide/workdir" "-m" "1610612736" "--user" "0:0" "--network" "none" "ghcr.io/rust-lang/crates-build-env/linux@sha256:34b6a614d2c27851fe6cbf88fbd1137609cefab8b10d0615aaeb6fd47975d74e" "/opt/rustwide/cargo-home/bin/cargo" "+1.54.0" "test" "--frozen" "--no-run" "--message-format=json", kill_on_drop: false }`
[INFO] [stderr] WARNING: Your kernel does not support swap limit capabilities or the cgroup is not mounted. Memory limited without swap.
[INFO] [stdout] 988be0ff550285bf1072b32745cc1a13293c45f59393ceeddb696a8c73e5e8a4
[INFO] running `Command { std: "docker" "start" "-a" "988be0ff550285bf1072b32745cc1a13293c45f59393ceeddb696a8c73e5e8a4", kill_on_drop: false }`
[INFO] [stderr]    Compiling minlisp v0.5.0 (/opt/rustwide/workdir)
[INFO] [stdout] warning: unnecessary parentheses around block return value
[INFO] [stdout]    --> src/main.rs:241:21
[INFO] [stdout]     |
[INFO] [stdout] 241 |                     ((a - b).abs() < std::f64::EPSILON)
[INFO] [stdout]     |                     ^^^^^^^^^^^^^^^^^^^^^^^^^^^^^^^^^^^ help: remove these parentheses
[INFO] [stdout]     |
[INFO] [stdout]     = note: `#[warn(unused_parens)]` on by default
[INFO] [stdout] 
[INFO] [stdout] 
[INFO] [stdout] warning: panic message is not a string literal
[INFO] [stdout]     --> src/main.rs:1014:30
[INFO] [stdout]      |
[INFO] [stdout] 1014 |             Err(e) => panic!(e),
[INFO] [stdout]      |                              ^
[INFO] [stdout]      |
[INFO] [stdout]      = note: `#[warn(non_fmt_panic)]` on by default
[INFO] [stdout]      = note: this is no longer accepted in Rust 2021
[INFO] [stdout] help: add a "{}" format string to Display the message
[INFO] [stdout]      |
[INFO] [stdout] 1014 |             Err(e) => panic!("{}", e),
[INFO] [stdout]      |                              ^^^^^
[INFO] [stdout] help: or use std::panic::panic_any instead
[INFO] [stdout]      |
[INFO] [stdout] 1014 |             Err(e) => std::panic::panic_any(e),
[INFO] [stdout]      |                       ^^^^^^^^^^^^^^^^^^^^^
[INFO] [stdout] 
[INFO] [stdout] 
[INFO] [stdout] warning: panic message is not a string literal
[INFO] [stdout]     --> src/main.rs:1019:30
[INFO] [stdout]      |
[INFO] [stdout] 1019 |             Err(e) => panic!(e),
[INFO] [stdout]      |                              ^
[INFO] [stdout]      |
[INFO] [stdout]      = note: this is no longer accepted in Rust 2021
[INFO] [stdout] help: add a "{}" format string to Display the message
[INFO] [stdout]      |
[INFO] [stdout] 1019 |             Err(e) => panic!("{}", e),
[INFO] [stdout]      |                              ^^^^^
[INFO] [stdout] help: or use std::panic::panic_any instead
[INFO] [stdout]      |
[INFO] [stdout] 1019 |             Err(e) => std::panic::panic_any(e),
[INFO] [stdout]      |                       ^^^^^^^^^^^^^^^^^^^^^
[INFO] [stdout] 
[INFO] [stdout] 
[INFO] [stdout] warning: panic message is not a string literal
[INFO] [stdout]     --> src/main.rs:1036:30
[INFO] [stdout]      |
[INFO] [stdout] 1036 |             Err(e) => panic!(e),
[INFO] [stdout]      |                              ^
[INFO] [stdout]      |
[INFO] [stdout]      = note: this is no longer accepted in Rust 2021
[INFO] [stdout] help: add a "{}" format string to Display the message
[INFO] [stdout]      |
[INFO] [stdout] 1036 |             Err(e) => panic!("{}", e),
[INFO] [stdout]      |                              ^^^^^
[INFO] [stdout] help: or use std::panic::panic_any instead
[INFO] [stdout]      |
[INFO] [stdout] 1036 |             Err(e) => std::panic::panic_any(e),
[INFO] [stdout]      |                       ^^^^^^^^^^^^^^^^^^^^^
[INFO] [stdout] 
[INFO] [stdout] 
[INFO] [stdout] warning: panic message is not a string literal
[INFO] [stdout]     --> src/main.rs:1041:30
[INFO] [stdout]      |
[INFO] [stdout] 1041 |             Err(e) => panic!(e),
[INFO] [stdout]      |                              ^
[INFO] [stdout]      |
[INFO] [stdout]      = note: this is no longer accepted in Rust 2021
[INFO] [stdout] help: add a "{}" format string to Display the message
[INFO] [stdout]      |
[INFO] [stdout] 1041 |             Err(e) => panic!("{}", e),
[INFO] [stdout]      |                              ^^^^^
[INFO] [stdout] help: or use std::panic::panic_any instead
[INFO] [stdout]      |
[INFO] [stdout] 1041 |             Err(e) => std::panic::panic_any(e),
[INFO] [stdout]      |                       ^^^^^^^^^^^^^^^^^^^^^
[INFO] [stdout] 
[INFO] [stdout] 
[INFO] [stdout] warning: panic message is not a string literal
[INFO] [stdout]     --> src/main.rs:1061:30
[INFO] [stdout]      |
[INFO] [stdout] 1061 |             Err(e) => panic!(e),
[INFO] [stdout]      |                              ^
[INFO] [stdout]      |
[INFO] [stdout]      = note: this is no longer accepted in Rust 2021
[INFO] [stdout] help: add a "{}" format string to Display the message
[INFO] [stdout]      |
[INFO] [stdout] 1061 |             Err(e) => panic!("{}", e),
[INFO] [stdout]      |                              ^^^^^
[INFO] [stdout] help: or use std::panic::panic_any instead
[INFO] [stdout]      |
[INFO] [stdout] 1061 |             Err(e) => std::panic::panic_any(e),
[INFO] [stdout]      |                       ^^^^^^^^^^^^^^^^^^^^^
[INFO] [stdout] 
[INFO] [stdout] 
[INFO] [stdout] warning: panic message is not a string literal
[INFO] [stdout]     --> src/main.rs:1066:30
[INFO] [stdout]      |
[INFO] [stdout] 1066 |             Err(e) => panic!(e),
[INFO] [stdout]      |                              ^
[INFO] [stdout]      |
[INFO] [stdout]      = note: this is no longer accepted in Rust 2021
[INFO] [stdout] help: add a "{}" format string to Display the message
[INFO] [stdout]      |
[INFO] [stdout] 1066 |             Err(e) => panic!("{}", e),
[INFO] [stdout]      |                              ^^^^^
[INFO] [stdout] help: or use std::panic::panic_any instead
[INFO] [stdout]      |
[INFO] [stdout] 1066 |             Err(e) => std::panic::panic_any(e),
[INFO] [stdout]      |                       ^^^^^^^^^^^^^^^^^^^^^
[INFO] [stdout] 
[INFO] [stdout] 
[INFO] [stdout] warning: 7 warnings emitted
[INFO] [stdout] 
[INFO] [stdout] 
[INFO] [stderr]     Finished test [unoptimized + debuginfo] target(s) in 2.21s
[INFO] running `Command { std: "docker" "inspect" "988be0ff550285bf1072b32745cc1a13293c45f59393ceeddb696a8c73e5e8a4", kill_on_drop: false }`
[INFO] running `Command { std: "docker" "rm" "-f" "988be0ff550285bf1072b32745cc1a13293c45f59393ceeddb696a8c73e5e8a4", kill_on_drop: false }`
[INFO] [stdout] 988be0ff550285bf1072b32745cc1a13293c45f59393ceeddb696a8c73e5e8a4
[INFO] running `Command { std: "docker" "create" "-v" "/var/lib/crater-agent-workspace/builds/worker-6/target:/opt/rustwide/target:rw,Z" "-v" "/var/lib/crater-agent-workspace/builds/worker-6/source:/opt/rustwide/workdir:ro,Z" "-v" "/var/lib/crater-agent-workspace/cargo-home:/opt/rustwide/cargo-home:ro,Z" "-v" "/var/lib/crater-agent-workspace/rustup-home:/opt/rustwide/rustup-home:ro,Z" "-e" "SOURCE_DIR=/opt/rustwide/workdir" "-e" "CARGO_TARGET_DIR=/opt/rustwide/target" "-e" "CARGO_INCREMENTAL=0" "-e" "RUST_BACKTRACE=full" "-e" "RUSTFLAGS=--cap-lints=warn" "-e" "CARGO_HOME=/opt/rustwide/cargo-home" "-e" "RUSTUP_HOME=/opt/rustwide/rustup-home" "-w" "/opt/rustwide/workdir" "-m" "1610612736" "--user" "0:0" "--network" "none" "ghcr.io/rust-lang/crates-build-env/linux@sha256:34b6a614d2c27851fe6cbf88fbd1137609cefab8b10d0615aaeb6fd47975d74e" "/opt/rustwide/cargo-home/bin/cargo" "+1.54.0" "test" "--frozen", kill_on_drop: false }`
[INFO] [stdout] bed9568fed758c61d5ede00f94232f7affabfc9ec7171a9e3289b4e840f9c48a
[INFO] [stderr] WARNING: Your kernel does not support swap limit capabilities or the cgroup is not mounted. Memory limited without swap.
[INFO] running `Command { std: "docker" "start" "-a" "bed9568fed758c61d5ede00f94232f7affabfc9ec7171a9e3289b4e840f9c48a", kill_on_drop: false }`
[INFO] [stderr] warning: unnecessary parentheses around block return value
[INFO] [stderr]    --> src/main.rs:241:21
[INFO] [stderr]     |
[INFO] [stderr] 241 |                     ((a - b).abs() < std::f64::EPSILON)
[INFO] [stderr]     |                     ^^^^^^^^^^^^^^^^^^^^^^^^^^^^^^^^^^^ help: remove these parentheses
[INFO] [stderr]     |
[INFO] [stderr]     = note: `#[warn(unused_parens)]` on by default
[INFO] [stderr] 
[INFO] [stderr] warning: panic message is not a string literal
[INFO] [stderr]     --> src/main.rs:1014:30
[INFO] [stderr]      |
[INFO] [stderr] 1014 |             Err(e) => panic!(e),
[INFO] [stderr]      |                              ^
[INFO] [stderr]      |
[INFO] [stderr]      = note: `#[warn(non_fmt_panic)]` on by default
[INFO] [stderr]      = note: this is no longer accepted in Rust 2021
[INFO] [stderr] help: add a "{}" format string to Display the message
[INFO] [stderr]      |
[INFO] [stderr] 1014 |             Err(e) => panic!("{}", e),
[INFO] [stderr]      |                              ^^^^^
[INFO] [stderr] help: or use std::panic::panic_any instead
[INFO] [stderr]      |
[INFO] [stderr] 1014 |             Err(e) => std::panic::panic_any(e),
[INFO] [stderr]      |                       ^^^^^^^^^^^^^^^^^^^^^
[INFO] [stderr] 
[INFO] [stderr] warning: panic message is not a string literal
[INFO] [stderr]     --> src/main.rs:1019:30
[INFO] [stderr]      |
[INFO] [stderr] 1019 |             Err(e) => panic!(e),
[INFO] [stderr]      |                              ^
[INFO] [stderr]      |
[INFO] [stderr]      = note: this is no longer accepted in Rust 2021
[INFO] [stderr] help: add a "{}" format string to Display the message
[INFO] [stderr]      |
[INFO] [stderr] 1019 |             Err(e) => panic!("{}", e),
[INFO] [stderr]      |                              ^^^^^
[INFO] [stderr] help: or use std::panic::panic_any instead
[INFO] [stderr]      |
[INFO] [stderr] 1019 |             Err(e) => std::panic::panic_any(e),
[INFO] [stderr]      |                       ^^^^^^^^^^^^^^^^^^^^^
[INFO] [stderr] 
[INFO] [stderr] warning: panic message is not a string literal
[INFO] [stderr]     --> src/main.rs:1036:30
[INFO] [stderr]      |
[INFO] [stderr] 1036 |             Err(e) => panic!(e),
[INFO] [stderr]      |                              ^
[INFO] [stderr]      |
[INFO] [stderr]      = note: this is no longer accepted in Rust 2021
[INFO] [stderr] help: add a "{}" format string to Display the message
[INFO] [stderr]      |
[INFO] [stderr] 1036 |             Err(e) => panic!("{}", e),
[INFO] [stderr]      |                              ^^^^^
[INFO] [stderr] help: or use std::panic::panic_any instead
[INFO] [stderr]      |
[INFO] [stderr] 1036 |             Err(e) => std::panic::panic_any(e),
[INFO] [stderr]      |                       ^^^^^^^^^^^^^^^^^^^^^
[INFO] [stderr] 
[INFO] [stderr] warning: panic message is not a string literal
[INFO] [stderr]     --> src/main.rs:1041:30
[INFO] [stderr]      |
[INFO] [stderr] 1041 |             Err(e) => panic!(e),
[INFO] [stderr]      |                              ^
[INFO] [stderr]      |
[INFO] [stderr]      = note: this is no longer accepted in Rust 2021
[INFO] [stderr] help: add a "{}" format string to Display the message
[INFO] [stderr]      |
[INFO] [stderr] 1041 |             Err(e) => panic!("{}", e),
[INFO] [stderr]      |                              ^^^^^
[INFO] [stderr] help: or use std::panic::panic_any instead
[INFO] [stderr]      |
[INFO] [stderr] 1041 |             Err(e) => std::panic::panic_any(e),
[INFO] [stderr]      |                       ^^^^^^^^^^^^^^^^^^^^^
[INFO] [stderr] 
[INFO] [stderr] warning: panic message is not a string literal
[INFO] [stderr]     --> src/main.rs:1061:30
[INFO] [stderr]      |
[INFO] [stderr] 1061 |             Err(e) => panic!(e),
[INFO] [stderr]      |                              ^
[INFO] [stderr]      |
[INFO] [stderr]      = note: this is no longer accepted in Rust 2021
[INFO] [stderr] help: add a "{}" format string to Display the message
[INFO] [stderr]      |
[INFO] [stderr] 1061 |             Err(e) => panic!("{}", e),
[INFO] [stderr]      |                              ^^^^^
[INFO] [stderr] help: or use std::panic::panic_any instead
[INFO] [stderr]      |
[INFO] [stderr] 1061 |             Err(e) => std::panic::panic_any(e),
[INFO] [stderr]      |                       ^^^^^^^^^^^^^^^^^^^^^
[INFO] [stderr] 
[INFO] [stderr] warning: panic message is not a string literal
[INFO] [stderr]     --> src/main.rs:1066:30
[INFO] [stderr]      |
[INFO] [stderr] 1066 |             Err(e) => panic!(e),
[INFO] [stderr]      |                              ^
[INFO] [stderr]      |
[INFO] [stderr]      = note: this is no longer accepted in Rust 2021
[INFO] [stderr] help: add a "{}" format string to Display the message
[INFO] [stderr]      |
[INFO] [stderr] 1066 |             Err(e) => panic!("{}", e),
[INFO] [stderr]      |                              ^^^^^
[INFO] [stderr] help: or use std::panic::panic_any instead
[INFO] [stderr]      |
[INFO] [stderr] 1066 |             Err(e) => std::panic::panic_any(e),
[INFO] [stderr]      |                       ^^^^^^^^^^^^^^^^^^^^^
[INFO] [stderr] 
[INFO] [stderr] warning: 7 warnings emitted
[INFO] [stderr] 
[INFO] [stderr]     Finished test [unoptimized + debuginfo] target(s) in 0.06s
[INFO] [stderr]      Running unittests (/opt/rustwide/target/debug/deps/minlisp-c303b6695395de26)
[INFO] [stdout] 
[INFO] [stdout] running 24 tests
[INFO] [stdout] test tests::cdr_bif ... ok
[INFO] [stdout] test tests::cons_bif ... ok
[INFO] [stdout] test tests::car_bif ... ok
[INFO] [stdout] test tests::parse_02 ... ok
[INFO] [stdout] test tests::eval_valid_add ... ok
[INFO] [stdout] test tests::parse_03 ... ok
[INFO] [stdout] test tests::parse_expr_fn ... ok
[INFO] [stdout] test tests::numeric_comparison ... ok
[INFO] [stdout] test tests::memory_insert_twice ... ok
[INFO] [stdout] test tests::parse_01 ... ok
[INFO] [stdout] test tests::eval_valid_math ... ok
[INFO] [stdout] test tests::quote_bif ... ok
[INFO] [stdout] test tests::tokenize_fn ... ok
[INFO] [stdout] test tests::type_formating ... ok
[INFO] [stdout] test tests::tokenize_error ... ok
[INFO] [stdout] test tests::if_bif ... ok
[INFO] [stdout] test tests::lambda_identity ... ok
[INFO] [stdout] test tests::set_bif ... ok
[INFO] [stdout] test tests::numeric_equality ... ok
[INFO] [stdout] test tests::null_questionmark_bif ... ok
[INFO] [stdout] test tests::memory_get_insert ... ok
[INFO] [stdout] test tests::lambda_factorial ... ok
[INFO] [stdout] test tests::lambda_and_quote ... FAILED
[INFO] [stdout] test tests::create_and_test_len_fn ... FAILED
[INFO] [stdout] 
[INFO] [stdout] failures:
[INFO] [stdout] 
[INFO] [stdout] ---- tests::lambda_and_quote stdout ----
[INFO] [stdout] (NotAProcedure("1"), Memory { vars: {"<": function, "expt": function, "car": function, ">": function, ">=": function, "*": function, "<=": function, "=": function, "cdr": function, "PI": 3.141592653589793, "null?": function, "-": function, "+": function, "/=": function, "cons": function, "/": function}, call_stack: [{"mycar": (lambda (lst) (car lst))}] })
[INFO] [stdout] thread 'tests::lambda_and_quote' panicked at 'called `Option::unwrap()` on a `None` value', src/main.rs:1375:14
[INFO] [stdout] stack backtrace:
[INFO] [stdout]    0:     0x55fb471680d0 - std::backtrace_rs::backtrace::libunwind::trace::h34055254b57d8e79
[INFO] [stdout]                                at /rustc/a178d0322ce20e33eac124758e837cbd80a6f633/library/std/src/../../backtrace/src/backtrace/libunwind.rs:90:5
[INFO] [stdout]    1:     0x55fb471680d0 - std::backtrace_rs::backtrace::trace_unsynchronized::h8f1e3fbd9afff6ec
[INFO] [stdout]                                at /rustc/a178d0322ce20e33eac124758e837cbd80a6f633/library/std/src/../../backtrace/src/backtrace/mod.rs:66:5
[INFO] [stdout]    2:     0x55fb471680d0 - std::sys_common::backtrace::_print_fmt::h3a99a796b770c360
[INFO] [stdout]                                at /rustc/a178d0322ce20e33eac124758e837cbd80a6f633/library/std/src/sys_common/backtrace.rs:67:5
[INFO] [stdout]    3:     0x55fb471680d0 - <std::sys_common::backtrace::_print::DisplayBacktrace as core::fmt::Display>::fmt::h32d1f94a80615d18
[INFO] [stdout]                                at /rustc/a178d0322ce20e33eac124758e837cbd80a6f633/library/std/src/sys_common/backtrace.rs:46:22
[INFO] [stdout]    4:     0x55fb4718bcfc - core::fmt::write::h306731c068f7162c
[INFO] [stdout]                                at /rustc/a178d0322ce20e33eac124758e837cbd80a6f633/library/core/src/fmt/mod.rs:1110:17
[INFO] [stdout]    5:     0x55fb47164ff5 - std::io::Write::write_fmt::h87f19b0a2cd190bc
[INFO] [stdout]                                at /rustc/a178d0322ce20e33eac124758e837cbd80a6f633/library/std/src/io/mod.rs:1588:15
[INFO] [stdout]    6:     0x55fb4716a23b - std::sys_common::backtrace::_print::h5abaa2601a852287
[INFO] [stdout]                                at /rustc/a178d0322ce20e33eac124758e837cbd80a6f633/library/std/src/sys_common/backtrace.rs:49:5
[INFO] [stdout]    7:     0x55fb4716a23b - std::sys_common::backtrace::print::h8d81445442bb638f
[INFO] [stdout]                                at /rustc/a178d0322ce20e33eac124758e837cbd80a6f633/library/std/src/sys_common/backtrace.rs:36:9
[INFO] [stdout]    8:     0x55fb4716a23b - std::panicking::default_hook::{{closure}}::hcfe804496a9fa747
[INFO] [stdout]                                at /rustc/a178d0322ce20e33eac124758e837cbd80a6f633/library/std/src/panicking.rs:208:50
[INFO] [stdout]    9:     0x55fb47169d4c - std::panicking::default_hook::hbea8e3ccf2ba8901
[INFO] [stdout]                                at /rustc/a178d0322ce20e33eac124758e837cbd80a6f633/library/std/src/panicking.rs:222:9
[INFO] [stdout]   10:     0x55fb4716a904 - std::panicking::rust_panic_with_hook::h7ee9e1a2d0f8975a
[INFO] [stdout]                                at /rustc/a178d0322ce20e33eac124758e837cbd80a6f633/library/std/src/panicking.rs:622:17
[INFO] [stdout]   11:     0x55fb4716a3b7 - std::panicking::begin_panic_handler::{{closure}}::h8ab3b4491718b2c7
[INFO] [stdout]                                at /rustc/a178d0322ce20e33eac124758e837cbd80a6f633/library/std/src/panicking.rs:517:13
[INFO] [stdout]   12:     0x55fb471685cc - std::sys_common::backtrace::__rust_end_short_backtrace::hd489062ffa586a9f
[INFO] [stdout]                                at /rustc/a178d0322ce20e33eac124758e837cbd80a6f633/library/std/src/sys_common/backtrace.rs:141:18
[INFO] [stdout]   13:     0x55fb4716a349 - rust_begin_unwind
[INFO] [stdout]                                at /rustc/a178d0322ce20e33eac124758e837cbd80a6f633/library/std/src/panicking.rs:515:5
[INFO] [stdout]   14:     0x55fb470ca651 - core::panicking::panic_fmt::hca6330e3e14086b4
[INFO] [stdout]                                at /rustc/a178d0322ce20e33eac124758e837cbd80a6f633/library/core/src/panicking.rs:92:14
[INFO] [stdout]   15:     0x55fb470ca59d - core::panicking::panic::h1a48d878ff3dcd40
[INFO] [stdout]                                at /rustc/a178d0322ce20e33eac124758e837cbd80a6f633/library/core/src/panicking.rs:50:5
[INFO] [stdout]   16:     0x55fb470f8354 - core::option::Option<T>::unwrap::he7fdd8c63bc97927
[INFO] [stdout]                                at /rustc/a178d0322ce20e33eac124758e837cbd80a6f633/library/core/src/option.rs:388:21
[INFO] [stdout]   17:     0x55fb470e7052 - minlisp::tests::lambda_and_quote::h8544b4518b45623a
[INFO] [stdout]                                at /opt/rustwide/workdir/src/main.rs:1372:13
[INFO] [stdout]   18:     0x55fb470e6ffa - minlisp::tests::lambda_and_quote::{{closure}}::h5a65768927d40917
[INFO] [stdout]                                at /opt/rustwide/workdir/src/main.rs:1369:5
[INFO] [stdout]   19:     0x55fb470ec49e - core::ops::function::FnOnce::call_once::hca25d55c4f263675
[INFO] [stdout]                                at /rustc/a178d0322ce20e33eac124758e837cbd80a6f633/library/core/src/ops/function.rs:227:5
[INFO] [stdout]   20:     0x55fb47125ea3 - core::ops::function::FnOnce::call_once::h152e7e439ff59e19
[INFO] [stdout]                                at /rustc/a178d0322ce20e33eac124758e837cbd80a6f633/library/core/src/ops/function.rs:227:5
[INFO] [stdout]   21:     0x55fb47125ea3 - test::__rust_begin_short_backtrace::h0908f3b1fdbb72ab
[INFO] [stdout]                                at /rustc/a178d0322ce20e33eac124758e837cbd80a6f633/library/test/src/lib.rs:577:5
[INFO] [stdout]   22:     0x55fb47124960 - <alloc::boxed::Box<F,A> as core::ops::function::FnOnce<Args>>::call_once::hf6d2a51e5587546c
[INFO] [stdout]                                at /rustc/a178d0322ce20e33eac124758e837cbd80a6f633/library/alloc/src/boxed.rs:1575:9
[INFO] [stdout]   23:     0x55fb47124960 - <std::panic::AssertUnwindSafe<F> as core::ops::function::FnOnce<()>>::call_once::h8af660f3a89ef593
[INFO] [stdout]                                at /rustc/a178d0322ce20e33eac124758e837cbd80a6f633/library/std/src/panic.rs:347:9
[INFO] [stdout]   24:     0x55fb47124960 - std::panicking::try::do_call::hd36aef60f84b6d36
[INFO] [stdout]                                at /rustc/a178d0322ce20e33eac124758e837cbd80a6f633/library/std/src/panicking.rs:401:40
[INFO] [stdout]   25:     0x55fb47124960 - std::panicking::try::h9932b4480e69817c
[INFO] [stdout]                                at /rustc/a178d0322ce20e33eac124758e837cbd80a6f633/library/std/src/panicking.rs:365:19
[INFO] [stdout]   26:     0x55fb47124960 - std::panic::catch_unwind::h6aa177099cfff5f8
[INFO] [stdout]                                at /rustc/a178d0322ce20e33eac124758e837cbd80a6f633/library/std/src/panic.rs:434:14
[INFO] [stdout]   27:     0x55fb47124960 - test::run_test_in_process::h5884d6f2d99e20c3
[INFO] [stdout]                                at /rustc/a178d0322ce20e33eac124758e837cbd80a6f633/library/test/src/lib.rs:600:18
[INFO] [stdout]   28:     0x55fb47124960 - test::run_test::run_test_inner::{{closure}}::h6fdc58c6d5f5b6e3
[INFO] [stdout]                                at /rustc/a178d0322ce20e33eac124758e837cbd80a6f633/library/test/src/lib.rs:492:39
[INFO] [stdout]   29:     0x55fb470fe012 - test::run_test::run_test_inner::{{closure}}::h408365d67a78ade8
[INFO] [stdout]                                at /rustc/a178d0322ce20e33eac124758e837cbd80a6f633/library/test/src/lib.rs:519:37
[INFO] [stdout]   30:     0x55fb470fe012 - std::sys_common::backtrace::__rust_begin_short_backtrace::hb560b77c4f701523
[INFO] [stdout]                                at /rustc/a178d0322ce20e33eac124758e837cbd80a6f633/library/std/src/sys_common/backtrace.rs:125:18
[INFO] [stdout]   31:     0x55fb47101bc8 - std::thread::Builder::spawn_unchecked::{{closure}}::{{closure}}::hf2e7831dad93c597
[INFO] [stdout]                                at /rustc/a178d0322ce20e33eac124758e837cbd80a6f633/library/std/src/thread/mod.rs:481:17
[INFO] [stdout]   32:     0x55fb47101bc8 - <std::panic::AssertUnwindSafe<F> as core::ops::function::FnOnce<()>>::call_once::hd2e08783d8be4d02
[INFO] [stdout]                                at /rustc/a178d0322ce20e33eac124758e837cbd80a6f633/library/std/src/panic.rs:347:9
[INFO] [stdout]   33:     0x55fb47101bc8 - std::panicking::try::do_call::h062597b7acfd6b82
[INFO] [stdout]                                at /rustc/a178d0322ce20e33eac124758e837cbd80a6f633/library/std/src/panicking.rs:401:40
[INFO] [stdout]   34:     0x55fb47101bc8 - std::panicking::try::h0d7b79db04c14552
[INFO] [stdout]                                at /rustc/a178d0322ce20e33eac124758e837cbd80a6f633/library/std/src/panicking.rs:365:19
[INFO] [stdout]   35:     0x55fb47101bc8 - std::panic::catch_unwind::hb01a0b5e7c8cd43b
[INFO] [stdout]                                at /rustc/a178d0322ce20e33eac124758e837cbd80a6f633/library/std/src/panic.rs:434:14
[INFO] [stdout]   36:     0x55fb47101bc8 - std::thread::Builder::spawn_unchecked::{{closure}}::h5bde48cc887e0d1e
[INFO] [stdout]                                at /rustc/a178d0322ce20e33eac124758e837cbd80a6f633/library/std/src/thread/mod.rs:480:30
[INFO] [stdout]   37:     0x55fb47101bc8 - core::ops::function::FnOnce::call_once{{vtable.shim}}::h745ea30807a29e55
[INFO] [stdout]                                at /rustc/a178d0322ce20e33eac124758e837cbd80a6f633/library/core/src/ops/function.rs:227:5
[INFO] [stdout]   38:     0x55fb4716f3c7 - <alloc::boxed::Box<F,A> as core::ops::function::FnOnce<Args>>::call_once::h7ece6cfefaff1005
[INFO] [stdout]                                at /rustc/a178d0322ce20e33eac124758e837cbd80a6f633/library/alloc/src/boxed.rs:1575:9
[INFO] [stdout]   39:     0x55fb4716f3c7 - <alloc::boxed::Box<F,A> as core::ops::function::FnOnce<Args>>::call_once::hb8b48e55c21f193e
[INFO] [stdout]                                at /rustc/a178d0322ce20e33eac124758e837cbd80a6f633/library/alloc/src/boxed.rs:1575:9
[INFO] [stdout]   40:     0x55fb4716f3c7 - std::sys::unix::thread::Thread::new::thread_start::h8c7c4450dba62914
[INFO] [stdout]                                at /rustc/a178d0322ce20e33eac124758e837cbd80a6f633/library/std/src/sys/unix/thread.rs:71:17
[INFO] [stdout]   41:     0x7f24d78f9609 - start_thread
[INFO] [stdout]   42:     0x7f24d76c9293 - clone
[INFO] [stdout]   43:                0x0 - <unknown>
[INFO] [stdout] 
[INFO] [stdout] ---- tests::create_and_test_len_fn stdout ----
[INFO] [stdout] (NotAProcedure("1"), Memory { vars: {">=": function, "/=": function, "<": function, "+": function, "-": function, "expt": function, "cons": function, "null?": function, "cdr": function, "=": function, "*": function, "/": function, ">": function, "PI": 3.141592653589793, "<=": function, "car": function}, call_stack: [{"len": (lambda (lst) (if (null? lst) 0 (+ 1 (len (cdr lst)))))}] })
[INFO] [stdout] thread 'tests::create_and_test_len_fn' panicked at 'called `Option::unwrap()` on a `None` value', src/main.rs:1364:131
[INFO] [stdout] stack backtrace:
[INFO] [stdout]    0:     0x55fb471680d0 - std::backtrace_rs::backtrace::libunwind::trace::h34055254b57d8e79
[INFO] [stdout]                                at /rustc/a178d0322ce20e33eac124758e837cbd80a6f633/library/std/src/../../backtrace/src/backtrace/libunwind.rs:90:5
[INFO] [stdout]    1:     0x55fb471680d0 - std::backtrace_rs::backtrace::trace_unsynchronized::h8f1e3fbd9afff6ec
[INFO] [stdout]                                at /rustc/a178d0322ce20e33eac124758e837cbd80a6f633/library/std/src/../../backtrace/src/backtrace/mod.rs:66:5
[INFO] [stdout]    2:     0x55fb471680d0 - std::sys_common::backtrace::_print_fmt::h3a99a796b770c360
[INFO] [stdout]                                at /rustc/a178d0322ce20e33eac124758e837cbd80a6f633/library/std/src/sys_common/backtrace.rs:67:5
[INFO] [stdout]    3:     0x55fb471680d0 - <std::sys_common::backtrace::_print::DisplayBacktrace as core::fmt::Display>::fmt::h32d1f94a80615d18
[INFO] [stdout]                                at /rustc/a178d0322ce20e33eac124758e837cbd80a6f633/library/std/src/sys_common/backtrace.rs:46:22
[INFO] [stdout]    4:     0x55fb4718bcfc - core::fmt::write::h306731c068f7162c
[INFO] [stdout]                                at /rustc/a178d0322ce20e33eac124758e837cbd80a6f633/library/core/src/fmt/mod.rs:1110:17
[INFO] [stdout]    5:     0x55fb47164ff5 - std::io::Write::write_fmt::h87f19b0a2cd190bc
[INFO] [stdout]                                at /rustc/a178d0322ce20e33eac124758e837cbd80a6f633/library/std/src/io/mod.rs:1588:15
[INFO] [stdout]    6:     0x55fb4716a23b - std::sys_common::backtrace::_print::h5abaa2601a852287
[INFO] [stdout]                                at /rustc/a178d0322ce20e33eac124758e837cbd80a6f633/library/std/src/sys_common/backtrace.rs:49:5
[INFO] [stdout]    7:     0x55fb4716a23b - std::sys_common::backtrace::print::h8d81445442bb638f
[INFO] [stdout]                                at /rustc/a178d0322ce20e33eac124758e837cbd80a6f633/library/std/src/sys_common/backtrace.rs:36:9
[INFO] [stdout]    8:     0x55fb4716a23b - std::panicking::default_hook::{{closure}}::hcfe804496a9fa747
[INFO] [stdout]                                at /rustc/a178d0322ce20e33eac124758e837cbd80a6f633/library/std/src/panicking.rs:208:50
[INFO] [stdout]    9:     0x55fb47169d4c - std::panicking::default_hook::hbea8e3ccf2ba8901
[INFO] [stdout]                                at /rustc/a178d0322ce20e33eac124758e837cbd80a6f633/library/std/src/panicking.rs:222:9
[INFO] [stdout]   10:     0x55fb4716a904 - std::panicking::rust_panic_with_hook::h7ee9e1a2d0f8975a
[INFO] [stdout]                                at /rustc/a178d0322ce20e33eac124758e837cbd80a6f633/library/std/src/panicking.rs:622:17
[INFO] [stdout]   11:     0x55fb4716a3b7 - std::panicking::begin_panic_handler::{{closure}}::h8ab3b4491718b2c7
[INFO] [stdout]                                at /rustc/a178d0322ce20e33eac124758e837cbd80a6f633/library/std/src/panicking.rs:517:13
[INFO] [stdout]   12:     0x55fb471685cc - std::sys_common::backtrace::__rust_end_short_backtrace::hd489062ffa586a9f
[INFO] [stdout]                                at /rustc/a178d0322ce20e33eac124758e837cbd80a6f633/library/std/src/sys_common/backtrace.rs:141:18
[INFO] [stdout]   13:     0x55fb4716a349 - rust_begin_unwind
[INFO] [stdout]                                at /rustc/a178d0322ce20e33eac124758e837cbd80a6f633/library/std/src/panicking.rs:515:5
[INFO] [stdout]   14:     0x55fb470ca651 - core::panicking::panic_fmt::hca6330e3e14086b4
[INFO] [stdout]                                at /rustc/a178d0322ce20e33eac124758e837cbd80a6f633/library/core/src/panicking.rs:92:14
[INFO] [stdout]   15:     0x55fb470ca59d - core::panicking::panic::h1a48d878ff3dcd40
[INFO] [stdout]                                at /rustc/a178d0322ce20e33eac124758e837cbd80a6f633/library/core/src/panicking.rs:50:5
[INFO] [stdout]   16:     0x55fb470f8354 - core::option::Option<T>::unwrap::he7fdd8c63bc97927
[INFO] [stdout]                                at /rustc/a178d0322ce20e33eac124758e837cbd80a6f633/library/core/src/option.rs:388:21
[INFO] [stdout]   17:     0x55fb470e6f22 - minlisp::tests::create_and_test_len_fn::h92f80df36d962c38
[INFO] [stdout]                                at /opt/rustwide/workdir/src/main.rs:1364:4
[INFO] [stdout]   18:     0x55fb470e6eca - minlisp::tests::create_and_test_len_fn::{{closure}}::hf6aac7b1e1adaf66
[INFO] [stdout]                                at /opt/rustwide/workdir/src/main.rs:1360:5
[INFO] [stdout]   19:     0x55fb470ebcde - core::ops::function::FnOnce::call_once::h3014f0e6dc37acda
[INFO] [stdout]                                at /rustc/a178d0322ce20e33eac124758e837cbd80a6f633/library/core/src/ops/function.rs:227:5
[INFO] [stdout]   20:     0x55fb47125ea3 - core::ops::function::FnOnce::call_once::h152e7e439ff59e19
[INFO] [stdout]                                at /rustc/a178d0322ce20e33eac124758e837cbd80a6f633/library/core/src/ops/function.rs:227:5
[INFO] [stdout]   21:     0x55fb47125ea3 - test::__rust_begin_short_backtrace::h0908f3b1fdbb72ab
[INFO] [stdout]                                at /rustc/a178d0322ce20e33eac124758e837cbd80a6f633/library/test/src/lib.rs:577:5
[INFO] [stdout]   22:     0x55fb47124960 - <alloc::boxed::Box<F,A> as core::ops::function::FnOnce<Args>>::call_once::hf6d2a51e5587546c
[INFO] [stdout]                                at /rustc/a178d0322ce20e33eac124758e837cbd80a6f633/library/alloc/src/boxed.rs:1575:9
[INFO] [stdout]   23:     0x55fb47124960 - <std::panic::AssertUnwindSafe<F> as core::ops::function::FnOnce<()>>::call_once::h8af660f3a89ef593
[INFO] [stdout]                                at /rustc/a178d0322ce20e33eac124758e837cbd80a6f633/library/std/src/panic.rs:347:9
[INFO] [stdout]   24:     0x55fb47124960 - std::panicking::try::do_call::hd36aef60f84b6d36
[INFO] [stdout]                                at /rustc/a178d0322ce20e33eac124758e837cbd80a6f633/library/std/src/panicking.rs:401:40
[INFO] [stdout]   25:     0x55fb47124960 - std::panicking::try::h9932b4480e69817c
[INFO] [stdout]                                at /rustc/a178d0322ce20e33eac124758e837cbd80a6f633/library/std/src/panicking.rs:365:19
[INFO] [stdout]   26:     0x55fb47124960 - std::panic::catch_unwind::h6aa177099cfff5f8
[INFO] [stdout]                                at /rustc/a178d0322ce20e33eac124758e837cbd80a6f633/library/std/src/panic.rs:434:14
[INFO] [stdout]   27:     0x55fb47124960 - test::run_test_in_process::h5884d6f2d99e20c3
[INFO] [stdout]                                at /rustc/a178d0322ce20e33eac124758e837cbd80a6f633/library/test/src/lib.rs:600:18
[INFO] [stdout]   28:     0x55fb47124960 - test::run_test::run_test_inner::{{closure}}::h6fdc58c6d5f5b6e3
[INFO] [stdout]                                at /rustc/a178d0322ce20e33eac124758e837cbd80a6f633/library/test/src/lib.rs:492:39
[INFO] [stdout]   29:     0x55fb470fe012 - test::run_test::run_test_inner::{{closure}}::h408365d67a78ade8
[INFO] [stdout]                                at /rustc/a178d0322ce20e33eac124758e837cbd80a6f633/library/test/src/lib.rs:519:37
[INFO] [stdout]   30:     0x55fb470fe012 - std::sys_common::backtrace::__rust_begin_short_backtrace::hb560b77c4f701523
[INFO] [stdout]                                at /rustc/a178d0322ce20e33eac124758e837cbd80a6f633/library/std/src/sys_common/backtrace.rs:125:18
[INFO] [stdout]   31:     0x55fb47101bc8 - std::thread::Builder::spawn_unchecked::{{closure}}::{{closure}}::hf2e7831dad93c597
[INFO] [stdout]                                at /rustc/a178d0322ce20e33eac124758e837cbd80a6f633/library/std/src/thread/mod.rs:481:17
[INFO] [stdout]   32:     0x55fb47101bc8 - <std::panic::AssertUnwindSafe<F> as core::ops::function::FnOnce<()>>::call_once::hd2e08783d8be4d02
[INFO] [stdout]                                at /rustc/a178d0322ce20e33eac124758e837cbd80a6f633/library/std/src/panic.rs:347:9
[INFO] [stdout]   33:     0x55fb47101bc8 - std::panicking::try::do_call::h062597b7acfd6b82
[INFO] [stdout]                                at /rustc/a178d0322ce20e33eac124758e837cbd80a6f633/library/std/src/panicking.rs:401:40
[INFO] [stdout]   34:     0x55fb47101bc8 - std::panicking::try::h0d7b79db04c14552
[INFO] [stdout]                                at /rustc/a178d0322ce20e33eac124758e837cbd80a6f633/library/std/src/panicking.rs:365:19
[INFO] [stdout]   35:     0x55fb47101bc8 - std::panic::catch_unwind::hb01a0b5e7c8cd43b
[INFO] [stdout]                                at /rustc/a178d0322ce20e33eac124758e837cbd80a6f633/library/std/src/panic.rs:434:14
[INFO] [stdout]   36:     0x55fb47101bc8 - std::thread::Builder::spawn_unchecked::{{closure}}::h5bde48cc887e0d1e
[INFO] [stdout]                                at /rustc/a178d0322ce20e33eac124758e837cbd80a6f633/library/std/src/thread/mod.rs:480:30
[INFO] [stdout]   37:     0x55fb47101bc8 - core::ops::function::FnOnce::call_once{{vtable.shim}}::h745ea30807a29e55
[INFO] [stdout]                                at /rustc/a178d0322ce20e33eac124758e837cbd80a6f633/library/core/src/ops/function.rs:227:5
[INFO] [stdout]   38:     0x55fb4716f3c7 - <alloc::boxed::Box<F,A> as core::ops::function::FnOnce<Args>>::call_once::h7ece6cfefaff1005
[INFO] [stdout]                                at /rustc/a178d0322ce20e33eac124758e837cbd80a6f633/library/alloc/src/boxed.rs:1575:9
[INFO] [stdout]   39:     0x55fb4716f3c7 - <alloc::boxed::Box<F,A> as core::ops::function::FnOnce<Args>>::call_once::hb8b48e55c21f193e
[INFO] [stdout]                                at /rustc/a178d0322ce20e33eac124758e837cbd80a6f633/library/alloc/src/boxed.rs:1575:9
[INFO] [stdout]   40:     0x55fb4716f3c7 - std::sys::unix::thread::Thread::new::thread_start::h8c7c4450dba62914
[INFO] [stdout]                                at /rustc/a178d0322ce20e33eac124758e837cbd80a6f633/library/std/src/sys/unix/thread.rs:71:17
[INFO] [stdout]   41:     0x7f24d78f9609 - start_thread
[INFO] [stdout]   42:     0x7f24d76c9293 - clone
[INFO] [stdout]   43:                0x0 - <unknown>
[INFO] [stdout] 
[INFO] [stdout] 
[INFO] [stdout] failures:
[INFO] [stdout]     tests::create_and_test_len_fn
[INFO] [stdout]     tests::lambda_and_quote
[INFO] [stdout] 
[INFO] [stdout] test result: FAILED. 22 passed; 2 failed; 0 ignored; 0 measured; 0 filtered out; finished in 0.07s
[INFO] [stdout] 
[INFO] [stderr] error: test failed, to rerun pass '--bin minlisp'
[INFO] running `Command { std: "docker" "inspect" "bed9568fed758c61d5ede00f94232f7affabfc9ec7171a9e3289b4e840f9c48a", kill_on_drop: false }`
[INFO] running `Command { std: "docker" "rm" "-f" "bed9568fed758c61d5ede00f94232f7affabfc9ec7171a9e3289b4e840f9c48a", kill_on_drop: false }`
[INFO] [stdout] bed9568fed758c61d5ede00f94232f7affabfc9ec7171a9e3289b4e840f9c48a
