[INFO] cloning repository https://github.com/hinaria/slice
[INFO] running `Command { std: "git" "-c" "credential.helper=" "-c" "credential.helper=/workspace/cargo-home/bin/git-credential-null" "clone" "--bare" "https://github.com/hinaria/slice" "/workspace/cache/git-repos/https%3A%2F%2Fgithub.com%2Fhinaria%2Fslice", kill_on_drop: false }`
[INFO] [stderr] Cloning into bare repository '/workspace/cache/git-repos/https%3A%2F%2Fgithub.com%2Fhinaria%2Fslice'...
[INFO] running `Command { std: "git" "rev-parse" "HEAD", kill_on_drop: false }`
[INFO] [stdout] 3e4505e60fd70d5efb116a746087b60f720ef677
[INFO] testing hinaria/slice against 1.54.0 for beta-1.55-1
[INFO] running `Command { std: "git" "clone" "/workspace/cache/git-repos/https%3A%2F%2Fgithub.com%2Fhinaria%2Fslice" "/workspace/builds/worker-11/source", kill_on_drop: false }`
[INFO] [stderr] Cloning into '/workspace/builds/worker-11/source'...
[INFO] [stderr] done.
[INFO] validating manifest of git repo https://github.com/hinaria/slice on toolchain 1.54.0
[INFO] running `Command { std: "/workspace/cargo-home/bin/cargo" "+1.54.0" "metadata" "--manifest-path" "Cargo.toml" "--no-deps", kill_on_drop: false }`
[INFO] started tweaking git repo https://github.com/hinaria/slice
[INFO] finished tweaking git repo https://github.com/hinaria/slice
[INFO] tweaked toml for git repo https://github.com/hinaria/slice written to /workspace/builds/worker-11/source/Cargo.toml
[INFO] crate git repo https://github.com/hinaria/slice already has a lockfile, it will not be regenerated
[INFO] running `Command { std: "/workspace/cargo-home/bin/cargo" "+1.54.0" "fetch" "--manifest-path" "Cargo.toml", kill_on_drop: false }`
[INFO] running `Command { std: "docker" "create" "-v" "/var/lib/crater-agent-workspace/builds/worker-11/target:/opt/rustwide/target:rw,Z" "-v" "/var/lib/crater-agent-workspace/builds/worker-11/source:/opt/rustwide/workdir:ro,Z" "-v" "/var/lib/crater-agent-workspace/cargo-home:/opt/rustwide/cargo-home:ro,Z" "-v" "/var/lib/crater-agent-workspace/rustup-home:/opt/rustwide/rustup-home:ro,Z" "-e" "SOURCE_DIR=/opt/rustwide/workdir" "-e" "CARGO_TARGET_DIR=/opt/rustwide/target" "-e" "CARGO_HOME=/opt/rustwide/cargo-home" "-e" "RUSTUP_HOME=/opt/rustwide/rustup-home" "-w" "/opt/rustwide/workdir" "-m" "1610612736" "--user" "0:0" "--network" "none" "ghcr.io/rust-lang/crates-build-env/linux@sha256:34b6a614d2c27851fe6cbf88fbd1137609cefab8b10d0615aaeb6fd47975d74e" "/opt/rustwide/cargo-home/bin/cargo" "+1.54.0" "metadata" "--no-deps" "--format-version=1", kill_on_drop: false }`
[INFO] [stdout] a262d21302d60dfe549f6d8fade63c41cf22da1fefec3ffc50d130441de860de
[INFO] [stderr] WARNING: Your kernel does not support swap limit capabilities or the cgroup is not mounted. Memory limited without swap.
[INFO] running `Command { std: "docker" "start" "-a" "a262d21302d60dfe549f6d8fade63c41cf22da1fefec3ffc50d130441de860de", kill_on_drop: false }`
[INFO] running `Command { std: "docker" "inspect" "a262d21302d60dfe549f6d8fade63c41cf22da1fefec3ffc50d130441de860de", kill_on_drop: false }`
[INFO] running `Command { std: "docker" "rm" "-f" "a262d21302d60dfe549f6d8fade63c41cf22da1fefec3ffc50d130441de860de", kill_on_drop: false }`
[INFO] [stdout] a262d21302d60dfe549f6d8fade63c41cf22da1fefec3ffc50d130441de860de
[INFO] running `Command { std: "docker" "create" "-v" "/var/lib/crater-agent-workspace/builds/worker-11/target:/opt/rustwide/target:rw,Z" "-v" "/var/lib/crater-agent-workspace/builds/worker-11/source:/opt/rustwide/workdir:ro,Z" "-v" "/var/lib/crater-agent-workspace/cargo-home:/opt/rustwide/cargo-home:ro,Z" "-v" "/var/lib/crater-agent-workspace/rustup-home:/opt/rustwide/rustup-home:ro,Z" "-e" "SOURCE_DIR=/opt/rustwide/workdir" "-e" "CARGO_TARGET_DIR=/opt/rustwide/target" "-e" "CARGO_INCREMENTAL=0" "-e" "RUST_BACKTRACE=full" "-e" "RUSTFLAGS=--cap-lints=warn" "-e" "CARGO_HOME=/opt/rustwide/cargo-home" "-e" "RUSTUP_HOME=/opt/rustwide/rustup-home" "-w" "/opt/rustwide/workdir" "-m" "1610612736" "--user" "0:0" "--network" "none" "ghcr.io/rust-lang/crates-build-env/linux@sha256:34b6a614d2c27851fe6cbf88fbd1137609cefab8b10d0615aaeb6fd47975d74e" "/opt/rustwide/cargo-home/bin/cargo" "+1.54.0" "build" "--frozen" "--message-format=json", kill_on_drop: false }`
[INFO] [stdout] 7f13ebab1905b3a3d620a8753aa1ec49ada0b6187ab96a64620dabbe8e16f7ee
[INFO] [stderr] WARNING: Your kernel does not support swap limit capabilities or the cgroup is not mounted. Memory limited without swap.
[INFO] running `Command { std: "docker" "start" "-a" "7f13ebab1905b3a3d620a8753aa1ec49ada0b6187ab96a64620dabbe8e16f7ee", kill_on_drop: false }`
[INFO] [stderr]    Compiling slice v0.0.4 (/opt/rustwide/workdir)
[INFO] [stderr]     Finished dev [unoptimized + debuginfo] target(s) in 0.50s
[INFO] running `Command { std: "docker" "inspect" "7f13ebab1905b3a3d620a8753aa1ec49ada0b6187ab96a64620dabbe8e16f7ee", kill_on_drop: false }`
[INFO] running `Command { std: "docker" "rm" "-f" "7f13ebab1905b3a3d620a8753aa1ec49ada0b6187ab96a64620dabbe8e16f7ee", kill_on_drop: false }`
[INFO] [stdout] 7f13ebab1905b3a3d620a8753aa1ec49ada0b6187ab96a64620dabbe8e16f7ee
[INFO] running `Command { std: "docker" "create" "-v" "/var/lib/crater-agent-workspace/builds/worker-11/target:/opt/rustwide/target:rw,Z" "-v" "/var/lib/crater-agent-workspace/builds/worker-11/source:/opt/rustwide/workdir:ro,Z" "-v" "/var/lib/crater-agent-workspace/cargo-home:/opt/rustwide/cargo-home:ro,Z" "-v" "/var/lib/crater-agent-workspace/rustup-home:/opt/rustwide/rustup-home:ro,Z" "-e" "SOURCE_DIR=/opt/rustwide/workdir" "-e" "CARGO_TARGET_DIR=/opt/rustwide/target" "-e" "CARGO_INCREMENTAL=0" "-e" "RUST_BACKTRACE=full" "-e" "RUSTFLAGS=--cap-lints=warn" "-e" "CARGO_HOME=/opt/rustwide/cargo-home" "-e" "RUSTUP_HOME=/opt/rustwide/rustup-home" "-w" "/opt/rustwide/workdir" "-m" "1610612736" "--user" "0:0" "--network" "none" "ghcr.io/rust-lang/crates-build-env/linux@sha256:34b6a614d2c27851fe6cbf88fbd1137609cefab8b10d0615aaeb6fd47975d74e" "/opt/rustwide/cargo-home/bin/cargo" "+1.54.0" "test" "--frozen" "--no-run" "--message-format=json", kill_on_drop: false }`
[INFO] [stdout] a28245d347975398469a78373281dff3fcc25bbbdcec3e46af5ceef1c4ae6ded
[INFO] [stderr] WARNING: Your kernel does not support swap limit capabilities or the cgroup is not mounted. Memory limited without swap.
[INFO] running `Command { std: "docker" "start" "-a" "a28245d347975398469a78373281dff3fcc25bbbdcec3e46af5ceef1c4ae6ded", kill_on_drop: false }`
[INFO] [stderr]    Compiling slice v0.0.4 (/opt/rustwide/workdir)
[INFO] [stderr]     Finished test [unoptimized + debuginfo] target(s) in 0.80s
[INFO] running `Command { std: "docker" "inspect" "a28245d347975398469a78373281dff3fcc25bbbdcec3e46af5ceef1c4ae6ded", kill_on_drop: false }`
[INFO] running `Command { std: "docker" "rm" "-f" "a28245d347975398469a78373281dff3fcc25bbbdcec3e46af5ceef1c4ae6ded", kill_on_drop: false }`
[INFO] [stdout] a28245d347975398469a78373281dff3fcc25bbbdcec3e46af5ceef1c4ae6ded
[INFO] running `Command { std: "docker" "create" "-v" "/var/lib/crater-agent-workspace/builds/worker-11/target:/opt/rustwide/target:rw,Z" "-v" "/var/lib/crater-agent-workspace/builds/worker-11/source:/opt/rustwide/workdir:ro,Z" "-v" "/var/lib/crater-agent-workspace/cargo-home:/opt/rustwide/cargo-home:ro,Z" "-v" "/var/lib/crater-agent-workspace/rustup-home:/opt/rustwide/rustup-home:ro,Z" "-e" "SOURCE_DIR=/opt/rustwide/workdir" "-e" "CARGO_TARGET_DIR=/opt/rustwide/target" "-e" "CARGO_INCREMENTAL=0" "-e" "RUST_BACKTRACE=full" "-e" "RUSTFLAGS=--cap-lints=warn" "-e" "CARGO_HOME=/opt/rustwide/cargo-home" "-e" "RUSTUP_HOME=/opt/rustwide/rustup-home" "-w" "/opt/rustwide/workdir" "-m" "1610612736" "--user" "0:0" "--network" "none" "ghcr.io/rust-lang/crates-build-env/linux@sha256:34b6a614d2c27851fe6cbf88fbd1137609cefab8b10d0615aaeb6fd47975d74e" "/opt/rustwide/cargo-home/bin/cargo" "+1.54.0" "test" "--frozen", kill_on_drop: false }`
[INFO] [stdout] 0431cc94410e28d104bf14294a4426f46c97de29fa16fd446b5827f531fad05e
[INFO] [stderr] WARNING: Your kernel does not support swap limit capabilities or the cgroup is not mounted. Memory limited without swap.
[INFO] running `Command { std: "docker" "start" "-a" "0431cc94410e28d104bf14294a4426f46c97de29fa16fd446b5827f531fad05e", kill_on_drop: false }`
[INFO] [stderr]     Finished test [unoptimized + debuginfo] target(s) in 0.01s
[INFO] [stderr]      Running unittests (/opt/rustwide/target/debug/deps/slice-9a286b0fc28cc384)
[INFO] [stderr]    Doc-tests slice
[INFO] [stdout] 
[INFO] [stdout] running 0 tests
[INFO] [stdout] 
[INFO] [stdout] test result: ok. 0 passed; 0 failed; 0 ignored; 0 measured; 0 filtered out; finished in 0.00s
[INFO] [stdout] 
[INFO] [stdout] 
[INFO] [stdout] running 2 tests
[INFO] [stdout] test src/lib.rs - IoSlice (line 56) ... FAILED
[INFO] [stdout] test src/lib.rs - (line 10) ... FAILED
[INFO] [stdout] 
[INFO] [stdout] failures:
[INFO] [stdout] 
[INFO] [stdout] ---- src/lib.rs - IoSlice (line 56) stdout ----
[INFO] [stdout] error[E0277]: the `?` operator can only be used in a function that returns `Result` or `Option` (or another type that implements `FromResidual`)
[INFO] [stdout]   --> src/lib.rs:60:48
[INFO] [stdout]    |
[INFO] [stdout] 3  |   fn main() { #[allow(non_snake_case)] fn _doctest_main_src_lib_rs_56_0() {
[INFO] [stdout]    |  ______________________________________-
[INFO] [stdout] 4  | | use { std::fs::File, slice::IoSlice };
[INFO] [stdout] 5  | |
[INFO] [stdout] 6  | |
[INFO] [stdout] 7  | | let source = File::open("/home/annie/data.png")?;
[INFO] [stdout]    | |                                                ^ cannot use the `?` operator in a function that returns `()`
[INFO] [stdout] ...  |
[INFO] [stdout] 27 | | //
[INFO] [stdout] 28 | | } _doctest_main_src_lib_rs_56_0() }
[INFO] [stdout]    | |_- this function should return `Result` or `Option` to accept `?`
[INFO] [stdout]    |
[INFO] [stdout]    = help: the trait `FromResidual<Result<Infallible, std::io::Error>>` is not implemented for `()`
[INFO] [stdout]    = note: required by `from_residual`
[INFO] [stdout] 
[INFO] [stdout] error: aborting due to previous error
[INFO] [stdout] 
[INFO] [stdout] For more information about this error, try `rustc --explain E0277`.
[INFO] [stdout] Couldn't compile the test.
[INFO] [stdout] ---- src/lib.rs - (line 10) stdout ----
[INFO] [stdout] error[E0277]: the `?` operator can only be used in a function that returns `Result` or `Option` (or another type that implements `FromResidual`)
[INFO] [stdout]   --> src/lib.rs:14:48
[INFO] [stdout]    |
[INFO] [stdout] 3  |   fn main() { #[allow(non_snake_case)] fn _doctest_main_src_lib_rs_10_0() {
[INFO] [stdout]    |  ______________________________________-
[INFO] [stdout] 4  | | use { std::fs::File, slice::IoSlice };
[INFO] [stdout] 5  | |
[INFO] [stdout] 6  | |
[INFO] [stdout] 7  | | let source = File::open("/home/annie/data.png")?;
[INFO] [stdout]    | |                                                ^ cannot use the `?` operator in a function that returns `()`
[INFO] [stdout] ...  |
[INFO] [stdout] 27 | | //
[INFO] [stdout] 28 | | } _doctest_main_src_lib_rs_10_0() }
[INFO] [stdout]    | |_- this function should return `Result` or `Option` to accept `?`
[INFO] [stdout]    |
[INFO] [stdout]    = help: the trait `FromResidual<Result<Infallible, std::io::Error>>` is not implemented for `()`
[INFO] [stdout]    = note: required by `from_residual`
[INFO] [stdout] 
[INFO] [stdout] error: aborting due to previous error
[INFO] [stdout] 
[INFO] [stdout] For more information about this error, try `rustc --explain E0277`.
[INFO] [stdout] Couldn't compile the test.
[INFO] [stdout] 
[INFO] [stdout] failures:
[INFO] [stdout]     src/lib.rs - (line 10)
[INFO] [stdout]     src/lib.rs - IoSlice (line 56)
[INFO] [stdout] 
[INFO] [stdout] test result: FAILED. 0 passed; 2 failed; 0 ignored; 0 measured; 0 filtered out; finished in 0.61s
[INFO] [stdout] 
[INFO] [stderr] error: test failed, to rerun pass '--doc'
[INFO] running `Command { std: "docker" "inspect" "0431cc94410e28d104bf14294a4426f46c97de29fa16fd446b5827f531fad05e", kill_on_drop: false }`
[INFO] running `Command { std: "docker" "rm" "-f" "0431cc94410e28d104bf14294a4426f46c97de29fa16fd446b5827f531fad05e", kill_on_drop: false }`
[INFO] [stdout] 0431cc94410e28d104bf14294a4426f46c97de29fa16fd446b5827f531fad05e
