[INFO] cloning repository https://github.com/hello-wahyu/photokaon-skoubyd2016
[INFO] running `Command { std: "git" "-c" "credential.helper=" "-c" "credential.helper=/workspace/cargo-home/bin/git-credential-null" "clone" "--bare" "https://github.com/hello-wahyu/photokaon-skoubyd2016" "/workspace/cache/git-repos/https%3A%2F%2Fgithub.com%2Fhello-wahyu%2Fphotokaon-skoubyd2016", kill_on_drop: false }`
[INFO] [stderr] Cloning into bare repository '/workspace/cache/git-repos/https%3A%2F%2Fgithub.com%2Fhello-wahyu%2Fphotokaon-skoubyd2016'...
[INFO] running `Command { std: "git" "rev-parse" "HEAD", kill_on_drop: false }`
[INFO] [stdout] a842734d452b94a7513da58746f972e5ef6f81e7
[INFO] testing hello-wahyu/photokaon-skoubyd2016 against 1.54.0 for beta-1.55-1
[INFO] running `Command { std: "git" "clone" "/workspace/cache/git-repos/https%3A%2F%2Fgithub.com%2Fhello-wahyu%2Fphotokaon-skoubyd2016" "/workspace/builds/worker-1/source", kill_on_drop: false }`
[INFO] [stderr] Cloning into '/workspace/builds/worker-1/source'...
[INFO] [stderr] done.
[INFO] validating manifest of git repo https://github.com/hello-wahyu/photokaon-skoubyd2016 on toolchain 1.54.0
[INFO] running `Command { std: "/workspace/cargo-home/bin/cargo" "+1.54.0" "metadata" "--manifest-path" "Cargo.toml" "--no-deps", kill_on_drop: false }`
[INFO] started tweaking git repo https://github.com/hello-wahyu/photokaon-skoubyd2016
[INFO] finished tweaking git repo https://github.com/hello-wahyu/photokaon-skoubyd2016
[INFO] tweaked toml for git repo https://github.com/hello-wahyu/photokaon-skoubyd2016 written to /workspace/builds/worker-1/source/Cargo.toml
[INFO] crate git repo https://github.com/hello-wahyu/photokaon-skoubyd2016 already has a lockfile, it will not be regenerated
[INFO] running `Command { std: "/workspace/cargo-home/bin/cargo" "+1.54.0" "fetch" "--manifest-path" "Cargo.toml", kill_on_drop: false }`
[INFO] running `Command { std: "docker" "create" "-v" "/var/lib/crater-agent-workspace/builds/worker-1/target:/opt/rustwide/target:rw,Z" "-v" "/var/lib/crater-agent-workspace/builds/worker-1/source:/opt/rustwide/workdir:ro,Z" "-v" "/var/lib/crater-agent-workspace/cargo-home:/opt/rustwide/cargo-home:ro,Z" "-v" "/var/lib/crater-agent-workspace/rustup-home:/opt/rustwide/rustup-home:ro,Z" "-e" "SOURCE_DIR=/opt/rustwide/workdir" "-e" "CARGO_TARGET_DIR=/opt/rustwide/target" "-e" "CARGO_HOME=/opt/rustwide/cargo-home" "-e" "RUSTUP_HOME=/opt/rustwide/rustup-home" "-w" "/opt/rustwide/workdir" "-m" "1610612736" "--user" "0:0" "--network" "none" "ghcr.io/rust-lang/crates-build-env/linux@sha256:34b6a614d2c27851fe6cbf88fbd1137609cefab8b10d0615aaeb6fd47975d74e" "/opt/rustwide/cargo-home/bin/cargo" "+1.54.0" "metadata" "--no-deps" "--format-version=1", kill_on_drop: false }`
[INFO] [stdout] 332242738d81d53a94937b3bf317231a555ef25eab5bc78332b64c99aef167bf
[INFO] [stderr] WARNING: Your kernel does not support swap limit capabilities or the cgroup is not mounted. Memory limited without swap.
[INFO] running `Command { std: "docker" "start" "-a" "332242738d81d53a94937b3bf317231a555ef25eab5bc78332b64c99aef167bf", kill_on_drop: false }`
[INFO] running `Command { std: "docker" "inspect" "332242738d81d53a94937b3bf317231a555ef25eab5bc78332b64c99aef167bf", kill_on_drop: false }`
[INFO] running `Command { std: "docker" "rm" "-f" "332242738d81d53a94937b3bf317231a555ef25eab5bc78332b64c99aef167bf", kill_on_drop: false }`
[INFO] [stdout] 332242738d81d53a94937b3bf317231a555ef25eab5bc78332b64c99aef167bf
[INFO] running `Command { std: "docker" "create" "-v" "/var/lib/crater-agent-workspace/builds/worker-1/target:/opt/rustwide/target:rw,Z" "-v" "/var/lib/crater-agent-workspace/builds/worker-1/source:/opt/rustwide/workdir:ro,Z" "-v" "/var/lib/crater-agent-workspace/cargo-home:/opt/rustwide/cargo-home:ro,Z" "-v" "/var/lib/crater-agent-workspace/rustup-home:/opt/rustwide/rustup-home:ro,Z" "-e" "SOURCE_DIR=/opt/rustwide/workdir" "-e" "CARGO_TARGET_DIR=/opt/rustwide/target" "-e" "CARGO_INCREMENTAL=0" "-e" "RUST_BACKTRACE=full" "-e" "RUSTFLAGS=--cap-lints=warn" "-e" "CARGO_HOME=/opt/rustwide/cargo-home" "-e" "RUSTUP_HOME=/opt/rustwide/rustup-home" "-w" "/opt/rustwide/workdir" "-m" "1610612736" "--user" "0:0" "--network" "none" "ghcr.io/rust-lang/crates-build-env/linux@sha256:34b6a614d2c27851fe6cbf88fbd1137609cefab8b10d0615aaeb6fd47975d74e" "/opt/rustwide/cargo-home/bin/cargo" "+1.54.0" "build" "--frozen" "--message-format=json", kill_on_drop: false }`
[INFO] [stdout] ef560d3501a57670cc94d9fed92e4e5caacc4f4b4ab54803a7c4eeb5e93444bc
[INFO] [stderr] WARNING: Your kernel does not support swap limit capabilities or the cgroup is not mounted. Memory limited without swap.
[INFO] running `Command { std: "docker" "start" "-a" "ef560d3501a57670cc94d9fed92e4e5caacc4f4b4ab54803a7c4eeb5e93444bc", kill_on_drop: false }`
[INFO] [stderr]    Compiling proc-macro2 v1.0.26
[INFO] [stderr]    Compiling syn v1.0.71
[INFO] [stderr]    Compiling helper_macros v0.1.0 (/opt/rustwide/workdir/helper/macros)
[INFO] [stderr]    Compiling quote v1.0.9
[INFO] [stderr]    Compiling unroll v0.1.5
[INFO] [stderr]    Compiling hep-framework v0.5.0 (https://github.com/hello-wahyu/hep-framework?branch=main#cda4661e)
[INFO] [stderr]    Compiling photo_kaonstar v0.7.0 (/opt/rustwide/workdir/calc)
[INFO] [stderr]    Compiling calc_builder v0.1.0 (/opt/rustwide/workdir/helper/builder)
[INFO] [stderr]    Compiling compute v0.1.0 (/opt/rustwide/workdir/routines/compute)
[INFO] [stderr]     Finished dev [unoptimized + debuginfo] target(s) in 22.83s
[INFO] running `Command { std: "docker" "inspect" "ef560d3501a57670cc94d9fed92e4e5caacc4f4b4ab54803a7c4eeb5e93444bc", kill_on_drop: false }`
[INFO] running `Command { std: "docker" "rm" "-f" "ef560d3501a57670cc94d9fed92e4e5caacc4f4b4ab54803a7c4eeb5e93444bc", kill_on_drop: false }`
[INFO] [stdout] ef560d3501a57670cc94d9fed92e4e5caacc4f4b4ab54803a7c4eeb5e93444bc
[INFO] running `Command { std: "docker" "create" "-v" "/var/lib/crater-agent-workspace/builds/worker-1/target:/opt/rustwide/target:rw,Z" "-v" "/var/lib/crater-agent-workspace/builds/worker-1/source:/opt/rustwide/workdir:ro,Z" "-v" "/var/lib/crater-agent-workspace/cargo-home:/opt/rustwide/cargo-home:ro,Z" "-v" "/var/lib/crater-agent-workspace/rustup-home:/opt/rustwide/rustup-home:ro,Z" "-e" "SOURCE_DIR=/opt/rustwide/workdir" "-e" "CARGO_TARGET_DIR=/opt/rustwide/target" "-e" "CARGO_INCREMENTAL=0" "-e" "RUST_BACKTRACE=full" "-e" "RUSTFLAGS=--cap-lints=warn" "-e" "CARGO_HOME=/opt/rustwide/cargo-home" "-e" "RUSTUP_HOME=/opt/rustwide/rustup-home" "-w" "/opt/rustwide/workdir" "-m" "1610612736" "--user" "0:0" "--network" "none" "ghcr.io/rust-lang/crates-build-env/linux@sha256:34b6a614d2c27851fe6cbf88fbd1137609cefab8b10d0615aaeb6fd47975d74e" "/opt/rustwide/cargo-home/bin/cargo" "+1.54.0" "test" "--frozen" "--no-run" "--message-format=json", kill_on_drop: false }`
[INFO] [stdout] f158898a0f3d80b9a9dae06fb892b2138f60a18df2dd6b2dada0e4ce25adc37c
[INFO] [stderr] WARNING: Your kernel does not support swap limit capabilities or the cgroup is not mounted. Memory limited without swap.
[INFO] running `Command { std: "docker" "start" "-a" "f158898a0f3d80b9a9dae06fb892b2138f60a18df2dd6b2dada0e4ce25adc37c", kill_on_drop: false }`
[INFO] [stderr]    Compiling helper_macros v0.1.0 (/opt/rustwide/workdir/helper/macros)
[INFO] [stderr]    Compiling photo_kaonstar v0.7.0 (/opt/rustwide/workdir/calc)
[INFO] [stderr]    Compiling calc_builder v0.1.0 (/opt/rustwide/workdir/helper/builder)
[INFO] [stderr]    Compiling compute v0.1.0 (/opt/rustwide/workdir/routines/compute)
[INFO] [stderr]     Finished test [unoptimized + debuginfo] target(s) in 1.86s
[INFO] running `Command { std: "docker" "inspect" "f158898a0f3d80b9a9dae06fb892b2138f60a18df2dd6b2dada0e4ce25adc37c", kill_on_drop: false }`
[INFO] running `Command { std: "docker" "rm" "-f" "f158898a0f3d80b9a9dae06fb892b2138f60a18df2dd6b2dada0e4ce25adc37c", kill_on_drop: false }`
[INFO] [stdout] f158898a0f3d80b9a9dae06fb892b2138f60a18df2dd6b2dada0e4ce25adc37c
[INFO] running `Command { std: "docker" "create" "-v" "/var/lib/crater-agent-workspace/builds/worker-1/target:/opt/rustwide/target:rw,Z" "-v" "/var/lib/crater-agent-workspace/builds/worker-1/source:/opt/rustwide/workdir:ro,Z" "-v" "/var/lib/crater-agent-workspace/cargo-home:/opt/rustwide/cargo-home:ro,Z" "-v" "/var/lib/crater-agent-workspace/rustup-home:/opt/rustwide/rustup-home:ro,Z" "-e" "SOURCE_DIR=/opt/rustwide/workdir" "-e" "CARGO_TARGET_DIR=/opt/rustwide/target" "-e" "CARGO_INCREMENTAL=0" "-e" "RUST_BACKTRACE=full" "-e" "RUSTFLAGS=--cap-lints=warn" "-e" "CARGO_HOME=/opt/rustwide/cargo-home" "-e" "RUSTUP_HOME=/opt/rustwide/rustup-home" "-w" "/opt/rustwide/workdir" "-m" "1610612736" "--user" "0:0" "--network" "none" "ghcr.io/rust-lang/crates-build-env/linux@sha256:34b6a614d2c27851fe6cbf88fbd1137609cefab8b10d0615aaeb6fd47975d74e" "/opt/rustwide/cargo-home/bin/cargo" "+1.54.0" "test" "--frozen", kill_on_drop: false }`
[INFO] [stdout] d47106aff0e65bdfe3525f93b5b284edfff56d879b78b3bd17a7dbc2707ed588
[INFO] [stderr] WARNING: Your kernel does not support swap limit capabilities or the cgroup is not mounted. Memory limited without swap.
[INFO] running `Command { std: "docker" "start" "-a" "d47106aff0e65bdfe3525f93b5b284edfff56d879b78b3bd17a7dbc2707ed588", kill_on_drop: false }`
[INFO] [stderr]     Finished test [unoptimized + debuginfo] target(s) in 0.02s
[INFO] [stderr]      Running unittests (/opt/rustwide/target/debug/deps/calc_builder-25a43df5b9802f3e)
[INFO] [stderr]      Running unittests (/opt/rustwide/target/debug/deps/compute-683738608d0a9d5b)
[INFO] [stdout] 
[INFO] [stdout] running 0 tests
[INFO] [stdout] 
[INFO] [stdout] test result: ok. 0 passed; 0 failed; 0 ignored; 0 measured; 0 filtered out; finished in 0.00s
[INFO] [stdout] 
[INFO] [stderr]      Running unittests (/opt/rustwide/target/debug/deps/helper_macros-8b21ae92479a27b9)
[INFO] [stdout] 
[INFO] [stdout] running 0 tests
[INFO] [stdout] 
[INFO] [stdout] test result: ok. 0 passed; 0 failed; 0 ignored; 0 measured; 0 filtered out; finished in 0.00s
[INFO] [stdout] 
[INFO] [stdout] 
[INFO] [stdout] running 0 tests
[INFO] [stdout] 
[INFO] [stdout] test result: ok. 0 passed; 0 failed; 0 ignored; 0 measured; 0 filtered out; finished in 0.00s
[INFO] [stdout] 
[INFO] [stderr]      Running unittests (/opt/rustwide/target/debug/deps/photo_kaonstar-5b43d8988dae2939)
[INFO] [stdout] 
[INFO] [stderr]    Doc-tests calc_builder
[INFO] [stdout] running 0 tests
[INFO] [stdout] 
[INFO] [stdout] test result: ok. 0 passed; 0 failed; 0 ignored; 0 measured; 0 filtered out; finished in 0.00s
[INFO] [stdout] 
[INFO] [stdout] 
[INFO] [stdout] running 0 tests
[INFO] [stdout] 
[INFO] [stdout] test result: ok. 0 passed; 0 failed; 0 ignored; 0 measured; 0 filtered out; finished in 0.00s
[INFO] [stdout] 
[INFO] [stderr]    Doc-tests helper_macros
[INFO] [stdout] 
[INFO] [stdout] running 4 tests
[INFO] [stdout] test src/lib.rs - for_each (line 10) ... FAILED
[INFO] [stdout] test src/lib.rs - for_eachs (line 37) ... FAILED
[INFO] [stdout] test src/lib.rs - for_eachs (line 41) ... FAILED
[INFO] [stdout] test src/lib.rs - for_each (line 6) ... FAILED
[INFO] [stdout] 
[INFO] [stdout] failures:
[INFO] [stdout] 
[INFO] [stdout] ---- src/lib.rs - for_each (line 10) stdout ----
[INFO] [stdout] error[E0425]: cannot find value `n` in this scope
[INFO] [stdout]  --> src/lib.rs:11:13
[INFO] [stdout]   |
[INFO] [stdout] 3 | for a in 0..n {
[INFO] [stdout]   |             ^ not found in this scope
[INFO] [stdout] 
[INFO] [stdout] error[E0425]: cannot find value `n` in this scope
[INFO] [stdout]  --> src/lib.rs:12:17
[INFO] [stdout]   |
[INFO] [stdout] 4 |     for b in 0..n {
[INFO] [stdout]   |                 ^ help: a local variable with a similar name exists: `a`
[INFO] [stdout] 
[INFO] [stdout] error[E0425]: cannot find function `do_something` in this scope
[INFO] [stdout]  --> src/lib.rs:14:13
[INFO] [stdout]   |
[INFO] [stdout] 6 |             do_something()
[INFO] [stdout]   |             ^^^^^^^^^^^^ not found in this scope
[INFO] [stdout] 
[INFO] [stdout] error: aborting due to 3 previous errors
[INFO] [stdout] 
[INFO] [stdout] For more information about this error, try `rustc --explain E0425`.
[INFO] [stdout] Couldn't compile the test.
[INFO] [stdout] ---- src/lib.rs - for_eachs (line 37) stdout ----
[INFO] [stdout] error: cannot find macro `for_eachs` in this scope
[INFO] [stdout]  --> src/lib.rs:38:1
[INFO] [stdout]   |
[INFO] [stdout] 3 | for_eachs!{ (a, b, ...) in [0..n1, 0..n2, ...] => { do_something() }}
[INFO] [stdout]   | ^^^^^^^^^
[INFO] [stdout]   |
[INFO] [stdout]   = note: consider importing this macro:
[INFO] [stdout]           helper_macros::for_eachs
[INFO] [stdout] 
[INFO] [stdout] error: aborting due to previous error
[INFO] [stdout] 
[INFO] [stdout] Couldn't compile the test.
[INFO] [stdout] ---- src/lib.rs - for_eachs (line 41) stdout ----
[INFO] [stdout] error[E0425]: cannot find value `n1` in this scope
[INFO] [stdout]  --> src/lib.rs:42:13
[INFO] [stdout]   |
[INFO] [stdout] 3 | for a in 0..n1 {
[INFO] [stdout]   |             ^^ not found in this scope
[INFO] [stdout] 
[INFO] [stdout] error[E0425]: cannot find value `n2` in this scope
[INFO] [stdout]  --> src/lib.rs:43:17
[INFO] [stdout]   |
[INFO] [stdout] 4 |     for b in 0..n2 {
[INFO] [stdout]   |                 ^^ not found in this scope
[INFO] [stdout] 
[INFO] [stdout] error[E0425]: cannot find function `do_something` in this scope
[INFO] [stdout]  --> src/lib.rs:45:13
[INFO] [stdout]   |
[INFO] [stdout] 6 |             do_something()
[INFO] [stdout]   |             ^^^^^^^^^^^^ not found in this scope
[INFO] [stdout] 
[INFO] [stdout] error: aborting due to 3 previous errors
[INFO] [stdout] 
[INFO] [stdout] For more information about this error, try `rustc --explain E0425`.
[INFO] [stdout] Couldn't compile the test.
[INFO] [stdout] ---- src/lib.rs - for_each (line 6) stdout ----
[INFO] [stdout] error: cannot find macro `for_each` in this scope
[INFO] [stdout]  --> src/lib.rs:7:1
[INFO] [stdout]   |
[INFO] [stdout] 3 | for_each!{ (a, b, ...) in [0..n] => { do_something() }}
[INFO] [stdout]   | ^^^^^^^^
[INFO] [stdout]   |
[INFO] [stdout]   = note: consider importing this macro:
[INFO] [stdout]           helper_macros::for_each
[INFO] [stdout] 
[INFO] [stdout] error: aborting due to previous error
[INFO] [stdout] 
[INFO] [stdout] Couldn't compile the test.
[INFO] [stdout] 
[INFO] [stdout] failures:
[INFO] [stdout]     src/lib.rs - for_each (line 10)
[INFO] [stdout]     src/lib.rs - for_each (line 6)
[INFO] [stdout]     src/lib.rs - for_eachs (line 37)
[INFO] [stdout]     src/lib.rs - for_eachs (line 41)
[INFO] [stdout] 
[INFO] [stdout] test result: FAILED. 0 passed; 4 failed; 0 ignored; 0 measured; 0 filtered out; finished in 0.77s
[INFO] [stdout] 
[INFO] [stderr] error: test failed, to rerun pass '--doc'
[INFO] running `Command { std: "docker" "inspect" "d47106aff0e65bdfe3525f93b5b284edfff56d879b78b3bd17a7dbc2707ed588", kill_on_drop: false }`
[INFO] running `Command { std: "docker" "rm" "-f" "d47106aff0e65bdfe3525f93b5b284edfff56d879b78b3bd17a7dbc2707ed588", kill_on_drop: false }`
[INFO] [stdout] d47106aff0e65bdfe3525f93b5b284edfff56d879b78b3bd17a7dbc2707ed588
