[INFO] cloning repository https://github.com/hazizz/kreta-proxy
[INFO] running `Command { std: "git" "-c" "credential.helper=" "-c" "credential.helper=/workspace/cargo-home/bin/git-credential-null" "clone" "--bare" "https://github.com/hazizz/kreta-proxy" "/workspace/cache/git-repos/https%3A%2F%2Fgithub.com%2Fhazizz%2Fkreta-proxy", kill_on_drop: false }`
[INFO] [stderr] Cloning into bare repository '/workspace/cache/git-repos/https%3A%2F%2Fgithub.com%2Fhazizz%2Fkreta-proxy'...
[INFO] running `Command { std: "git" "rev-parse" "HEAD", kill_on_drop: false }`
[INFO] [stdout] 7a5c67d998887053ab91eba07c7f6f3449349495
[INFO] testing hazizz/kreta-proxy against 1.54.0 for beta-1.55-1
[INFO] running `Command { std: "git" "clone" "/workspace/cache/git-repos/https%3A%2F%2Fgithub.com%2Fhazizz%2Fkreta-proxy" "/workspace/builds/worker-10/source", kill_on_drop: false }`
[INFO] [stderr] Cloning into '/workspace/builds/worker-10/source'...
[INFO] [stderr] done.
[INFO] validating manifest of git repo https://github.com/hazizz/kreta-proxy on toolchain 1.54.0
[INFO] running `Command { std: "/workspace/cargo-home/bin/cargo" "+1.54.0" "metadata" "--manifest-path" "Cargo.toml" "--no-deps", kill_on_drop: false }`
[INFO] started tweaking git repo https://github.com/hazizz/kreta-proxy
[INFO] finished tweaking git repo https://github.com/hazizz/kreta-proxy
[INFO] tweaked toml for git repo https://github.com/hazizz/kreta-proxy written to /workspace/builds/worker-10/source/Cargo.toml
[INFO] running `Command { std: "/workspace/cargo-home/bin/cargo" "+1.54.0" "generate-lockfile" "--manifest-path" "Cargo.toml" "-Zno-index-update", kill_on_drop: false }`
[INFO] running `Command { std: "/workspace/cargo-home/bin/cargo" "+1.54.0" "fetch" "--manifest-path" "Cargo.toml", kill_on_drop: false }`
[INFO] running `Command { std: "docker" "create" "-v" "/var/lib/crater-agent-workspace/builds/worker-10/target:/opt/rustwide/target:rw,Z" "-v" "/var/lib/crater-agent-workspace/builds/worker-10/source:/opt/rustwide/workdir:ro,Z" "-v" "/var/lib/crater-agent-workspace/cargo-home:/opt/rustwide/cargo-home:ro,Z" "-v" "/var/lib/crater-agent-workspace/rustup-home:/opt/rustwide/rustup-home:ro,Z" "-e" "SOURCE_DIR=/opt/rustwide/workdir" "-e" "CARGO_TARGET_DIR=/opt/rustwide/target" "-e" "CARGO_HOME=/opt/rustwide/cargo-home" "-e" "RUSTUP_HOME=/opt/rustwide/rustup-home" "-w" "/opt/rustwide/workdir" "-m" "1610612736" "--user" "0:0" "--network" "none" "ghcr.io/rust-lang/crates-build-env/linux@sha256:34b6a614d2c27851fe6cbf88fbd1137609cefab8b10d0615aaeb6fd47975d74e" "/opt/rustwide/cargo-home/bin/cargo" "+1.54.0" "metadata" "--no-deps" "--format-version=1", kill_on_drop: false }`
[INFO] [stdout] 62558e6b900ed09cfc9b9d509435401e2df99730c013d7f0e15a95a7a2a03117
[INFO] running `Command { std: "docker" "start" "-a" "62558e6b900ed09cfc9b9d509435401e2df99730c013d7f0e15a95a7a2a03117", kill_on_drop: false }`
[INFO] running `Command { std: "docker" "inspect" "62558e6b900ed09cfc9b9d509435401e2df99730c013d7f0e15a95a7a2a03117", kill_on_drop: false }`
[INFO] running `Command { std: "docker" "rm" "-f" "62558e6b900ed09cfc9b9d509435401e2df99730c013d7f0e15a95a7a2a03117", kill_on_drop: false }`
[INFO] [stdout] 62558e6b900ed09cfc9b9d509435401e2df99730c013d7f0e15a95a7a2a03117
[INFO] running `Command { std: "docker" "create" "-v" "/var/lib/crater-agent-workspace/builds/worker-10/target:/opt/rustwide/target:rw,Z" "-v" "/var/lib/crater-agent-workspace/builds/worker-10/source:/opt/rustwide/workdir:ro,Z" "-v" "/var/lib/crater-agent-workspace/cargo-home:/opt/rustwide/cargo-home:ro,Z" "-v" "/var/lib/crater-agent-workspace/rustup-home:/opt/rustwide/rustup-home:ro,Z" "-e" "SOURCE_DIR=/opt/rustwide/workdir" "-e" "CARGO_TARGET_DIR=/opt/rustwide/target" "-e" "CARGO_INCREMENTAL=0" "-e" "RUST_BACKTRACE=full" "-e" "RUSTFLAGS=--cap-lints=warn" "-e" "CARGO_HOME=/opt/rustwide/cargo-home" "-e" "RUSTUP_HOME=/opt/rustwide/rustup-home" "-w" "/opt/rustwide/workdir" "-m" "1610612736" "--user" "0:0" "--network" "none" "ghcr.io/rust-lang/crates-build-env/linux@sha256:34b6a614d2c27851fe6cbf88fbd1137609cefab8b10d0615aaeb6fd47975d74e" "/opt/rustwide/cargo-home/bin/cargo" "+1.54.0" "build" "--frozen" "--message-format=json", kill_on_drop: false }`
[INFO] [stdout] 5437f3032f1696b8612e190ea66f9291b6a6e4de71d6b46493d7ef6360f1d239
[INFO] running `Command { std: "docker" "start" "-a" "5437f3032f1696b8612e190ea66f9291b6a6e4de71d6b46493d7ef6360f1d239", kill_on_drop: false }`
[INFO] [stderr]    Compiling libc v0.2.98
[INFO] [stderr]    Compiling syn v1.0.74
[INFO] [stderr]    Compiling memchr v2.4.0
[INFO] [stderr]    Compiling futures-core v0.3.16
[INFO] [stderr]    Compiling futures-sink v0.3.16
[INFO] [stderr]    Compiling futures-channel v0.3.16
[INFO] [stderr]    Compiling futures-task v0.3.16
[INFO] [stderr]    Compiling futures-io v0.3.16
[INFO] [stderr]    Compiling convert_case v0.4.0
[INFO] [stderr]    Compiling copyless v0.1.5
[INFO] [stderr]    Compiling hashbrown v0.11.2
[INFO] [stderr]    Compiling async-trait v0.1.51
[INFO] [stderr]    Compiling openssl v0.10.35
[INFO] [stderr]    Compiling serde_json v1.0.66
[INFO] [stderr]    Compiling once_cell v1.8.0
[INFO] [stderr]    Compiling futures-macro v0.3.16
[INFO] [stderr]    Compiling futures-util v0.3.16
[INFO] [stderr]    Compiling instant v0.1.10
[INFO] [stderr]    Compiling http v0.2.4
[INFO] [stderr]    Compiling indexmap v1.7.0
[INFO] [stderr]    Compiling tracing-core v0.1.18
[INFO] [stderr]    Compiling num-traits v0.2.14
[INFO] [stderr]    Compiling num-integer v0.1.44
[INFO] [stderr]    Compiling brotli-sys v0.3.2
[INFO] [stderr]    Compiling bytestring v1.0.0
[INFO] [stderr]    Compiling openssl-sys v0.9.65
[INFO] [stderr]    Compiling unicode-normalization v0.1.19
[INFO] [stderr]    Compiling unicase v2.6.0
[INFO] [stderr]    Compiling mime_guess v2.0.3
[INFO] [stderr]    Compiling tracing v0.1.26
[INFO] [stderr]    Compiling aho-corasick v0.7.18
[INFO] [stderr]    Compiling object v0.26.0
[INFO] [stderr]    Compiling native-tls v0.2.7
[INFO] [stderr]    Compiling regex v1.5.4
[INFO] [stderr]    Compiling net2 v0.2.37
[INFO] [stderr]    Compiling iovec v0.1.4
[INFO] [stderr]    Compiling signal-hook-registry v1.4.0
[INFO] [stderr]    Compiling num_cpus v1.13.0
[INFO] [stderr]    Compiling socket2 v0.3.19
[INFO] [stderr]    Compiling parking_lot_core v0.8.3
[INFO] [stderr]    Compiling getrandom v0.1.16
[INFO] [stderr]    Compiling hostname v0.3.1
[INFO] [stderr]    Compiling time v0.1.44
[INFO] [stderr]    Compiling flate2 v1.0.20
[INFO] [stderr]    Compiling atty v0.2.14
[INFO] [stderr]    Compiling idna v0.2.3
[INFO] [stderr]    Compiling rand_core v0.5.1
[INFO] [stderr]    Compiling resolv-conf v0.6.3
[INFO] [stderr]    Compiling threadpool v1.8.1
[INFO] [stderr]    Compiling parking_lot v0.11.1
[INFO] [stderr]    Compiling http-body v0.3.1
[INFO] [stderr]    Compiling rand_chacha v0.2.2
[INFO] [stderr]    Compiling chrono v0.4.19
[INFO] [stderr]    Compiling url v2.2.2
[INFO] [stderr]    Compiling mio v0.6.23
[INFO] [stderr]    Compiling rand v0.7.3
[INFO] [stderr]    Compiling parse-zoneinfo v0.3.0
[INFO] [stderr]    Compiling env_logger v0.6.2
[INFO] [stderr]    Compiling mio-uds v0.6.8
[INFO] [stderr]    Compiling chrono-tz v0.5.3
[INFO] [stderr]    Compiling backtrace v0.3.61
[INFO] [stderr]    Compiling synstructure v0.12.5
[INFO] [stderr]    Compiling brotli2 v0.3.2
[INFO] [stderr]    Compiling tokio-macros v0.2.6
[INFO] [stderr]    Compiling derive_more v0.99.16
[INFO] [stderr]    Compiling pin-project-internal v0.4.28
[INFO] [stderr]    Compiling pin-project-internal v1.0.8
[INFO] [stderr]    Compiling serde_derive v1.0.127
[INFO] [stderr]    Compiling actix-macros v0.1.3
[INFO] [stderr]    Compiling failure_derive v0.1.8
[INFO] [stderr]    Compiling enum-as-inner v0.3.3
[INFO] [stderr]    Compiling actix-web-codegen v0.2.2
[INFO] [stderr]    Compiling failure v0.1.8
[INFO] [stderr]    Compiling tokio v0.2.25
[INFO] [stderr]    Compiling pin-project v0.4.28
[INFO] [stderr]    Compiling pin-project v1.0.8
[INFO] [stderr]    Compiling tracing-futures v0.2.5
[INFO] [stderr]    Compiling actix-threadpool v0.3.3
[INFO] [stderr]    Compiling futures-executor v0.3.16
[INFO] [stderr]    Compiling actix-service v1.0.6
[INFO] [stderr]    Compiling tokio-util v0.2.0
[INFO] [stderr]    Compiling tokio-util v0.3.1
[INFO] [stderr]    Compiling tokio-tls v0.3.1
[INFO] [stderr]    Compiling actix-codec v0.2.0
[INFO] [stderr]    Compiling h2 v0.2.7
[INFO] [stderr]    Compiling futures v0.3.16
[INFO] [stderr]    Compiling actix-rt v1.0.0
[INFO] [stderr]    Compiling trust-dns-proto v0.18.0-alpha.2
[INFO] [stderr]    Compiling actix-utils v1.0.6
[INFO] [stderr]    Compiling actix-server v1.0.3
[INFO] [stderr]    Compiling actix-tls v1.0.0
[INFO] [stderr]    Compiling serde v1.0.127
[INFO] [stderr]    Compiling actix-testing v1.0.1
[INFO] [stderr]    Compiling trust-dns-resolver v0.18.0-alpha.2
[INFO] [stderr]    Compiling actix-connect v1.0.2
[INFO] [stderr]    Compiling serde_urlencoded v0.6.1
[INFO] [stderr]    Compiling serde_urlencoded v0.7.0
[INFO] [stderr]    Compiling actix-router v0.2.7
[INFO] [stderr]    Compiling hyper v0.13.10
[INFO] [stderr]    Compiling actix-http v1.0.1
[INFO] [stderr]    Compiling hyper-tls v0.4.3
[INFO] [stderr]    Compiling awc v1.0.1
[INFO] [stderr]    Compiling reqwest v0.10.10
[INFO] [stderr]    Compiling actix-web v2.0.0
[INFO] [stderr]    Compiling kreta-proxy v0.2.0 (/opt/rustwide/workdir)
[INFO] [stdout] warning: function is never used: `get_schools`
[INFO] [stdout]   --> src/requests.rs:29:14
[INFO] [stdout]    |
[INFO] [stdout] 29 | pub async fn get_schools() -> Result<Vec<School>, KretaError> {
[INFO] [stdout]    |              ^^^^^^^^^^^
[INFO] [stdout]    |
[INFO] [stdout]    = note: `#[warn(dead_code)]` on by default
[INFO] [stdout] 
[INFO] [stdout] 
[INFO] [stdout] warning: function is never used: `handle_school_request`
[INFO] [stdout]   --> src/kreta_proxy.rs:57:10
[INFO] [stdout]    |
[INFO] [stdout] 57 | async fn handle_school_request(_req: HttpRequest) -> Result<HttpResponse, KretaError> {
[INFO] [stdout]    |          ^^^^^^^^^^^^^^^^^^^^^
[INFO] [stdout] 
[INFO] [stdout] 
[INFO] [stdout] warning: 2 warnings emitted
[INFO] [stdout] 
[INFO] [stdout] 
[INFO] [stderr]     Finished dev [unoptimized + debuginfo] target(s) in 2m 07s
[INFO] running `Command { std: "docker" "inspect" "5437f3032f1696b8612e190ea66f9291b6a6e4de71d6b46493d7ef6360f1d239", kill_on_drop: false }`
[INFO] running `Command { std: "docker" "rm" "-f" "5437f3032f1696b8612e190ea66f9291b6a6e4de71d6b46493d7ef6360f1d239", kill_on_drop: false }`
[INFO] [stdout] 5437f3032f1696b8612e190ea66f9291b6a6e4de71d6b46493d7ef6360f1d239
[INFO] running `Command { std: "docker" "create" "-v" "/var/lib/crater-agent-workspace/builds/worker-10/target:/opt/rustwide/target:rw,Z" "-v" "/var/lib/crater-agent-workspace/builds/worker-10/source:/opt/rustwide/workdir:ro,Z" "-v" "/var/lib/crater-agent-workspace/cargo-home:/opt/rustwide/cargo-home:ro,Z" "-v" "/var/lib/crater-agent-workspace/rustup-home:/opt/rustwide/rustup-home:ro,Z" "-e" "SOURCE_DIR=/opt/rustwide/workdir" "-e" "CARGO_TARGET_DIR=/opt/rustwide/target" "-e" "CARGO_INCREMENTAL=0" "-e" "RUST_BACKTRACE=full" "-e" "RUSTFLAGS=--cap-lints=warn" "-e" "CARGO_HOME=/opt/rustwide/cargo-home" "-e" "RUSTUP_HOME=/opt/rustwide/rustup-home" "-w" "/opt/rustwide/workdir" "-m" "1610612736" "--user" "0:0" "--network" "none" "ghcr.io/rust-lang/crates-build-env/linux@sha256:34b6a614d2c27851fe6cbf88fbd1137609cefab8b10d0615aaeb6fd47975d74e" "/opt/rustwide/cargo-home/bin/cargo" "+1.54.0" "test" "--frozen" "--no-run" "--message-format=json", kill_on_drop: false }`
[INFO] [stdout] 4845bd7b0b1f2ce032196535b4bb82c56b12c17c0b0fa87f624aea3f38de5327
[INFO] running `Command { std: "docker" "start" "-a" "4845bd7b0b1f2ce032196535b4bb82c56b12c17c0b0fa87f624aea3f38de5327", kill_on_drop: false }`
[INFO] [stderr]    Compiling kreta-proxy v0.2.0 (/opt/rustwide/workdir)
[INFO] [stdout] warning: function is never used: `handle_school_request`
[INFO] [stdout]   --> src/kreta_proxy.rs:57:10
[INFO] [stdout]    |
[INFO] [stdout] 57 | async fn handle_school_request(_req: HttpRequest) -> Result<HttpResponse, KretaError> {
[INFO] [stdout]    |          ^^^^^^^^^^^^^^^^^^^^^
[INFO] [stdout]    |
[INFO] [stdout]    = note: `#[warn(dead_code)]` on by default
[INFO] [stdout] 
[INFO] [stdout] 
[INFO] [stdout] warning: panic message is not a string literal
[INFO] [stdout]    --> src/requests.rs:296:37
[INFO] [stdout]     |
[INFO] [stdout] 296 |         assert!(&schedules.is_ok(), schedules);
[INFO] [stdout]     |                                     ^^^^^^^^^
[INFO] [stdout]     |
[INFO] [stdout]     = note: `#[warn(non_fmt_panic)]` on by default
[INFO] [stdout]     = note: this is no longer accepted in Rust 2021
[INFO] [stdout] help: add a "{}" format string to Display the message
[INFO] [stdout]     |
[INFO] [stdout] 296 |         assert!(&schedules.is_ok(), "{}", schedules);
[INFO] [stdout]     |                                     ^^^^^
[INFO] [stdout] 
[INFO] [stdout] 
[INFO] [stdout] warning: panic message is not a string literal
[INFO] [stdout]    --> src/requests.rs:308:37
[INFO] [stdout]     |
[INFO] [stdout] 308 |         assert!(&schedules.is_ok(), schedules);
[INFO] [stdout]     |                                     ^^^^^^^^^
[INFO] [stdout]     |
[INFO] [stdout]     = note: this is no longer accepted in Rust 2021
[INFO] [stdout] help: add a "{}" format string to Display the message
[INFO] [stdout]     |
[INFO] [stdout] 308 |         assert!(&schedules.is_ok(), "{}", schedules);
[INFO] [stdout]     |                                     ^^^^^
[INFO] [stdout] 
[INFO] [stdout] 
[INFO] [stdout] warning: panic message is not a string literal
[INFO] [stdout]    --> src/requests.rs:314:34
[INFO] [stdout]     |
[INFO] [stdout] 314 |         assert!(&grades.is_ok(), grades);
[INFO] [stdout]     |                                  ^^^^^^
[INFO] [stdout]     |
[INFO] [stdout]     = note: this is no longer accepted in Rust 2021
[INFO] [stdout] help: add a "{}" format string to Display the message
[INFO] [stdout]     |
[INFO] [stdout] 314 |         assert!(&grades.is_ok(), "{}", grades);
[INFO] [stdout]     |                                  ^^^^^
[INFO] [stdout] 
[INFO] [stdout] 
[INFO] [stdout] warning: panic message is not a string literal
[INFO] [stdout]    --> src/requests.rs:320:36
[INFO] [stdout]     |
[INFO] [stdout] 320 |         assert!(&schools.is_err(), schools);
[INFO] [stdout]     |                                    ^^^^^^^
[INFO] [stdout]     |
[INFO] [stdout]     = note: this is no longer accepted in Rust 2021
[INFO] [stdout] help: add a "{}" format string to Display the message
[INFO] [stdout]     |
[INFO] [stdout] 320 |         assert!(&schools.is_err(), "{}", schools);
[INFO] [stdout]     |                                    ^^^^^
[INFO] [stdout] 
[INFO] [stdout] 
[INFO] [stdout] warning: panic message is not a string literal
[INFO] [stdout]    --> src/requests.rs:326:33
[INFO] [stdout]     |
[INFO] [stdout] 326 |         assert!(&tasks.is_ok(), tasks);
[INFO] [stdout]     |                                 ^^^^^
[INFO] [stdout]     |
[INFO] [stdout]     = note: this is no longer accepted in Rust 2021
[INFO] [stdout] help: add a "{}" format string to Display the message
[INFO] [stdout]     |
[INFO] [stdout] 326 |         assert!(&tasks.is_ok(), "{}", tasks);
[INFO] [stdout]     |                                 ^^^^^
[INFO] [stdout] 
[INFO] [stdout] 
[INFO] [stdout] warning: panic message is not a string literal
[INFO] [stdout]    --> src/requests.rs:332:33
[INFO] [stdout]     |
[INFO] [stdout] 332 |         assert!(&notes.is_ok(), notes);
[INFO] [stdout]     |                                 ^^^^^
[INFO] [stdout]     |
[INFO] [stdout]     = note: this is no longer accepted in Rust 2021
[INFO] [stdout] help: add a "{}" format string to Display the message
[INFO] [stdout]     |
[INFO] [stdout] 332 |         assert!(&notes.is_ok(), "{}", notes);
[INFO] [stdout]     |                                 ^^^^^
[INFO] [stdout] 
[INFO] [stdout] 
[INFO] [stdout] warning: panic message is not a string literal
[INFO] [stdout]    --> src/requests.rs:338:36
[INFO] [stdout]     |
[INFO] [stdout] 338 |         assert!(&averages.is_ok(), averages);
[INFO] [stdout]     |                                    ^^^^^^^^
[INFO] [stdout]     |
[INFO] [stdout]     = note: this is no longer accepted in Rust 2021
[INFO] [stdout] help: add a "{}" format string to Display the message
[INFO] [stdout]     |
[INFO] [stdout] 338 |         assert!(&averages.is_ok(), "{}", averages);
[INFO] [stdout]     |                                    ^^^^^
[INFO] [stdout] 
[INFO] [stdout] 
[INFO] [stdout] warning: panic message is not a string literal
[INFO] [stdout]    --> src/requests.rs:344:36
[INFO] [stdout]     |
[INFO] [stdout] 344 |         assert!(&homework.is_ok(), homework);
[INFO] [stdout]     |                                    ^^^^^^^^
[INFO] [stdout]     |
[INFO] [stdout]     = note: this is no longer accepted in Rust 2021
[INFO] [stdout] help: add a "{}" format string to Display the message
[INFO] [stdout]     |
[INFO] [stdout] 344 |         assert!(&homework.is_ok(), "{}", homework);
[INFO] [stdout]     |                                    ^^^^^
[INFO] [stdout] 
[INFO] [stdout] 
[INFO] [stdout] warning: 9 warnings emitted
[INFO] [stdout] 
[INFO] [stdout] 
[INFO] [stderr]     Finished test [unoptimized + debuginfo] target(s) in 10.30s
[INFO] running `Command { std: "docker" "inspect" "4845bd7b0b1f2ce032196535b4bb82c56b12c17c0b0fa87f624aea3f38de5327", kill_on_drop: false }`
[INFO] running `Command { std: "docker" "rm" "-f" "4845bd7b0b1f2ce032196535b4bb82c56b12c17c0b0fa87f624aea3f38de5327", kill_on_drop: false }`
[INFO] [stdout] 4845bd7b0b1f2ce032196535b4bb82c56b12c17c0b0fa87f624aea3f38de5327
[INFO] running `Command { std: "docker" "create" "-v" "/var/lib/crater-agent-workspace/builds/worker-10/target:/opt/rustwide/target:rw,Z" "-v" "/var/lib/crater-agent-workspace/builds/worker-10/source:/opt/rustwide/workdir:ro,Z" "-v" "/var/lib/crater-agent-workspace/cargo-home:/opt/rustwide/cargo-home:ro,Z" "-v" "/var/lib/crater-agent-workspace/rustup-home:/opt/rustwide/rustup-home:ro,Z" "-e" "SOURCE_DIR=/opt/rustwide/workdir" "-e" "CARGO_TARGET_DIR=/opt/rustwide/target" "-e" "CARGO_INCREMENTAL=0" "-e" "RUST_BACKTRACE=full" "-e" "RUSTFLAGS=--cap-lints=warn" "-e" "CARGO_HOME=/opt/rustwide/cargo-home" "-e" "RUSTUP_HOME=/opt/rustwide/rustup-home" "-w" "/opt/rustwide/workdir" "-m" "1610612736" "--user" "0:0" "--network" "none" "ghcr.io/rust-lang/crates-build-env/linux@sha256:34b6a614d2c27851fe6cbf88fbd1137609cefab8b10d0615aaeb6fd47975d74e" "/opt/rustwide/cargo-home/bin/cargo" "+1.54.0" "test" "--frozen", kill_on_drop: false }`
[INFO] [stdout] dfc39156b92291a0ae523af70bb3a6e21ccc8b65d4c8ddb5e7c55abc22ab2ca2
[INFO] running `Command { std: "docker" "start" "-a" "dfc39156b92291a0ae523af70bb3a6e21ccc8b65d4c8ddb5e7c55abc22ab2ca2", kill_on_drop: false }`
[INFO] [stderr] warning: function is never used: `handle_school_request`
[INFO] [stderr]   --> src/kreta_proxy.rs:57:10
[INFO] [stderr]    |
[INFO] [stderr] 57 | async fn handle_school_request(_req: HttpRequest) -> Result<HttpResponse, KretaError> {
[INFO] [stderr]    |          ^^^^^^^^^^^^^^^^^^^^^
[INFO] [stderr]    |
[INFO] [stderr]    = note: `#[warn(dead_code)]` on by default
[INFO] [stderr] 
[INFO] [stderr] warning: panic message is not a string literal
[INFO] [stderr]    --> src/requests.rs:296:37
[INFO] [stderr]     |
[INFO] [stderr] 296 |         assert!(&schedules.is_ok(), schedules);
[INFO] [stderr]     |                                     ^^^^^^^^^
[INFO] [stderr]     |
[INFO] [stderr]     = note: `#[warn(non_fmt_panic)]` on by default
[INFO] [stderr]     = note: this is no longer accepted in Rust 2021
[INFO] [stderr] help: add a "{}" format string to Display the message
[INFO] [stderr]     |
[INFO] [stderr] 296 |         assert!(&schedules.is_ok(), "{}", schedules);
[INFO] [stderr]     |                                     ^^^^^
[INFO] [stderr] 
[INFO] [stderr] warning: panic message is not a string literal
[INFO] [stderr]    --> src/requests.rs:308:37
[INFO] [stderr]     |
[INFO] [stderr] 308 |         assert!(&schedules.is_ok(), schedules);
[INFO] [stderr]     |                                     ^^^^^^^^^
[INFO] [stderr]     |
[INFO] [stderr]     = note: this is no longer accepted in Rust 2021
[INFO] [stderr] help: add a "{}" format string to Display the message
[INFO] [stderr]     |
[INFO] [stderr] 308 |         assert!(&schedules.is_ok(), "{}", schedules);
[INFO] [stderr]     |                                     ^^^^^
[INFO] [stderr] 
[INFO] [stderr] warning: panic message is not a string literal
[INFO] [stderr]    --> src/requests.rs:314:34
[INFO] [stderr]     |
[INFO] [stderr] 314 |         assert!(&grades.is_ok(), grades);
[INFO] [stderr]     |                                  ^^^^^^
[INFO] [stderr]     |
[INFO] [stderr]     = note: this is no longer accepted in Rust 2021
[INFO] [stderr] help: add a "{}" format string to Display the message
[INFO] [stderr]     |
[INFO] [stderr] 314 |         assert!(&grades.is_ok(), "{}", grades);
[INFO] [stderr]     |                                  ^^^^^
[INFO] [stderr] 
[INFO] [stderr] warning: panic message is not a string literal
[INFO] [stderr]    --> src/requests.rs:320:36
[INFO] [stderr]     |
[INFO] [stderr] 320 |         assert!(&schools.is_err(), schools);
[INFO] [stderr]     |                                    ^^^^^^^
[INFO] [stderr]     |
[INFO] [stderr]     = note: this is no longer accepted in Rust 2021
[INFO] [stderr] help: add a "{}" format string to Display the message
[INFO] [stderr]     |
[INFO] [stderr] 320 |         assert!(&schools.is_err(), "{}", schools);
[INFO] [stderr]     |                                    ^^^^^
[INFO] [stderr] 
[INFO] [stderr] warning: panic message is not a string literal
[INFO] [stderr]    --> src/requests.rs:326:33
[INFO] [stderr]     |
[INFO] [stderr] 326 |         assert!(&tasks.is_ok(), tasks);
[INFO] [stderr]     |                                 ^^^^^
[INFO] [stderr]     |
[INFO] [stderr]     = note: this is no longer accepted in Rust 2021
[INFO] [stderr] help: add a "{}" format string to Display the message
[INFO] [stderr]     |
[INFO] [stderr] 326 |         assert!(&tasks.is_ok(), "{}", tasks);
[INFO] [stderr]     |                                 ^^^^^
[INFO] [stderr] 
[INFO] [stderr] warning: panic message is not a string literal
[INFO] [stderr]    --> src/requests.rs:332:33
[INFO] [stderr]     |
[INFO] [stderr] 332 |         assert!(&notes.is_ok(), notes);
[INFO] [stderr]     |                                 ^^^^^
[INFO] [stderr]     |
[INFO] [stderr]     = note: this is no longer accepted in Rust 2021
[INFO] [stderr] help: add a "{}" format string to Display the message
[INFO] [stderr]     |
[INFO] [stderr] 332 |         assert!(&notes.is_ok(), "{}", notes);
[INFO] [stderr]     |                                 ^^^^^
[INFO] [stderr] 
[INFO] [stderr] warning: panic message is not a string literal
[INFO] [stderr]    --> src/requests.rs:338:36
[INFO] [stderr]     |
[INFO] [stderr] 338 |         assert!(&averages.is_ok(), averages);
[INFO] [stderr]     |                                    ^^^^^^^^
[INFO] [stderr]     |
[INFO] [stderr]     = note: this is no longer accepted in Rust 2021
[INFO] [stderr] help: add a "{}" format string to Display the message
[INFO] [stderr]     |
[INFO] [stderr] 338 |         assert!(&averages.is_ok(), "{}", averages);
[INFO] [stderr]     |                                    ^^^^^
[INFO] [stderr] 
[INFO] [stderr] warning: panic message is not a string literal
[INFO] [stderr]    --> src/requests.rs:344:36
[INFO] [stderr]     |
[INFO] [stderr] 344 |         assert!(&homework.is_ok(), homework);
[INFO] [stderr]     |                                    ^^^^^^^^
[INFO] [stderr]     |
[INFO] [stderr]     = note: this is no longer accepted in Rust 2021
[INFO] [stderr] help: add a "{}" format string to Display the message
[INFO] [stderr]     |
[INFO] [stderr] 344 |         assert!(&homework.is_ok(), "{}", homework);
[INFO] [stderr]     |                                    ^^^^^
[INFO] [stderr] 
[INFO] [stderr] warning: 9 warnings emitted
[INFO] [stderr] 
[INFO] [stderr]     Finished test [unoptimized + debuginfo] target(s) in 0.14s
[INFO] [stderr]      Running unittests (/opt/rustwide/target/debug/deps/kreta_proxy-0dfcfe25538dd9a2)
[INFO] [stdout] 
[INFO] [stdout] running 8 tests
[INFO] [stdout] test requests::requests_integration_test::test_schools ... ok
[INFO] [stdout] test requests::requests_integration_test::test_averages ... FAILED
[INFO] [stdout] test requests::requests_integration_test::test_notes ... FAILED
[INFO] [stdout] test requests::requests_integration_test::test_schedules_v2 ... FAILED
[INFO] [stdout] test requests::requests_integration_test::test_grades ... FAILED
[INFO] [stdout] test requests::requests_integration_test::test_schedules ... FAILED
[INFO] [stdout] test requests::requests_integration_test::test_tasks ... FAILED
[INFO] [stdout] test requests::requests_integration_test::test_homework ... FAILED
[INFO] [stdout] 
[INFO] [stdout] failures:
[INFO] [stdout] 
[INFO] [stdout] ---- requests::requests_integration_test::test_averages stdout ----
[INFO] [stdout] thread 'requests::requests_integration_test::test_averages' panicked at 'School url not specified!', src/requests.rs:276:26
[INFO] [stdout] stack backtrace:
[INFO] [stdout]    0:     0x55c863b731f0 - std::backtrace_rs::backtrace::libunwind::trace::h34055254b57d8e79
[INFO] [stdout]                                at /rustc/a178d0322ce20e33eac124758e837cbd80a6f633/library/std/src/../../backtrace/src/backtrace/libunwind.rs:90:5
[INFO] [stdout]    1:     0x55c863b731f0 - std::backtrace_rs::backtrace::trace_unsynchronized::h8f1e3fbd9afff6ec
[INFO] [stdout]                                at /rustc/a178d0322ce20e33eac124758e837cbd80a6f633/library/std/src/../../backtrace/src/backtrace/mod.rs:66:5
[INFO] [stdout]    2:     0x55c863b731f0 - std::sys_common::backtrace::_print_fmt::h3a99a796b770c360
[INFO] [stdout]                                at /rustc/a178d0322ce20e33eac124758e837cbd80a6f633/library/std/src/sys_common/backtrace.rs:67:5
[INFO] [stdout]    3:     0x55c863b731f0 - <std::sys_common::backtrace::_print::DisplayBacktrace as core::fmt::Display>::fmt::h32d1f94a80615d18
[INFO] [stdout]                                at /rustc/a178d0322ce20e33eac124758e837cbd80a6f633/library/std/src/sys_common/backtrace.rs:46:22
[INFO] [stdout]    4:     0x55c863b9665c - core::fmt::write::h306731c068f7162c
[INFO] [stdout]                                at /rustc/a178d0322ce20e33eac124758e837cbd80a6f633/library/core/src/fmt/mod.rs:1110:17
[INFO] [stdout]    5:     0x55c863b6cbc5 - std::io::Write::write_fmt::h87f19b0a2cd190bc
[INFO] [stdout]                                at /rustc/a178d0322ce20e33eac124758e837cbd80a6f633/library/std/src/io/mod.rs:1588:15
[INFO] [stdout]    6:     0x55c863b753ab - std::sys_common::backtrace::_print::h5abaa2601a852287
[INFO] [stdout]                                at /rustc/a178d0322ce20e33eac124758e837cbd80a6f633/library/std/src/sys_common/backtrace.rs:49:5
[INFO] [stdout]    7:     0x55c863b753ab - std::sys_common::backtrace::print::h8d81445442bb638f
[INFO] [stdout]                                at /rustc/a178d0322ce20e33eac124758e837cbd80a6f633/library/std/src/sys_common/backtrace.rs:36:9
[INFO] [stdout]    8:     0x55c863b753ab - std::panicking::default_hook::{{closure}}::hcfe804496a9fa747
[INFO] [stdout]                                at /rustc/a178d0322ce20e33eac124758e837cbd80a6f633/library/std/src/panicking.rs:208:50
[INFO] [stdout]    9:     0x55c863b74ebc - std::panicking::default_hook::hbea8e3ccf2ba8901
[INFO] [stdout]                                at /rustc/a178d0322ce20e33eac124758e837cbd80a6f633/library/std/src/panicking.rs:222:9
[INFO] [stdout]   10:     0x55c863b75a74 - std::panicking::rust_panic_with_hook::h7ee9e1a2d0f8975a
[INFO] [stdout]                                at /rustc/a178d0322ce20e33eac124758e837cbd80a6f633/library/std/src/panicking.rs:622:17
[INFO] [stdout]   11:     0x55c86395bac3 - std::panicking::begin_panic::{{closure}}::hd0411ccca8806ffb
[INFO] [stdout]                                at /rustc/a178d0322ce20e33eac124758e837cbd80a6f633/library/std/src/panicking.rs:542:9
[INFO] [stdout]   12:     0x55c86395bc99 - std::sys_common::backtrace::__rust_end_short_backtrace::hd6c9e6e70387a0da
[INFO] [stdout]                                at /rustc/a178d0322ce20e33eac124758e837cbd80a6f633/library/std/src/sys_common/backtrace.rs:141:18
[INFO] [stdout]   13:     0x55c86395b9f9 - std::panicking::begin_panic::h8d8de138617f13cf
[INFO] [stdout]                                at /rustc/a178d0322ce20e33eac124758e837cbd80a6f633/library/std/src/panicking.rs:541:12
[INFO] [stdout]   14:     0x55c86361e86c - kreta_proxy::requests::requests_integration_test::get_url::he97afc7408507462
[INFO] [stdout]                                at /opt/rustwide/workdir/src/requests.rs:276:26
[INFO] [stdout]   15:     0x55c86361e93e - kreta_proxy::requests::requests_integration_test::get_token::{{closure}}::hd901a6754d52c390
[INFO] [stdout]                                at /opt/rustwide/workdir/src/requests.rs:281:23
[INFO] [stdout]   16:     0x55c863670cf3 - <core::future::from_generator::GenFuture<T> as core::future::future::Future>::poll::h99a46c40aaa2d296
[INFO] [stdout]                                at /rustc/a178d0322ce20e33eac124758e837cbd80a6f633/library/core/src/future/mod.rs:80:19
[INFO] [stdout]   17:     0x55c863621da3 - kreta_proxy::requests::requests_integration_test::test_averages::{{closure}}::h366a4e09f94e5de0
[INFO] [stdout]                                at /opt/rustwide/workdir/src/requests.rs:337:38
[INFO] [stdout]   18:     0x55c86367055b - <core::future::from_generator::GenFuture<T> as core::future::future::Future>::poll::h781d6d6987e70d66
[INFO] [stdout]                                at /rustc/a178d0322ce20e33eac124758e837cbd80a6f633/library/core/src/future/mod.rs:80:19
[INFO] [stdout]   19:     0x55c863665790 - tokio::runtime::basic_scheduler::BasicScheduler<P>::block_on::{{closure}}::{{closure}}::h34d6caf41195dea4
[INFO] [stdout]                                at /opt/rustwide/cargo-home/registry/src/github.com-1ecc6299db9ec823/tokio-0.2.25/src/runtime/basic_scheduler.rs:131:58
[INFO] [stdout]   20:     0x55c86360fb6c - tokio::coop::with_budget::{{closure}}::h1b6f09e0d617b409
[INFO] [stdout]                                at /opt/rustwide/cargo-home/registry/src/github.com-1ecc6299db9ec823/tokio-0.2.25/src/coop.rs:127:9
[INFO] [stdout]   21:     0x55c863686671 - std::thread::local::LocalKey<T>::try_with::h699fa00c2a09db0e
[INFO] [stdout]                                at /rustc/a178d0322ce20e33eac124758e837cbd80a6f633/library/std/src/thread/local.rs:400:16
[INFO] [stdout]   22:     0x55c863683a2d - std::thread::local::LocalKey<T>::with::h2b304cb2b8a3007e
[INFO] [stdout]                                at /rustc/a178d0322ce20e33eac124758e837cbd80a6f633/library/std/src/thread/local.rs:376:9
[INFO] [stdout]   23:     0x55c863664f0b - tokio::coop::with_budget::h834acbb285ec042c
[INFO] [stdout]                                at /opt/rustwide/cargo-home/registry/src/github.com-1ecc6299db9ec823/tokio-0.2.25/src/coop.rs:120:5
[INFO] [stdout]   24:     0x55c863664f0b - tokio::coop::budget::h5d1462d2176c3b7f
[INFO] [stdout]                                at /opt/rustwide/cargo-home/registry/src/github.com-1ecc6299db9ec823/tokio-0.2.25/src/coop.rs:96:5
[INFO] [stdout]   25:     0x55c863664f0b - tokio::runtime::basic_scheduler::BasicScheduler<P>::block_on::{{closure}}::hee5a20dd7603cdc1
[INFO] [stdout]                                at /opt/rustwide/cargo-home/registry/src/github.com-1ecc6299db9ec823/tokio-0.2.25/src/runtime/basic_scheduler.rs:131:35
[INFO] [stdout]   26:     0x55c863667ccf - tokio::runtime::basic_scheduler::enter::{{closure}}::hc41dbbd276f57b00
[INFO] [stdout]                                at /opt/rustwide/cargo-home/registry/src/github.com-1ecc6299db9ec823/tokio-0.2.25/src/runtime/basic_scheduler.rs:213:29
[INFO] [stdout]   27:     0x55c863615e9e - tokio::macros::scoped_tls::ScopedKey<T>::set::hedd1b4c4f7b9db80
[INFO] [stdout]                                at /opt/rustwide/cargo-home/registry/src/github.com-1ecc6299db9ec823/tokio-0.2.25/src/macros/scoped_tls.rs:63:9
[INFO] [stdout]   28:     0x55c863666c5e - tokio::runtime::basic_scheduler::enter::h7943497c803a4134
[INFO] [stdout]                                at /opt/rustwide/cargo-home/registry/src/github.com-1ecc6299db9ec823/tokio-0.2.25/src/runtime/basic_scheduler.rs:213:5
[INFO] [stdout]   29:     0x55c863661002 - tokio::runtime::basic_scheduler::BasicScheduler<P>::block_on::h1d7d361712eec9d7
[INFO] [stdout]                                at /opt/rustwide/cargo-home/registry/src/github.com-1ecc6299db9ec823/tokio-0.2.25/src/runtime/basic_scheduler.rs:123:9
[INFO] [stdout]   30:     0x55c863668334 - tokio::runtime::Runtime::block_on::{{closure}}::h3cc0fcf9cff7756b
[INFO] [stdout]                                at /opt/rustwide/cargo-home/registry/src/github.com-1ecc6299db9ec823/tokio-0.2.25/src/runtime/mod.rs:444:34
[INFO] [stdout]   31:     0x55c8636117e2 - tokio::runtime::context::enter::h9e6555b84e43cbdc
[INFO] [stdout]                                at /opt/rustwide/cargo-home/registry/src/github.com-1ecc6299db9ec823/tokio-0.2.25/src/runtime/context.rs:72:5
[INFO] [stdout]   32:     0x55c8636166f8 - tokio::runtime::handle::Handle::enter::hf2ee43d8c8aa65cb
[INFO] [stdout]                                at /opt/rustwide/cargo-home/registry/src/github.com-1ecc6299db9ec823/tokio-0.2.25/src/runtime/handle.rs:76:9
[INFO] [stdout]   33:     0x55c86366805f - tokio::runtime::Runtime::block_on::hce333a625de7dcdd
[INFO] [stdout]                                at /opt/rustwide/cargo-home/registry/src/github.com-1ecc6299db9ec823/tokio-0.2.25/src/runtime/mod.rs:441:9
[INFO] [stdout]   34:     0x55c863621b65 - kreta_proxy::requests::requests_integration_test::test_averages::h19e1e8389dc0ece8
[INFO] [stdout]                                at /opt/rustwide/workdir/src/requests.rs:335:5
[INFO] [stdout]   35:     0x55c863621a7a - kreta_proxy::requests::requests_integration_test::test_averages::{{closure}}::haa8f92692fd5a1ce
[INFO] [stdout]                                at /opt/rustwide/workdir/src/requests.rs:335:5
[INFO] [stdout]   36:     0x55c863625d6e - core::ops::function::FnOnce::call_once::hffe6f7e2db318dba
[INFO] [stdout]                                at /rustc/a178d0322ce20e33eac124758e837cbd80a6f633/library/core/src/ops/function.rs:227:5
[INFO] [stdout]   37:     0x55c8636b6143 - core::ops::function::FnOnce::call_once::h152e7e439ff59e19
[INFO] [stdout]                                at /rustc/a178d0322ce20e33eac124758e837cbd80a6f633/library/core/src/ops/function.rs:227:5
[INFO] [stdout]   38:     0x55c8636b6143 - test::__rust_begin_short_backtrace::h0908f3b1fdbb72ab
[INFO] [stdout]                                at /rustc/a178d0322ce20e33eac124758e837cbd80a6f633/library/test/src/lib.rs:577:5
[INFO] [stdout]   39:     0x55c8636b4c00 - <alloc::boxed::Box<F,A> as core::ops::function::FnOnce<Args>>::call_once::hf6d2a51e5587546c
[INFO] [stdout]                                at /rustc/a178d0322ce20e33eac124758e837cbd80a6f633/library/alloc/src/boxed.rs:1575:9
[INFO] [stdout]   40:     0x55c8636b4c00 - <std::panic::AssertUnwindSafe<F> as core::ops::function::FnOnce<()>>::call_once::h8af660f3a89ef593
[INFO] [stdout]                                at /rustc/a178d0322ce20e33eac124758e837cbd80a6f633/library/std/src/panic.rs:347:9
[INFO] [stdout]   41:     0x55c8636b4c00 - std::panicking::try::do_call::hd36aef60f84b6d36
[INFO] [stdout]                                at /rustc/a178d0322ce20e33eac124758e837cbd80a6f633/library/std/src/panicking.rs:401:40
[INFO] [stdout]   42:     0x55c8636b4c00 - std::panicking::try::h9932b4480e69817c
[INFO] [stdout]                                at /rustc/a178d0322ce20e33eac124758e837cbd80a6f633/library/std/src/panicking.rs:365:19
[INFO] [stdout]   43:     0x55c8636b4c00 - std::panic::catch_unwind::h6aa177099cfff5f8
[INFO] [stdout]                                at /rustc/a178d0322ce20e33eac124758e837cbd80a6f633/library/std/src/panic.rs:434:14
[INFO] [stdout]   44:     0x55c8636b4c00 - test::run_test_in_process::h5884d6f2d99e20c3
[INFO] [stdout]                                at /rustc/a178d0322ce20e33eac124758e837cbd80a6f633/library/test/src/lib.rs:600:18
[INFO] [stdout]   45:     0x55c8636b4c00 - test::run_test::run_test_inner::{{closure}}::h6fdc58c6d5f5b6e3
[INFO] [stdout]                                at /rustc/a178d0322ce20e33eac124758e837cbd80a6f633/library/test/src/lib.rs:492:39
[INFO] [stdout]   46:     0x55c86368e2b2 - test::run_test::run_test_inner::{{closure}}::h408365d67a78ade8
[INFO] [stdout]                                at /rustc/a178d0322ce20e33eac124758e837cbd80a6f633/library/test/src/lib.rs:519:37
[INFO] [stdout]   47:     0x55c86368e2b2 - std::sys_common::backtrace::__rust_begin_short_backtrace::hb560b77c4f701523
[INFO] [stdout]                                at /rustc/a178d0322ce20e33eac124758e837cbd80a6f633/library/std/src/sys_common/backtrace.rs:125:18
[INFO] [stdout]   48:     0x55c863691e68 - std::thread::Builder::spawn_unchecked::{{closure}}::{{closure}}::hf2e7831dad93c597
[INFO] [stdout]                                at /rustc/a178d0322ce20e33eac124758e837cbd80a6f633/library/std/src/thread/mod.rs:481:17
[INFO] [stdout]   49:     0x55c863691e68 - <std::panic::AssertUnwindSafe<F> as core::ops::function::FnOnce<()>>::call_once::hd2e08783d8be4d02
[INFO] [stdout]                                at /rustc/a178d0322ce20e33eac124758e837cbd80a6f633/library/std/src/panic.rs:347:9
[INFO] [stdout]   50:     0x55c863691e68 - std::panicking::try::do_call::h062597b7acfd6b82
[INFO] [stdout]                                at /rustc/a178d0322ce20e33eac124758e837cbd80a6f633/library/std/src/panicking.rs:401:40
[INFO] [stdout]   51:     0x55c863691e68 - std::panicking::try::h0d7b79db04c14552
[INFO] [stdout]                                at /rustc/a178d0322ce20e33eac124758e837cbd80a6f633/library/std/src/panicking.rs:365:19
[INFO] [stdout]   52:     0x55c863691e68 - std::panic::catch_unwind::hb01a0b5e7c8cd43b
[INFO] [stdout]                                at /rustc/a178d0322ce20e33eac124758e837cbd80a6f633/library/std/src/panic.rs:434:14
[INFO] [stdout]   53:     0x55c863691e68 - std::thread::Builder::spawn_unchecked::{{closure}}::h5bde48cc887e0d1e
[INFO] [stdout]                                at /rustc/a178d0322ce20e33eac124758e837cbd80a6f633/library/std/src/thread/mod.rs:480:30
[INFO] [stdout]   54:     0x55c863691e68 - core::ops::function::FnOnce::call_once{{vtable.shim}}::h745ea30807a29e55
[INFO] [stdout]                                at /rustc/a178d0322ce20e33eac124758e837cbd80a6f633/library/core/src/ops/function.rs:227:5
[INFO] [stdout]   55:     0x55c863b7ae07 - <alloc::boxed::Box<F,A> as core::ops::function::FnOnce<Args>>::call_once::h7ece6cfefaff1005
[INFO] [stdout]                                at /rustc/a178d0322ce20e33eac124758e837cbd80a6f633/library/alloc/src/boxed.rs:1575:9
[INFO] [stdout]   56:     0x55c863b7ae07 - <alloc::boxed::Box<F,A> as core::ops::function::FnOnce<Args>>::call_once::hb8b48e55c21f193e
[INFO] [stdout]                                at /rustc/a178d0322ce20e33eac124758e837cbd80a6f633/library/alloc/src/boxed.rs:1575:9
[INFO] [stdout]   57:     0x55c863b7ae07 - std::sys::unix::thread::Thread::new::thread_start::h8c7c4450dba62914
[INFO] [stdout]                                at /rustc/a178d0322ce20e33eac124758e837cbd80a6f633/library/std/src/sys/unix/thread.rs:71:17
[INFO] [stdout]   58:     0x7fa69d16c609 - start_thread
[INFO] [stdout]   59:     0x7fa69cf3c293 - clone
[INFO] [stdout]   60:                0x0 - <unknown>
[INFO] [stdout] 
[INFO] [stdout] ---- requests::requests_integration_test::test_notes stdout ----
[INFO] [stdout] thread 'requests::requests_integration_test::test_notes' panicked at 'School url not specified!', src/requests.rs:276:26
[INFO] [stdout] stack backtrace:
[INFO] [stdout]    0:     0x55c863b731f0 - std::backtrace_rs::backtrace::libunwind::trace::h34055254b57d8e79
[INFO] [stdout]                                at /rustc/a178d0322ce20e33eac124758e837cbd80a6f633/library/std/src/../../backtrace/src/backtrace/libunwind.rs:90:5
[INFO] [stdout]    1:     0x55c863b731f0 - std::backtrace_rs::backtrace::trace_unsynchronized::h8f1e3fbd9afff6ec
[INFO] [stdout]                                at /rustc/a178d0322ce20e33eac124758e837cbd80a6f633/library/std/src/../../backtrace/src/backtrace/mod.rs:66:5
[INFO] [stdout]    2:     0x55c863b731f0 - std::sys_common::backtrace::_print_fmt::h3a99a796b770c360
[INFO] [stdout]                                at /rustc/a178d0322ce20e33eac124758e837cbd80a6f633/library/std/src/sys_common/backtrace.rs:67:5
[INFO] [stdout]    3:     0x55c863b731f0 - <std::sys_common::backtrace::_print::DisplayBacktrace as core::fmt::Display>::fmt::h32d1f94a80615d18
[INFO] [stdout]                                at /rustc/a178d0322ce20e33eac124758e837cbd80a6f633/library/std/src/sys_common/backtrace.rs:46:22
[INFO] [stdout]    4:     0x55c863b9665c - core::fmt::write::h306731c068f7162c
[INFO] [stdout]                                at /rustc/a178d0322ce20e33eac124758e837cbd80a6f633/library/core/src/fmt/mod.rs:1110:17
[INFO] [stdout]    5:     0x55c863b6cbc5 - std::io::Write::write_fmt::h87f19b0a2cd190bc
[INFO] [stdout]                                at /rustc/a178d0322ce20e33eac124758e837cbd80a6f633/library/std/src/io/mod.rs:1588:15
[INFO] [stdout]    6:     0x55c863b753ab - std::sys_common::backtrace::_print::h5abaa2601a852287
[INFO] [stdout]                                at /rustc/a178d0322ce20e33eac124758e837cbd80a6f633/library/std/src/sys_common/backtrace.rs:49:5
[INFO] [stdout]    7:     0x55c863b753ab - std::sys_common::backtrace::print::h8d81445442bb638f
[INFO] [stdout]                                at /rustc/a178d0322ce20e33eac124758e837cbd80a6f633/library/std/src/sys_common/backtrace.rs:36:9
[INFO] [stdout]    8:     0x55c863b753ab - std::panicking::default_hook::{{closure}}::hcfe804496a9fa747
[INFO] [stdout]                                at /rustc/a178d0322ce20e33eac124758e837cbd80a6f633/library/std/src/panicking.rs:208:50
[INFO] [stdout]    9:     0x55c863b74ebc - std::panicking::default_hook::hbea8e3ccf2ba8901
[INFO] [stdout]                                at /rustc/a178d0322ce20e33eac124758e837cbd80a6f633/library/std/src/panicking.rs:222:9
[INFO] [stdout]   10:     0x55c863b75a74 - std::panicking::rust_panic_with_hook::h7ee9e1a2d0f8975a
[INFO] [stdout]                                at /rustc/a178d0322ce20e33eac124758e837cbd80a6f633/library/std/src/panicking.rs:622:17
[INFO] [stdout]   11:     0x55c86395bac3 - std::panicking::begin_panic::{{closure}}::hd0411ccca8806ffb
[INFO] [stdout]                                at /rustc/a178d0322ce20e33eac124758e837cbd80a6f633/library/std/src/panicking.rs:542:9
[INFO] [stdout]   12:     0x55c86395bc99 - std::sys_common::backtrace::__rust_end_short_backtrace::hd6c9e6e70387a0da
[INFO] [stdout]                                at /rustc/a178d0322ce20e33eac124758e837cbd80a6f633/library/std/src/sys_common/backtrace.rs:141:18
[INFO] [stdout]   13:     0x55c86395b9f9 - std::panicking::begin_panic::h8d8de138617f13cf
[INFO] [stdout]                                at /rustc/a178d0322ce20e33eac124758e837cbd80a6f633/library/std/src/panicking.rs:541:12
[INFO] [stdout]   14:     0x55c86361e86c - kreta_proxy::requests::requests_integration_test::get_url::he97afc7408507462
[INFO] [stdout]                                at /opt/rustwide/workdir/src/requests.rs:276:26
[INFO] [stdout]   15:     0x55c86361e93e - kreta_proxy::requests::requests_integration_test::get_token::{{closure}}::hd901a6754d52c390
[INFO] [stdout]                                at /opt/rustwide/workdir/src/requests.rs:281:23
[INFO] [stdout]   16:     0x55c863670cf3 - <core::future::from_generator::GenFuture<T> as core::future::future::Future>::poll::h99a46c40aaa2d296
[INFO] [stdout]                                at /rustc/a178d0322ce20e33eac124758e837cbd80a6f633/library/core/src/future/mod.rs:80:19
[INFO] [stdout]   17:     0x55c863621613 - kreta_proxy::requests::requests_integration_test::test_notes::{{closure}}::haecc9956ccae369d
[INFO] [stdout]                                at /opt/rustwide/workdir/src/requests.rs:331:32
[INFO] [stdout]   18:     0x55c863670b3b - <core::future::from_generator::GenFuture<T> as core::future::future::Future>::poll::h96816ed62c598b6d
[INFO] [stdout]                                at /rustc/a178d0322ce20e33eac124758e837cbd80a6f633/library/core/src/future/mod.rs:80:19
[INFO] [stdout]   19:     0x55c863665980 - tokio::runtime::basic_scheduler::BasicScheduler<P>::block_on::{{closure}}::{{closure}}::h58542f414edfbe77
[INFO] [stdout]                                at /opt/rustwide/cargo-home/registry/src/github.com-1ecc6299db9ec823/tokio-0.2.25/src/runtime/basic_scheduler.rs:131:58
[INFO] [stdout]   20:     0x55c863610f9c - tokio::coop::with_budget::{{closure}}::haf10fe2aa37fa70a
[INFO] [stdout]                                at /opt/rustwide/cargo-home/registry/src/github.com-1ecc6299db9ec823/tokio-0.2.25/src/coop.rs:127:9
[INFO] [stdout]   21:     0x55c863687981 - std::thread::local::LocalKey<T>::try_with::hee890e500cace23c
[INFO] [stdout]                                at /rustc/a178d0322ce20e33eac124758e837cbd80a6f633/library/std/src/thread/local.rs:400:16
[INFO] [stdout]   22:     0x55c863683f2d - std::thread::local::LocalKey<T>::with::h5ccdbc969332d6a9
[INFO] [stdout]                                at /rustc/a178d0322ce20e33eac124758e837cbd80a6f633/library/std/src/thread/local.rs:376:9
[INFO] [stdout]   23:     0x55c863663e2b - tokio::coop::with_budget::h99967a81d822d574
[INFO] [stdout]                                at /opt/rustwide/cargo-home/registry/src/github.com-1ecc6299db9ec823/tokio-0.2.25/src/coop.rs:120:5
[INFO] [stdout]   24:     0x55c863663e2b - tokio::coop::budget::h62865fcd22dcceea
[INFO] [stdout]                                at /opt/rustwide/cargo-home/registry/src/github.com-1ecc6299db9ec823/tokio-0.2.25/src/coop.rs:96:5
[INFO] [stdout]   25:     0x55c863663e2b - tokio::runtime::basic_scheduler::BasicScheduler<P>::block_on::{{closure}}::h8f9ccb431de4b4d8
[INFO] [stdout]                                at /opt/rustwide/cargo-home/registry/src/github.com-1ecc6299db9ec823/tokio-0.2.25/src/runtime/basic_scheduler.rs:131:35
[INFO] [stdout]   26:     0x55c863667d3f - tokio::runtime::basic_scheduler::enter::{{closure}}::hc954cf8eaa92a611
[INFO] [stdout]                                at /opt/rustwide/cargo-home/registry/src/github.com-1ecc6299db9ec823/tokio-0.2.25/src/runtime/basic_scheduler.rs:213:29
[INFO] [stdout]   27:     0x55c8636158fe - tokio::macros::scoped_tls::ScopedKey<T>::set::h6d9e0415369d582c
[INFO] [stdout]                                at /opt/rustwide/cargo-home/registry/src/github.com-1ecc6299db9ec823/tokio-0.2.25/src/macros/scoped_tls.rs:63:9
[INFO] [stdout]   28:     0x55c863666fde - tokio::runtime::basic_scheduler::enter::h86f455679ea60a7f
[INFO] [stdout]                                at /opt/rustwide/cargo-home/registry/src/github.com-1ecc6299db9ec823/tokio-0.2.25/src/runtime/basic_scheduler.rs:213:5
[INFO] [stdout]   29:     0x55c8636610c2 - tokio::runtime::basic_scheduler::BasicScheduler<P>::block_on::h652094a7bfcc1c51
[INFO] [stdout]                                at /opt/rustwide/cargo-home/registry/src/github.com-1ecc6299db9ec823/tokio-0.2.25/src/runtime/basic_scheduler.rs:123:9
[INFO] [stdout]   30:     0x55c8636683e4 - tokio::runtime::Runtime::block_on::{{closure}}::h7e1197b5961d273f
[INFO] [stdout]                                at /opt/rustwide/cargo-home/registry/src/github.com-1ecc6299db9ec823/tokio-0.2.25/src/runtime/mod.rs:444:34
[INFO] [stdout]   31:     0x55c863611422 - tokio::runtime::context::enter::h0d7370e018a8745e
[INFO] [stdout]                                at /opt/rustwide/cargo-home/registry/src/github.com-1ecc6299db9ec823/tokio-0.2.25/src/runtime/context.rs:72:5
[INFO] [stdout]   32:     0x55c863616598 - tokio::runtime::handle::Handle::enter::h8b9097e75a18ad98
[INFO] [stdout]                                at /opt/rustwide/cargo-home/registry/src/github.com-1ecc6299db9ec823/tokio-0.2.25/src/runtime/handle.rs:76:9
[INFO] [stdout]   33:     0x55c863667f9f - tokio::runtime::Runtime::block_on::h85e65dae23d5ea21
[INFO] [stdout]                                at /opt/rustwide/cargo-home/registry/src/github.com-1ecc6299db9ec823/tokio-0.2.25/src/runtime/mod.rs:441:9
[INFO] [stdout]   34:     0x55c8636213d5 - kreta_proxy::requests::requests_integration_test::test_notes::h78cdb307817bc107
[INFO] [stdout]                                at /opt/rustwide/workdir/src/requests.rs:329:5
[INFO] [stdout]   35:     0x55c8636212ea - kreta_proxy::requests::requests_integration_test::test_notes::{{closure}}::h79cd78a7fdb0410b
[INFO] [stdout]                                at /opt/rustwide/workdir/src/requests.rs:329:5
[INFO] [stdout]   36:     0x55c863625a5e - core::ops::function::FnOnce::call_once::h788ce2fa1ccee737
[INFO] [stdout]                                at /rustc/a178d0322ce20e33eac124758e837cbd80a6f633/library/core/src/ops/function.rs:227:5
[INFO] [stdout]   37:     0x55c8636b6143 - core::ops::function::FnOnce::call_once::h152e7e439ff59e19
[INFO] [stdout]                                at /rustc/a178d0322ce20e33eac124758e837cbd80a6f633/library/core/src/ops/function.rs:227:5
[INFO] [stdout]   38:     0x55c8636b6143 - test::__rust_begin_short_backtrace::h0908f3b1fdbb72ab
[INFO] [stdout]                                at /rustc/a178d0322ce20e33eac124758e837cbd80a6f633/library/test/src/lib.rs:577:5
[INFO] [stdout]   39:     0x55c8636b4c00 - <alloc::boxed::Box<F,A> as core::ops::function::FnOnce<Args>>::call_once::hf6d2a51e5587546c
[INFO] [stdout]                                at /rustc/a178d0322ce20e33eac124758e837cbd80a6f633/library/alloc/src/boxed.rs:1575:9
[INFO] [stdout]   40:     0x55c8636b4c00 - <std::panic::AssertUnwindSafe<F> as core::ops::function::FnOnce<()>>::call_once::h8af660f3a89ef593
[INFO] [stdout]                                at /rustc/a178d0322ce20e33eac124758e837cbd80a6f633/library/std/src/panic.rs:347:9
[INFO] [stdout]   41:     0x55c8636b4c00 - std::panicking::try::do_call::hd36aef60f84b6d36
[INFO] [stdout]                                at /rustc/a178d0322ce20e33eac124758e837cbd80a6f633/library/std/src/panicking.rs:401:40
[INFO] [stdout]   42:     0x55c8636b4c00 - std::panicking::try::h9932b4480e69817c
[INFO] [stdout]                                at /rustc/a178d0322ce20e33eac124758e837cbd80a6f633/library/std/src/panicking.rs:365:19
[INFO] [stdout]   43:     0x55c8636b4c00 - std::panic::catch_unwind::h6aa177099cfff5f8
[INFO] [stdout]                                at /rustc/a178d0322ce20e33eac124758e837cbd80a6f633/library/std/src/panic.rs:434:14
[INFO] [stdout]   44:     0x55c8636b4c00 - test::run_test_in_process::h5884d6f2d99e20c3
[INFO] [stdout]                                at /rustc/a178d0322ce20e33eac124758e837cbd80a6f633/library/test/src/lib.rs:600:18
[INFO] [stdout]   45:     0x55c8636b4c00 - test::run_test::run_test_inner::{{closure}}::h6fdc58c6d5f5b6e3
[INFO] [stdout]                                at /rustc/a178d0322ce20e33eac124758e837cbd80a6f633/library/test/src/lib.rs:492:39
[INFO] [stdout]   46:     0x55c86368e2b2 - test::run_test::run_test_inner::{{closure}}::h408365d67a78ade8
[INFO] [stdout]                                at /rustc/a178d0322ce20e33eac124758e837cbd80a6f633/library/test/src/lib.rs:519:37
[INFO] [stdout]   47:     0x55c86368e2b2 - std::sys_common::backtrace::__rust_begin_short_backtrace::hb560b77c4f701523
[INFO] [stdout]                                at /rustc/a178d0322ce20e33eac124758e837cbd80a6f633/library/std/src/sys_common/backtrace.rs:125:18
[INFO] [stdout]   48:     0x55c863691e68 - std::thread::Builder::spawn_unchecked::{{closure}}::{{closure}}::hf2e7831dad93c597
[INFO] [stdout]                                at /rustc/a178d0322ce20e33eac124758e837cbd80a6f633/library/std/src/thread/mod.rs:481:17
[INFO] [stdout]   49:     0x55c863691e68 - <std::panic::AssertUnwindSafe<F> as core::ops::function::FnOnce<()>>::call_once::hd2e08783d8be4d02
[INFO] [stdout]                                at /rustc/a178d0322ce20e33eac124758e837cbd80a6f633/library/std/src/panic.rs:347:9
[INFO] [stdout]   50:     0x55c863691e68 - std::panicking::try::do_call::h062597b7acfd6b82
[INFO] [stdout]                                at /rustc/a178d0322ce20e33eac124758e837cbd80a6f633/library/std/src/panicking.rs:401:40
[INFO] [stdout]   51:     0x55c863691e68 - std::panicking::try::h0d7b79db04c14552
[INFO] [stdout]                                at /rustc/a178d0322ce20e33eac124758e837cbd80a6f633/library/std/src/panicking.rs:365:19
[INFO] [stdout]   52:     0x55c863691e68 - std::panic::catch_unwind::hb01a0b5e7c8cd43b
[INFO] [stdout]                                at /rustc/a178d0322ce20e33eac124758e837cbd80a6f633/library/std/src/panic.rs:434:14
[INFO] [stdout]   53:     0x55c863691e68 - std::thread::Builder::spawn_unchecked::{{closure}}::h5bde48cc887e0d1e
[INFO] [stdout]                                at /rustc/a178d0322ce20e33eac124758e837cbd80a6f633/library/std/src/thread/mod.rs:480:30
[INFO] [stdout]   54:     0x55c863691e68 - core::ops::function::FnOnce::call_once{{vtable.shim}}::h745ea30807a29e55
[INFO] [stdout]                                at /rustc/a178d0322ce20e33eac124758e837cbd80a6f633/library/core/src/ops/function.rs:227:5
[INFO] [stdout]   55:     0x55c863b7ae07 - <alloc::boxed::Box<F,A> as core::ops::function::FnOnce<Args>>::call_once::h7ece6cfefaff1005
[INFO] [stdout]                                at /rustc/a178d0322ce20e33eac124758e837cbd80a6f633/library/alloc/src/boxed.rs:1575:9
[INFO] [stdout]   56:     0x55c863b7ae07 - <alloc::boxed::Box<F,A> as core::ops::function::FnOnce<Args>>::call_once::hb8b48e55c21f193e
[INFO] [stdout]                                at /rustc/a178d0322ce20e33eac124758e837cbd80a6f633/library/alloc/src/boxed.rs:1575:9
[INFO] [stdout]   57:     0x55c863b7ae07 - std::sys::unix::thread::Thread::new::thread_start::h8c7c4450dba62914
[INFO] [stdout]                                at /rustc/a178d0322ce20e33eac124758e837cbd80a6f633/library/std/src/sys/unix/thread.rs:71:17
[INFO] [stdout]   58:     0x7fa69d16c609 - start_thread
[INFO] [stdout]   59:     0x7fa69cf3c293 - clone
[INFO] [stdout]   60:                0x0 - <unknown>
[INFO] [stdout] 
[INFO] [stdout] ---- requests::requests_integration_test::test_schedules_v2 stdout ----
[INFO] [stdout] thread 'requests::requests_integration_test::test_schedules_v2' panicked at 'School url not specified!', src/requests.rs:276:26
[INFO] [stdout] stack backtrace:
[INFO] [stdout]    0:     0x55c863b731f0 - std::backtrace_rs::backtrace::libunwind::trace::h34055254b57d8e79
[INFO] [stdout]                                at /rustc/a178d0322ce20e33eac124758e837cbd80a6f633/library/std/src/../../backtrace/src/backtrace/libunwind.rs:90:5
[INFO] [stdout]    1:     0x55c863b731f0 - std::backtrace_rs::backtrace::trace_unsynchronized::h8f1e3fbd9afff6ec
[INFO] [stdout]                                at /rustc/a178d0322ce20e33eac124758e837cbd80a6f633/library/std/src/../../backtrace/src/backtrace/mod.rs:66:5
[INFO] [stdout]    2:     0x55c863b731f0 - std::sys_common::backtrace::_print_fmt::h3a99a796b770c360
[INFO] [stdout]                                at /rustc/a178d0322ce20e33eac124758e837cbd80a6f633/library/std/src/sys_common/backtrace.rs:67:5
[INFO] [stdout]    3:     0x55c863b731f0 - <std::sys_common::backtrace::_print::DisplayBacktrace as core::fmt::Display>::fmt::h32d1f94a80615d18
[INFO] [stdout]                                at /rustc/a178d0322ce20e33eac124758e837cbd80a6f633/library/std/src/sys_common/backtrace.rs:46:22
[INFO] [stdout]    4:     0x55c863b9665c - core::fmt::write::h306731c068f7162c
[INFO] [stdout]                                at /rustc/a178d0322ce20e33eac124758e837cbd80a6f633/library/core/src/fmt/mod.rs:1110:17
[INFO] [stdout]    5:     0x55c863b6cbc5 - std::io::Write::write_fmt::h87f19b0a2cd190bc
[INFO] [stdout]                                at /rustc/a178d0322ce20e33eac124758e837cbd80a6f633/library/std/src/io/mod.rs:1588:15
[INFO] [stdout]    6:     0x55c863b753ab - std::sys_common::backtrace::_print::h5abaa2601a852287
[INFO] [stdout]                                at /rustc/a178d0322ce20e33eac124758e837cbd80a6f633/library/std/src/sys_common/backtrace.rs:49:5
[INFO] [stdout]    7:     0x55c863b753ab - std::sys_common::backtrace::print::h8d81445442bb638f
[INFO] [stdout]                                at /rustc/a178d0322ce20e33eac124758e837cbd80a6f633/library/std/src/sys_common/backtrace.rs:36:9
[INFO] [stdout]    8:     0x55c863b753ab - std::panicking::default_hook::{{closure}}::hcfe804496a9fa747
[INFO] [stdout]                                at /rustc/a178d0322ce20e33eac124758e837cbd80a6f633/library/std/src/panicking.rs:208:50
[INFO] [stdout]    9:     0x55c863b74ebc - std::panicking::default_hook::hbea8e3ccf2ba8901
[INFO] [stdout]                                at /rustc/a178d0322ce20e33eac124758e837cbd80a6f633/library/std/src/panicking.rs:222:9
[INFO] [stdout]   10:     0x55c863b75a74 - std::panicking::rust_panic_with_hook::h7ee9e1a2d0f8975a
[INFO] [stdout]                                at /rustc/a178d0322ce20e33eac124758e837cbd80a6f633/library/std/src/panicking.rs:622:17
[INFO] [stdout]   11:     0x55c86395bac3 - std::panicking::begin_panic::{{closure}}::hd0411ccca8806ffb
[INFO] [stdout]                                at /rustc/a178d0322ce20e33eac124758e837cbd80a6f633/library/std/src/panicking.rs:542:9
[INFO] [stdout]   12:     0x55c86395bc99 - std::sys_common::backtrace::__rust_end_short_backtrace::hd6c9e6e70387a0da
[INFO] [stdout]                                at /rustc/a178d0322ce20e33eac124758e837cbd80a6f633/library/std/src/sys_common/backtrace.rs:141:18
[INFO] [stdout]   13:     0x55c86395b9f9 - std::panicking::begin_panic::h8d8de138617f13cf
[INFO] [stdout]                                at /rustc/a178d0322ce20e33eac124758e837cbd80a6f633/library/std/src/panicking.rs:541:12
[INFO] [stdout]   14:     0x55c86361e86c - kreta_proxy::requests::requests_integration_test::get_url::he97afc7408507462
[INFO] [stdout]                                at /opt/rustwide/workdir/src/requests.rs:276:26
[INFO] [stdout]   15:     0x55c86361e93e - kreta_proxy::requests::requests_integration_test::get_token::{{closure}}::hd901a6754d52c390
[INFO] [stdout]                                at /opt/rustwide/workdir/src/requests.rs:281:23
[INFO] [stdout]   16:     0x55c863670cf3 - <core::future::from_generator::GenFuture<T> as core::future::future::Future>::poll::h99a46c40aaa2d296
[INFO] [stdout]                                at /rustc/a178d0322ce20e33eac124758e837cbd80a6f633/library/core/src/future/mod.rs:80:19
[INFO] [stdout]   17:     0x55c86361f973 - kreta_proxy::requests::requests_integration_test::test_schedules_v2::{{closure}}::he2b209b421e6d643
[INFO] [stdout]                                at /opt/rustwide/workdir/src/requests.rs:302:13
[INFO] [stdout]   18:     0x55c8636712fb - <core::future::from_generator::GenFuture<T> as core::future::future::Future>::poll::hcfc063d5935ad6dc
[INFO] [stdout]                                at /rustc/a178d0322ce20e33eac124758e837cbd80a6f633/library/core/src/future/mod.rs:80:19
[INFO] [stdout]   19:     0x55c863665550 - tokio::runtime::basic_scheduler::BasicScheduler<P>::block_on::{{closure}}::{{closure}}::h0b23336948aacf76
[INFO] [stdout]                                at /opt/rustwide/cargo-home/registry/src/github.com-1ecc6299db9ec823/tokio-0.2.25/src/runtime/basic_scheduler.rs:131:58
[INFO] [stdout]   20:     0x55c86360fc9c - tokio::coop::with_budget::{{closure}}::h246147b5e2f30eaf
[INFO] [stdout]                                at /opt/rustwide/cargo-home/registry/src/github.com-1ecc6299db9ec823/tokio-0.2.25/src/coop.rs:127:9
[INFO] [stdout]   21:     0x55c8636875c1 - std::thread::local::LocalKey<T>::try_with::hc5cdd8522cc030f4
[INFO] [stdout]                                at /rustc/a178d0322ce20e33eac124758e837cbd80a6f633/library/std/src/thread/local.rs:400:16
[INFO] [stdout]   22:     0x55c86368408d - std::thread::local::LocalKey<T>::with::h73033ad6ba840170
[INFO] [stdout]                                at /rustc/a178d0322ce20e33eac124758e837cbd80a6f633/library/std/src/thread/local.rs:376:9
[INFO] [stdout]   23:     0x55c8636624fb - tokio::coop::with_budget::hebc15b9bc4455529
[INFO] [stdout]                                at /opt/rustwide/cargo-home/registry/src/github.com-1ecc6299db9ec823/tokio-0.2.25/src/coop.rs:120:5
[INFO] [stdout]   24:     0x55c8636624fb - tokio::coop::budget::hc2096b4f97e935ae
[INFO] [stdout]                                at /opt/rustwide/cargo-home/registry/src/github.com-1ecc6299db9ec823/tokio-0.2.25/src/coop.rs:96:5
[INFO] [stdout]   25:     0x55c8636624fb - tokio::runtime::basic_scheduler::BasicScheduler<P>::block_on::{{closure}}::h4e97c0768745f24d
[INFO] [stdout]                                at /opt/rustwide/cargo-home/registry/src/github.com-1ecc6299db9ec823/tokio-0.2.25/src/runtime/basic_scheduler.rs:131:35
[INFO] [stdout]   26:     0x55c863667b11 - tokio::runtime::basic_scheduler::enter::{{closure}}::h16c88cfb2649feb1
[INFO] [stdout]                                at /opt/rustwide/cargo-home/registry/src/github.com-1ecc6299db9ec823/tokio-0.2.25/src/runtime/basic_scheduler.rs:213:29
[INFO] [stdout]   27:     0x55c863615b40 - tokio::macros::scoped_tls::ScopedKey<T>::set::hb722b0fb7a73cb7a
[INFO] [stdout]                                at /opt/rustwide/cargo-home/registry/src/github.com-1ecc6299db9ec823/tokio-0.2.25/src/macros/scoped_tls.rs:63:9
[INFO] [stdout]   28:     0x55c8636668de - tokio::runtime::basic_scheduler::enter::h63d7d517afbf617e
[INFO] [stdout]                                at /opt/rustwide/cargo-home/registry/src/github.com-1ecc6299db9ec823/tokio-0.2.25/src/runtime/basic_scheduler.rs:213:5
[INFO] [stdout]   29:     0x55c863660f80 - tokio::runtime::basic_scheduler::BasicScheduler<P>::block_on::h14e3c8dfd3a18b2b
[INFO] [stdout]                                at /opt/rustwide/cargo-home/registry/src/github.com-1ecc6299db9ec823/tokio-0.2.25/src/runtime/basic_scheduler.rs:123:9
[INFO] [stdout]   30:     0x55c8636686b4 - tokio::runtime::Runtime::block_on::{{closure}}::he8359f346230880b
[INFO] [stdout]                                at /opt/rustwide/cargo-home/registry/src/github.com-1ecc6299db9ec823/tokio-0.2.25/src/runtime/mod.rs:444:34
[INFO] [stdout]   31:     0x55c863611512 - tokio::runtime::context::enter::h43def62dbb6aacdf
[INFO] [stdout]                                at /opt/rustwide/cargo-home/registry/src/github.com-1ecc6299db9ec823/tokio-0.2.25/src/runtime/context.rs:72:5
[INFO] [stdout]   32:     0x55c86361642a - tokio::runtime::handle::Handle::enter::h681410f900ee1a99
[INFO] [stdout]                                at /opt/rustwide/cargo-home/registry/src/github.com-1ecc6299db9ec823/tokio-0.2.25/src/runtime/handle.rs:76:9
[INFO] [stdout]   33:     0x55c863667ffd - tokio::runtime::Runtime::block_on::h92345968abd418de
[INFO] [stdout]                                at /opt/rustwide/cargo-home/registry/src/github.com-1ecc6299db9ec823/tokio-0.2.25/src/runtime/mod.rs:441:9
[INFO] [stdout]   34:     0x55c86361f715 - kreta_proxy::requests::requests_integration_test::test_schedules_v2::had05fcd7db8f59c8
[INFO] [stdout]                                at /opt/rustwide/workdir/src/requests.rs:299:5
[INFO] [stdout]   35:     0x55c86361f62a - kreta_proxy::requests::requests_integration_test::test_schedules_v2::{{closure}}::h86232e4b3951bca1
[INFO] [stdout]                                at /opt/rustwide/workdir/src/requests.rs:299:5
[INFO] [stdout]   36:     0x55c86362596e - core::ops::function::FnOnce::call_once::h39a725779de96c68
[INFO] [stdout]                                at /rustc/a178d0322ce20e33eac124758e837cbd80a6f633/library/core/src/ops/function.rs:227:5
[INFO] [stdout]   37:     0x55c8636b6143 - core::ops::function::FnOnce::call_once::h152e7e439ff59e19
[INFO] [stdout]                                at /rustc/a178d0322ce20e33eac124758e837cbd80a6f633/library/core/src/ops/function.rs:227:5
[INFO] [stdout]   38:     0x55c8636b6143 - test::__rust_begin_short_backtrace::h0908f3b1fdbb72ab
[INFO] [stdout]                                at /rustc/a178d0322ce20e33eac124758e837cbd80a6f633/library/test/src/lib.rs:577:5
[INFO] [stdout]   39:     0x55c8636b4c00 - <alloc::boxed::Box<F,A> as core::ops::function::FnOnce<Args>>::call_once::hf6d2a51e5587546c
[INFO] [stdout]                                at /rustc/a178d0322ce20e33eac124758e837cbd80a6f633/library/alloc/src/boxed.rs:1575:9
[INFO] [stdout]   40:     0x55c8636b4c00 - <std::panic::AssertUnwindSafe<F> as core::ops::function::FnOnce<()>>::call_once::h8af660f3a89ef593
[INFO] [stdout]                                at /rustc/a178d0322ce20e33eac124758e837cbd80a6f633/library/std/src/panic.rs:347:9
[INFO] [stdout]   41:     0x55c8636b4c00 - std::panicking::try::do_call::hd36aef60f84b6d36
[INFO] [stdout]                                at /rustc/a178d0322ce20e33eac124758e837cbd80a6f633/library/std/src/panicking.rs:401:40
[INFO] [stdout]   42:     0x55c8636b4c00 - std::panicking::try::h9932b4480e69817c
[INFO] [stdout]                                at /rustc/a178d0322ce20e33eac124758e837cbd80a6f633/library/std/src/panicking.rs:365:19
[INFO] [stdout]   43:     0x55c8636b4c00 - std::panic::catch_unwind::h6aa177099cfff5f8
[INFO] [stdout]                                at /rustc/a178d0322ce20e33eac124758e837cbd80a6f633/library/std/src/panic.rs:434:14
[INFO] [stdout]   44:     0x55c8636b4c00 - test::run_test_in_process::h5884d6f2d99e20c3
[INFO] [stdout]                                at /rustc/a178d0322ce20e33eac124758e837cbd80a6f633/library/test/src/lib.rs:600:18
[INFO] [stdout]   45:     0x55c8636b4c00 - test::run_test::run_test_inner::{{closure}}::h6fdc58c6d5f5b6e3
[INFO] [stdout]                                at /rustc/a178d0322ce20e33eac124758e837cbd80a6f633/library/test/src/lib.rs:492:39
[INFO] [stdout]   46:     0x55c86368e2b2 - test::run_test::run_test_inner::{{closure}}::h408365d67a78ade8
[INFO] [stdout]                                at /rustc/a178d0322ce20e33eac124758e837cbd80a6f633/library/test/src/lib.rs:519:37
[INFO] [stdout]   47:     0x55c86368e2b2 - std::sys_common::backtrace::__rust_begin_short_backtrace::hb560b77c4f701523
[INFO] [stdout]                                at /rustc/a178d0322ce20e33eac124758e837cbd80a6f633/library/std/src/sys_common/backtrace.rs:125:18
[INFO] [stdout]   48:     0x55c863691e68 - std::thread::Builder::spawn_unchecked::{{closure}}::{{closure}}::hf2e7831dad93c597
[INFO] [stdout]                                at /rustc/a178d0322ce20e33eac124758e837cbd80a6f633/library/std/src/thread/mod.rs:481:17
[INFO] [stdout]   49:     0x55c863691e68 - <std::panic::AssertUnwindSafe<F> as core::ops::function::FnOnce<()>>::call_once::hd2e08783d8be4d02
[INFO] [stdout]                                at /rustc/a178d0322ce20e33eac124758e837cbd80a6f633/library/std/src/panic.rs:347:9
[INFO] [stdout]   50:     0x55c863691e68 - std::panicking::try::do_call::h062597b7acfd6b82
[INFO] [stdout]                                at /rustc/a178d0322ce20e33eac124758e837cbd80a6f633/library/std/src/panicking.rs:401:40
[INFO] [stdout]   51:     0x55c863691e68 - std::panicking::try::h0d7b79db04c14552
[INFO] [stdout]                                at /rustc/a178d0322ce20e33eac124758e837cbd80a6f633/library/std/src/panicking.rs:365:19
[INFO] [stdout]   52:     0x55c863691e68 - std::panic::catch_unwind::hb01a0b5e7c8cd43b
[INFO] [stdout]                                at /rustc/a178d0322ce20e33eac124758e837cbd80a6f633/library/std/src/panic.rs:434:14
[INFO] [stdout]   53:     0x55c863691e68 - std::thread::Builder::spawn_unchecked::{{closure}}::h5bde48cc887e0d1e
[INFO] [stdout]                                at /rustc/a178d0322ce20e33eac124758e837cbd80a6f633/library/std/src/thread/mod.rs:480:30
[INFO] [stdout]   54:     0x55c863691e68 - core::ops::function::FnOnce::call_once{{vtable.shim}}::h745ea30807a29e55
[INFO] [stdout]                                at /rustc/a178d0322ce20e33eac124758e837cbd80a6f633/library/core/src/ops/function.rs:227:5
[INFO] [stdout]   55:     0x55c863b7ae07 - <alloc::boxed::Box<F,A> as core::ops::function::FnOnce<Args>>::call_once::h7ece6cfefaff1005
[INFO] [stdout]                                at /rustc/a178d0322ce20e33eac124758e837cbd80a6f633/library/alloc/src/boxed.rs:1575:9
[INFO] [stdout]   56:     0x55c863b7ae07 - <alloc::boxed::Box<F,A> as core::ops::function::FnOnce<Args>>::call_once::hb8b48e55c21f193e
[INFO] [stdout]                                at /rustc/a178d0322ce20e33eac124758e837cbd80a6f633/library/alloc/src/boxed.rs:1575:9
[INFO] [stdout]   57:     0x55c863b7ae07 - std::sys::unix::thread::Thread::new::thread_start::h8c7c4450dba62914
[INFO] [stdout]                                at /rustc/a178d0322ce20e33eac124758e837cbd80a6f633/library/std/src/sys/unix/thread.rs:71:17
[INFO] [stdout]   58:     0x7fa69d16c609 - start_thread
[INFO] [stdout]   59:     0x7fa69cf3c293 - clone
[INFO] [stdout]   60:                0x0 - <unknown>
[INFO] [stdout] 
[INFO] [stdout] ---- requests::requests_integration_test::test_grades stdout ----
[INFO] [stdout] thread 'requests::requests_integration_test::test_grades' panicked at 'School url not specified!', src/requests.rs:276:26
[INFO] [stdout] stack backtrace:
[INFO] [stdout]    0:     0x55c863b731f0 - std::backtrace_rs::backtrace::libunwind::trace::h34055254b57d8e79
[INFO] [stdout]                                at /rustc/a178d0322ce20e33eac124758e837cbd80a6f633/library/std/src/../../backtrace/src/backtrace/libunwind.rs:90:5
[INFO] [stdout]    1:     0x55c863b731f0 - std::backtrace_rs::backtrace::trace_unsynchronized::h8f1e3fbd9afff6ec
[INFO] [stdout]                                at /rustc/a178d0322ce20e33eac124758e837cbd80a6f633/library/std/src/../../backtrace/src/backtrace/mod.rs:66:5
[INFO] [stdout]    2:     0x55c863b731f0 - std::sys_common::backtrace::_print_fmt::h3a99a796b770c360
[INFO] [stdout]                                at /rustc/a178d0322ce20e33eac124758e837cbd80a6f633/library/std/src/sys_common/backtrace.rs:67:5
[INFO] [stdout]    3:     0x55c863b731f0 - <std::sys_common::backtrace::_print::DisplayBacktrace as core::fmt::Display>::fmt::h32d1f94a80615d18
[INFO] [stdout]                                at /rustc/a178d0322ce20e33eac124758e837cbd80a6f633/library/std/src/sys_common/backtrace.rs:46:22
[INFO] [stdout]    4:     0x55c863b9665c - core::fmt::write::h306731c068f7162c
[INFO] [stdout]                                at /rustc/a178d0322ce20e33eac124758e837cbd80a6f633/library/core/src/fmt/mod.rs:1110:17
[INFO] [stdout]    5:     0x55c863b6cbc5 - std::io::Write::write_fmt::h87f19b0a2cd190bc
[INFO] [stdout]                                at /rustc/a178d0322ce20e33eac124758e837cbd80a6f633/library/std/src/io/mod.rs:1588:15
[INFO] [stdout]    6:     0x55c863b753ab - std::sys_common::backtrace::_print::h5abaa2601a852287
[INFO] [stdout]                                at /rustc/a178d0322ce20e33eac124758e837cbd80a6f633/library/std/src/sys_common/backtrace.rs:49:5
[INFO] [stdout]    7:     0x55c863b753ab - std::sys_common::backtrace::print::h8d81445442bb638f
[INFO] [stdout]                                at /rustc/a178d0322ce20e33eac124758e837cbd80a6f633/library/std/src/sys_common/backtrace.rs:36:9
[INFO] [stdout]    8:     0x55c863b753ab - std::panicking::default_hook::{{closure}}::hcfe804496a9fa747
[INFO] [stdout]                                at /rustc/a178d0322ce20e33eac124758e837cbd80a6f633/library/std/src/panicking.rs:208:50
[INFO] [stdout]    9:     0x55c863b74ebc - std::panicking::default_hook::hbea8e3ccf2ba8901
[INFO] [stdout]                                at /rustc/a178d0322ce20e33eac124758e837cbd80a6f633/library/std/src/panicking.rs:222:9
[INFO] [stdout]   10:     0x55c863b75a74 - std::panicking::rust_panic_with_hook::h7ee9e1a2d0f8975a
[INFO] [stdout]                                at /rustc/a178d0322ce20e33eac124758e837cbd80a6f633/library/std/src/panicking.rs:622:17
[INFO] [stdout]   11:     0x55c86395bac3 - std::panicking::begin_panic::{{closure}}::hd0411ccca8806ffb
[INFO] [stdout]                                at /rustc/a178d0322ce20e33eac124758e837cbd80a6f633/library/std/src/panicking.rs:542:9
[INFO] [stdout]   12:     0x55c86395bc99 - std::sys_common::backtrace::__rust_end_short_backtrace::hd6c9e6e70387a0da
[INFO] [stdout]                                at /rustc/a178d0322ce20e33eac124758e837cbd80a6f633/library/std/src/sys_common/backtrace.rs:141:18
[INFO] [stdout]   13:     0x55c86395b9f9 - std::panicking::begin_panic::h8d8de138617f13cf
[INFO] [stdout]                                at /rustc/a178d0322ce20e33eac124758e837cbd80a6f633/library/std/src/panicking.rs:541:12
[INFO] [stdout]   14:     0x55c86361e86c - kreta_proxy::requests::requests_integration_test::get_url::he97afc7408507462
[INFO] [stdout]                                at /opt/rustwide/workdir/src/requests.rs:276:26
[INFO] [stdout]   15:     0x55c86361e93e - kreta_proxy::requests::requests_integration_test::get_token::{{closure}}::hd901a6754d52c390
[INFO] [stdout]                                at /opt/rustwide/workdir/src/requests.rs:281:23
[INFO] [stdout]   16:     0x55c863670cf3 - <core::future::from_generator::GenFuture<T> as core::future::future::Future>::poll::h99a46c40aaa2d296
[INFO] [stdout]                                at /rustc/a178d0322ce20e33eac124758e837cbd80a6f633/library/core/src/future/mod.rs:80:19
[INFO] [stdout]   17:     0x55c863620193 - kreta_proxy::requests::requests_integration_test::test_grades::{{closure}}::h02b5fed7261b3619
[INFO] [stdout]                                at /opt/rustwide/workdir/src/requests.rs:313:34
[INFO] [stdout]   18:     0x55c86367115b - <core::future::from_generator::GenFuture<T> as core::future::future::Future>::poll::hc98a0b11034baa5e
[INFO] [stdout]                                at /rustc/a178d0322ce20e33eac124758e837cbd80a6f633/library/core/src/future/mod.rs:80:19
[INFO] [stdout]   19:     0x55c8636657f0 - tokio::runtime::basic_scheduler::BasicScheduler<P>::block_on::{{closure}}::{{closure}}::h361eacb6cee590a2
[INFO] [stdout]                                at /opt/rustwide/cargo-home/registry/src/github.com-1ecc6299db9ec823/tokio-0.2.25/src/runtime/basic_scheduler.rs:131:58
[INFO] [stdout]   20:     0x55c86361132c - tokio::coop::with_budget::{{closure}}::hfa7365cfa43af087
[INFO] [stdout]                                at /opt/rustwide/cargo-home/registry/src/github.com-1ecc6299db9ec823/tokio-0.2.25/src/coop.rs:127:9
[INFO] [stdout]   21:     0x55c8636870e1 - std::thread::local::LocalKey<T>::try_with::hb365b41c5c272a68
[INFO] [stdout]                                at /rustc/a178d0322ce20e33eac124758e837cbd80a6f633/library/std/src/thread/local.rs:400:16
[INFO] [stdout]   22:     0x55c863683cfd - std::thread::local::LocalKey<T>::with::h4620d4d7c0cdc843
[INFO] [stdout]                                at /rustc/a178d0322ce20e33eac124758e837cbd80a6f633/library/std/src/thread/local.rs:376:9
[INFO] [stdout]   23:     0x55c863661c8b - tokio::coop::with_budget::h4f6d427556452d85
[INFO] [stdout]                                at /opt/rustwide/cargo-home/registry/src/github.com-1ecc6299db9ec823/tokio-0.2.25/src/coop.rs:120:5
[INFO] [stdout]   24:     0x55c863661c8b - tokio::coop::budget::h53b03063b7797a8f
[INFO] [stdout]                                at /opt/rustwide/cargo-home/registry/src/github.com-1ecc6299db9ec823/tokio-0.2.25/src/coop.rs:96:5
[INFO] [stdout]   25:     0x55c863661c8b - tokio::runtime::basic_scheduler::BasicScheduler<P>::block_on::{{closure}}::h24376bef5d1d1422
[INFO] [stdout]                                at /opt/rustwide/cargo-home/registry/src/github.com-1ecc6299db9ec823/tokio-0.2.25/src/runtime/basic_scheduler.rs:131:35
[INFO] [stdout]   26:     0x55c863667b7f - tokio::runtime::basic_scheduler::enter::{{closure}}::h2844299b67dbbc4f
[INFO] [stdout]                                at /opt/rustwide/cargo-home/registry/src/github.com-1ecc6299db9ec823/tokio-0.2.25/src/runtime/basic_scheduler.rs:213:29
[INFO] [stdout]   27:     0x55c863615d7e - tokio::macros::scoped_tls::ScopedKey<T>::set::hd6df98fd8c6dc3b4
[INFO] [stdout]                                at /opt/rustwide/cargo-home/registry/src/github.com-1ecc6299db9ec823/tokio-0.2.25/src/macros/scoped_tls.rs:63:9
[INFO] [stdout]   28:     0x55c8636676de - tokio::runtime::basic_scheduler::enter::hf5616343d3ead39a
[INFO] [stdout]                                at /opt/rustwide/cargo-home/registry/src/github.com-1ecc6299db9ec823/tokio-0.2.25/src/runtime/basic_scheduler.rs:213:5
[INFO] [stdout]   29:     0x55c863661082 - tokio::runtime::basic_scheduler::BasicScheduler<P>::block_on::h553f8c4f1b38c512
[INFO] [stdout]                                at /opt/rustwide/cargo-home/registry/src/github.com-1ecc6299db9ec823/tokio-0.2.25/src/runtime/basic_scheduler.rs:123:9
[INFO] [stdout]   30:     0x55c863668494 - tokio::runtime::Runtime::block_on::{{closure}}::h9a41ed38db381f92
[INFO] [stdout]                                at /opt/rustwide/cargo-home/registry/src/github.com-1ecc6299db9ec823/tokio-0.2.25/src/runtime/mod.rs:444:34
[INFO] [stdout]   31:     0x55c8636119c2 - tokio::runtime::context::enter::hc97477fea3306166
[INFO] [stdout]                                at /opt/rustwide/cargo-home/registry/src/github.com-1ecc6299db9ec823/tokio-0.2.25/src/runtime/context.rs:72:5
[INFO] [stdout]   32:     0x55c863616648 - tokio::runtime::handle::Handle::enter::hb10b31d1ea9b4a86
[INFO] [stdout]                                at /opt/rustwide/cargo-home/registry/src/github.com-1ecc6299db9ec823/tokio-0.2.25/src/runtime/handle.rs:76:9
[INFO] [stdout]   33:     0x55c863667f3f - tokio::runtime::Runtime::block_on::h5c7a2c8f487a6f4e
[INFO] [stdout]                                at /opt/rustwide/cargo-home/registry/src/github.com-1ecc6299db9ec823/tokio-0.2.25/src/runtime/mod.rs:441:9
[INFO] [stdout]   34:     0x55c86361ff55 - kreta_proxy::requests::requests_integration_test::test_grades::h4c2cee7b76f861fc
[INFO] [stdout]                                at /opt/rustwide/workdir/src/requests.rs:311:5
[INFO] [stdout]   35:     0x55c86361fe6a - kreta_proxy::requests::requests_integration_test::test_grades::{{closure}}::ha28e7c10a4c3f241
[INFO] [stdout]                                at /opt/rustwide/workdir/src/requests.rs:311:5
[INFO] [stdout]   36:     0x55c863625a9e - core::ops::function::FnOnce::call_once::h7e1bda997f1ca68a
[INFO] [stdout]                                at /rustc/a178d0322ce20e33eac124758e837cbd80a6f633/library/core/src/ops/function.rs:227:5
[INFO] [stdout]   37:     0x55c8636b6143 - core::ops::function::FnOnce::call_once::h152e7e439ff59e19
[INFO] [stdout]                                at /rustc/a178d0322ce20e33eac124758e837cbd80a6f633/library/core/src/ops/function.rs:227:5
[INFO] [stdout]   38:     0x55c8636b6143 - test::__rust_begin_short_backtrace::h0908f3b1fdbb72ab
[INFO] [stdout]                                at /rustc/a178d0322ce20e33eac124758e837cbd80a6f633/library/test/src/lib.rs:577:5
[INFO] [stdout]   39:     0x55c8636b4c00 - <alloc::boxed::Box<F,A> as core::ops::function::FnOnce<Args>>::call_once::hf6d2a51e5587546c
[INFO] [stdout]                                at /rustc/a178d0322ce20e33eac124758e837cbd80a6f633/library/alloc/src/boxed.rs:1575:9
[INFO] [stdout]   40:     0x55c8636b4c00 - <std::panic::AssertUnwindSafe<F> as core::ops::function::FnOnce<()>>::call_once::h8af660f3a89ef593
[INFO] [stdout]                                at /rustc/a178d0322ce20e33eac124758e837cbd80a6f633/library/std/src/panic.rs:347:9
[INFO] [stdout]   41:     0x55c8636b4c00 - std::panicking::try::do_call::hd36aef60f84b6d36
[INFO] [stdout]                                at /rustc/a178d0322ce20e33eac124758e837cbd80a6f633/library/std/src/panicking.rs:401:40
[INFO] [stdout]   42:     0x55c8636b4c00 - std::panicking::try::h9932b4480e69817c
[INFO] [stdout]                                at /rustc/a178d0322ce20e33eac124758e837cbd80a6f633/library/std/src/panicking.rs:365:19
[INFO] [stdout]   43:     0x55c8636b4c00 - std::panic::catch_unwind::h6aa177099cfff5f8
[INFO] [stdout]                                at /rustc/a178d0322ce20e33eac124758e837cbd80a6f633/library/std/src/panic.rs:434:14
[INFO] [stdout]   44:     0x55c8636b4c00 - test::run_test_in_process::h5884d6f2d99e20c3
[INFO] [stdout]                                at /rustc/a178d0322ce20e33eac124758e837cbd80a6f633/library/test/src/lib.rs:600:18
[INFO] [stdout]   45:     0x55c8636b4c00 - test::run_test::run_test_inner::{{closure}}::h6fdc58c6d5f5b6e3
[INFO] [stdout]                                at /rustc/a178d0322ce20e33eac124758e837cbd80a6f633/library/test/src/lib.rs:492:39
[INFO] [stdout]   46:     0x55c86368e2b2 - test::run_test::run_test_inner::{{closure}}::h408365d67a78ade8
[INFO] [stdout]                                at /rustc/a178d0322ce20e33eac124758e837cbd80a6f633/library/test/src/lib.rs:519:37
[INFO] [stdout]   47:     0x55c86368e2b2 - std::sys_common::backtrace::__rust_begin_short_backtrace::hb560b77c4f701523
[INFO] [stdout]                                at /rustc/a178d0322ce20e33eac124758e837cbd80a6f633/library/std/src/sys_common/backtrace.rs:125:18
[INFO] [stdout]   48:     0x55c863691e68 - std::thread::Builder::spawn_unchecked::{{closure}}::{{closure}}::hf2e7831dad93c597
[INFO] [stdout]                                at /rustc/a178d0322ce20e33eac124758e837cbd80a6f633/library/std/src/thread/mod.rs:481:17
[INFO] [stdout]   49:     0x55c863691e68 - <std::panic::AssertUnwindSafe<F> as core::ops::function::FnOnce<()>>::call_once::hd2e08783d8be4d02
[INFO] [stdout]                                at /rustc/a178d0322ce20e33eac124758e837cbd80a6f633/library/std/src/panic.rs:347:9
[INFO] [stdout]   50:     0x55c863691e68 - std::panicking::try::do_call::h062597b7acfd6b82
[INFO] [stdout]                                at /rustc/a178d0322ce20e33eac124758e837cbd80a6f633/library/std/src/panicking.rs:401:40
[INFO] [stdout]   51:     0x55c863691e68 - std::panicking::try::h0d7b79db04c14552
[INFO] [stdout]                                at /rustc/a178d0322ce20e33eac124758e837cbd80a6f633/library/std/src/panicking.rs:365:19
[INFO] [stdout]   52:     0x55c863691e68 - std::panic::catch_unwind::hb01a0b5e7c8cd43b
[INFO] [stdout]                                at /rustc/a178d0322ce20e33eac124758e837cbd80a6f633/library/std/src/panic.rs:434:14
[INFO] [stdout]   53:     0x55c863691e68 - std::thread::Builder::spawn_unchecked::{{closure}}::h5bde48cc887e0d1e
[INFO] [stdout]                                at /rustc/a178d0322ce20e33eac124758e837cbd80a6f633/library/std/src/thread/mod.rs:480:30
[INFO] [stdout]   54:     0x55c863691e68 - core::ops::function::FnOnce::call_once{{vtable.shim}}::h745ea30807a29e55
[INFO] [stdout]                                at /rustc/a178d0322ce20e33eac124758e837cbd80a6f633/library/core/src/ops/function.rs:227:5
[INFO] [stdout]   55:     0x55c863b7ae07 - <alloc::boxed::Box<F,A> as core::ops::function::FnOnce<Args>>::call_once::h7ece6cfefaff1005
[INFO] [stdout]                                at /rustc/a178d0322ce20e33eac124758e837cbd80a6f633/library/alloc/src/boxed.rs:1575:9
[INFO] [stdout]   56:     0x55c863b7ae07 - <alloc::boxed::Box<F,A> as core::ops::function::FnOnce<Args>>::call_once::hb8b48e55c21f193e
[INFO] [stdout]                                at /rustc/a178d0322ce20e33eac124758e837cbd80a6f633/library/alloc/src/boxed.rs:1575:9
[INFO] [stdout]   57:     0x55c863b7ae07 - std::sys::unix::thread::Thread::new::thread_start::h8c7c4450dba62914
[INFO] [stdout]                                at /rustc/a178d0322ce20e33eac124758e837cbd80a6f633/library/std/src/sys/unix/thread.rs:71:17
[INFO] [stdout]   58:     0x7fa69d16c609 - start_thread
[INFO] [stdout]   59:     0x7fa69cf3c293 - clone
[INFO] [stdout]   60:                0x0 - <unknown>
[INFO] [stdout] 
[INFO] [stdout] ---- requests::requests_integration_test::test_schedules stdout ----
[INFO] [stdout] thread 'requests::requests_integration_test::test_schedules' panicked at 'School url not specified!', src/requests.rs:276:26
[INFO] [stdout] stack backtrace:
[INFO] [stdout]    0:     0x55c863b731f0 - std::backtrace_rs::backtrace::libunwind::trace::h34055254b57d8e79
[INFO] [stdout]                                at /rustc/a178d0322ce20e33eac124758e837cbd80a6f633/library/std/src/../../backtrace/src/backtrace/libunwind.rs:90:5
[INFO] [stdout]    1:     0x55c863b731f0 - std::backtrace_rs::backtrace::trace_unsynchronized::h8f1e3fbd9afff6ec
[INFO] [stdout]                                at /rustc/a178d0322ce20e33eac124758e837cbd80a6f633/library/std/src/../../backtrace/src/backtrace/mod.rs:66:5
[INFO] [stdout]    2:     0x55c863b731f0 - std::sys_common::backtrace::_print_fmt::h3a99a796b770c360
[INFO] [stdout]                                at /rustc/a178d0322ce20e33eac124758e837cbd80a6f633/library/std/src/sys_common/backtrace.rs:67:5
[INFO] [stdout]    3:     0x55c863b731f0 - <std::sys_common::backtrace::_print::DisplayBacktrace as core::fmt::Display>::fmt::h32d1f94a80615d18
[INFO] [stdout]                                at /rustc/a178d0322ce20e33eac124758e837cbd80a6f633/library/std/src/sys_common/backtrace.rs:46:22
[INFO] [stdout]    4:     0x55c863b9665c - core::fmt::write::h306731c068f7162c
[INFO] [stdout]                                at /rustc/a178d0322ce20e33eac124758e837cbd80a6f633/library/core/src/fmt/mod.rs:1110:17
[INFO] [stdout]    5:     0x55c863b6cbc5 - std::io::Write::write_fmt::h87f19b0a2cd190bc
[INFO] [stdout]                                at /rustc/a178d0322ce20e33eac124758e837cbd80a6f633/library/std/src/io/mod.rs:1588:15
[INFO] [stdout]    6:     0x55c863b753ab - std::sys_common::backtrace::_print::h5abaa2601a852287
[INFO] [stdout]                                at /rustc/a178d0322ce20e33eac124758e837cbd80a6f633/library/std/src/sys_common/backtrace.rs:49:5
[INFO] [stdout]    7:     0x55c863b753ab - std::sys_common::backtrace::print::h8d81445442bb638f
[INFO] [stdout]                                at /rustc/a178d0322ce20e33eac124758e837cbd80a6f633/library/std/src/sys_common/backtrace.rs:36:9
[INFO] [stdout]    8:     0x55c863b753ab - std::panicking::default_hook::{{closure}}::hcfe804496a9fa747
[INFO] [stdout]                                at /rustc/a178d0322ce20e33eac124758e837cbd80a6f633/library/std/src/panicking.rs:208:50
[INFO] [stdout]    9:     0x55c863b74ebc - std::panicking::default_hook::hbea8e3ccf2ba8901
[INFO] [stdout]                                at /rustc/a178d0322ce20e33eac124758e837cbd80a6f633/library/std/src/panicking.rs:222:9
[INFO] [stdout]   10:     0x55c863b75a74 - std::panicking::rust_panic_with_hook::h7ee9e1a2d0f8975a
[INFO] [stdout]                                at /rustc/a178d0322ce20e33eac124758e837cbd80a6f633/library/std/src/panicking.rs:622:17
[INFO] [stdout]   11:     0x55c86395bac3 - std::panicking::begin_panic::{{closure}}::hd0411ccca8806ffb
[INFO] [stdout]                                at /rustc/a178d0322ce20e33eac124758e837cbd80a6f633/library/std/src/panicking.rs:542:9
[INFO] [stdout]   12:     0x55c86395bc99 - std::sys_common::backtrace::__rust_end_short_backtrace::hd6c9e6e70387a0da
[INFO] [stdout]                                at /rustc/a178d0322ce20e33eac124758e837cbd80a6f633/library/std/src/sys_common/backtrace.rs:141:18
[INFO] [stdout]   13:     0x55c86395b9f9 - std::panicking::begin_panic::h8d8de138617f13cf
[INFO] [stdout]                                at /rustc/a178d0322ce20e33eac124758e837cbd80a6f633/library/std/src/panicking.rs:541:12
[INFO] [stdout]   14:     0x55c86361e86c - kreta_proxy::requests::requests_integration_test::get_url::he97afc7408507462
[INFO] [stdout]                                at /opt/rustwide/workdir/src/requests.rs:276:26
[INFO] [stdout]   15:     0x55c86361e93e - kreta_proxy::requests::requests_integration_test::get_token::{{closure}}::hd901a6754d52c390
[INFO] [stdout]                                at /opt/rustwide/workdir/src/requests.rs:281:23
[INFO] [stdout]   16:     0x55c863670cf3 - <core::future::from_generator::GenFuture<T> as core::future::future::Future>::poll::h99a46c40aaa2d296
[INFO] [stdout]                                at /rustc/a178d0322ce20e33eac124758e837cbd80a6f633/library/core/src/future/mod.rs:80:19
[INFO] [stdout]   17:     0x55c86361f133 - kreta_proxy::requests::requests_integration_test::test_schedules::{{closure}}::hee1222c2634ff946
[INFO] [stdout]                                at /opt/rustwide/workdir/src/requests.rs:290:13
[INFO] [stdout]   18:     0x55c86366f91b - <core::future::from_generator::GenFuture<T> as core::future::future::Future>::poll::h2014755aeffddac2
[INFO] [stdout]                                at /rustc/a178d0322ce20e33eac124758e837cbd80a6f633/library/core/src/future/mod.rs:80:19
[INFO] [stdout]   19:     0x55c863665880 - tokio::runtime::basic_scheduler::BasicScheduler<P>::block_on::{{closure}}::{{closure}}::h3dfbc4de192d3f7b
[INFO] [stdout]                                at /opt/rustwide/cargo-home/registry/src/github.com-1ecc6299db9ec823/tokio-0.2.25/src/runtime/basic_scheduler.rs:131:58
[INFO] [stdout]   20:     0x55c8636111fc - tokio::coop::with_budget::{{closure}}::hf9d3856a1eea381d
[INFO] [stdout]                                at /opt/rustwide/cargo-home/registry/src/github.com-1ecc6299db9ec823/tokio-0.2.25/src/coop.rs:127:9
[INFO] [stdout]   21:     0x55c863687211 - std::thread::local::LocalKey<T>::try_with::hb62d8bfcbd5736b4
[INFO] [stdout]                                at /rustc/a178d0322ce20e33eac124758e837cbd80a6f633/library/std/src/thread/local.rs:400:16
[INFO] [stdout]   22:     0x55c8636838dd - std::thread::local::LocalKey<T>::with::h27b371575a3afb47
[INFO] [stdout]                                at /rustc/a178d0322ce20e33eac124758e837cbd80a6f633/library/std/src/thread/local.rs:376:9
[INFO] [stdout]   23:     0x55c863662d5b - tokio::coop::with_budget::hed4a6ba36a07d570
[INFO] [stdout]                                at /opt/rustwide/cargo-home/registry/src/github.com-1ecc6299db9ec823/tokio-0.2.25/src/coop.rs:120:5
[INFO] [stdout]   24:     0x55c863662d5b - tokio::coop::budget::h32524680402a92a3
[INFO] [stdout]                                at /opt/rustwide/cargo-home/registry/src/github.com-1ecc6299db9ec823/tokio-0.2.25/src/coop.rs:96:5
[INFO] [stdout]   25:     0x55c863662d5b - tokio::runtime::basic_scheduler::BasicScheduler<P>::block_on::{{closure}}::h7919dbb091c37ed7
[INFO] [stdout]                                at /opt/rustwide/cargo-home/registry/src/github.com-1ecc6299db9ec823/tokio-0.2.25/src/runtime/basic_scheduler.rs:131:35
[INFO] [stdout]   26:     0x55c863667e21 - tokio::runtime::basic_scheduler::enter::{{closure}}::hef86cc0258348367
[INFO] [stdout]                                at /opt/rustwide/cargo-home/registry/src/github.com-1ecc6299db9ec823/tokio-0.2.25/src/runtime/basic_scheduler.rs:213:29
[INFO] [stdout]   27:     0x55c8636156c0 - tokio::macros::scoped_tls::ScopedKey<T>::set::h3a2db961bc7c0d8d
[INFO] [stdout]                                at /opt/rustwide/cargo-home/registry/src/github.com-1ecc6299db9ec823/tokio-0.2.25/src/macros/scoped_tls.rs:63:9
[INFO] [stdout]   28:     0x55c863667a5e - tokio::runtime::basic_scheduler::enter::hfdbfce2a110ce590
[INFO] [stdout]                                at /opt/rustwide/cargo-home/registry/src/github.com-1ecc6299db9ec823/tokio-0.2.25/src/runtime/basic_scheduler.rs:213:5
[INFO] [stdout]   29:     0x55c863661140 - tokio::runtime::basic_scheduler::BasicScheduler<P>::block_on::h7a1d16c7febdd9e1
[INFO] [stdout]                                at /opt/rustwide/cargo-home/registry/src/github.com-1ecc6299db9ec823/tokio-0.2.25/src/runtime/basic_scheduler.rs:123:9
[INFO] [stdout]   30:     0x55c8636681d4 - tokio::runtime::Runtime::block_on::{{closure}}::h09cfd19ddb2c6ecb
[INFO] [stdout]                                at /opt/rustwide/cargo-home/registry/src/github.com-1ecc6299db9ec823/tokio-0.2.25/src/runtime/mod.rs:444:34
[INFO] [stdout]   31:     0x55c863611ab2 - tokio::runtime::context::enter::hd1ee03becc46f02f
[INFO] [stdout]                                at /opt/rustwide/cargo-home/registry/src/github.com-1ecc6299db9ec823/tokio-0.2.25/src/runtime/context.rs:72:5
[INFO] [stdout]   32:     0x55c86361620a - tokio::runtime::handle::Handle::enter::h3fc3526de4a0b5ba
[INFO] [stdout]                                at /opt/rustwide/cargo-home/registry/src/github.com-1ecc6299db9ec823/tokio-0.2.25/src/runtime/handle.rs:76:9
[INFO] [stdout]   33:     0x55c863667edd - tokio::runtime::Runtime::block_on::h4036622890ebcb62
[INFO] [stdout]                                at /opt/rustwide/cargo-home/registry/src/github.com-1ecc6299db9ec823/tokio-0.2.25/src/runtime/mod.rs:441:9
[INFO] [stdout]   34:     0x55c86361eed5 - kreta_proxy::requests::requests_integration_test::test_schedules::h985748e01d28390e
[INFO] [stdout]                                at /opt/rustwide/workdir/src/requests.rs:287:5
[INFO] [stdout]   35:     0x55c86361edea - kreta_proxy::requests::requests_integration_test::test_schedules::{{closure}}::h5bd4ab495c6d14f6
[INFO] [stdout]                                at /opt/rustwide/workdir/src/requests.rs:287:5
[INFO] [stdout]   36:     0x55c86362583e - core::ops::function::FnOnce::call_once::h1fc8e37cc0829a24
[INFO] [stdout]                                at /rustc/a178d0322ce20e33eac124758e837cbd80a6f633/library/core/src/ops/function.rs:227:5
[INFO] [stdout]   37:     0x55c8636b6143 - core::ops::function::FnOnce::call_once::h152e7e439ff59e19
[INFO] [stdout]                                at /rustc/a178d0322ce20e33eac124758e837cbd80a6f633/library/core/src/ops/function.rs:227:5
[INFO] [stdout]   38:     0x55c8636b6143 - test::__rust_begin_short_backtrace::h0908f3b1fdbb72ab
[INFO] [stdout]                                at /rustc/a178d0322ce20e33eac124758e837cbd80a6f633/library/test/src/lib.rs:577:5
[INFO] [stdout]   39:     0x55c8636b4c00 - <alloc::boxed::Box<F,A> as core::ops::function::FnOnce<Args>>::call_once::hf6d2a51e5587546c
[INFO] [stdout]                                at /rustc/a178d0322ce20e33eac124758e837cbd80a6f633/library/alloc/src/boxed.rs:1575:9
[INFO] [stdout]   40:     0x55c8636b4c00 - <std::panic::AssertUnwindSafe<F> as core::ops::function::FnOnce<()>>::call_once::h8af660f3a89ef593
[INFO] [stdout]                                at /rustc/a178d0322ce20e33eac124758e837cbd80a6f633/library/std/src/panic.rs:347:9
[INFO] [stdout]   41:     0x55c8636b4c00 - std::panicking::try::do_call::hd36aef60f84b6d36
[INFO] [stdout]                                at /rustc/a178d0322ce20e33eac124758e837cbd80a6f633/library/std/src/panicking.rs:401:40
[INFO] [stdout]   42:     0x55c8636b4c00 - std::panicking::try::h9932b4480e69817c
[INFO] [stdout]                                at /rustc/a178d0322ce20e33eac124758e837cbd80a6f633/library/std/src/panicking.rs:365:19
[INFO] [stdout]   43:     0x55c8636b4c00 - std::panic::catch_unwind::h6aa177099cfff5f8
[INFO] [stdout]                                at /rustc/a178d0322ce20e33eac124758e837cbd80a6f633/library/std/src/panic.rs:434:14
[INFO] [stdout]   44:     0x55c8636b4c00 - test::run_test_in_process::h5884d6f2d99e20c3
[INFO] [stdout]                                at /rustc/a178d0322ce20e33eac124758e837cbd80a6f633/library/test/src/lib.rs:600:18
[INFO] [stdout]   45:     0x55c8636b4c00 - test::run_test::run_test_inner::{{closure}}::h6fdc58c6d5f5b6e3
[INFO] [stdout]                                at /rustc/a178d0322ce20e33eac124758e837cbd80a6f633/library/test/src/lib.rs:492:39
[INFO] [stdout]   46:     0x55c86368e2b2 - test::run_test::run_test_inner::{{closure}}::h408365d67a78ade8
[INFO] [stdout]                                at /rustc/a178d0322ce20e33eac124758e837cbd80a6f633/library/test/src/lib.rs:519:37
[INFO] [stdout]   47:     0x55c86368e2b2 - std::sys_common::backtrace::__rust_begin_short_backtrace::hb560b77c4f701523
[INFO] [stdout]                                at /rustc/a178d0322ce20e33eac124758e837cbd80a6f633/library/std/src/sys_common/backtrace.rs:125:18
[INFO] [stdout]   48:     0x55c863691e68 - std::thread::Builder::spawn_unchecked::{{closure}}::{{closure}}::hf2e7831dad93c597
[INFO] [stdout]                                at /rustc/a178d0322ce20e33eac124758e837cbd80a6f633/library/std/src/thread/mod.rs:481:17
[INFO] [stdout]   49:     0x55c863691e68 - <std::panic::AssertUnwindSafe<F> as core::ops::function::FnOnce<()>>::call_once::hd2e08783d8be4d02
[INFO] [stdout]                                at /rustc/a178d0322ce20e33eac124758e837cbd80a6f633/library/std/src/panic.rs:347:9
[INFO] [stdout]   50:     0x55c863691e68 - std::panicking::try::do_call::h062597b7acfd6b82
[INFO] [stdout]                                at /rustc/a178d0322ce20e33eac124758e837cbd80a6f633/library/std/src/panicking.rs:401:40
[INFO] [stdout]   51:     0x55c863691e68 - std::panicking::try::h0d7b79db04c14552
[INFO] [stdout]                                at /rustc/a178d0322ce20e33eac124758e837cbd80a6f633/library/std/src/panicking.rs:365:19
[INFO] [stdout]   52:     0x55c863691e68 - std::panic::catch_unwind::hb01a0b5e7c8cd43b
[INFO] [stdout]                                at /rustc/a178d0322ce20e33eac124758e837cbd80a6f633/library/std/src/panic.rs:434:14
[INFO] [stdout]   53:     0x55c863691e68 - std::thread::Builder::spawn_unchecked::{{closure}}::h5bde48cc887e0d1e
[INFO] [stdout]                                at /rustc/a178d0322ce20e33eac124758e837cbd80a6f633/library/std/src/thread/mod.rs:480:30
[INFO] [stdout]   54:     0x55c863691e68 - core::ops::function::FnOnce::call_once{{vtable.shim}}::h745ea30807a29e55
[INFO] [stdout]                                at /rustc/a178d0322ce20e33eac124758e837cbd80a6f633/library/core/src/ops/function.rs:227:5
[INFO] [stdout]   55:     0x55c863b7ae07 - <alloc::boxed::Box<F,A> as core::ops::function::FnOnce<Args>>::call_once::h7ece6cfefaff1005
[INFO] [stdout]                                at /rustc/a178d0322ce20e33eac124758e837cbd80a6f633/library/alloc/src/boxed.rs:1575:9
[INFO] [stdout]   56:     0x55c863b7ae07 - <alloc::boxed::Box<F,A> as core::ops::function::FnOnce<Args>>::call_once::hb8b48e55c21f193e
[INFO] [stdout]                                at /rustc/a178d0322ce20e33eac124758e837cbd80a6f633/library/alloc/src/boxed.rs:1575:9
[INFO] [stdout]   57:     0x55c863b7ae07 - std::sys::unix::thread::Thread::new::thread_start::h8c7c4450dba62914
[INFO] [stdout]                                at /rustc/a178d0322ce20e33eac124758e837cbd80a6f633/library/std/src/sys/unix/thread.rs:71:17
[INFO] [stdout]   58:     0x7fa69d16c609 - start_thread
[INFO] [stdout]   59:     0x7fa69cf3c293 - clone
[INFO] [stdout]   60:                0x0 - <unknown>
[INFO] [stdout] 
[INFO] [stdout] ---- requests::requests_integration_test::test_tasks stdout ----
[INFO] [stdout] thread 'requests::requests_integration_test::test_tasks' panicked at 'School url not specified!', src/requests.rs:276:26
[INFO] [stdout] stack backtrace:
[INFO] [stdout]    0:     0x55c863b731f0 - std::backtrace_rs::backtrace::libunwind::trace::h34055254b57d8e79
[INFO] [stdout]                                at /rustc/a178d0322ce20e33eac124758e837cbd80a6f633/library/std/src/../../backtrace/src/backtrace/libunwind.rs:90:5
[INFO] [stdout]    1:     0x55c863b731f0 - std::backtrace_rs::backtrace::trace_unsynchronized::h8f1e3fbd9afff6ec
[INFO] [stdout]                                at /rustc/a178d0322ce20e33eac124758e837cbd80a6f633/library/std/src/../../backtrace/src/backtrace/mod.rs:66:5
[INFO] [stdout]    2:     0x55c863b731f0 - std::sys_common::backtrace::_print_fmt::h3a99a796b770c360
[INFO] [stdout]                                at /rustc/a178d0322ce20e33eac124758e837cbd80a6f633/library/std/src/sys_common/backtrace.rs:67:5
[INFO] [stdout]    3:     0x55c863b731f0 - <std::sys_common::backtrace::_print::DisplayBacktrace as core::fmt::Display>::fmt::h32d1f94a80615d18
[INFO] [stdout]                                at /rustc/a178d0322ce20e33eac124758e837cbd80a6f633/library/std/src/sys_common/backtrace.rs:46:22
[INFO] [stdout]    4:     0x55c863b9665c - core::fmt::write::h306731c068f7162c
[INFO] [stdout]                                at /rustc/a178d0322ce20e33eac124758e837cbd80a6f633/library/core/src/fmt/mod.rs:1110:17
[INFO] [stdout]    5:     0x55c863b6cbc5 - std::io::Write::write_fmt::h87f19b0a2cd190bc
[INFO] [stdout]                                at /rustc/a178d0322ce20e33eac124758e837cbd80a6f633/library/std/src/io/mod.rs:1588:15
[INFO] [stdout]    6:     0x55c863b753ab - std::sys_common::backtrace::_print::h5abaa2601a852287
[INFO] [stdout]                                at /rustc/a178d0322ce20e33eac124758e837cbd80a6f633/library/std/src/sys_common/backtrace.rs:49:5
[INFO] [stdout]    7:     0x55c863b753ab - std::sys_common::backtrace::print::h8d81445442bb638f
[INFO] [stdout]                                at /rustc/a178d0322ce20e33eac124758e837cbd80a6f633/library/std/src/sys_common/backtrace.rs:36:9
[INFO] [stdout]    8:     0x55c863b753ab - std::panicking::default_hook::{{closure}}::hcfe804496a9fa747
[INFO] [stdout]                                at /rustc/a178d0322ce20e33eac124758e837cbd80a6f633/library/std/src/panicking.rs:208:50
[INFO] [stdout]    9:     0x55c863b74ebc - std::panicking::default_hook::hbea8e3ccf2ba8901
[INFO] [stdout]                                at /rustc/a178d0322ce20e33eac124758e837cbd80a6f633/library/std/src/panicking.rs:222:9
[INFO] [stdout]   10:     0x55c863b75a74 - std::panicking::rust_panic_with_hook::h7ee9e1a2d0f8975a
[INFO] [stdout]                                at /rustc/a178d0322ce20e33eac124758e837cbd80a6f633/library/std/src/panicking.rs:622:17
[INFO] [stdout]   11:     0x55c86395bac3 - std::panicking::begin_panic::{{closure}}::hd0411ccca8806ffb
[INFO] [stdout]                                at /rustc/a178d0322ce20e33eac124758e837cbd80a6f633/library/std/src/panicking.rs:542:9
[INFO] [stdout]   12:     0x55c86395bc99 - std::sys_common::backtrace::__rust_end_short_backtrace::hd6c9e6e70387a0da
[INFO] [stdout]                                at /rustc/a178d0322ce20e33eac124758e837cbd80a6f633/library/std/src/sys_common/backtrace.rs:141:18
[INFO] [stdout]   13:     0x55c86395b9f9 - std::panicking::begin_panic::h8d8de138617f13cf
[INFO] [stdout]                                at /rustc/a178d0322ce20e33eac124758e837cbd80a6f633/library/std/src/panicking.rs:541:12
[INFO] [stdout]   14:     0x55c86361e86c - kreta_proxy::requests::requests_integration_test::get_url::he97afc7408507462
[INFO] [stdout]                                at /opt/rustwide/workdir/src/requests.rs:276:26
[INFO] [stdout]   15:     0x55c86361e93e - kreta_proxy::requests::requests_integration_test::get_token::{{closure}}::hd901a6754d52c390
[INFO] [stdout]                                at /opt/rustwide/workdir/src/requests.rs:281:23
[INFO] [stdout]   16:     0x55c863670cf3 - <core::future::from_generator::GenFuture<T> as core::future::future::Future>::poll::h99a46c40aaa2d296
[INFO] [stdout]                                at /rustc/a178d0322ce20e33eac124758e837cbd80a6f633/library/core/src/future/mod.rs:80:19
[INFO] [stdout]   17:     0x55c863620e49 - kreta_proxy::requests::requests_integration_test::test_tasks::{{closure}}::h52c600f3beb6e689
[INFO] [stdout]                                at /opt/rustwide/workdir/src/requests.rs:325:32
[INFO] [stdout]   18:     0x55c8636704cb - <core::future::from_generator::GenFuture<T> as core::future::future::Future>::poll::h7521b39aa56b6cdf
[INFO] [stdout]                                at /rustc/a178d0322ce20e33eac124758e837cbd80a6f633/library/core/src/future/mod.rs:80:19
[INFO] [stdout]   19:     0x55c8636654f0 - tokio::runtime::basic_scheduler::BasicScheduler<P>::block_on::{{closure}}::{{closure}}::h08b746b02706aa6d
[INFO] [stdout]                                at /opt/rustwide/cargo-home/registry/src/github.com-1ecc6299db9ec823/tokio-0.2.25/src/runtime/basic_scheduler.rs:131:58
[INFO] [stdout]   20:     0x55c863610adc - tokio::coop::with_budget::{{closure}}::h6f463754e6e16227
[INFO] [stdout]                                at /opt/rustwide/cargo-home/registry/src/github.com-1ecc6299db9ec823/tokio-0.2.25/src/coop.rs:127:9
[INFO] [stdout]   21:     0x55c8636876f1 - std::thread::local::LocalKey<T>::try_with::hd16700321f1c1884
[INFO] [stdout]                                at /rustc/a178d0322ce20e33eac124758e837cbd80a6f633/library/std/src/thread/local.rs:400:16
[INFO] [stdout]   22:     0x55c8636839bd - std::thread::local::LocalKey<T>::with::h2b0c7e2861eda633
[INFO] [stdout]                                at /rustc/a178d0322ce20e33eac124758e837cbd80a6f633/library/std/src/thread/local.rs:376:9
[INFO] [stdout]   23:     0x55c86366141b - tokio::coop::with_budget::h731c1a15b8f0aa18
[INFO] [stdout]                                at /opt/rustwide/cargo-home/registry/src/github.com-1ecc6299db9ec823/tokio-0.2.25/src/coop.rs:120:5
[INFO] [stdout]   24:     0x55c86366141b - tokio::coop::budget::h891fffc77fec106a
[INFO] [stdout]                                at /opt/rustwide/cargo-home/registry/src/github.com-1ecc6299db9ec823/tokio-0.2.25/src/coop.rs:96:5
[INFO] [stdout]   25:     0x55c86366141b - tokio::runtime::basic_scheduler::BasicScheduler<P>::block_on::{{closure}}::h04e4a7356fc2fc4c
[INFO] [stdout]                                at /opt/rustwide/cargo-home/registry/src/github.com-1ecc6299db9ec823/tokio-0.2.25/src/runtime/basic_scheduler.rs:131:35
[INFO] [stdout]   26:     0x55c863667daf - tokio::runtime::basic_scheduler::enter::{{closure}}::hd88aa72429a02ef7
[INFO] [stdout]                                at /opt/rustwide/cargo-home/registry/src/github.com-1ecc6299db9ec823/tokio-0.2.25/src/runtime/basic_scheduler.rs:213:29
[INFO] [stdout]   27:     0x55c863615c5e - tokio::macros::scoped_tls::ScopedKey<T>::set::hcc06f03fba3ca8dd
[INFO] [stdout]                                at /opt/rustwide/cargo-home/registry/src/github.com-1ecc6299db9ec823/tokio-0.2.25/src/macros/scoped_tls.rs:63:9
[INFO] [stdout]   28:     0x55c86366735e - tokio::runtime::basic_scheduler::enter::ha31ee19d366b3bfb
[INFO] [stdout]                                at /opt/rustwide/cargo-home/registry/src/github.com-1ecc6299db9ec823/tokio-0.2.25/src/runtime/basic_scheduler.rs:213:5
[INFO] [stdout]   29:     0x55c863660fc2 - tokio::runtime::basic_scheduler::BasicScheduler<P>::block_on::h195b82f65bf7ffeb
[INFO] [stdout]                                at /opt/rustwide/cargo-home/registry/src/github.com-1ecc6299db9ec823/tokio-0.2.25/src/runtime/basic_scheduler.rs:123:9
[INFO] [stdout]   30:     0x55c863668284 - tokio::runtime::Runtime::block_on::{{closure}}::h37283e68583b7261
[INFO] [stdout]                                at /opt/rustwide/cargo-home/registry/src/github.com-1ecc6299db9ec823/tokio-0.2.25/src/runtime/mod.rs:444:34
[INFO] [stdout]   31:     0x55c863611602 - tokio::runtime::context::enter::h7108ed9a2467dca5
[INFO] [stdout]                                at /opt/rustwide/cargo-home/registry/src/github.com-1ecc6299db9ec823/tokio-0.2.25/src/runtime/context.rs:72:5
[INFO] [stdout]   32:     0x55c863616378 - tokio::runtime::handle::Handle::enter::h614b1ae39cd3ce54
[INFO] [stdout]                                at /opt/rustwide/cargo-home/registry/src/github.com-1ecc6299db9ec823/tokio-0.2.25/src/runtime/handle.rs:76:9
[INFO] [stdout]   33:     0x55c86366811f - tokio::runtime::Runtime::block_on::hef4044b474b46064
[INFO] [stdout]                                at /opt/rustwide/cargo-home/registry/src/github.com-1ecc6299db9ec823/tokio-0.2.25/src/runtime/mod.rs:441:9
[INFO] [stdout]   34:     0x55c863620c05 - kreta_proxy::requests::requests_integration_test::test_tasks::h7628f02bcfa3162c
[INFO] [stdout]                                at /opt/rustwide/workdir/src/requests.rs:323:5
[INFO] [stdout]   35:     0x55c863620b1a - kreta_proxy::requests::requests_integration_test::test_tasks::{{closure}}::h677c5c646acc190f
[INFO] [stdout]                                at /opt/rustwide/workdir/src/requests.rs:323:5
[INFO] [stdout]   36:     0x55c863625bce - core::ops::function::FnOnce::call_once::ha6f1c30bafcc29b8
[INFO] [stdout]                                at /rustc/a178d0322ce20e33eac124758e837cbd80a6f633/library/core/src/ops/function.rs:227:5
[INFO] [stdout]   37:     0x55c8636b6143 - core::ops::function::FnOnce::call_once::h152e7e439ff59e19
[INFO] [stdout]                                at /rustc/a178d0322ce20e33eac124758e837cbd80a6f633/library/core/src/ops/function.rs:227:5
[INFO] [stdout]   38:     0x55c8636b6143 - test::__rust_begin_short_backtrace::h0908f3b1fdbb72ab
[INFO] [stdout]                                at /rustc/a178d0322ce20e33eac124758e837cbd80a6f633/library/test/src/lib.rs:577:5
[INFO] [stdout]   39:     0x55c8636b4c00 - <alloc::boxed::Box<F,A> as core::ops::function::FnOnce<Args>>::call_once::hf6d2a51e5587546c
[INFO] [stdout]                                at /rustc/a178d0322ce20e33eac124758e837cbd80a6f633/library/alloc/src/boxed.rs:1575:9
[INFO] [stdout]   40:     0x55c8636b4c00 - <std::panic::AssertUnwindSafe<F> as core::ops::function::FnOnce<()>>::call_once::h8af660f3a89ef593
[INFO] [stdout]                                at /rustc/a178d0322ce20e33eac124758e837cbd80a6f633/library/std/src/panic.rs:347:9
[INFO] [stdout]   41:     0x55c8636b4c00 - std::panicking::try::do_call::hd36aef60f84b6d36
[INFO] [stdout]                                at /rustc/a178d0322ce20e33eac124758e837cbd80a6f633/library/std/src/panicking.rs:401:40
[INFO] [stdout]   42:     0x55c8636b4c00 - std::panicking::try::h9932b4480e69817c
[INFO] [stdout]                                at /rustc/a178d0322ce20e33eac124758e837cbd80a6f633/library/std/src/panicking.rs:365:19
[INFO] [stdout]   43:     0x55c8636b4c00 - std::panic::catch_unwind::h6aa177099cfff5f8
[INFO] [stdout]                                at /rustc/a178d0322ce20e33eac124758e837cbd80a6f633/library/std/src/panic.rs:434:14
[INFO] [stdout]   44:     0x55c8636b4c00 - test::run_test_in_process::h5884d6f2d99e20c3
[INFO] [stdout]                                at /rustc/a178d0322ce20e33eac124758e837cbd80a6f633/library/test/src/lib.rs:600:18
[INFO] [stdout]   45:     0x55c8636b4c00 - test::run_test::run_test_inner::{{closure}}::h6fdc58c6d5f5b6e3
[INFO] [stdout]                                at /rustc/a178d0322ce20e33eac124758e837cbd80a6f633/library/test/src/lib.rs:492:39
[INFO] [stdout]   46:     0x55c86368e2b2 - test::run_test::run_test_inner::{{closure}}::h408365d67a78ade8
[INFO] [stdout]                                at /rustc/a178d0322ce20e33eac124758e837cbd80a6f633/library/test/src/lib.rs:519:37
[INFO] [stdout]   47:     0x55c86368e2b2 - std::sys_common::backtrace::__rust_begin_short_backtrace::hb560b77c4f701523
[INFO] [stdout]                                at /rustc/a178d0322ce20e33eac124758e837cbd80a6f633/library/std/src/sys_common/backtrace.rs:125:18
[INFO] [stdout]   48:     0x55c863691e68 - std::thread::Builder::spawn_unchecked::{{closure}}::{{closure}}::hf2e7831dad93c597
[INFO] [stdout]                                at /rustc/a178d0322ce20e33eac124758e837cbd80a6f633/library/std/src/thread/mod.rs:481:17
[INFO] [stdout]   49:     0x55c863691e68 - <std::panic::AssertUnwindSafe<F> as core::ops::function::FnOnce<()>>::call_once::hd2e08783d8be4d02
[INFO] [stdout]                                at /rustc/a178d0322ce20e33eac124758e837cbd80a6f633/library/std/src/panic.rs:347:9
[INFO] [stdout]   50:     0x55c863691e68 - std::panicking::try::do_call::h062597b7acfd6b82
[INFO] [stdout]                                at /rustc/a178d0322ce20e33eac124758e837cbd80a6f633/library/std/src/panicking.rs:401:40
[INFO] [stdout]   51:     0x55c863691e68 - std::panicking::try::h0d7b79db04c14552
[INFO] [stdout]                                at /rustc/a178d0322ce20e33eac124758e837cbd80a6f633/library/std/src/panicking.rs:365:19
[INFO] [stdout]   52:     0x55c863691e68 - std::panic::catch_unwind::hb01a0b5e7c8cd43b
[INFO] [stdout]                                at /rustc/a178d0322ce20e33eac124758e837cbd80a6f633/library/std/src/panic.rs:434:14
[INFO] [stdout]   53:     0x55c863691e68 - std::thread::Builder::spawn_unchecked::{{closure}}::h5bde48cc887e0d1e
[INFO] [stdout]                                at /rustc/a178d0322ce20e33eac124758e837cbd80a6f633/library/std/src/thread/mod.rs:480:30
[INFO] [stdout]   54:     0x55c863691e68 - core::ops::function::FnOnce::call_once{{vtable.shim}}::h745ea30807a29e55
[INFO] [stdout]                                at /rustc/a178d0322ce20e33eac124758e837cbd80a6f633/library/core/src/ops/function.rs:227:5
[INFO] [stdout]   55:     0x55c863b7ae07 - <alloc::boxed::Box<F,A> as core::ops::function::FnOnce<Args>>::call_once::h7ece6cfefaff1005
[INFO] [stdout]                                at /rustc/a178d0322ce20e33eac124758e837cbd80a6f633/library/alloc/src/boxed.rs:1575:9
[INFO] [stdout]   56:     0x55c863b7ae07 - <alloc::boxed::Box<F,A> as core::ops::function::FnOnce<Args>>::call_once::hb8b48e55c21f193e
[INFO] [stdout]                                at /rustc/a178d0322ce20e33eac124758e837cbd80a6f633/library/alloc/src/boxed.rs:1575:9
[INFO] [stdout]   57:     0x55c863b7ae07 - std::sys::unix::thread::Thread::new::thread_start::h8c7c4450dba62914
[INFO] [stdout]                                at /rustc/a178d0322ce20e33eac124758e837cbd80a6f633/library/std/src/sys/unix/thread.rs:71:17
[INFO] [stdout]   58:     0x7fa69d16c609 - start_thread
[INFO] [stdout]   59:     0x7fa69cf3c293 - clone
[INFO] [stdout]   60:                0x0 - <unknown>
[INFO] [stdout] 
[INFO] [stdout] ---- requests::requests_integration_test::test_homework stdout ----
[INFO] [stdout] thread 'requests::requests_integration_test::test_homework' panicked at 'School url not specified!', src/requests.rs:276:26
[INFO] [stdout] stack backtrace:
[INFO] [stdout]    0:     0x55c863b731f0 - std::backtrace_rs::backtrace::libunwind::trace::h34055254b57d8e79
[INFO] [stdout]                                at /rustc/a178d0322ce20e33eac124758e837cbd80a6f633/library/std/src/../../backtrace/src/backtrace/libunwind.rs:90:5
[INFO] [stdout]    1:     0x55c863b731f0 - std::backtrace_rs::backtrace::trace_unsynchronized::h8f1e3fbd9afff6ec
[INFO] [stdout]                                at /rustc/a178d0322ce20e33eac124758e837cbd80a6f633/library/std/src/../../backtrace/src/backtrace/mod.rs:66:5
[INFO] [stdout]    2:     0x55c863b731f0 - std::sys_common::backtrace::_print_fmt::h3a99a796b770c360
[INFO] [stdout]                                at /rustc/a178d0322ce20e33eac124758e837cbd80a6f633/library/std/src/sys_common/backtrace.rs:67:5
[INFO] [stdout]    3:     0x55c863b731f0 - <std::sys_common::backtrace::_print::DisplayBacktrace as core::fmt::Display>::fmt::h32d1f94a80615d18
[INFO] [stdout]                                at /rustc/a178d0322ce20e33eac124758e837cbd80a6f633/library/std/src/sys_common/backtrace.rs:46:22
[INFO] [stdout]    4:     0x55c863b9665c - core::fmt::write::h306731c068f7162c
[INFO] [stdout]                                at /rustc/a178d0322ce20e33eac124758e837cbd80a6f633/library/core/src/fmt/mod.rs:1110:17
[INFO] [stdout]    5:     0x55c863b6cbc5 - std::io::Write::write_fmt::h87f19b0a2cd190bc
[INFO] [stdout]                                at /rustc/a178d0322ce20e33eac124758e837cbd80a6f633/library/std/src/io/mod.rs:1588:15
[INFO] [stdout]    6:     0x55c863b753ab - std::sys_common::backtrace::_print::h5abaa2601a852287
[INFO] [stdout]                                at /rustc/a178d0322ce20e33eac124758e837cbd80a6f633/library/std/src/sys_common/backtrace.rs:49:5
[INFO] [stdout]    7:     0x55c863b753ab - std::sys_common::backtrace::print::h8d81445442bb638f
[INFO] [stdout]                                at /rustc/a178d0322ce20e33eac124758e837cbd80a6f633/library/std/src/sys_common/backtrace.rs:36:9
[INFO] [stdout]    8:     0x55c863b753ab - std::panicking::default_hook::{{closure}}::hcfe804496a9fa747
[INFO] [stdout]                                at /rustc/a178d0322ce20e33eac124758e837cbd80a6f633/library/std/src/panicking.rs:208:50
[INFO] [stdout]    9:     0x55c863b74ebc - std::panicking::default_hook::hbea8e3ccf2ba8901
[INFO] [stdout]                                at /rustc/a178d0322ce20e33eac124758e837cbd80a6f633/library/std/src/panicking.rs:222:9
[INFO] [stdout]   10:     0x55c863b75a74 - std::panicking::rust_panic_with_hook::h7ee9e1a2d0f8975a
[INFO] [stdout]                                at /rustc/a178d0322ce20e33eac124758e837cbd80a6f633/library/std/src/panicking.rs:622:17
[INFO] [stdout]   11:     0x55c86395bac3 - std::panicking::begin_panic::{{closure}}::hd0411ccca8806ffb
[INFO] [stdout]                                at /rustc/a178d0322ce20e33eac124758e837cbd80a6f633/library/std/src/panicking.rs:542:9
[INFO] [stdout]   12:     0x55c86395bc99 - std::sys_common::backtrace::__rust_end_short_backtrace::hd6c9e6e70387a0da
[INFO] [stdout]                                at /rustc/a178d0322ce20e33eac124758e837cbd80a6f633/library/std/src/sys_common/backtrace.rs:141:18
[INFO] [stdout]   13:     0x55c86395b9f9 - std::panicking::begin_panic::h8d8de138617f13cf
[INFO] [stdout]                                at /rustc/a178d0322ce20e33eac124758e837cbd80a6f633/library/std/src/panicking.rs:541:12
[INFO] [stdout]   14:     0x55c86361e86c - kreta_proxy::requests::requests_integration_test::get_url::he97afc7408507462
[INFO] [stdout]                                at /opt/rustwide/workdir/src/requests.rs:276:26
[INFO] [stdout]   15:     0x55c86361e93e - kreta_proxy::requests::requests_integration_test::get_token::{{closure}}::hd901a6754d52c390
[INFO] [stdout]                                at /opt/rustwide/workdir/src/requests.rs:281:23
[INFO] [stdout]   16:     0x55c863670cf3 - <core::future::from_generator::GenFuture<T> as core::future::future::Future>::poll::h99a46c40aaa2d296
[INFO] [stdout]                                at /rustc/a178d0322ce20e33eac124758e837cbd80a6f633/library/core/src/future/mod.rs:80:19
[INFO] [stdout]   17:     0x55c863622549 - kreta_proxy::requests::requests_integration_test::test_homework::{{closure}}::hb2ef82db436e37ff
[INFO] [stdout]                                at /opt/rustwide/workdir/src/requests.rs:343:37
[INFO] [stdout]   18:     0x55c86366f9ab - <core::future::from_generator::GenFuture<T> as core::future::future::Future>::poll::h2fb3847b2ab905b1
[INFO] [stdout]                                at /rustc/a178d0322ce20e33eac124758e837cbd80a6f633/library/core/src/future/mod.rs:80:19
[INFO] [stdout]   19:     0x55c8636658f0 - tokio::runtime::basic_scheduler::BasicScheduler<P>::block_on::{{closure}}::{{closure}}::h44af755bb34062d8
[INFO] [stdout]                                at /opt/rustwide/cargo-home/registry/src/github.com-1ecc6299db9ec823/tokio-0.2.25/src/runtime/basic_scheduler.rs:131:58
[INFO] [stdout]   20:     0x55c86360fdcc - tokio::coop::with_budget::{{closure}}::h2905fdcbf65e9e84
[INFO] [stdout]                                at /opt/rustwide/cargo-home/registry/src/github.com-1ecc6299db9ec823/tokio-0.2.25/src/coop.rs:127:9
[INFO] [stdout]   21:     0x55c8636867a1 - std::thread::local::LocalKey<T>::try_with::h7690c98511d7c1f8
[INFO] [stdout]                                at /rustc/a178d0322ce20e33eac124758e837cbd80a6f633/library/std/src/thread/local.rs:400:16
[INFO] [stdout]   22:     0x55c86368467d - std::thread::local::LocalKey<T>::with::hdeff99e35fd13116
[INFO] [stdout]                                at /rustc/a178d0322ce20e33eac124758e837cbd80a6f633/library/std/src/thread/local.rs:376:9
[INFO] [stdout]   23:     0x55c8636635bb - tokio::coop::with_budget::he931c67bb45ff50a
[INFO] [stdout]                                at /opt/rustwide/cargo-home/registry/src/github.com-1ecc6299db9ec823/tokio-0.2.25/src/coop.rs:120:5
[INFO] [stdout]   24:     0x55c8636635bb - tokio::coop::budget::hed22f6dccbe14218
[INFO] [stdout]                                at /opt/rustwide/cargo-home/registry/src/github.com-1ecc6299db9ec823/tokio-0.2.25/src/coop.rs:96:5
[INFO] [stdout]   25:     0x55c8636635bb - tokio::runtime::basic_scheduler::BasicScheduler<P>::block_on::{{closure}}::h89fbc9fda2b2adf7
[INFO] [stdout]                                at /opt/rustwide/cargo-home/registry/src/github.com-1ecc6299db9ec823/tokio-0.2.25/src/runtime/basic_scheduler.rs:131:35
[INFO] [stdout]   26:     0x55c863667bef - tokio::runtime::basic_scheduler::enter::{{closure}}::h5e8ada5df33e9e1d
[INFO] [stdout]                                at /opt/rustwide/cargo-home/registry/src/github.com-1ecc6299db9ec823/tokio-0.2.25/src/runtime/basic_scheduler.rs:213:29
[INFO] [stdout]   27:     0x55c863615a1e - tokio::macros::scoped_tls::ScopedKey<T>::set::h7f286416f3cc7a21
[INFO] [stdout]                                at /opt/rustwide/cargo-home/registry/src/github.com-1ecc6299db9ec823/tokio-0.2.25/src/macros/scoped_tls.rs:63:9
[INFO] [stdout]   28:     0x55c86366655e - tokio::runtime::basic_scheduler::enter::h21df3bdbbf6133a6
[INFO] [stdout]                                at /opt/rustwide/cargo-home/registry/src/github.com-1ecc6299db9ec823/tokio-0.2.25/src/runtime/basic_scheduler.rs:213:5
[INFO] [stdout]   29:     0x55c863661102 - tokio::runtime::basic_scheduler::BasicScheduler<P>::block_on::h7163a578a83b933f
[INFO] [stdout]                                at /opt/rustwide/cargo-home/registry/src/github.com-1ecc6299db9ec823/tokio-0.2.25/src/runtime/basic_scheduler.rs:123:9
[INFO] [stdout]   30:     0x55c8636685fa - tokio::runtime::Runtime::block_on::{{closure}}::hccabbf96ec37856d
[INFO] [stdout]                                at /opt/rustwide/cargo-home/registry/src/github.com-1ecc6299db9ec823/tokio-0.2.25/src/runtime/mod.rs:444:34
[INFO] [stdout]   31:     0x55c8636116f2 - tokio::runtime::context::enter::h92a2e16bb24a852e
[INFO] [stdout]                                at /opt/rustwide/cargo-home/registry/src/github.com-1ecc6299db9ec823/tokio-0.2.25/src/runtime/context.rs:72:5
[INFO] [stdout]   32:     0x55c8636162c8 - tokio::runtime::handle::Handle::enter::h553806ec34aa334b
[INFO] [stdout]                                at /opt/rustwide/cargo-home/registry/src/github.com-1ecc6299db9ec823/tokio-0.2.25/src/runtime/handle.rs:76:9
[INFO] [stdout]   33:     0x55c863667e7f - tokio::runtime::Runtime::block_on::h1767d6a0041088c0
[INFO] [stdout]                                at /opt/rustwide/cargo-home/registry/src/github.com-1ecc6299db9ec823/tokio-0.2.25/src/runtime/mod.rs:441:9
[INFO] [stdout]   34:     0x55c8636222fb - kreta_proxy::requests::requests_integration_test::test_homework::hd6b926f93dcd5ec2
[INFO] [stdout]                                at /opt/rustwide/workdir/src/requests.rs:341:5
[INFO] [stdout]   35:     0x55c86362220a - kreta_proxy::requests::requests_integration_test::test_homework::{{closure}}::h15e0543d6231a6ff
[INFO] [stdout]                                at /opt/rustwide/workdir/src/requests.rs:341:5
[INFO] [stdout]   36:     0x55c863625b4e - core::ops::function::FnOnce::call_once::h93510fba181466a3
[INFO] [stdout]                                at /rustc/a178d0322ce20e33eac124758e837cbd80a6f633/library/core/src/ops/function.rs:227:5
[INFO] [stdout]   37:     0x55c8636b6143 - core::ops::function::FnOnce::call_once::h152e7e439ff59e19
[INFO] [stdout]                                at /rustc/a178d0322ce20e33eac124758e837cbd80a6f633/library/core/src/ops/function.rs:227:5
[INFO] [stdout]   38:     0x55c8636b6143 - test::__rust_begin_short_backtrace::h0908f3b1fdbb72ab
[INFO] [stdout]                                at /rustc/a178d0322ce20e33eac124758e837cbd80a6f633/library/test/src/lib.rs:577:5
[INFO] [stdout]   39:     0x55c8636b4c00 - <alloc::boxed::Box<F,A> as core::ops::function::FnOnce<Args>>::call_once::hf6d2a51e5587546c
[INFO] [stdout]                                at /rustc/a178d0322ce20e33eac124758e837cbd80a6f633/library/alloc/src/boxed.rs:1575:9
[INFO] [stdout]   40:     0x55c8636b4c00 - <std::panic::AssertUnwindSafe<F> as core::ops::function::FnOnce<()>>::call_once::h8af660f3a89ef593
[INFO] [stdout]                                at /rustc/a178d0322ce20e33eac124758e837cbd80a6f633/library/std/src/panic.rs:347:9
[INFO] [stdout]   41:     0x55c8636b4c00 - std::panicking::try::do_call::hd36aef60f84b6d36
[INFO] [stdout]                                at /rustc/a178d0322ce20e33eac124758e837cbd80a6f633/library/std/src/panicking.rs:401:40
[INFO] [stdout]   42:     0x55c8636b4c00 - std::panicking::try::h9932b4480e69817c
[INFO] [stdout]                                at /rustc/a178d0322ce20e33eac124758e837cbd80a6f633/library/std/src/panicking.rs:365:19
[INFO] [stdout]   43:     0x55c8636b4c00 - std::panic::catch_unwind::h6aa177099cfff5f8
[INFO] [stdout]                                at /rustc/a178d0322ce20e33eac124758e837cbd80a6f633/library/std/src/panic.rs:434:14
[INFO] [stdout]   44:     0x55c8636b4c00 - test::run_test_in_process::h5884d6f2d99e20c3
[INFO] [stdout]                                at /rustc/a178d0322ce20e33eac124758e837cbd80a6f633/library/test/src/lib.rs:600:18
[INFO] [stdout]   45:     0x55c8636b4c00 - test::run_test::run_test_inner::{{closure}}::h6fdc58c6d5f5b6e3
[INFO] [stdout]                                at /rustc/a178d0322ce20e33eac124758e837cbd80a6f633/library/test/src/lib.rs:492:39
[INFO] [stdout]   46:     0x55c86368e2b2 - test::run_test::run_test_inner::{{closure}}::h408365d67a78ade8
[INFO] [stdout]                                at /rustc/a178d0322ce20e33eac124758e837cbd80a6f633/library/test/src/lib.rs:519:37
[INFO] [stdout]   47:     0x55c86368e2b2 - std::sys_common::backtrace::__rust_begin_short_backtrace::hb560b77c4f701523
[INFO] [stdout]                                at /rustc/a178d0322ce20e33eac124758e837cbd80a6f633/library/std/src/sys_common/backtrace.rs:125:18
[INFO] [stdout]   48:     0x55c863691e68 - std::thread::Builder::spawn_unchecked::{{closure}}::{{closure}}::hf2e7831dad93c597
[INFO] [stdout]                                at /rustc/a178d0322ce20e33eac124758e837cbd80a6f633/library/std/src/thread/mod.rs:481:17
[INFO] [stdout]   49:     0x55c863691e68 - <std::panic::AssertUnwindSafe<F> as core::ops::function::FnOnce<()>>::call_once::hd2e08783d8be4d02
[INFO] [stdout]                                at /rustc/a178d0322ce20e33eac124758e837cbd80a6f633/library/std/src/panic.rs:347:9
[INFO] [stdout]   50:     0x55c863691e68 - std::panicking::try::do_call::h062597b7acfd6b82
[INFO] [stdout]                                at /rustc/a178d0322ce20e33eac124758e837cbd80a6f633/library/std/src/panicking.rs:401:40
[INFO] [stdout]   51:     0x55c863691e68 - std::panicking::try::h0d7b79db04c14552
[INFO] [stdout]                                at /rustc/a178d0322ce20e33eac124758e837cbd80a6f633/library/std/src/panicking.rs:365:19
[INFO] [stdout]   52:     0x55c863691e68 - std::panic::catch_unwind::hb01a0b5e7c8cd43b
[INFO] [stdout]                                at /rustc/a178d0322ce20e33eac124758e837cbd80a6f633/library/std/src/panic.rs:434:14
[INFO] [stdout]   53:     0x55c863691e68 - std::thread::Builder::spawn_unchecked::{{closure}}::h5bde48cc887e0d1e
[INFO] [stdout]                                at /rustc/a178d0322ce20e33eac124758e837cbd80a6f633/library/std/src/thread/mod.rs:480:30
[INFO] [stdout]   54:     0x55c863691e68 - core::ops::function::FnOnce::call_once{{vtable.shim}}::h745ea30807a29e55
[INFO] [stdout]                                at /rustc/a178d0322ce20e33eac124758e837cbd80a6f633/library/core/src/ops/function.rs:227:5
[INFO] [stdout]   55:     0x55c863b7ae07 - <alloc::boxed::Box<F,A> as core::ops::function::FnOnce<Args>>::call_once::h7ece6cfefaff1005
[INFO] [stdout]                                at /rustc/a178d0322ce20e33eac124758e837cbd80a6f633/library/alloc/src/boxed.rs:1575:9
[INFO] [stdout]   56:     0x55c863b7ae07 - <alloc::boxed::Box<F,A> as core::ops::function::FnOnce<Args>>::call_once::hb8b48e55c21f193e
[INFO] [stdout]                                at /rustc/a178d0322ce20e33eac124758e837cbd80a6f633/library/alloc/src/boxed.rs:1575:9
[INFO] [stdout]   57:     0x55c863b7ae07 - std::sys::unix::thread::Thread::new::thread_start::h8c7c4450dba62914
[INFO] [stdout]                                at /rustc/a178d0322ce20e33eac124758e837cbd80a6f633/library/std/src/sys/unix/thread.rs:71:17
[INFO] [stdout]   58:     0x7fa69d16c609 - start_thread
[INFO] [stdout]   59:     0x7fa69cf3c293 - clone
[INFO] [stdout]   60:                0x0 - <unknown>
[INFO] [stdout] 
[INFO] [stdout] 
[INFO] [stdout] failures:
[INFO] [stdout]     requests::requests_integration_test::test_averages
[INFO] [stdout]     requests::requests_integration_test::test_grades
[INFO] [stdout]     requests::requests_integration_test::test_homework
[INFO] [stdout]     requests::requests_integration_test::test_notes
[INFO] [stdout]     requests::requests_integration_test::test_schedules
[INFO] [stdout]     requests::requests_integration_test::test_schedules_v2
[INFO] [stdout]     requests::requests_integration_test::test_tasks
[INFO] [stdout] 
[INFO] [stdout] test result: FAILED. 1 passed; 7 failed; 0 ignored; 0 measured; 0 filtered out; finished in 0.09s
[INFO] [stdout] 
[INFO] [stderr] error: test failed, to rerun pass '--bin kreta-proxy'
[INFO] running `Command { std: "docker" "inspect" "dfc39156b92291a0ae523af70bb3a6e21ccc8b65d4c8ddb5e7c55abc22ab2ca2", kill_on_drop: false }`
[INFO] running `Command { std: "docker" "rm" "-f" "dfc39156b92291a0ae523af70bb3a6e21ccc8b65d4c8ddb5e7c55abc22ab2ca2", kill_on_drop: false }`
[INFO] [stdout] dfc39156b92291a0ae523af70bb3a6e21ccc8b65d4c8ddb5e7c55abc22ab2ca2
