[INFO] cloning repository https://github.com/hansihe/rust_iterative_json_parser
[INFO] running `Command { std: "git" "-c" "credential.helper=" "-c" "credential.helper=/workspace/cargo-home/bin/git-credential-null" "clone" "--bare" "https://github.com/hansihe/rust_iterative_json_parser" "/workspace/cache/git-repos/https%3A%2F%2Fgithub.com%2Fhansihe%2Frust_iterative_json_parser", kill_on_drop: false }`
[INFO] [stderr] Cloning into bare repository '/workspace/cache/git-repos/https%3A%2F%2Fgithub.com%2Fhansihe%2Frust_iterative_json_parser'...
[INFO] running `Command { std: "git" "rev-parse" "HEAD", kill_on_drop: false }`
[INFO] [stdout] 3f0ffa48024c44cdc26d65118cdc1114ca8900bd
[INFO] testing hansihe/rust_iterative_json_parser against beta-2021-08-01 for beta-1.55-1
[INFO] running `Command { std: "git" "clone" "/workspace/cache/git-repos/https%3A%2F%2Fgithub.com%2Fhansihe%2Frust_iterative_json_parser" "/workspace/builds/worker-5/source", kill_on_drop: false }`
[INFO] [stderr] Cloning into '/workspace/builds/worker-5/source'...
[INFO] [stderr] done.
[INFO] validating manifest of git repo https://github.com/hansihe/rust_iterative_json_parser on toolchain beta-2021-08-01
[INFO] running `Command { std: "/workspace/cargo-home/bin/cargo" "+beta-2021-08-01" "metadata" "--manifest-path" "Cargo.toml" "--no-deps", kill_on_drop: false }`
[INFO] started tweaking git repo https://github.com/hansihe/rust_iterative_json_parser
[INFO] finished tweaking git repo https://github.com/hansihe/rust_iterative_json_parser
[INFO] tweaked toml for git repo https://github.com/hansihe/rust_iterative_json_parser written to /workspace/builds/worker-5/source/Cargo.toml
[INFO] crate git repo https://github.com/hansihe/rust_iterative_json_parser already has a lockfile, it will not be regenerated
[INFO] running `Command { std: "/workspace/cargo-home/bin/cargo" "+beta-2021-08-01" "fetch" "--manifest-path" "Cargo.toml", kill_on_drop: false }`
[INFO] [stderr] warning: unused manifest key: lib.src
[INFO] [stderr]  Downloading crates ...
[INFO] [stderr]   Downloaded simd v0.2.0
[INFO] running `Command { std: "docker" "create" "-v" "/var/lib/crater-agent-workspace/builds/worker-5/target:/opt/rustwide/target:rw,Z" "-v" "/var/lib/crater-agent-workspace/builds/worker-5/source:/opt/rustwide/workdir:ro,Z" "-v" "/var/lib/crater-agent-workspace/cargo-home:/opt/rustwide/cargo-home:ro,Z" "-v" "/var/lib/crater-agent-workspace/rustup-home:/opt/rustwide/rustup-home:ro,Z" "-e" "SOURCE_DIR=/opt/rustwide/workdir" "-e" "CARGO_TARGET_DIR=/opt/rustwide/target" "-e" "CARGO_HOME=/opt/rustwide/cargo-home" "-e" "RUSTUP_HOME=/opt/rustwide/rustup-home" "-w" "/opt/rustwide/workdir" "-m" "1610612736" "--user" "0:0" "--network" "none" "ghcr.io/rust-lang/crates-build-env/linux@sha256:34b6a614d2c27851fe6cbf88fbd1137609cefab8b10d0615aaeb6fd47975d74e" "/opt/rustwide/cargo-home/bin/cargo" "+beta-2021-08-01" "metadata" "--no-deps" "--format-version=1", kill_on_drop: false }`
[INFO] [stdout] 87695f10521cfe48f3024a40ad78e3aa0a304c3e86f67592b727b24729da413a
[INFO] running `Command { std: "docker" "start" "-a" "87695f10521cfe48f3024a40ad78e3aa0a304c3e86f67592b727b24729da413a", kill_on_drop: false }`
[INFO] running `Command { std: "docker" "inspect" "87695f10521cfe48f3024a40ad78e3aa0a304c3e86f67592b727b24729da413a", kill_on_drop: false }`
[INFO] running `Command { std: "docker" "rm" "-f" "87695f10521cfe48f3024a40ad78e3aa0a304c3e86f67592b727b24729da413a", kill_on_drop: false }`
[INFO] [stdout] 87695f10521cfe48f3024a40ad78e3aa0a304c3e86f67592b727b24729da413a
[INFO] running `Command { std: "docker" "create" "-v" "/var/lib/crater-agent-workspace/builds/worker-5/target:/opt/rustwide/target:rw,Z" "-v" "/var/lib/crater-agent-workspace/builds/worker-5/source:/opt/rustwide/workdir:ro,Z" "-v" "/var/lib/crater-agent-workspace/cargo-home:/opt/rustwide/cargo-home:ro,Z" "-v" "/var/lib/crater-agent-workspace/rustup-home:/opt/rustwide/rustup-home:ro,Z" "-e" "SOURCE_DIR=/opt/rustwide/workdir" "-e" "CARGO_TARGET_DIR=/opt/rustwide/target" "-e" "CARGO_INCREMENTAL=0" "-e" "RUST_BACKTRACE=full" "-e" "RUSTFLAGS=--cap-lints=warn" "-e" "CARGO_HOME=/opt/rustwide/cargo-home" "-e" "RUSTUP_HOME=/opt/rustwide/rustup-home" "-w" "/opt/rustwide/workdir" "-m" "1610612736" "--user" "0:0" "--network" "none" "ghcr.io/rust-lang/crates-build-env/linux@sha256:34b6a614d2c27851fe6cbf88fbd1137609cefab8b10d0615aaeb6fd47975d74e" "/opt/rustwide/cargo-home/bin/cargo" "+beta-2021-08-01" "build" "--frozen" "--message-format=json", kill_on_drop: false }`
[INFO] [stdout] 177dd5a98b0e005733bc1bb7c0f79f4549066c9123e3383b4b82ca190148a221
[INFO] running `Command { std: "docker" "start" "-a" "177dd5a98b0e005733bc1bb7c0f79f4549066c9123e3383b4b82ca190148a221", kill_on_drop: false }`
[INFO] [stderr] warning: unused manifest key: lib.src
[INFO] [stderr]    Compiling iterative_json_parser v0.1.0 (/opt/rustwide/workdir)
[INFO] [stdout] warning: unused macro definition
[INFO] [stdout]    --> src/parser.rs:110:1
[INFO] [stdout]     |
[INFO] [stdout] 110 | / macro_rules! lift_bail {
[INFO] [stdout] 111 | |     ($bailing:expr) => {
[INFO] [stdout] 112 | |         match $bailing {
[INFO] [stdout] 113 | |             Ok(inner) => Ok(inner),
[INFO] [stdout] ...   |
[INFO] [stdout] 116 | |     };
[INFO] [stdout] 117 | | }
[INFO] [stdout]     | |_^
[INFO] [stdout]     |
[INFO] [stdout]     = note: `#[warn(unused_macros)]` on by default
[INFO] [stdout] 
[INFO] [stdout] 
[INFO] [stdout] warning: `...` range patterns are deprecated
[INFO] [stdout]    --> src/tokenizer.rs:272:29
[INFO] [stdout]     |
[INFO] [stdout] 272 |                         b'A'...b'F' => *codepoint |= (byte - b'A' + 10) as u32,
[INFO] [stdout]     |                             ^^^ help: use `..=` for an inclusive range
[INFO] [stdout]     |
[INFO] [stdout]     = note: `#[warn(ellipsis_inclusive_range_patterns)]` on by default
[INFO] [stdout]     = warning: this is accepted in the current edition (Rust 2015) but is a hard error in Rust 2021!
[INFO] [stdout]     = note: for more information, see issue #80165 <https://github.com/rust-lang/rust/issues/80165>
[INFO] [stdout] 
[INFO] [stdout] 
[INFO] [stdout] warning: `...` range patterns are deprecated
[INFO] [stdout]    --> src/tokenizer.rs:273:29
[INFO] [stdout]     |
[INFO] [stdout] 273 |                         b'a'...b'f' => *codepoint |= (byte - b'a' + 10) as u32,
[INFO] [stdout]     |                             ^^^ help: use `..=` for an inclusive range
[INFO] [stdout]     |
[INFO] [stdout]     = warning: this is accepted in the current edition (Rust 2015) but is a hard error in Rust 2021!
[INFO] [stdout]     = note: for more information, see issue #80165 <https://github.com/rust-lang/rust/issues/80165>
[INFO] [stdout] 
[INFO] [stdout] 
[INFO] [stdout] warning: `...` range patterns are deprecated
[INFO] [stdout]    --> src/tokenizer.rs:274:29
[INFO] [stdout]     |
[INFO] [stdout] 274 |                         b'0'...b'9' => *codepoint |= (byte - b'0') as u32,
[INFO] [stdout]     |                             ^^^ help: use `..=` for an inclusive range
[INFO] [stdout]     |
[INFO] [stdout]     = warning: this is accepted in the current edition (Rust 2015) but is a hard error in Rust 2021!
[INFO] [stdout]     = note: for more information, see issue #80165 <https://github.com/rust-lang/rust/issues/80165>
[INFO] [stdout] 
[INFO] [stdout] 
[INFO] [stdout] warning: `...` range patterns are deprecated
[INFO] [stdout]    --> src/tokenizer.rs:319:36
[INFO] [stdout]     |
[INFO] [stdout] 319 |                 PeekResult::Ok(b'0'...b'9') => ss.skip(1),
[INFO] [stdout]     |                                    ^^^ help: use `..=` for an inclusive range
[INFO] [stdout]     |
[INFO] [stdout]     = warning: this is accepted in the current edition (Rust 2015) but is a hard error in Rust 2021!
[INFO] [stdout]     = note: for more information, see issue #80165 <https://github.com/rust-lang/rust/issues/80165>
[INFO] [stdout] 
[INFO] [stdout] 
[INFO] [stdout] warning: `...` range patterns are deprecated
[INFO] [stdout]    --> src/tokenizer.rs:368:29
[INFO] [stdout]     |
[INFO] [stdout] 368 |                         b'0'...b'9' => {
[INFO] [stdout]     |                             ^^^ help: use `..=` for an inclusive range
[INFO] [stdout]     |
[INFO] [stdout]     = warning: this is accepted in the current edition (Rust 2015) but is a hard error in Rust 2021!
[INFO] [stdout]     = note: for more information, see issue #80165 <https://github.com/rust-lang/rust/issues/80165>
[INFO] [stdout] 
[INFO] [stdout] 
[INFO] [stdout] warning: unused import: `::PResult`
[INFO] [stdout]  --> src/source/mod.rs:1:5
[INFO] [stdout]   |
[INFO] [stdout] 1 | use ::PResult;
[INFO] [stdout]   |     ^^^^^^^^^
[INFO] [stdout]   |
[INFO] [stdout]   = note: `#[warn(unused_imports)]` on by default
[INFO] [stdout] 
[INFO] [stdout] 
[INFO] [stdout] warning: unused variable: `token`
[INFO] [stdout]    --> src/parser.rs:136:14
[INFO] [stdout]     |
[INFO] [stdout] 136 | fn log_token(token: &str) {
[INFO] [stdout]     |              ^^^^^ help: if this is intentional, prefix it with an underscore: `_token`
[INFO] [stdout]     |
[INFO] [stdout]     = note: `#[warn(unused_variables)]` on by default
[INFO] [stdout] 
[INFO] [stdout] 
[INFO] [stdout] warning: struct is never constructed: `Decoder`
[INFO] [stdout]  --> src/decoder.rs:4:8
[INFO] [stdout]   |
[INFO] [stdout] 4 | struct Decoder {
[INFO] [stdout]   |        ^^^^^^^
[INFO] [stdout]   |
[INFO] [stdout]   = note: `#[warn(dead_code)]` on by default
[INFO] [stdout] 
[INFO] [stdout] 
[INFO] [stdout] warning: associated function is never used: `new`
[INFO] [stdout]   --> src/decoder.rs:10:8
[INFO] [stdout]    |
[INFO] [stdout] 10 |     fn new() -> Self {
[INFO] [stdout]    |        ^^^
[INFO] [stdout] 
[INFO] [stdout] 
[INFO] [stdout] warning: 10 warnings emitted
[INFO] [stdout] 
[INFO] [stdout] 
[INFO] [stderr]     Finished dev [unoptimized + debuginfo] target(s) in 1.69s
[INFO] running `Command { std: "docker" "inspect" "177dd5a98b0e005733bc1bb7c0f79f4549066c9123e3383b4b82ca190148a221", kill_on_drop: false }`
[INFO] running `Command { std: "docker" "rm" "-f" "177dd5a98b0e005733bc1bb7c0f79f4549066c9123e3383b4b82ca190148a221", kill_on_drop: false }`
[INFO] [stdout] 177dd5a98b0e005733bc1bb7c0f79f4549066c9123e3383b4b82ca190148a221
[INFO] running `Command { std: "docker" "create" "-v" "/var/lib/crater-agent-workspace/builds/worker-5/target:/opt/rustwide/target:rw,Z" "-v" "/var/lib/crater-agent-workspace/builds/worker-5/source:/opt/rustwide/workdir:ro,Z" "-v" "/var/lib/crater-agent-workspace/cargo-home:/opt/rustwide/cargo-home:ro,Z" "-v" "/var/lib/crater-agent-workspace/rustup-home:/opt/rustwide/rustup-home:ro,Z" "-e" "SOURCE_DIR=/opt/rustwide/workdir" "-e" "CARGO_TARGET_DIR=/opt/rustwide/target" "-e" "CARGO_INCREMENTAL=0" "-e" "RUST_BACKTRACE=full" "-e" "RUSTFLAGS=--cap-lints=warn" "-e" "CARGO_HOME=/opt/rustwide/cargo-home" "-e" "RUSTUP_HOME=/opt/rustwide/rustup-home" "-w" "/opt/rustwide/workdir" "-m" "1610612736" "--user" "0:0" "--network" "none" "ghcr.io/rust-lang/crates-build-env/linux@sha256:34b6a614d2c27851fe6cbf88fbd1137609cefab8b10d0615aaeb6fd47975d74e" "/opt/rustwide/cargo-home/bin/cargo" "+beta-2021-08-01" "test" "--frozen" "--no-run" "--message-format=json", kill_on_drop: false }`
[INFO] [stdout] 5b7c07443393e02b024f11a9d8d61bb45f63065860e7c67af42014656c4f9332
[INFO] running `Command { std: "docker" "start" "-a" "5b7c07443393e02b024f11a9d8d61bb45f63065860e7c67af42014656c4f9332", kill_on_drop: false }`
[INFO] [stderr] warning: unused manifest key: lib.src
[INFO] [stderr]     Blocking waiting for file lock on package cache
[INFO] [stdout] warning: unused macro definition
[INFO] [stdout]    --> src/parser.rs:110:1
[INFO] [stdout]     |
[INFO] [stdout] 110 | / macro_rules! lift_bail {
[INFO] [stdout] 111 | |     ($bailing:expr) => {
[INFO] [stdout] 112 | |         match $bailing {
[INFO] [stdout] 113 | |             Ok(inner) => Ok(inner),
[INFO] [stdout] ...   |
[INFO] [stdout] 116 | |     };
[INFO] [stdout] 117 | | }
[INFO] [stdout]     | |_^
[INFO] [stdout]     |
[INFO] [stdout]     = note: `#[warn(unused_macros)]` on by default
[INFO] [stdout] 
[INFO] [stdout] 
[INFO] [stderr]    Compiling iterative_json_parser v0.1.0 (/opt/rustwide/workdir)
[INFO] [stdout] warning: `...` range patterns are deprecated
[INFO] [stdout]    --> src/tokenizer.rs:272:29
[INFO] [stdout]     |
[INFO] [stdout] 272 |                         b'A'...b'F' => *codepoint |= (byte - b'A' + 10) as u32,
[INFO] [stdout]     |                             ^^^ help: use `..=` for an inclusive range
[INFO] [stdout]     |
[INFO] [stdout]     = note: `#[warn(ellipsis_inclusive_range_patterns)]` on by default
[INFO] [stdout]     = warning: this is accepted in the current edition (Rust 2015) but is a hard error in Rust 2021!
[INFO] [stdout]     = note: for more information, see issue #80165 <https://github.com/rust-lang/rust/issues/80165>
[INFO] [stdout] 
[INFO] [stdout] 
[INFO] [stdout] warning: `...` range patterns are deprecated
[INFO] [stdout]    --> src/tokenizer.rs:273:29
[INFO] [stdout]     |
[INFO] [stdout] 273 |                         b'a'...b'f' => *codepoint |= (byte - b'a' + 10) as u32,
[INFO] [stdout]     |                             ^^^ help: use `..=` for an inclusive range
[INFO] [stdout]     |
[INFO] [stdout]     = warning: this is accepted in the current edition (Rust 2015) but is a hard error in Rust 2021!
[INFO] [stdout]     = note: for more information, see issue #80165 <https://github.com/rust-lang/rust/issues/80165>
[INFO] [stdout] 
[INFO] [stdout] 
[INFO] [stdout] warning: `...` range patterns are deprecated
[INFO] [stdout]    --> src/tokenizer.rs:274:29
[INFO] [stdout]     |
[INFO] [stdout] 274 |                         b'0'...b'9' => *codepoint |= (byte - b'0') as u32,
[INFO] [stdout]     |                             ^^^ help: use `..=` for an inclusive range
[INFO] [stdout]     |
[INFO] [stdout]     = warning: this is accepted in the current edition (Rust 2015) but is a hard error in Rust 2021!
[INFO] [stdout]     = note: for more information, see issue #80165 <https://github.com/rust-lang/rust/issues/80165>
[INFO] [stdout] 
[INFO] [stdout] 
[INFO] [stdout] warning: `...` range patterns are deprecated
[INFO] [stdout]    --> src/tokenizer.rs:319:36
[INFO] [stdout]     |
[INFO] [stdout] 319 |                 PeekResult::Ok(b'0'...b'9') => ss.skip(1),
[INFO] [stdout]     |                                    ^^^ help: use `..=` for an inclusive range
[INFO] [stdout]     |
[INFO] [stdout]     = warning: this is accepted in the current edition (Rust 2015) but is a hard error in Rust 2021!
[INFO] [stdout]     = note: for more information, see issue #80165 <https://github.com/rust-lang/rust/issues/80165>
[INFO] [stdout] 
[INFO] [stdout] 
[INFO] [stdout] warning: `...` range patterns are deprecated
[INFO] [stdout]    --> src/tokenizer.rs:368:29
[INFO] [stdout]     |
[INFO] [stdout] 368 |                         b'0'...b'9' => {
[INFO] [stdout]     |                             ^^^ help: use `..=` for an inclusive range
[INFO] [stdout]     |
[INFO] [stdout]     = warning: this is accepted in the current edition (Rust 2015) but is a hard error in Rust 2021!
[INFO] [stdout]     = note: for more information, see issue #80165 <https://github.com/rust-lang/rust/issues/80165>
[INFO] [stdout] 
[INFO] [stdout] 
[INFO] [stdout] warning: unused import: `::PResult`
[INFO] [stdout]  --> src/source/mod.rs:1:5
[INFO] [stdout]   |
[INFO] [stdout] 1 | use ::PResult;
[INFO] [stdout]   |     ^^^^^^^^^
[INFO] [stdout]   |
[INFO] [stdout]   = note: `#[warn(unused_imports)]` on by default
[INFO] [stdout] 
[INFO] [stdout] 
[INFO] [stdout] warning: unused variable: `token`
[INFO] [stdout]    --> src/parser.rs:136:14
[INFO] [stdout]     |
[INFO] [stdout] 136 | fn log_token(token: &str) {
[INFO] [stdout]     |              ^^^^^ help: if this is intentional, prefix it with an underscore: `_token`
[INFO] [stdout]     |
[INFO] [stdout]     = note: `#[warn(unused_variables)]` on by default
[INFO] [stdout] 
[INFO] [stdout] 
[INFO] [stdout] warning: struct is never constructed: `Decoder`
[INFO] [stdout]  --> src/decoder.rs:4:8
[INFO] [stdout]   |
[INFO] [stdout] 4 | struct Decoder {
[INFO] [stdout]   |        ^^^^^^^
[INFO] [stdout]   |
[INFO] [stdout]   = note: `#[warn(dead_code)]` on by default
[INFO] [stdout] 
[INFO] [stdout] 
[INFO] [stdout] warning: associated function is never used: `new`
[INFO] [stdout]   --> src/decoder.rs:10:8
[INFO] [stdout]    |
[INFO] [stdout] 10 |     fn new() -> Self {
[INFO] [stdout]    |        ^^^
[INFO] [stdout] 
[INFO] [stdout] 
[INFO] [stdout] warning: 10 warnings emitted
[INFO] [stdout] 
[INFO] [stdout] 
[INFO] [stdout] warning: unused import: `Sink`
[INFO] [stdout]  --> tests/lib.rs:6:37
[INFO] [stdout]   |
[INFO] [stdout] 6 | use iterative_json_parser::{Source, Sink};
[INFO] [stdout]   |                                     ^^^^
[INFO] [stdout]   |
[INFO] [stdout]   = note: `#[warn(unused_imports)]` on by default
[INFO] [stdout] 
[INFO] [stdout] 
[INFO] [stdout] warning: unused macro definition
[INFO] [stdout]    --> src/parser.rs:110:1
[INFO] [stdout]     |
[INFO] [stdout] 110 | / macro_rules! lift_bail {
[INFO] [stdout] 111 | |     ($bailing:expr) => {
[INFO] [stdout] 112 | |         match $bailing {
[INFO] [stdout] 113 | |             Ok(inner) => Ok(inner),
[INFO] [stdout] ...   |
[INFO] [stdout] 116 | |     };
[INFO] [stdout] 117 | | }
[INFO] [stdout]     | |_^
[INFO] [stdout]     |
[INFO] [stdout]     = note: `#[warn(unused_macros)]` on by default
[INFO] [stdout] 
[INFO] [stdout] 
[INFO] [stdout] warning: `...` range patterns are deprecated
[INFO] [stdout]    --> src/tokenizer.rs:272:29
[INFO] [stdout]     |
[INFO] [stdout] 272 |                         b'A'...b'F' => *codepoint |= (byte - b'A' + 10) as u32,
[INFO] [stdout]     |                             ^^^ help: use `..=` for an inclusive range
[INFO] [stdout]     |
[INFO] [stdout]     = note: `#[warn(ellipsis_inclusive_range_patterns)]` on by default
[INFO] [stdout]     = warning: this is accepted in the current edition (Rust 2015) but is a hard error in Rust 2021!
[INFO] [stdout]     = note: for more information, see issue #80165 <https://github.com/rust-lang/rust/issues/80165>
[INFO] [stdout] 
[INFO] [stdout] 
[INFO] [stdout] warning: `...` range patterns are deprecated
[INFO] [stdout]    --> src/tokenizer.rs:273:29
[INFO] [stdout]     |
[INFO] [stdout] 273 |                         b'a'...b'f' => *codepoint |= (byte - b'a' + 10) as u32,
[INFO] [stdout]     |                             ^^^ help: use `..=` for an inclusive range
[INFO] [stdout]     |
[INFO] [stdout]     = warning: this is accepted in the current edition (Rust 2015) but is a hard error in Rust 2021!
[INFO] [stdout]     = note: for more information, see issue #80165 <https://github.com/rust-lang/rust/issues/80165>
[INFO] [stdout] 
[INFO] [stdout] 
[INFO] [stdout] warning: `...` range patterns are deprecated
[INFO] [stdout]    --> src/tokenizer.rs:274:29
[INFO] [stdout]     |
[INFO] [stdout] 274 |                         b'0'...b'9' => *codepoint |= (byte - b'0') as u32,
[INFO] [stdout]     |                             ^^^ help: use `..=` for an inclusive range
[INFO] [stdout]     |
[INFO] [stdout]     = warning: this is accepted in the current edition (Rust 2015) but is a hard error in Rust 2021!
[INFO] [stdout]     = note: for more information, see issue #80165 <https://github.com/rust-lang/rust/issues/80165>
[INFO] [stdout] 
[INFO] [stdout] 
[INFO] [stdout] warning: `...` range patterns are deprecated
[INFO] [stdout]    --> src/tokenizer.rs:319:36
[INFO] [stdout]     |
[INFO] [stdout] 319 |                 PeekResult::Ok(b'0'...b'9') => ss.skip(1),
[INFO] [stdout]     |                                    ^^^ help: use `..=` for an inclusive range
[INFO] [stdout]     |
[INFO] [stdout]     = warning: this is accepted in the current edition (Rust 2015) but is a hard error in Rust 2021!
[INFO] [stdout]     = note: for more information, see issue #80165 <https://github.com/rust-lang/rust/issues/80165>
[INFO] [stdout] 
[INFO] [stdout] 
[INFO] [stdout] warning: unused variable: `result`
[INFO] [stdout]    --> tests/lib.rs:410:25
[INFO] [stdout]     |
[INFO] [stdout] 410 |                     let result = parse_to_enum(&mut buf);
[INFO] [stdout]     |                         ^^^^^^ help: if this is intentional, prefix it with an underscore: `_result`
[INFO] [stdout]     |
[INFO] [stdout]     = note: `#[warn(unused_variables)]` on by default
[INFO] [stdout] 
[INFO] [stdout] 
[INFO] [stdout] warning: `...` range patterns are deprecated
[INFO] [stdout]    --> src/tokenizer.rs:368:29
[INFO] [stdout]     |
[INFO] [stdout] 368 |                         b'0'...b'9' => {
[INFO] [stdout]     |                             ^^^ help: use `..=` for an inclusive range
[INFO] [stdout]     |
[INFO] [stdout]     = warning: this is accepted in the current edition (Rust 2015) but is a hard error in Rust 2021!
[INFO] [stdout]     = note: for more information, see issue #80165 <https://github.com/rust-lang/rust/issues/80165>
[INFO] [stdout] 
[INFO] [stdout] 
[INFO] [stdout] warning: unused import: `::PResult`
[INFO] [stdout]  --> src/source/mod.rs:1:5
[INFO] [stdout]   |
[INFO] [stdout] 1 | use ::PResult;
[INFO] [stdout]   |     ^^^^^^^^^
[INFO] [stdout]   |
[INFO] [stdout]   = note: `#[warn(unused_imports)]` on by default
[INFO] [stdout] 
[INFO] [stdout] 
[INFO] [stdout] warning: variable does not need to be mutable
[INFO] [stdout]   --> tests/lib.rs:37:9
[INFO] [stdout]    |
[INFO] [stdout] 37 |     let mut ss = SourceSink {
[INFO] [stdout]    |         ----^^
[INFO] [stdout]    |         |
[INFO] [stdout]    |         help: remove this `mut`
[INFO] [stdout]    |
[INFO] [stdout]    = note: `#[warn(unused_mut)]` on by default
[INFO] [stdout] 
[INFO] [stdout] 
[INFO] [stdout] warning: variable does not need to be mutable
[INFO] [stdout]   --> tests/lib.rs:46:9
[INFO] [stdout]    |
[INFO] [stdout] 46 |     let mut bailing_ss = SourceSink {
[INFO] [stdout]    |         ----^^^^^^^^^^
[INFO] [stdout]    |         |
[INFO] [stdout]    |         help: remove this `mut`
[INFO] [stdout] 
[INFO] [stdout] 
[INFO] [stdout] warning: unused variable: `token`
[INFO] [stdout]    --> src/parser.rs:136:14
[INFO] [stdout]     |
[INFO] [stdout] 136 | fn log_token(token: &str) {
[INFO] [stdout]     |              ^^^^^ help: if this is intentional, prefix it with an underscore: `_token`
[INFO] [stdout]     |
[INFO] [stdout]     = note: `#[warn(unused_variables)]` on by default
[INFO] [stdout] 
[INFO] [stdout] 
[INFO] [stdout] warning: struct is never constructed: `Decoder`
[INFO] [stdout]  --> src/decoder.rs:4:8
[INFO] [stdout]   |
[INFO] [stdout] 4 | struct Decoder {
[INFO] [stdout]   |        ^^^^^^^
[INFO] [stdout]   |
[INFO] [stdout]   = note: `#[warn(dead_code)]` on by default
[INFO] [stdout] 
[INFO] [stdout] 
[INFO] [stdout] warning: associated function is never used: `new`
[INFO] [stdout]   --> src/decoder.rs:10:8
[INFO] [stdout]    |
[INFO] [stdout] 10 |     fn new() -> Self {
[INFO] [stdout]    |        ^^^
[INFO] [stdout] 
[INFO] [stdout] 
[INFO] [stdout] warning: 4 warnings emitted
[INFO] [stdout] 
[INFO] [stdout] 
[INFO] [stdout] warning: 10 warnings emitted
[INFO] [stdout] 
[INFO] [stdout] 
[INFO] [stderr]     Finished test [unoptimized + debuginfo] target(s) in 0.80s
[INFO] running `Command { std: "docker" "inspect" "5b7c07443393e02b024f11a9d8d61bb45f63065860e7c67af42014656c4f9332", kill_on_drop: false }`
[INFO] running `Command { std: "docker" "rm" "-f" "5b7c07443393e02b024f11a9d8d61bb45f63065860e7c67af42014656c4f9332", kill_on_drop: false }`
[INFO] [stdout] 5b7c07443393e02b024f11a9d8d61bb45f63065860e7c67af42014656c4f9332
[INFO] running `Command { std: "docker" "create" "-v" "/var/lib/crater-agent-workspace/builds/worker-5/target:/opt/rustwide/target:rw,Z" "-v" "/var/lib/crater-agent-workspace/builds/worker-5/source:/opt/rustwide/workdir:ro,Z" "-v" "/var/lib/crater-agent-workspace/cargo-home:/opt/rustwide/cargo-home:ro,Z" "-v" "/var/lib/crater-agent-workspace/rustup-home:/opt/rustwide/rustup-home:ro,Z" "-e" "SOURCE_DIR=/opt/rustwide/workdir" "-e" "CARGO_TARGET_DIR=/opt/rustwide/target" "-e" "CARGO_INCREMENTAL=0" "-e" "RUST_BACKTRACE=full" "-e" "RUSTFLAGS=--cap-lints=warn" "-e" "CARGO_HOME=/opt/rustwide/cargo-home" "-e" "RUSTUP_HOME=/opt/rustwide/rustup-home" "-w" "/opt/rustwide/workdir" "-m" "1610612736" "--user" "0:0" "--network" "none" "ghcr.io/rust-lang/crates-build-env/linux@sha256:34b6a614d2c27851fe6cbf88fbd1137609cefab8b10d0615aaeb6fd47975d74e" "/opt/rustwide/cargo-home/bin/cargo" "+beta-2021-08-01" "test" "--frozen", kill_on_drop: false }`
[INFO] [stdout] 04b698d79cdc77cf83e9a338006e0afb9baa8e70097da1916d62777664613bbb
[INFO] running `Command { std: "docker" "start" "-a" "04b698d79cdc77cf83e9a338006e0afb9baa8e70097da1916d62777664613bbb", kill_on_drop: false }`
[INFO] [stdout] 
[INFO] [stderr] warning: unused manifest key: lib.src
[INFO] [stdout] running 2 tests
[INFO] [stderr] warning: unused macro definition
[INFO] [stderr]    --> src/parser.rs:110:1
[INFO] [stderr]     |
[INFO] [stderr] 110 | / macro_rules! lift_bail {
[INFO] [stderr] 111 | |     ($bailing:expr) => {
[INFO] [stderr] 112 | |         match $bailing {
[INFO] [stderr] 113 | |             Ok(inner) => Ok(inner),
[INFO] [stderr] ...   |
[INFO] [stderr] 116 | |     };
[INFO] [stderr] 117 | | }
[INFO] [stderr]     | |_^
[INFO] [stderr]     |
[INFO] [stderr]     = note: `#[warn(unused_macros)]` on by default
[INFO] [stderr] 
[INFO] [stderr] warning: `...` range patterns are deprecated
[INFO] [stderr]    --> src/tokenizer.rs:272:29
[INFO] [stderr]     |
[INFO] [stderr] 272 |                         b'A'...b'F' => *codepoint |= (byte - b'A' + 10) as u32,
[INFO] [stderr]     |                             ^^^ help: use `..=` for an inclusive range
[INFO] [stderr]     |
[INFO] [stderr]     = note: `#[warn(ellipsis_inclusive_range_patterns)]` on by default
[INFO] [stderr]     = warning: this is accepted in the current edition (Rust 2015) but is a hard error in Rust 2021!
[INFO] [stderr]     = note: for more information, see issue #80165 <https://github.com/rust-lang/rust/issues/80165>
[INFO] [stderr] 
[INFO] [stderr] warning: `...` range patterns are deprecated
[INFO] [stderr]    --> src/tokenizer.rs:273:29
[INFO] [stderr]     |
[INFO] [stderr] 273 |                         b'a'...b'f' => *codepoint |= (byte - b'a' + 10) as u32,
[INFO] [stderr]     |                             ^^^ help: use `..=` for an inclusive range
[INFO] [stderr]     |
[INFO] [stderr]     = warning: this is accepted in the current edition (Rust 2015) but is a hard error in Rust 2021!
[INFO] [stderr]     = note: for more information, see issue #80165 <https://github.com/rust-lang/rust/issues/80165>
[INFO] [stderr] 
[INFO] [stderr] warning: `...` range patterns are deprecated
[INFO] [stderr]    --> src/tokenizer.rs:274:29
[INFO] [stderr]     |
[INFO] [stderr] 274 |                         b'0'...b'9' => *codepoint |= (byte - b'0') as u32,
[INFO] [stderr]     |                             ^^^ help: use `..=` for an inclusive range
[INFO] [stderr]     |
[INFO] [stderr]     = warning: this is accepted in the current edition (Rust 2015) but is a hard error in Rust 2021!
[INFO] [stderr]     = note: for more information, see issue #80165 <https://github.com/rust-lang/rust/issues/80165>
[INFO] [stderr] 
[INFO] [stderr] warning: `...` range patterns are deprecated
[INFO] [stderr]    --> src/tokenizer.rs:319:36
[INFO] [stderr]     |
[INFO] [stderr] 319 |                 PeekResult::Ok(b'0'...b'9') => ss.skip(1),
[INFO] [stderr]     |                                    ^^^ help: use `..=` for an inclusive range
[INFO] [stderr]     |
[INFO] [stderr]     = warning: this is accepted in the current edition (Rust 2015) but is a hard error in Rust 2021!
[INFO] [stderr]     = note: for more information, see issue #80165 <https://github.com/rust-lang/rust/issues/80165>
[INFO] [stderr] 
[INFO] [stderr] warning: `...` range patterns are deprecated
[INFO] [stderr]    --> src/tokenizer.rs:368:29
[INFO] [stderr]     |
[INFO] [stderr] 368 |                         b'0'...b'9' => {
[INFO] [stderr]     |                             ^^^ help: use `..=` for an inclusive range
[INFO] [stderr]     |
[INFO] [stderr]     = warning: this is accepted in the current edition (Rust 2015) but is a hard error in Rust 2021!
[INFO] [stderr]     = note: for more information, see issue #80165 <https://github.com/rust-lang/rust/issues/80165>
[INFO] [stderr] 
[INFO] [stderr] warning: unused import: `::PResult`
[INFO] [stderr]  --> src/source/mod.rs:1:5
[INFO] [stderr]   |
[INFO] [stderr] 1 | use ::PResult;
[INFO] [stderr]   |     ^^^^^^^^^
[INFO] [stderr]   |
[INFO] [stderr]   = note: `#[warn(unused_imports)]` on by default
[INFO] [stderr] 
[INFO] [stderr] warning: unused variable: `token`
[INFO] [stderr]    --> src/parser.rs:136:14
[INFO] [stderr]     |
[INFO] [stderr] 136 | fn log_token(token: &str) {
[INFO] [stderr]     |              ^^^^^ help: if this is intentional, prefix it with an underscore: `_token`
[INFO] [stderr]     |
[INFO] [stderr]     = note: `#[warn(unused_variables)]` on by default
[INFO] [stderr] 
[INFO] [stderr] warning: struct is never constructed: `Decoder`
[INFO] [stderr]  --> src/decoder.rs:4:8
[INFO] [stderr]   |
[INFO] [stderr] 4 | struct Decoder {
[INFO] [stderr]   |        ^^^^^^^
[INFO] [stderr]   |
[INFO] [stderr]   = note: `#[warn(dead_code)]` on by default
[INFO] [stderr] 
[INFO] [stderr] warning: associated function is never used: `new`
[INFO] [stderr]   --> src/decoder.rs:10:8
[INFO] [stderr]    |
[INFO] [stderr] 10 |     fn new() -> Self {
[INFO] [stderr]    |        ^^^
[INFO] [stderr] 
[INFO] [stderr] warning: `iterative_json_parser` (lib) generated 10 warnings
[INFO] [stderr] warning: `iterative_json_parser` (lib test) generated 10 warnings (10 duplicates)
[INFO] [stderr] warning: unused import: `Sink`
[INFO] [stderr]  --> tests/lib.rs:6:37
[INFO] [stderr]   |
[INFO] [stderr] 6 | use iterative_json_parser::{Source, Sink};
[INFO] [stderr]   |                                     ^^^^
[INFO] [stderr]   |
[INFO] [stderr]   = note: `#[warn(unused_imports)]` on by default
[INFO] [stderr] 
[INFO] [stderr] warning: unused variable: `result`
[INFO] [stderr]    --> tests/lib.rs:410:25
[INFO] [stderr]     |
[INFO] [stderr] 410 |                     let result = parse_to_enum(&mut buf);
[INFO] [stderr]     |                         ^^^^^^ help: if this is intentional, prefix it with an underscore: `_result`
[INFO] [stderr]     |
[INFO] [stderr]     = note: `#[warn(unused_variables)]` on by default
[INFO] [stderr] 
[INFO] [stderr] warning: variable does not need to be mutable
[INFO] [stderr]   --> tests/lib.rs:37:9
[INFO] [stderr]    |
[INFO] [stderr] 37 |     let mut ss = SourceSink {
[INFO] [stderr]    |         ----^^
[INFO] [stderr]    |         |
[INFO] [stderr]    |         help: remove this `mut`
[INFO] [stderr]    |
[INFO] [stderr]    = note: `#[warn(unused_mut)]` on by default
[INFO] [stderr] 
[INFO] [stderr] warning: variable does not need to be mutable
[INFO] [stderr]   --> tests/lib.rs:46:9
[INFO] [stderr]    |
[INFO] [stderr] 46 |     let mut bailing_ss = SourceSink {
[INFO] [stderr]    |         ----^^^^^^^^^^
[INFO] [stderr]    |         |
[INFO] [stderr]    |         help: remove this `mut`
[INFO] [stderr] 
[INFO] [stderr] warning: `iterative_json_parser` (test "lib") generated 4 warnings
[INFO] [stderr]     Finished test [unoptimized + debuginfo] target(s) in 0.01s
[INFO] [stderr]      Running unittests (/opt/rustwide/target/debug/deps/iterative_json_parser-eb0c1076dc01ed21)
[INFO] [stdout] test utf8::tests::valid_ascii ... ok
[INFO] [stderr]      Running unittests (/opt/rustwide/target/debug/deps/main-cf3f83c5bbd3e0ca)
[INFO] [stdout] test utf8::tests::fuzz_panic_1 ... ok
[INFO] [stderr]      Running tests/lib.rs (/opt/rustwide/target/debug/deps/lib-c1e7ee29a3a5d91f)
[INFO] [stdout] 
[INFO] [stdout] test result: ok. 2 passed; 0 failed; 0 ignored; 0 measured; 0 filtered out; finished in 0.00s
[INFO] [stdout] 
[INFO] [stdout] 
[INFO] [stdout] running 0 tests
[INFO] [stdout] 
[INFO] [stdout] test result: ok. 0 passed; 0 failed; 0 ignored; 0 measured; 0 filtered out; finished in 0.00s
[INFO] [stdout] 
[INFO] [stdout] 
[INFO] [stdout] running 11 tests
[INFO] [stdout] test full_parse ... ok
[INFO] [stdout] test fuzz_panic_4 ... ok
[INFO] [stdout] test short_encodings_utf8 ... ok
[INFO] [stdout] test simple_object ... ok
[INFO] [stdout] test fuzz_panic_2 ... ok
[INFO] [stdout] test fuzz_panic_3 ... ok
[INFO] [stdout] test json_checker_test_suite ... ok
[INFO] [stdout] test numbers ... ok
[INFO] [stdout] test empty_object ... ok
[INFO] [stdout] test fuzz_panic_1 ... ok
[INFO] [stdout] test json_test_suite ... FAILED
[INFO] [stdout] 
[INFO] [stdout] failures:
[INFO] [stdout] 
[INFO] [stdout] ---- json_test_suite stdout ----
[INFO] [stdout] 
[INFO] [stdout] ==== n_number_with_leading_zero.json ====
[INFO] [stdout] Unexpected ok: Array([Number("+012.0e+1")]) (false)
[INFO] [stdout] 
[INFO] [stdout] ==== n_number_-01.json ====
[INFO] [stdout] Unexpected ok: Array([Number("-01.0e+1")]) (false)
[INFO] [stdout] 
[INFO] [stderr] error: test failed, to rerun pass '--test lib'
[INFO] [stdout] ==== n_number_minus_space_1.json ====
[INFO] [stdout] Unexpected ok: Array([Number("-1.0e+1")]) (false)
[INFO] [stdout] 
[INFO] [stdout] ==== n_number_neg_int_starting_with_zero.json ====
[INFO] [stdout] Unexpected ok: Array([Number("-012.0e+1")]) (false)
[INFO] [stdout] thread 'json_test_suite' panicked at 'assertion failed: success', tests/lib.rs:417:5
[INFO] [stdout] stack backtrace:
[INFO] [stdout]    0:     0x562f399eea00 - std::backtrace_rs::backtrace::libunwind::trace::hff4d1766e93f64f1
[INFO] [stdout]                                at /rustc/53fd98ca776cb875bc9e5514f56b52eb74f9e7a9/library/std/src/../../backtrace/src/backtrace/libunwind.rs:90:5
[INFO] [stdout]    1:     0x562f399eea00 - std::backtrace_rs::backtrace::trace_unsynchronized::h56bbc8eb78770bcb
[INFO] [stdout]                                at /rustc/53fd98ca776cb875bc9e5514f56b52eb74f9e7a9/library/std/src/../../backtrace/src/backtrace/mod.rs:66:5
[INFO] [stdout]    2:     0x562f399eea00 - std::sys_common::backtrace::_print_fmt::h5c8e75464faca780
[INFO] [stdout]                                at /rustc/53fd98ca776cb875bc9e5514f56b52eb74f9e7a9/library/std/src/sys_common/backtrace.rs:67:5
[INFO] [stdout]    3:     0x562f399eea00 - <std::sys_common::backtrace::_print::DisplayBacktrace as core::fmt::Display>::fmt::h48b88277def8b362
[INFO] [stdout]                                at /rustc/53fd98ca776cb875bc9e5514f56b52eb74f9e7a9/library/std/src/sys_common/backtrace.rs:46:22
[INFO] [stdout]    4:     0x562f39a1178c - core::fmt::write::h3381b3176fe2b3d3
[INFO] [stdout]                                at /rustc/53fd98ca776cb875bc9e5514f56b52eb74f9e7a9/library/core/src/fmt/mod.rs:1115:17
[INFO] [stdout]    5:     0x562f399eb815 - std::io::Write::write_fmt::h5f34a676f60246b5
[INFO] [stdout]                                at /rustc/53fd98ca776cb875bc9e5514f56b52eb74f9e7a9/library/std/src/io/mod.rs:1665:15
[INFO] [stdout]    6:     0x562f399f0b7b - std::sys_common::backtrace::_print::ha537687d6c17dd0d
[INFO] [stdout]                                at /rustc/53fd98ca776cb875bc9e5514f56b52eb74f9e7a9/library/std/src/sys_common/backtrace.rs:49:5
[INFO] [stdout]    7:     0x562f399f0b7b - std::sys_common::backtrace::print::h61376ae57d131d72
[INFO] [stdout]                                at /rustc/53fd98ca776cb875bc9e5514f56b52eb74f9e7a9/library/std/src/sys_common/backtrace.rs:36:9
[INFO] [stdout]    8:     0x562f399f0b7b - std::panicking::default_hook::{{closure}}::h0f7208c0b9644a54
[INFO] [stdout]                                at /rustc/53fd98ca776cb875bc9e5514f56b52eb74f9e7a9/library/std/src/panicking.rs:208:50
[INFO] [stdout]    9:     0x562f399f068c - std::panicking::default_hook::hdac7fc06578c14ce
[INFO] [stdout]                                at /rustc/53fd98ca776cb875bc9e5514f56b52eb74f9e7a9/library/std/src/panicking.rs:222:9
[INFO] [stdout]   10:     0x562f399f1244 - std::panicking::rust_panic_with_hook::h72b21c283da3d1ef
[INFO] [stdout]                                at /rustc/53fd98ca776cb875bc9e5514f56b52eb74f9e7a9/library/std/src/panicking.rs:622:17
[INFO] [stdout]   11:     0x562f399f0cf7 - std::panicking::begin_panic_handler::{{closure}}::he5778f1729cff84a
[INFO] [stdout]                                at /rustc/53fd98ca776cb875bc9e5514f56b52eb74f9e7a9/library/std/src/panicking.rs:517:13
[INFO] [stdout]   12:     0x562f399eeedc - std::sys_common::backtrace::__rust_end_short_backtrace::h2d11ca8b453b4b1d
[INFO] [stdout]                                at /rustc/53fd98ca776cb875bc9e5514f56b52eb74f9e7a9/library/std/src/sys_common/backtrace.rs:141:18
[INFO] [stdout]   13:     0x562f399f0c89 - rust_begin_unwind
[INFO] [stdout]                                at /rustc/53fd98ca776cb875bc9e5514f56b52eb74f9e7a9/library/std/src/panicking.rs:515:5
[INFO] [stdout]   14:     0x562f399753b1 - core::panicking::panic_fmt::hf9de31d4acbce4db
[INFO] [stdout]                                at /rustc/53fd98ca776cb875bc9e5514f56b52eb74f9e7a9/library/core/src/panicking.rs:92:14
[INFO] [stdout]   15:     0x562f399752fd - core::panicking::panic::h8a6bc58a21c6c095
[INFO] [stdout]                                at /rustc/53fd98ca776cb875bc9e5514f56b52eb74f9e7a9/library/core/src/panicking.rs:50:5
[INFO] [stdout]   16:     0x562f3998d0ae - lib::json_test_suite::h1d74e7f9fc360d99
[INFO] [stdout]                                at /opt/rustwide/workdir/tests/lib.rs:417:5
[INFO] [stdout]   17:     0x562f3998c41a - lib::json_test_suite::{{closure}}::h3e3a76e95f36c07b
[INFO] [stdout]                                at /opt/rustwide/workdir/tests/lib.rs:359:1
[INFO] [stdout]   18:     0x562f399854ce - core::ops::function::FnOnce::call_once::hb6dd777d6fa048f7
[INFO] [stdout]                                at /rustc/53fd98ca776cb875bc9e5514f56b52eb74f9e7a9/library/core/src/ops/function.rs:227:5
[INFO] [stdout]   19:     0x562f399c54f3 - core::ops::function::FnOnce::call_once::hbb52c4519d3137b0
[INFO] [stdout]                                at /rustc/53fd98ca776cb875bc9e5514f56b52eb74f9e7a9/library/core/src/ops/function.rs:227:5
[INFO] [stdout]   20:     0x562f399c54f3 - test::__rust_begin_short_backtrace::h86fe3a2a5a5121af
[INFO] [stdout]                                at /rustc/53fd98ca776cb875bc9e5514f56b52eb74f9e7a9/library/test/src/lib.rs:578:5
[INFO] [stdout]   21:     0x562f399c3fa8 - <alloc::boxed::Box<F,A> as core::ops::function::FnOnce<Args>>::call_once::hfd956bc3d57399be
[INFO] [stdout]                                at /rustc/53fd98ca776cb875bc9e5514f56b52eb74f9e7a9/library/alloc/src/boxed.rs:1572:9
[INFO] [stdout]   22:     0x562f399c3fa8 - <std::panic::AssertUnwindSafe<F> as core::ops::function::FnOnce<()>>::call_once::h40dc93e0ddb5938a
[INFO] [stdout]                                at /rustc/53fd98ca776cb875bc9e5514f56b52eb74f9e7a9/library/std/src/panic.rs:347:9
[INFO] [stdout]   23:     0x562f399c3fa8 - std::panicking::try::do_call::h90d07750cb47c562
[INFO] [stdout]                                at /rustc/53fd98ca776cb875bc9e5514f56b52eb74f9e7a9/library/std/src/panicking.rs:401:40
[INFO] [stdout]   24:     0x562f399c3fa8 - std::panicking::try::h063c84733ad2a629
[INFO] [stdout]                                at /rustc/53fd98ca776cb875bc9e5514f56b52eb74f9e7a9/library/std/src/panicking.rs:365:19
[INFO] [stdout]   25:     0x562f399c3fa8 - std::panic::catch_unwind::h0c464836a84e7c08
[INFO] [stdout]                                at /rustc/53fd98ca776cb875bc9e5514f56b52eb74f9e7a9/library/std/src/panic.rs:434:14
[INFO] [stdout]   26:     0x562f399c3fa8 - test::run_test_in_process::h5cb06ef620b157fc
[INFO] [stdout]                                at /rustc/53fd98ca776cb875bc9e5514f56b52eb74f9e7a9/library/test/src/lib.rs:601:18
[INFO] [stdout]   27:     0x562f399c3fa8 - test::run_test::run_test_inner::{{closure}}::h76f677f4b93f9828
[INFO] [stdout]                                at /rustc/53fd98ca776cb875bc9e5514f56b52eb74f9e7a9/library/test/src/lib.rs:493:39
[INFO] [stdout]   28:     0x562f3999273d - test::run_test::run_test_inner::{{closure}}::h366d01fe04f4d67a
[INFO] [stdout]                                at /rustc/53fd98ca776cb875bc9e5514f56b52eb74f9e7a9/library/test/src/lib.rs:520:37
[INFO] [stdout]   29:     0x562f3999273d - std::sys_common::backtrace::__rust_begin_short_backtrace::h7dfa0de4eb395af2
[INFO] [stdout]                                at /rustc/53fd98ca776cb875bc9e5514f56b52eb74f9e7a9/library/std/src/sys_common/backtrace.rs:125:18
[INFO] [stdout]   30:     0x562f39996f08 - std::thread::Builder::spawn_unchecked::{{closure}}::{{closure}}::hf0a74bb58798037f
[INFO] [stdout]                                at /rustc/53fd98ca776cb875bc9e5514f56b52eb74f9e7a9/library/std/src/thread/mod.rs:476:17
[INFO] [stdout]   31:     0x562f39996f08 - <std::panic::AssertUnwindSafe<F> as core::ops::function::FnOnce<()>>::call_once::hb024e854818586ac
[INFO] [stdout]                                at /rustc/53fd98ca776cb875bc9e5514f56b52eb74f9e7a9/library/std/src/panic.rs:347:9
[INFO] [stdout]   32:     0x562f39996f08 - std::panicking::try::do_call::hb2dd9f1d0d48e41d
[INFO] [stdout]                                at /rustc/53fd98ca776cb875bc9e5514f56b52eb74f9e7a9/library/std/src/panicking.rs:401:40
[INFO] [stdout]   33:     0x562f39996f08 - std::panicking::try::h4717ae7bac8b2bf3
[INFO] [stdout]                                at /rustc/53fd98ca776cb875bc9e5514f56b52eb74f9e7a9/library/std/src/panicking.rs:365:19
[INFO] [stdout]   34:     0x562f39996f08 - std::panic::catch_unwind::h0dc8a061326ce8d8
[INFO] [stdout]                                at /rustc/53fd98ca776cb875bc9e5514f56b52eb74f9e7a9/library/std/src/panic.rs:434:14
[INFO] [stdout]   35:     0x562f39996f08 - std::thread::Builder::spawn_unchecked::{{closure}}::haa369e2d6fd00aa1
[INFO] [stdout]                                at /rustc/53fd98ca776cb875bc9e5514f56b52eb74f9e7a9/library/std/src/thread/mod.rs:475:30
[INFO] [stdout]   36:     0x562f39996f08 - core::ops::function::FnOnce::call_once{{vtable.shim}}::h36dcf3de8b056f17
[INFO] [stdout]                                at /rustc/53fd98ca776cb875bc9e5514f56b52eb74f9e7a9/library/core/src/ops/function.rs:227:5
[INFO] [stdout]   37:     0x562f399f61d7 - <alloc::boxed::Box<F,A> as core::ops::function::FnOnce<Args>>::call_once::h65c29e4642be2358
[INFO] [stdout]                                at /rustc/53fd98ca776cb875bc9e5514f56b52eb74f9e7a9/library/alloc/src/boxed.rs:1572:9
[INFO] [stdout]   38:     0x562f399f61d7 - <alloc::boxed::Box<F,A> as core::ops::function::FnOnce<Args>>::call_once::hd0f8f7fbbd9fffbf
[INFO] [stdout]                                at /rustc/53fd98ca776cb875bc9e5514f56b52eb74f9e7a9/library/alloc/src/boxed.rs:1572:9
[INFO] [stdout]   39:     0x562f399f61d7 - std::sys::unix::thread::Thread::new::thread_start::h2fd22fee3ca77b65
[INFO] [stdout]                                at /rustc/53fd98ca776cb875bc9e5514f56b52eb74f9e7a9/library/std/src/sys/unix/thread.rs:74:17
[INFO] [stdout]   40:     0x7f01672d9609 - start_thread
[INFO] [stdout]   41:     0x7f01670ab293 - clone
[INFO] [stdout]   42:                0x0 - <unknown>
[INFO] [stdout] 
[INFO] [stdout] 
[INFO] [stdout] failures:
[INFO] [stdout]     json_test_suite
[INFO] [stdout] 
[INFO] [stdout] test result: FAILED. 10 passed; 1 failed; 0 ignored; 0 measured; 0 filtered out; finished in 0.41s
[INFO] [stdout] 
[INFO] running `Command { std: "docker" "inspect" "04b698d79cdc77cf83e9a338006e0afb9baa8e70097da1916d62777664613bbb", kill_on_drop: false }`
[INFO] running `Command { std: "docker" "rm" "-f" "04b698d79cdc77cf83e9a338006e0afb9baa8e70097da1916d62777664613bbb", kill_on_drop: false }`
[INFO] [stdout] 04b698d79cdc77cf83e9a338006e0afb9baa8e70097da1916d62777664613bbb
