[INFO] cloning repository https://github.com/hank-der-hafenarbeiter/imperative-rs
[INFO] running `Command { std: "git" "-c" "credential.helper=" "-c" "credential.helper=/workspace/cargo-home/bin/git-credential-null" "clone" "--bare" "https://github.com/hank-der-hafenarbeiter/imperative-rs" "/workspace/cache/git-repos/https%3A%2F%2Fgithub.com%2Fhank-der-hafenarbeiter%2Fimperative-rs", kill_on_drop: false }`
[INFO] [stderr] Cloning into bare repository '/workspace/cache/git-repos/https%3A%2F%2Fgithub.com%2Fhank-der-hafenarbeiter%2Fimperative-rs'...
[INFO] running `Command { std: "git" "rev-parse" "HEAD", kill_on_drop: false }`
[INFO] [stdout] 8e809b597d733fd2764cb572a05377dbf9bbb12a
[INFO] testing hank-der-hafenarbeiter/imperative-rs against beta-2021-08-01 for beta-1.55-1
[INFO] running `Command { std: "git" "clone" "/workspace/cache/git-repos/https%3A%2F%2Fgithub.com%2Fhank-der-hafenarbeiter%2Fimperative-rs" "/workspace/builds/worker-6/source", kill_on_drop: false }`
[INFO] [stderr] Cloning into '/workspace/builds/worker-6/source'...
[INFO] [stderr] done.
[INFO] validating manifest of git repo https://github.com/hank-der-hafenarbeiter/imperative-rs on toolchain beta-2021-08-01
[INFO] running `Command { std: "/workspace/cargo-home/bin/cargo" "+beta-2021-08-01" "metadata" "--manifest-path" "Cargo.toml" "--no-deps", kill_on_drop: false }`
[INFO] started tweaking git repo https://github.com/hank-der-hafenarbeiter/imperative-rs
[INFO] finished tweaking git repo https://github.com/hank-der-hafenarbeiter/imperative-rs
[INFO] tweaked toml for git repo https://github.com/hank-der-hafenarbeiter/imperative-rs written to /workspace/builds/worker-6/source/Cargo.toml
[INFO] running `Command { std: "/workspace/cargo-home/bin/cargo" "+beta-2021-08-01" "generate-lockfile" "--manifest-path" "Cargo.toml" "-Zno-index-update", kill_on_drop: false }`
[INFO] running `Command { std: "/workspace/cargo-home/bin/cargo" "+beta-2021-08-01" "fetch" "--manifest-path" "Cargo.toml", kill_on_drop: false }`
[INFO] [stderr]     Blocking waiting for file lock on package cache
[INFO] [stderr]  Downloading crates ...
[INFO] [stderr]   Downloaded trybuild v1.0.44
[INFO] [stderr]   Downloaded imperative-rs-derive v0.3.1
[INFO] [stderr]   Downloaded imperative-rs v0.3.1
[INFO] running `Command { std: "docker" "create" "-v" "/var/lib/crater-agent-workspace/builds/worker-6/target:/opt/rustwide/target:rw,Z" "-v" "/var/lib/crater-agent-workspace/builds/worker-6/source:/opt/rustwide/workdir:ro,Z" "-v" "/var/lib/crater-agent-workspace/cargo-home:/opt/rustwide/cargo-home:ro,Z" "-v" "/var/lib/crater-agent-workspace/rustup-home:/opt/rustwide/rustup-home:ro,Z" "-e" "SOURCE_DIR=/opt/rustwide/workdir" "-e" "CARGO_TARGET_DIR=/opt/rustwide/target" "-e" "CARGO_HOME=/opt/rustwide/cargo-home" "-e" "RUSTUP_HOME=/opt/rustwide/rustup-home" "-w" "/opt/rustwide/workdir" "-m" "1610612736" "--user" "0:0" "--network" "none" "ghcr.io/rust-lang/crates-build-env/linux@sha256:34b6a614d2c27851fe6cbf88fbd1137609cefab8b10d0615aaeb6fd47975d74e" "/opt/rustwide/cargo-home/bin/cargo" "+beta-2021-08-01" "metadata" "--no-deps" "--format-version=1", kill_on_drop: false }`
[INFO] [stdout] 5ee4a584c8e31c7523a38269d1f90163645664ceb9e09cff3efd327c820816e2
[INFO] running `Command { std: "docker" "start" "-a" "5ee4a584c8e31c7523a38269d1f90163645664ceb9e09cff3efd327c820816e2", kill_on_drop: false }`
[INFO] running `Command { std: "docker" "inspect" "5ee4a584c8e31c7523a38269d1f90163645664ceb9e09cff3efd327c820816e2", kill_on_drop: false }`
[INFO] running `Command { std: "docker" "rm" "-f" "5ee4a584c8e31c7523a38269d1f90163645664ceb9e09cff3efd327c820816e2", kill_on_drop: false }`
[INFO] [stdout] 5ee4a584c8e31c7523a38269d1f90163645664ceb9e09cff3efd327c820816e2
[INFO] running `Command { std: "docker" "create" "-v" "/var/lib/crater-agent-workspace/builds/worker-6/target:/opt/rustwide/target:rw,Z" "-v" "/var/lib/crater-agent-workspace/builds/worker-6/source:/opt/rustwide/workdir:ro,Z" "-v" "/var/lib/crater-agent-workspace/cargo-home:/opt/rustwide/cargo-home:ro,Z" "-v" "/var/lib/crater-agent-workspace/rustup-home:/opt/rustwide/rustup-home:ro,Z" "-e" "SOURCE_DIR=/opt/rustwide/workdir" "-e" "CARGO_TARGET_DIR=/opt/rustwide/target" "-e" "CARGO_INCREMENTAL=0" "-e" "RUST_BACKTRACE=full" "-e" "RUSTFLAGS=--cap-lints=warn" "-e" "CARGO_HOME=/opt/rustwide/cargo-home" "-e" "RUSTUP_HOME=/opt/rustwide/rustup-home" "-w" "/opt/rustwide/workdir" "-m" "1610612736" "--user" "0:0" "--network" "none" "ghcr.io/rust-lang/crates-build-env/linux@sha256:34b6a614d2c27851fe6cbf88fbd1137609cefab8b10d0615aaeb6fd47975d74e" "/opt/rustwide/cargo-home/bin/cargo" "+beta-2021-08-01" "build" "--frozen" "--message-format=json", kill_on_drop: false }`
[INFO] [stdout] ee1c05c696f268c24a9722447a1a132ffa8589d8df20e40534a3341bc48ab751
[INFO] running `Command { std: "docker" "start" "-a" "ee1c05c696f268c24a9722447a1a132ffa8589d8df20e40534a3341bc48ab751", kill_on_drop: false }`
[INFO] [stderr]    Compiling syn v1.0.74
[INFO] [stderr]    Compiling crossbeam-utils v0.8.5
[INFO] [stderr]    Compiling semver v1.0.4
[INFO] [stderr]    Compiling libc v0.2.98
[INFO] [stderr]    Compiling crossbeam-epoch v0.9.5
[INFO] [stderr]    Compiling memchr v2.4.0
[INFO] [stderr]    Compiling rayon-core v1.9.1
[INFO] [stderr]    Compiling plotters-backend v0.3.2
[INFO] [stderr]    Compiling regex-automata v0.1.10
[INFO] [stderr]    Compiling half v1.7.1
[INFO] [stderr]    Compiling regex-syntax v0.6.25
[INFO] [stderr]    Compiling oorandom v11.1.3
[INFO] [stderr]    Compiling memoffset v0.6.4
[INFO] [stderr]    Compiling rayon v1.5.1
[INFO] [stderr]    Compiling itertools v0.10.1
[INFO] [stderr]    Compiling clap v2.33.3
[INFO] [stderr]    Compiling plotters-svg v0.3.1
[INFO] [stderr]    Compiling plotters v0.3.1
[INFO] [stderr]    Compiling crossbeam-channel v0.5.1
[INFO] [stderr]    Compiling rustc_version v0.4.0
[INFO] [stderr]    Compiling crossbeam-deque v0.8.1
[INFO] [stderr]    Compiling regex v1.5.4
[INFO] [stderr]    Compiling csv-core v0.1.10
[INFO] [stderr]    Compiling cast v0.2.7
[INFO] [stderr]    Compiling num_cpus v1.13.0
[INFO] [stderr]    Compiling atty v0.2.14
[INFO] [stderr]    Compiling criterion-plot v0.4.4
[INFO] [stderr]    Compiling serde_derive v1.0.127
[INFO] [stderr]    Compiling imperative-rs-derive v0.3.1
[INFO] [stderr]    Compiling imperative-rs-derive v0.3.1 (/opt/rustwide/workdir/imperative-derive)
[INFO] [stdout] warning: panic message is not a string literal
[INFO] [stdout]   --> imperative-derive/src/instruction.rs:85:16
[INFO] [stdout]    |
[INFO] [stdout] 85 |           panic!(format!(
[INFO] [stdout]    |  ________________^
[INFO] [stdout] 86 | |             "Unexpected type {:?} when getting memory size.",
[INFO] [stdout] 87 | |             ty
[INFO] [stdout] 88 | |         ));
[INFO] [stdout]    | |_________^
[INFO] [stdout]    |
[INFO] [stdout]    = note: `#[warn(non_fmt_panics)]` on by default
[INFO] [stdout]    = note: this usage of panic!() is deprecated; it will be a hard error in Rust 2021
[INFO] [stdout]    = note: for more information, see <https://doc.rust-lang.org/nightly/edition-guide/rust-2021/panic-macro-consistency.html>
[INFO] [stdout]    = note: the panic!() macro supports formatting, so there's no need for the format!() macro here
[INFO] [stdout] help: remove the `format!(..)` macro call
[INFO] [stdout]    |
[INFO] [stdout] 85 |         panic!(
[INFO] [stdout] 86 |             "Unexpected type {:?} when getting memory size.",
[INFO] [stdout] 87 |             ty
[INFO] [stdout] 88 |         );
[INFO] [stdout]    |
[INFO] [stdout] 
[INFO] [stdout] 
[INFO] [stderr]    Compiling imperative-rs v0.3.1
[INFO] [stdout] warning: 1 warning emitted
[INFO] [stdout] 
[INFO] [stdout] 
[INFO] [stderr]    Compiling imperative-rs v0.3.1 (/opt/rustwide/workdir/imperative)
[INFO] [stderr]    Compiling serde v1.0.127
[INFO] [stderr]    Compiling serde_json v1.0.66
[INFO] [stderr]    Compiling bstr v0.2.16
[INFO] [stderr]    Compiling serde_cbor v0.11.1
[INFO] [stderr]    Compiling csv v1.1.6
[INFO] [stderr]    Compiling tinytemplate v1.2.1
[INFO] [stderr]    Compiling criterion v0.3.5
[INFO] [stderr]    Compiling imperative-bench v0.1.0 (/opt/rustwide/workdir/imperative-bench)
[INFO] [stderr]     Finished dev [unoptimized + debuginfo] target(s) in 37.36s
[INFO] running `Command { std: "docker" "inspect" "ee1c05c696f268c24a9722447a1a132ffa8589d8df20e40534a3341bc48ab751", kill_on_drop: false }`
[INFO] running `Command { std: "docker" "rm" "-f" "ee1c05c696f268c24a9722447a1a132ffa8589d8df20e40534a3341bc48ab751", kill_on_drop: false }`
[INFO] [stdout] ee1c05c696f268c24a9722447a1a132ffa8589d8df20e40534a3341bc48ab751
[INFO] running `Command { std: "docker" "create" "-v" "/var/lib/crater-agent-workspace/builds/worker-6/target:/opt/rustwide/target:rw,Z" "-v" "/var/lib/crater-agent-workspace/builds/worker-6/source:/opt/rustwide/workdir:ro,Z" "-v" "/var/lib/crater-agent-workspace/cargo-home:/opt/rustwide/cargo-home:ro,Z" "-v" "/var/lib/crater-agent-workspace/rustup-home:/opt/rustwide/rustup-home:ro,Z" "-e" "SOURCE_DIR=/opt/rustwide/workdir" "-e" "CARGO_TARGET_DIR=/opt/rustwide/target" "-e" "CARGO_INCREMENTAL=0" "-e" "RUST_BACKTRACE=full" "-e" "RUSTFLAGS=--cap-lints=warn" "-e" "CARGO_HOME=/opt/rustwide/cargo-home" "-e" "RUSTUP_HOME=/opt/rustwide/rustup-home" "-w" "/opt/rustwide/workdir" "-m" "1610612736" "--user" "0:0" "--network" "none" "ghcr.io/rust-lang/crates-build-env/linux@sha256:34b6a614d2c27851fe6cbf88fbd1137609cefab8b10d0615aaeb6fd47975d74e" "/opt/rustwide/cargo-home/bin/cargo" "+beta-2021-08-01" "test" "--frozen" "--no-run" "--message-format=json", kill_on_drop: false }`
[INFO] [stdout] 87c89ad1ec907f96f76f7ab3817779f45dd1511036b443d5d4d1f780f0469a58
[INFO] running `Command { std: "docker" "start" "-a" "87c89ad1ec907f96f76f7ab3817779f45dd1511036b443d5d4d1f780f0469a58", kill_on_drop: false }`
[INFO] [stderr]    Compiling trybuild v1.0.44
[INFO] [stderr]    Compiling glob v0.3.0
[INFO] [stderr]    Compiling imperative-rs-derive v0.3.1 (/opt/rustwide/workdir/imperative-derive)
[INFO] [stderr]    Compiling imperative-rs v0.3.1 (/opt/rustwide/workdir/imperative)
[INFO] [stderr]    Compiling toml v0.5.8
[INFO] [stdout] warning: panic message is not a string literal
[INFO] [stdout]   --> imperative-derive/src/instruction.rs:85:16
[INFO] [stdout]    |
[INFO] [stdout] 85 |           panic!(format!(
[INFO] [stdout]    |  ________________^
[INFO] [stdout] 86 | |             "Unexpected type {:?} when getting memory size.",
[INFO] [stdout] 87 | |             ty
[INFO] [stdout] 88 | |         ));
[INFO] [stdout]    | |_________^
[INFO] [stdout]    |
[INFO] [stdout]    = note: `#[warn(non_fmt_panics)]` on by default
[INFO] [stdout]    = note: this usage of panic!() is deprecated; it will be a hard error in Rust 2021
[INFO] [stdout]    = note: for more information, see <https://doc.rust-lang.org/nightly/edition-guide/rust-2021/panic-macro-consistency.html>
[INFO] [stdout]    = note: the panic!() macro supports formatting, so there's no need for the format!() macro here
[INFO] [stdout] help: remove the `format!(..)` macro call
[INFO] [stdout]    |
[INFO] [stdout] 85 |         panic!(
[INFO] [stdout] 86 |             "Unexpected type {:?} when getting memory size.",
[INFO] [stdout] 87 |             ty
[INFO] [stdout] 88 |         );
[INFO] [stdout]    |
[INFO] [stdout] 
[INFO] [stdout] 
[INFO] [stdout] warning: 1 warning emitted
[INFO] [stdout] 
[INFO] [stdout] 
[INFO] [stderr]    Compiling imperative-bench v0.1.0 (/opt/rustwide/workdir/imperative-bench)
[INFO] [stdout] warning: panic message is not a string literal
[INFO] [stdout]   --> imperative-derive/src/instruction.rs:85:16
[INFO] [stdout]    |
[INFO] [stdout] 85 |           panic!(format!(
[INFO] [stdout]    |  ________________^
[INFO] [stdout] 86 | |             "Unexpected type {:?} when getting memory size.",
[INFO] [stdout] 87 | |             ty
[INFO] [stdout] 88 | |         ));
[INFO] [stdout]    | |_________^
[INFO] [stdout]    |
[INFO] [stdout]    = note: `#[warn(non_fmt_panics)]` on by default
[INFO] [stdout]    = note: this usage of panic!() is deprecated; it will be a hard error in Rust 2021
[INFO] [stdout]    = note: for more information, see <https://doc.rust-lang.org/nightly/edition-guide/rust-2021/panic-macro-consistency.html>
[INFO] [stdout]    = note: the panic!() macro supports formatting, so there's no need for the format!() macro here
[INFO] [stdout] help: remove the `format!(..)` macro call
[INFO] [stdout]    |
[INFO] [stdout] 85 |         panic!(
[INFO] [stdout] 86 |             "Unexpected type {:?} when getting memory size.",
[INFO] [stdout] 87 |             ty
[INFO] [stdout] 88 |         );
[INFO] [stdout]    |
[INFO] [stdout] 
[INFO] [stdout] 
[INFO] [stdout] warning: 1 warning emitted
[INFO] [stdout] 
[INFO] [stdout] 
[INFO] [stderr]    Compiling imperative-tests v0.1.1 (/opt/rustwide/workdir/imperative-tests)
[INFO] [stderr]     Finished test [unoptimized + debuginfo] target(s) in 7.84s
[INFO] running `Command { std: "docker" "inspect" "87c89ad1ec907f96f76f7ab3817779f45dd1511036b443d5d4d1f780f0469a58", kill_on_drop: false }`
[INFO] running `Command { std: "docker" "rm" "-f" "87c89ad1ec907f96f76f7ab3817779f45dd1511036b443d5d4d1f780f0469a58", kill_on_drop: false }`
[INFO] [stdout] 87c89ad1ec907f96f76f7ab3817779f45dd1511036b443d5d4d1f780f0469a58
[INFO] running `Command { std: "docker" "create" "-v" "/var/lib/crater-agent-workspace/builds/worker-6/target:/opt/rustwide/target:rw,Z" "-v" "/var/lib/crater-agent-workspace/builds/worker-6/source:/opt/rustwide/workdir:ro,Z" "-v" "/var/lib/crater-agent-workspace/cargo-home:/opt/rustwide/cargo-home:ro,Z" "-v" "/var/lib/crater-agent-workspace/rustup-home:/opt/rustwide/rustup-home:ro,Z" "-e" "SOURCE_DIR=/opt/rustwide/workdir" "-e" "CARGO_TARGET_DIR=/opt/rustwide/target" "-e" "CARGO_INCREMENTAL=0" "-e" "RUST_BACKTRACE=full" "-e" "RUSTFLAGS=--cap-lints=warn" "-e" "CARGO_HOME=/opt/rustwide/cargo-home" "-e" "RUSTUP_HOME=/opt/rustwide/rustup-home" "-w" "/opt/rustwide/workdir" "-m" "1610612736" "--user" "0:0" "--network" "none" "ghcr.io/rust-lang/crates-build-env/linux@sha256:34b6a614d2c27851fe6cbf88fbd1137609cefab8b10d0615aaeb6fd47975d74e" "/opt/rustwide/cargo-home/bin/cargo" "+beta-2021-08-01" "test" "--frozen", kill_on_drop: false }`
[INFO] [stdout] 8f6a3314d3873a39204d46f9e010cad4900cfec1dcea859864afddfb69cf25d4
[INFO] running `Command { std: "docker" "start" "-a" "8f6a3314d3873a39204d46f9e010cad4900cfec1dcea859864afddfb69cf25d4", kill_on_drop: false }`
[INFO] [stderr] warning: panic message is not a string literal
[INFO] [stderr]   --> imperative-derive/src/instruction.rs:85:16
[INFO] [stderr]    |
[INFO] [stderr] 85 |           panic!(format!(
[INFO] [stderr]    |  ________________^
[INFO] [stderr] 86 | |             "Unexpected type {:?} when getting memory size.",
[INFO] [stderr] 87 | |             ty
[INFO] [stderr] 88 | |         ));
[INFO] [stderr]    | |_________^
[INFO] [stderr]    |
[INFO] [stderr]    = note: `#[warn(non_fmt_panics)]` on by default
[INFO] [stderr]    = note: this usage of panic!() is deprecated; it will be a hard error in Rust 2021
[INFO] [stderr]    = note: for more information, see <https://doc.rust-lang.org/nightly/edition-guide/rust-2021/panic-macro-consistency.html>
[INFO] [stderr]    = note: the panic!() macro supports formatting, so there's no need for the format!() macro here
[INFO] [stderr] help: remove the `format!(..)` macro call
[INFO] [stderr]    |
[INFO] [stderr] 85 |         panic!(
[INFO] [stderr] 86 |             "Unexpected type {:?} when getting memory size.",
[INFO] [stderr] 87 |             ty
[INFO] [stderr] 88 |         );
[INFO] [stderr]    |
[INFO] [stderr] 
[INFO] [stderr] warning: `imperative-rs-derive` (lib) generated 1 warning
[INFO] [stderr] warning: `imperative-rs-derive` (lib test) generated 1 warning (1 duplicate)
[INFO] [stderr]     Finished test [unoptimized + debuginfo] target(s) in 0.09s
[INFO] [stderr]      Running unittests (/opt/rustwide/target/debug/deps/imperative_bench-c07bd8947bfdd2b6)
[INFO] [stdout] 
[INFO] [stderr]      Running unittests (/opt/rustwide/target/debug/deps/imperative_rs-58bb7e7ddcd8271c)
[INFO] [stdout] running 0 tests
[INFO] [stdout] 
[INFO] [stdout] test result: ok. 0 passed; 0 failed; 0 ignored; 0 measured; 0 filtered out; finished in 0.00s
[INFO] [stdout] 
[INFO] [stderr]      Running unittests (/opt/rustwide/target/debug/deps/imperative_rs_derive-3bbebb7ed2abc2eb)
[INFO] [stdout] 
[INFO] [stderr]      Running tests/tests.rs (/opt/rustwide/target/debug/deps/tests-465a32e2df9828d7)
[INFO] [stdout] running 0 tests
[INFO] [stdout] 
[INFO] [stdout] test result: ok. 0 passed; 0 failed; 0 ignored; 0 measured; 0 filtered out; finished in 0.00s
[INFO] [stdout] 
[INFO] [stdout] 
[INFO] [stdout] running 0 tests
[INFO] [stdout] 
[INFO] [stdout] test result: ok. 0 passed; 0 failed; 0 ignored; 0 measured; 0 filtered out; finished in 0.00s
[INFO] [stdout] 
[INFO] [stdout] 
[INFO] [stdout] running 11 tests
[INFO] [stdout] test decoding::bin_opcodes::decoding_bin_opcodes ... ok
[INFO] [stdout] test decoding::hex_opcodes::decoding_hex_opcodes ... ok
[INFO] [stdout] test decoding::variable_length::with_variables ... ok
[INFO] [stdout] test encoding::variable_length::variable_length_no_vars ... ok
[INFO] [stdout] test encoding::hex_opcodes::encoding_hex_opcodes ... ok
[INFO] [stdout] test encoding::variable_length::with_variables ... ok
[INFO] [stdout] test encoding::bin_opcodes::encoding_bin_opcodes ... ok
[INFO] [stdout] test encoding::star_opcodes::encoding_star_opcodes ... ok
[INFO] [stdout] test decoding::variable_length::variable_length_no_vars ... ok
[INFO] [stdout] test decoding::star_opcodes::encoding_star_opcodes ... ok
[INFO] [stderr]    Compiling proc-macro2 v1.0.28
[INFO] [stderr]    Compiling unicode-xid v0.2.2
[INFO] [stderr]    Compiling syn v1.0.74
[INFO] [stderr]    Compiling lazy_static v1.4.0
[INFO] [stderr]    Compiling quote v1.0.9
[INFO] [stderr]    Compiling imperative-rs-derive v0.3.1 (/opt/rustwide/workdir/imperative-derive)
[INFO] [stderr] warning: panic message is not a string literal
[INFO] [stderr]   --> /opt/rustwide/workdir/imperative-derive/src/instruction.rs:85:16
[INFO] [stderr]    |
[INFO] [stderr] 85 |           panic!(format!(
[INFO] [stderr]    |  ________________^
[INFO] [stderr] 86 | |             "Unexpected type {:?} when getting memory size.",
[INFO] [stderr] 87 | |             ty
[INFO] [stderr] 88 | |         ));
[INFO] [stderr]    | |_________^
[INFO] [stderr]    |
[INFO] [stderr]    = note: `#[warn(non_fmt_panics)]` on by default
[INFO] [stderr]    = note: this usage of panic!() is deprecated; it will be a hard error in Rust 2021
[INFO] [stderr]    = note: for more information, see <https://doc.rust-lang.org/nightly/edition-guide/rust-2021/panic-macro-consistency.html>
[INFO] [stderr]    = note: the panic!() macro supports formatting, so there's no need for the format!() macro here
[INFO] [stderr] help: remove the `format!(..)` macro call
[INFO] [stderr]    |
[INFO] [stderr] 85 |         panic!(
[INFO] [stderr] 86 |             "Unexpected type {:?} when getting memory size.",
[INFO] [stderr] 87 |             ty
[INFO] [stderr] 88 |         );
[INFO] [stderr]    |
[INFO] [stderr] 
[INFO] [stderr] warning: `imperative-rs-derive` (lib) generated 1 warning
[INFO] [stderr]     Checking imperative-rs v0.3.1 (/opt/rustwide/workdir/imperative)
[INFO] [stderr]     Checking imperative-tests-tests v0.0.0 (/opt/rustwide/target/tests/imperative-tests)
[INFO] [stderr]     Finished dev [unoptimized + debuginfo] target(s) in 17.59s
[INFO] [stderr] 
[INFO] [stderr] 
[INFO] [stderr] test tests/collisions/exact.rs ... mismatch
[INFO] [stderr] 
[INFO] [stderr] EXPECTED:
[INFO] [stderr] ┈┈┈┈┈┈┈┈┈┈┈┈┈┈┈┈┈┈┈┈┈┈┈┈┈┈┈┈┈┈┈┈┈┈┈┈┈┈┈┈┈┈┈┈┈┈┈┈┈┈┈┈┈┈┈┈┈┈┈┈
[INFO] [stderr] error: Opcode collides with other opdcode
[INFO] [stderr]  --> $DIR/exact.rs:8:17
[INFO] [stderr]   |
[INFO] [stderr] 8 |     #[ opcode = "0xff_ff_ff" ]
[INFO] [stderr]   |                 ^^^^^^^^^^^^
[INFO] [stderr] 
[INFO] [stderr] error: Collides with this opcode
[INFO] [stderr]  --> $DIR/exact.rs:6:17
[INFO] [stderr]   |
[INFO] [stderr] 6 |     #[ opcode = "0xff_ff_ff" ]
[INFO] [stderr]   |                 ^^^^^^^^^^^^
[INFO] [stderr] ┈┈┈┈┈┈┈┈┈┈┈┈┈┈┈┈┈┈┈┈┈┈┈┈┈┈┈┈┈┈┈┈┈┈┈┈┈┈┈┈┈┈┈┈┈┈┈┈┈┈┈┈┈┈┈┈┈┈┈┈
[INFO] [stderr] 
[INFO] [stderr] ACTUAL OUTPUT:
[INFO] [stderr] ┈┈┈┈┈┈┈┈┈┈┈┈┈┈┈┈┈┈┈┈┈┈┈┈┈┈┈┈┈┈┈┈┈┈┈┈┈┈┈┈┈┈┈┈┈┈┈┈┈┈┈┈┈┈┈┈┈┈┈┈
[INFO] [stderr] warning: panic message is not a string literal
[INFO] [stderr]   --> $DIR/instruction.rs:85:16
[INFO] [stderr]    |
[INFO] [stderr] 85 |           panic!(format!(
[INFO] [stderr]    |  ________________^
[INFO] [stderr] 86 | |             "Unexpected type {:?} when getting memory size.",
[INFO] [stderr] 87 | |             ty
[INFO] [stderr] 88 | |         ));
[INFO] [stderr]    | |_________^
[INFO] [stderr]    |
[INFO] [stderr]    = note: `#[warn(non_fmt_panics)]` on by default
[INFO] [stderr]    = note: this usage of panic!() is deprecated; it will be a hard error in Rust 2021
[INFO] [stderr]    = note: for more information, see <https://doc.rust-lang.org/nightly/edition-guide/rust-2021/panic-macro-consistency.html>
[INFO] [stderr]    = note: the panic!() macro supports formatting, so there's no need for the format!() macro here
[INFO] [stderr] help: remove the `format!(..)` macro call
[INFO] [stderr]    |
[INFO] [stderr] 85 |         panic!(
[INFO] [stderr] 86 |             "Unexpected type {:?} when getting memory size.",
[INFO] [stderr] 87 |             ty
[INFO] [stderr] 88 |         );
[INFO] [stderr]    |
[INFO] [stderr] 
[INFO] [stderr] error: Opcode collides with other opdcode
[INFO] [stderr]  --> $DIR/exact.rs:8:17
[INFO] [stderr]   |
[INFO] [stderr] 8 |     #[ opcode = "0xff_ff_ff" ]
[INFO] [stderr]   |                 ^^^^^^^^^^^^
[INFO] [stderr] 
[INFO] [stderr] error: Collides with this opcode
[INFO] [stderr]  --> $DIR/exact.rs:6:17
[INFO] [stderr]   |
[INFO] [stderr] 6 |     #[ opcode = "0xff_ff_ff" ]
[INFO] [stderr]   |                 ^^^^^^^^^^^^
[INFO] [stderr] ┈┈┈┈┈┈┈┈┈┈┈┈┈┈┈┈┈┈┈┈┈┈┈┈┈┈┈┈┈┈┈┈┈┈┈┈┈┈┈┈┈┈┈┈┈┈┈┈┈┈┈┈┈┈┈┈┈┈┈┈
[INFO] [stderr] note: If the actual output is the correct output you can bless it by rerunning
[INFO] [stderr]       your test with the environment variable TRYBUILD=overwrite
[INFO] [stderr] 
[INFO] [stderr] test tests/collisions/prefix.rs ... mismatch
[INFO] [stderr] 
[INFO] [stderr] EXPECTED:
[INFO] [stderr] ┈┈┈┈┈┈┈┈┈┈┈┈┈┈┈┈┈┈┈┈┈┈┈┈┈┈┈┈┈┈┈┈┈┈┈┈┈┈┈┈┈┈┈┈┈┈┈┈┈┈┈┈┈┈┈┈┈┈┈┈
[INFO] [stderr] error: Opcode collides with other opdcode
[INFO] [stderr]  --> $DIR/prefix.rs:7:16
[INFO] [stderr]   |
[INFO] [stderr] 7 |     #[opcode = "0xffff"]
[INFO] [stderr]   |                ^^^^^^^^
[INFO] [stderr] 
[INFO] [stderr] error: Collides with this opcode
[INFO] [stderr]  --> $DIR/prefix.rs:5:16
[INFO] [stderr]   |
[INFO] [stderr] 5 |     #[opcode = "0xff"]
[INFO] [stderr]   |                ^^^^^^
[INFO] [stderr] ┈┈┈┈┈┈┈┈┈┈┈┈┈┈┈┈┈┈┈┈┈┈┈┈┈┈┈┈┈┈┈┈┈┈┈┈┈┈┈┈┈┈┈┈┈┈┈┈┈┈┈┈┈┈┈┈┈┈┈┈
[INFO] [stderr] 
[INFO] [stderr] ACTUAL OUTPUT:
[INFO] [stderr] ┈┈┈┈┈┈┈┈┈┈┈┈┈┈┈┈┈┈┈┈┈┈┈┈┈┈┈┈┈┈┈┈┈┈┈┈┈┈┈┈┈┈┈┈┈┈┈┈┈┈┈┈┈┈┈┈┈┈┈┈
[INFO] [stderr] warning: panic message is not a string literal
[INFO] [stderr]   --> $DIR/instruction.rs:85:16
[INFO] [stderr]    |
[INFO] [stderr] 85 |           panic!(format!(
[INFO] [stderr]    |  ________________^
[INFO] [stderr] 86 | |             "Unexpected type {:?} when getting memory size.",
[INFO] [stderr] 87 | |             ty
[INFO] [stderr] 88 | |         ));
[INFO] [stderr]    | |_________^
[INFO] [stderr]    |
[INFO] [stderr]    = note: `#[warn(non_fmt_panics)]` on by default
[INFO] [stderr]    = note: this usage of panic!() is deprecated; it will be a hard error in Rust 2021
[INFO] [stderr]    = note: for more information, see <https://doc.rust-lang.org/nightly/edition-guide/rust-2021/panic-macro-consistency.html>
[INFO] [stderr]    = note: the panic!() macro supports formatting, so there's no need for the format!() macro here
[INFO] [stderr] help: remove the `format!(..)` macro call
[INFO] [stderr]    |
[INFO] [stderr] 85 |         panic!(
[INFO] [stderr] 86 |             "Unexpected type {:?} when getting memory size.",
[INFO] [stderr] 87 |             ty
[INFO] [stderr] 88 |         );
[INFO] [stderr]    |
[INFO] [stderr] 
[INFO] [stderr] error: Opcode collides with other opdcode
[INFO] [stderr]  --> $DIR/prefix.rs:7:16
[INFO] [stderr]   |
[INFO] [stderr] 7 |     #[opcode = "0xffff"]
[INFO] [stderr]   |                ^^^^^^^^
[INFO] [stderr] 
[INFO] [stderr] error: Collides with this opcode
[INFO] [stderr]  --> $DIR/prefix.rs:5:16
[INFO] [stderr]   |
[INFO] [stderr] 5 |     #[opcode = "0xff"]
[INFO] [stderr]   |                ^^^^^^
[INFO] [stderr] ┈┈┈┈┈┈┈┈┈┈┈┈┈┈┈┈┈┈┈┈┈┈┈┈┈┈┈┈┈┈┈┈┈┈┈┈┈┈┈┈┈┈┈┈┈┈┈┈┈┈┈┈┈┈┈┈┈┈┈┈
[INFO] [stderr] note: If the actual output is the correct output you can bless it by rerunning
[INFO] [stderr]       your test with the environment variable TRYBUILD=overwrite
[INFO] [stderr] 
[INFO] [stderr] test tests/collisions/variable_infix.rs ... mismatch
[INFO] [stderr] 
[INFO] [stderr] EXPECTED:
[INFO] [stderr] ┈┈┈┈┈┈┈┈┈┈┈┈┈┈┈┈┈┈┈┈┈┈┈┈┈┈┈┈┈┈┈┈┈┈┈┈┈┈┈┈┈┈┈┈┈┈┈┈┈┈┈┈┈┈┈┈┈┈┈┈
[INFO] [stderr] error: Opcode collides with other opdcode
[INFO] [stderr]  --> $DIR/variable_infix.rs:6:17
[INFO] [stderr]   |
[INFO] [stderr] 6 |     #[ opcode = "0xff_vv_ff" ]
[INFO] [stderr]   |                 ^^^^^^^^^^^^
[INFO] [stderr] 
[INFO] [stderr] error: Collides with this opcode
[INFO] [stderr]  --> $DIR/variable_infix.rs:4:17
[INFO] [stderr]   |
[INFO] [stderr] 4 |     #[ opcode = "0xff_ff_ff" ]
[INFO] [stderr]   |                 ^^^^^^^^^^^^
[INFO] [stderr] ┈┈┈┈┈┈┈┈┈┈┈┈┈┈┈┈┈┈┈┈┈┈┈┈┈┈┈┈┈┈┈┈┈┈┈┈┈┈┈┈┈┈┈┈┈┈┈┈┈┈┈┈┈┈┈┈┈┈┈┈
[INFO] [stderr] 
[INFO] [stderr] ACTUAL OUTPUT:
[INFO] [stderr] ┈┈┈┈┈┈┈┈┈┈┈┈┈┈┈┈┈┈┈┈┈┈┈┈┈┈┈┈┈┈┈┈┈┈┈┈┈┈┈┈┈┈┈┈┈┈┈┈┈┈┈┈┈┈┈┈┈┈┈┈
[INFO] [stderr] warning: panic message is not a string literal
[INFO] [stderr]   --> $DIR/instruction.rs:85:16
[INFO] [stderr]    |
[INFO] [stderr] 85 |           panic!(format!(
[INFO] [stderr]    |  ________________^
[INFO] [stderr] 86 | |             "Unexpected type {:?} when getting memory size.",
[INFO] [stderr] 87 | |             ty
[INFO] [stderr] 88 | |         ));
[INFO] [stderr]    | |_________^
[INFO] [stderr]    |
[INFO] [stderr]    = note: `#[warn(non_fmt_panics)]` on by default
[INFO] [stderr]    = note: this usage of panic!() is deprecated; it will be a hard error in Rust 2021
[INFO] [stderr]    = note: for more information, see <https://doc.rust-lang.org/nightly/edition-guide/rust-2021/panic-macro-consistency.html>
[INFO] [stderr]    = note: the panic!() macro supports formatting, so there's no need for the format!() macro here
[INFO] [stderr] help: remove the `format!(..)` macro call
[INFO] [stderr]    |
[INFO] [stderr] 85 |         panic!(
[INFO] [stderr] 86 |             "Unexpected type {:?} when getting memory size.",
[INFO] [stderr] 87 |             ty
[INFO] [stderr] 88 |         );
[INFO] [stderr]    |
[INFO] [stderr] 
[INFO] [stderr] error: Opcode collides with other opdcode
[INFO] [stderr]  --> $DIR/variable_infix.rs:6:17
[INFO] [stderr]   |
[INFO] [stderr] 6 |     #[ opcode = "0xff_vv_ff" ]
[INFO] [stderr]   |                 ^^^^^^^^^^^^
[INFO] [stderr] 
[INFO] [stderr] error: Collides with this opcode
[INFO] [stderr]  --> $DIR/variable_infix.rs:4:17
[INFO] [stderr]   |
[INFO] [stderr] 4 |     #[ opcode = "0xff_ff_ff" ]
[INFO] [stderr]   |                 ^^^^^^^^^^^^
[INFO] [stderr] ┈┈┈┈┈┈┈┈┈┈┈┈┈┈┈┈┈┈┈┈┈┈┈┈┈┈┈┈┈┈┈┈┈┈┈┈┈┈┈┈┈┈┈┈┈┈┈┈┈┈┈┈┈┈┈┈┈┈┈┈
[INFO] [stderr] note: If the actual output is the correct output you can bless it by rerunning
[INFO] [stderr]       your test with the environment variable TRYBUILD=overwrite
[INFO] [stderr] 
[INFO] [stderr] test tests/collisions/variable_prefix.rs ... mismatch
[INFO] [stderr] 
[INFO] [stderr] EXPECTED:
[INFO] [stderr] ┈┈┈┈┈┈┈┈┈┈┈┈┈┈┈┈┈┈┈┈┈┈┈┈┈┈┈┈┈┈┈┈┈┈┈┈┈┈┈┈┈┈┈┈┈┈┈┈┈┈┈┈┈┈┈┈┈┈┈┈
[INFO] [stderr] error: Opcode collides with other opdcode
[INFO] [stderr]  --> $DIR/variable_prefix.rs:8:17
[INFO] [stderr]   |
[INFO] [stderr] 8 |     #[ opcode = "0xvv_ff_ff" ]
[INFO] [stderr]   |                 ^^^^^^^^^^^^
[INFO] [stderr] 
[INFO] [stderr] error: Collides with this opcode
[INFO] [stderr]  --> $DIR/variable_prefix.rs:6:17
[INFO] [stderr]   |
[INFO] [stderr] 6 |     #[ opcode = "0xff_ff_ff" ]
[INFO] [stderr]   |                 ^^^^^^^^^^^^
[INFO] [stderr] ┈┈┈┈┈┈┈┈┈┈┈┈┈┈┈┈┈┈┈┈┈┈┈┈┈┈┈┈┈┈┈┈┈┈┈┈┈┈┈┈┈┈┈┈┈┈┈┈┈┈┈┈┈┈┈┈┈┈┈┈
[INFO] [stderr] 
[INFO] [stderr] ACTUAL OUTPUT:
[INFO] [stderr] ┈┈┈┈┈┈┈┈┈┈┈┈┈┈┈┈┈┈┈┈┈┈┈┈┈┈┈┈┈┈┈┈┈┈┈┈┈┈┈┈┈┈┈┈┈┈┈┈┈┈┈┈┈┈┈┈┈┈┈┈
[INFO] [stderr] warning: panic message is not a string literal
[INFO] [stderr]   --> $DIR/instruction.rs:85:16
[INFO] [stderr]    |
[INFO] [stderr] 85 |           panic!(format!(
[INFO] [stderr]    |  ________________^
[INFO] [stderr] 86 | |             "Unexpected type {:?} when getting memory size.",
[INFO] [stderr] 87 | |             ty
[INFO] [stderr] 88 | |         ));
[INFO] [stderr]    | |_________^
[INFO] [stderr]    |
[INFO] [stderr]    = note: `#[warn(non_fmt_panics)]` on by default
[INFO] [stderr]    = note: this usage of panic!() is deprecated; it will be a hard error in Rust 2021
[INFO] [stderr]    = note: for more information, see <https://doc.rust-lang.org/nightly/edition-guide/rust-2021/panic-macro-consistency.html>
[INFO] [stderr]    = note: the panic!() macro supports formatting, so there's no need for the format!() macro here
[INFO] [stderr] help: remove the `format!(..)` macro call
[INFO] [stderr]    |
[INFO] [stderr] 85 |         panic!(
[INFO] [stderr] 86 |             "Unexpected type {:?} when getting memory size.",
[INFO] [stderr] 87 |             ty
[INFO] [stderr] 88 |         );
[INFO] [stderr]    |
[INFO] [stderr] 
[INFO] [stderr] error: Opcode collides with other opdcode
[INFO] [stderr]  --> $DIR/variable_prefix.rs:8:17
[INFO] [stderr]   |
[INFO] [stderr] 8 |     #[ opcode = "0xvv_ff_ff" ]
[INFO] [stderr]   |                 ^^^^^^^^^^^^
[INFO] [stderr] 
[INFO] [stderr] error: Collides with this opcode
[INFO] [stderr]  --> $DIR/variable_prefix.rs:6:17
[INFO] [stderr]   |
[INFO] [stderr] 6 |     #[ opcode = "0xff_ff_ff" ]
[INFO] [stderr]   |                 ^^^^^^^^^^^^
[INFO] [stderr] ┈┈┈┈┈┈┈┈┈┈┈┈┈┈┈┈┈┈┈┈┈┈┈┈┈┈┈┈┈┈┈┈┈┈┈┈┈┈┈┈┈┈┈┈┈┈┈┈┈┈┈┈┈┈┈┈┈┈┈┈
[INFO] [stderr] note: If the actual output is the correct output you can bless it by rerunning
[INFO] [stderr]       your test with the environment variable TRYBUILD=overwrite
[INFO] [stderr] 
[INFO] [stderr] test tests/collisions/variable_suffix.rs ... mismatch
[INFO] [stderr] 
[INFO] [stderr] EXPECTED:
[INFO] [stderr] ┈┈┈┈┈┈┈┈┈┈┈┈┈┈┈┈┈┈┈┈┈┈┈┈┈┈┈┈┈┈┈┈┈┈┈┈┈┈┈┈┈┈┈┈┈┈┈┈┈┈┈┈┈┈┈┈┈┈┈┈
[INFO] [stderr] error: Opcode collides with other opdcode
[INFO] [stderr]  --> $DIR/variable_suffix.rs:8:17
[INFO] [stderr]   |
[INFO] [stderr] 8 |     #[ opcode = "0xff_ff_vv" ]
[INFO] [stderr]   |                 ^^^^^^^^^^^^
[INFO] [stderr] 
[INFO] [stderr] error: Collides with this opcode
[INFO] [stderr]  --> $DIR/variable_suffix.rs:6:17
[INFO] [stderr]   |
[INFO] [stderr] 6 |     #[ opcode = "0xff_ff_ff" ]
[INFO] [stderr]   |                 ^^^^^^^^^^^^
[INFO] [stderr] ┈┈┈┈┈┈┈┈┈┈┈┈┈┈┈┈┈┈┈┈┈┈┈┈┈┈┈┈┈┈┈┈┈┈┈┈┈┈┈┈┈┈┈┈┈┈┈┈┈┈┈┈┈┈┈┈┈┈┈┈
[INFO] [stderr] 
[INFO] [stderr] ACTUAL OUTPUT:
[INFO] [stderr] ┈┈┈┈┈┈┈┈┈┈┈┈┈┈┈┈┈┈┈┈┈┈┈┈┈┈┈┈┈┈┈┈┈┈┈┈┈┈┈┈┈┈┈┈┈┈┈┈┈┈┈┈┈┈┈┈┈┈┈┈
[INFO] [stderr] warning: panic message is not a string literal
[INFO] [stderr]   --> $DIR/instruction.rs:85:16
[INFO] [stderr]    |
[INFO] [stderr] 85 |           panic!(format!(
[INFO] [stderr]    |  ________________^
[INFO] [stderr] 86 | |             "Unexpected type {:?} when getting memory size.",
[INFO] [stderr] 87 | |             ty
[INFO] [stderr] 88 | |         ));
[INFO] [stderr]    | |_________^
[INFO] [stderr]    |
[INFO] [stderr]    = note: `#[warn(non_fmt_panics)]` on by default
[INFO] [stderr]    = note: this usage of panic!() is deprecated; it will be a hard error in Rust 2021
[INFO] [stderr]    = note: for more information, see <https://doc.rust-lang.org/nightly/edition-guide/rust-2021/panic-macro-consistency.html>
[INFO] [stderr]    = note: the panic!() macro supports formatting, so there's no need for the format!() macro here
[INFO] [stderr] help: remove the `format!(..)` macro call
[INFO] [stderr]    |
[INFO] [stderr] 85 |         panic!(
[INFO] [stderr] 86 |             "Unexpected type {:?} when getting memory size.",
[INFO] [stderr] 87 |             ty
[INFO] [stderr] 88 |         );
[INFO] [stderr]    |
[INFO] [stderr] 
[INFO] [stderr] error: Opcode collides with other opdcode
[INFO] [stderr]  --> $DIR/variable_suffix.rs:8:17
[INFO] [stderr]   |
[INFO] [stderr] 8 |     #[ opcode = "0xff_ff_vv" ]
[INFO] [stderr]   |                 ^^^^^^^^^^^^
[INFO] [stderr] 
[INFO] [stderr] error: Collides with this opcode
[INFO] [stderr]  --> $DIR/variable_suffix.rs:6:17
[INFO] [stderr]   |
[INFO] [stderr] 6 |     #[ opcode = "0xff_ff_ff" ]
[INFO] [stderr]   |                 ^^^^^^^^^^^^
[INFO] [stderr] ┈┈┈┈┈┈┈┈┈┈┈┈┈┈┈┈┈┈┈┈┈┈┈┈┈┈┈┈┈┈┈┈┈┈┈┈┈┈┈┈┈┈┈┈┈┈┈┈┈┈┈┈┈┈┈┈┈┈┈┈
[INFO] [stderr] note: If the actual output is the correct output you can bless it by rerunning
[INFO] [stderr]       your test with the environment variable TRYBUILD=overwrite
[INFO] [stderr] 
[INFO] [stderr] test tests/collisions/mixed_bin_hex.rs ... mismatch
[INFO] [stderr] 
[INFO] [stderr] EXPECTED:
[INFO] [stderr] ┈┈┈┈┈┈┈┈┈┈┈┈┈┈┈┈┈┈┈┈┈┈┈┈┈┈┈┈┈┈┈┈┈┈┈┈┈┈┈┈┈┈┈┈┈┈┈┈┈┈┈┈┈┈┈┈┈┈┈┈
[INFO] [stderr] error: Opcode collides with other opdcode
[INFO] [stderr]  --> $DIR/mixed_bin_hex.rs:8:17
[INFO] [stderr]   |
[INFO] [stderr] 8 |     #[ opcode = "0b11111111_11111111_11111111" ]
[INFO] [stderr]   |                 ^^^^^^^^^^^^^^^^^^^^^^^^^^^^^^
[INFO] [stderr] 
[INFO] [stderr] error: Collides with this opcode
[INFO] [stderr]  --> $DIR/mixed_bin_hex.rs:6:17
[INFO] [stderr]   |
[INFO] [stderr] 6 |     #[ opcode = "0xff_ff_ff" ]
[INFO] [stderr]   |                 ^^^^^^^^^^^^
[INFO] [stderr] ┈┈┈┈┈┈┈┈┈┈┈┈┈┈┈┈┈┈┈┈┈┈┈┈┈┈┈┈┈┈┈┈┈┈┈┈┈┈┈┈┈┈┈┈┈┈┈┈┈┈┈┈┈┈┈┈┈┈┈┈
[INFO] [stderr] 
[INFO] [stderr] ACTUAL OUTPUT:
[INFO] [stderr] ┈┈┈┈┈┈┈┈┈┈┈┈┈┈┈┈┈┈┈┈┈┈┈┈┈┈┈┈┈┈┈┈┈┈┈┈┈┈┈┈┈┈┈┈┈┈┈┈┈┈┈┈┈┈┈┈┈┈┈┈
[INFO] [stderr] warning: panic message is not a string literal
[INFO] [stderr]   --> $DIR/instruction.rs:85:16
[INFO] [stderr]    |
[INFO] [stderr] 85 |           panic!(format!(
[INFO] [stderr]    |  ________________^
[INFO] [stderr] 86 | |             "Unexpected type {:?} when getting memory size.",
[INFO] [stderr] 87 | |             ty
[INFO] [stderr] 88 | |         ));
[INFO] [stderr]    | |_________^
[INFO] [stderr]    |
[INFO] [stderr]    = note: `#[warn(non_fmt_panics)]` on by default
[INFO] [stderr]    = note: this usage of panic!() is deprecated; it will be a hard error in Rust 2021
[INFO] [stderr]    = note: for more information, see <https://doc.rust-lang.org/nightly/edition-guide/rust-2021/panic-macro-consistency.html>
[INFO] [stderr]    = note: the panic!() macro supports formatting, so there's no need for the format!() macro here
[INFO] [stderr] help: remove the `format!(..)` macro call
[INFO] [stderr]    |
[INFO] [stderr] 85 |         panic!(
[INFO] [stderr] 86 |             "Unexpected type {:?} when getting memory size.",
[INFO] [stderr] 87 |             ty
[INFO] [stderr] 88 |         );
[INFO] [stderr]    |
[INFO] [stderr] 
[INFO] [stderr] error: Opcode collides with other opdcode
[INFO] [stderr]  --> $DIR/mixed_bin_hex.rs:8:17
[INFO] [stderr]   |
[INFO] [stderr] 8 |     #[ opcode = "0b11111111_11111111_11111111" ]
[INFO] [stderr]   |                 ^^^^^^^^^^^^^^^^^^^^^^^^^^^^^^
[INFO] [stderr] 
[INFO] [stderr] error: Collides with this opcode
[INFO] [stderr]  --> $DIR/mixed_bin_hex.rs:6:17
[INFO] [stderr]   |
[INFO] [stderr] 6 |     #[ opcode = "0xff_ff_ff" ]
[INFO] [stderr]   |                 ^^^^^^^^^^^^
[INFO] [stderr] ┈┈┈┈┈┈┈┈┈┈┈┈┈┈┈┈┈┈┈┈┈┈┈┈┈┈┈┈┈┈┈┈┈┈┈┈┈┈┈┈┈┈┈┈┈┈┈┈┈┈┈┈┈┈┈┈┈┈┈┈
[INFO] [stderr] note: If the actual output is the correct output you can bless it by rerunning
[INFO] [stderr]       your test with the environment variable TRYBUILD=overwrite
[INFO] [stderr] 
[INFO] [stderr] test tests/collisions/star_opcodes.rs ... mismatch
[INFO] [stderr] 
[INFO] [stderr] EXPECTED:
[INFO] [stderr] ┈┈┈┈┈┈┈┈┈┈┈┈┈┈┈┈┈┈┈┈┈┈┈┈┈┈┈┈┈┈┈┈┈┈┈┈┈┈┈┈┈┈┈┈┈┈┈┈┈┈┈┈┈┈┈┈┈┈┈┈
[INFO] [stderr] error: Opcode collides with other opdcode
[INFO] [stderr]  --> $DIR/star_opcodes.rs:7:16
[INFO] [stderr]   |
[INFO] [stderr] 7 |     #[opcode = "0x0*"]
[INFO] [stderr]   |                ^^^^^^
[INFO] [stderr] 
[INFO] [stderr] error: Collides with this opcode
[INFO] [stderr]  --> $DIR/star_opcodes.rs:5:16
[INFO] [stderr]   |
[INFO] [stderr] 5 |     #[opcode = "0x00"]
[INFO] [stderr]   |                ^^^^^^
[INFO] [stderr] ┈┈┈┈┈┈┈┈┈┈┈┈┈┈┈┈┈┈┈┈┈┈┈┈┈┈┈┈┈┈┈┈┈┈┈┈┈┈┈┈┈┈┈┈┈┈┈┈┈┈┈┈┈┈┈┈┈┈┈┈
[INFO] [stderr] 
[INFO] [stderr] ACTUAL OUTPUT:
[INFO] [stderr] ┈┈┈┈┈┈┈┈┈┈┈┈┈┈┈┈┈┈┈┈┈┈┈┈┈┈┈┈┈┈┈┈┈┈┈┈┈┈┈┈┈┈┈┈┈┈┈┈┈┈┈┈┈┈┈┈┈┈┈┈
[INFO] [stderr] warning: panic message is not a string literal
[INFO] [stderr]   --> $DIR/instruction.rs:85:16
[INFO] [stderr]    |
[INFO] [stderr] 85 |           panic!(format!(
[INFO] [stderr]    |  ________________^
[INFO] [stderr] 86 | |             "Unexpected type {:?} when getting memory size.",
[INFO] [stderr] 87 | |             ty
[INFO] [stderr] 88 | |         ));
[INFO] [stderr]    | |_________^
[INFO] [stderr]    |
[INFO] [stderr]    = note: `#[warn(non_fmt_panics)]` on by default
[INFO] [stderr]    = note: this usage of panic!() is deprecated; it will be a hard error in Rust 2021
[INFO] [stderr]    = note: for more information, see <https://doc.rust-lang.org/nightly/edition-guide/rust-2021/panic-macro-consistency.html>
[INFO] [stderr]    = note: the panic!() macro supports formatting, so there's no need for the format!() macro here
[INFO] [stderr] help: remove the `format!(..)` macro call
[INFO] [stderr]    |
[INFO] [stderr] 85 |         panic!(
[INFO] [stderr] 86 |             "Unexpected type {:?} when getting memory size.",
[INFO] [stderr] 87 |             ty
[INFO] [stderr] 88 |         );
[INFO] [stderr]    |
[INFO] [stderr] 
[INFO] [stderr] error: Opcode collides with other opdcode
[INFO] [stderr]  --> $DIR/star_opcodes.rs:7:16
[INFO] [stderr]   |
[INFO] [stderr] 7 |     #[opcode = "0x0*"]
[INFO] [stderr]   |                ^^^^^^
[INFO] [stderr] 
[INFO] [stderr] error: Collides with this opcode
[INFO] [stderr]  --> $DIR/star_opcodes.rs:5:16
[INFO] [stderr]   |
[INFO] [stderr] 5 |     #[opcode = "0x00"]
[INFO] [stderr]   |                ^^^^^^
[INFO] [stderr] ┈┈┈┈┈┈┈┈┈┈┈┈┈┈┈┈┈┈┈┈┈┈┈┈┈┈┈┈┈┈┈┈┈┈┈┈┈┈┈┈┈┈┈┈┈┈┈┈┈┈┈┈┈┈┈┈┈┈┈┈
[INFO] [stderr] note: If the actual output is the correct output you can bless it by rerunning
[INFO] [stderr]       your test with the environment variable TRYBUILD=overwrite
[INFO] [stderr] 
[INFO] [stderr] test tests/variable_checks/missing_in_opcode.rs ... mismatch
[INFO] [stderr] 
[INFO] [stderr] EXPECTED:
[INFO] [stderr] ┈┈┈┈┈┈┈┈┈┈┈┈┈┈┈┈┈┈┈┈┈┈┈┈┈┈┈┈┈┈┈┈┈┈┈┈┈┈┈┈┈┈┈┈┈┈┈┈┈┈┈┈┈┈┈┈┈┈┈┈
[INFO] [stderr] error: Variable Ident { ident: "w", span: #0 bytes(107..108) } (with symbol: 'w') declared but never used in opcode.
[INFO] [stderr]  --> $DIR/missing_in_opcode.rs:6:11
[INFO] [stderr]   |
[INFO] [stderr] 6 |     Instr{w:u8},
[INFO] [stderr]   |           ^
[INFO] [stderr] ┈┈┈┈┈┈┈┈┈┈┈┈┈┈┈┈┈┈┈┈┈┈┈┈┈┈┈┈┈┈┈┈┈┈┈┈┈┈┈┈┈┈┈┈┈┈┈┈┈┈┈┈┈┈┈┈┈┈┈┈
[INFO] [stderr] 
[INFO] [stderr] ACTUAL OUTPUT:
[INFO] [stderr] ┈┈┈┈┈┈┈┈┈┈┈┈┈┈┈┈┈┈┈┈┈┈┈┈┈┈┈┈┈┈┈┈┈┈┈┈┈┈┈┈┈┈┈┈┈┈┈┈┈┈┈┈┈┈┈┈┈┈┈┈
[INFO] [stderr] warning: panic message is not a string literal
[INFO] [stderr]   --> $DIR/instruction.rs:85:16
[INFO] [stderr]    |
[INFO] [stderr] 85 |           panic!(format!(
[INFO] [stderr]    |  ________________^
[INFO] [stderr] 86 | |             "Unexpected type {:?} when getting memory size.",
[INFO] [stderr] 87 | |             ty
[INFO] [stderr] 88 | |         ));
[INFO] [stderr]    | |_________^
[INFO] [stderr]    |
[INFO] [stderr]    = note: `#[warn(non_fmt_panics)]` on by default
[INFO] [stderr]    = note: this usage of panic!() is deprecated; it will be a hard error in Rust 2021
[INFO] [stderr]    = note: for more information, see <https://doc.rust-lang.org/nightly/edition-guide/rust-2021/panic-macro-consistency.html>
[INFO] [stderr]    = note: the panic!() macro supports formatting, so there's no need for the format!() macro here
[INFO] [stderr] help: remove the `format!(..)` macro call
[INFO] [stderr]    |
[INFO] [stderr] 85 |         panic!(
[INFO] [stderr] 86 |             "Unexpected type {:?} when getting memory size.",
[INFO] [stderr] 87 |             ty
[INFO] [stderr] 88 |         );
[INFO] [stderr]    |
[INFO] [stderr] 
[INFO] [stderr] error: Variable Ident { ident: "w", span: #0 bytes(107..108) } (with symbol: 'w') declared but never used in opcode.
[INFO] [stderr]  --> $DIR/missing_in_opcode.rs:6:11
[INFO] [stderr]   |
[INFO] [stderr] 6 |     Instr{w:u8},
[INFO] [stderr]   |           ^
[INFO] [stderr] ┈┈┈┈┈┈┈┈┈┈┈┈┈┈┈┈┈┈┈┈┈┈┈┈┈┈┈┈┈┈┈┈┈┈┈┈┈┈┈┈┈┈┈┈┈┈┈┈┈┈┈┈┈┈┈┈┈┈┈┈
[INFO] [stderr] note: If the actual output is the correct output you can bless it by rerunning
[INFO] [stderr]       your test with the environment variable TRYBUILD=overwrite
[INFO] [stderr] 
[INFO] [stderr] test tests/variable_checks/missing_field.rs ... mismatch
[INFO] [stderr] 
[INFO] [stderr] EXPECTED:
[INFO] [stderr] ┈┈┈┈┈┈┈┈┈┈┈┈┈┈┈┈┈┈┈┈┈┈┈┈┈┈┈┈┈┈┈┈┈┈┈┈┈┈┈┈┈┈┈┈┈┈┈┈┈┈┈┈┈┈┈┈┈┈┈┈
[INFO] [stderr] error: Opcode contains w which is neither a valid digit nor a variable name.
[INFO] [stderr]  --> $DIR/missing_field.rs:5:16
[INFO] [stderr]   |
[INFO] [stderr] 5 |     #[opcode = "0xfvwf"]
[INFO] [stderr]   |                ^^^^^^^^
[INFO] [stderr] ┈┈┈┈┈┈┈┈┈┈┈┈┈┈┈┈┈┈┈┈┈┈┈┈┈┈┈┈┈┈┈┈┈┈┈┈┈┈┈┈┈┈┈┈┈┈┈┈┈┈┈┈┈┈┈┈┈┈┈┈
[INFO] [stderr] 
[INFO] [stderr] ACTUAL OUTPUT:
[INFO] [stderr] ┈┈┈┈┈┈┈┈┈┈┈┈┈┈┈┈┈┈┈┈┈┈┈┈┈┈┈┈┈┈┈┈┈┈┈┈┈┈┈┈┈┈┈┈┈┈┈┈┈┈┈┈┈┈┈┈┈┈┈┈
[INFO] [stderr] warning: panic message is not a string literal
[INFO] [stderr]   --> $DIR/instruction.rs:85:16
[INFO] [stderr]    |
[INFO] [stderr] 85 |           panic!(format!(
[INFO] [stderr]    |  ________________^
[INFO] [stderr] 86 | |             "Unexpected type {:?} when getting memory size.",
[INFO] [stderr] 87 | |             ty
[INFO] [stderr] 88 | |         ));
[INFO] [stderr]    | |_________^
[INFO] [stderr]    |
[INFO] [stderr]    = note: `#[warn(non_fmt_panics)]` on by default
[INFO] [stderr]    = note: this usage of panic!() is deprecated; it will be a hard error in Rust 2021
[INFO] [stderr]    = note: for more information, see <https://doc.rust-lang.org/nightly/edition-guide/rust-2021/panic-macro-consistency.html>
[INFO] [stderr]    = note: the panic!() macro supports formatting, so there's no need for the format!() macro here
[INFO] [stderr] help: remove the `format!(..)` macro call
[INFO] [stderr]    |
[INFO] [stderr] 85 |         panic!(
[INFO] [stderr] 86 |             "Unexpected type {:?} when getting memory size.",
[INFO] [stderr] 87 |             ty
[INFO] [stderr] 88 |         );
[INFO] [stderr]    |
[INFO] [stderr] 
[INFO] [stderr] error: Opcode contains w which is neither a valid digit nor a variable name.
[INFO] [stderr]  --> $DIR/missing_field.rs:5:16
[INFO] [stderr]   |
[INFO] [stderr] 5 |     #[opcode = "0xfvwf"]
[INFO] [stderr]   |                ^^^^^^^^
[INFO] [stderr] ┈┈┈┈┈┈┈┈┈┈┈┈┈┈┈┈┈┈┈┈┈┈┈┈┈┈┈┈┈┈┈┈┈┈┈┈┈┈┈┈┈┈┈┈┈┈┈┈┈┈┈┈┈┈┈┈┈┈┈┈
[INFO] [stderr] note: If the actual output is the correct output you can bless it by rerunning
[INFO] [stderr]       your test with the environment variable TRYBUILD=overwrite
[INFO] [stderr] 
[INFO] [stderr] test tests/variable_checks/hex_digit_var.rs ... mismatch
[INFO] [stderr] 
[INFO] [stderr] EXPECTED:
[INFO] [stderr] ┈┈┈┈┈┈┈┈┈┈┈┈┈┈┈┈┈┈┈┈┈┈┈┈┈┈┈┈┈┈┈┈┈┈┈┈┈┈┈┈┈┈┈┈┈┈┈┈┈┈┈┈┈┈┈┈┈┈┈┈
[INFO] [stderr] error: Variable names can't be lower case hexdigits
[INFO] [stderr]  --> $DIR/hex_digit_var.rs:6:7
[INFO] [stderr]   |
[INFO] [stderr] 6 |     A{f:u8},
[INFO] [stderr]   |       ^
[INFO] [stderr] ┈┈┈┈┈┈┈┈┈┈┈┈┈┈┈┈┈┈┈┈┈┈┈┈┈┈┈┈┈┈┈┈┈┈┈┈┈┈┈┈┈┈┈┈┈┈┈┈┈┈┈┈┈┈┈┈┈┈┈┈
[INFO] [stderr] 
[INFO] [stderr] ACTUAL OUTPUT:
[INFO] [stderr] ┈┈┈┈┈┈┈┈┈┈┈┈┈┈┈┈┈┈┈┈┈┈┈┈┈┈┈┈┈┈┈┈┈┈┈┈┈┈┈┈┈┈┈┈┈┈┈┈┈┈┈┈┈┈┈┈┈┈┈┈
[INFO] [stderr] warning: panic message is not a string literal
[INFO] [stderr]   --> $DIR/instruction.rs:85:16
[INFO] [stderr]    |
[INFO] [stderr] 85 |           panic!(format!(
[INFO] [stderr]    |  ________________^
[INFO] [stderr] 86 | |             "Unexpected type {:?} when getting memory size.",
[INFO] [stderr] 87 | |             ty
[INFO] [stderr] 88 | |         ));
[INFO] [stderr]    | |_________^
[INFO] [stderr]    |
[INFO] [stderr]    = note: `#[warn(non_fmt_panics)]` on by default
[INFO] [stderr]    = note: this usage of panic!() is deprecated; it will be a hard error in Rust 2021
[INFO] [stderr]    = note: for more information, see <https://doc.rust-lang.org/nightly/edition-guide/rust-2021/panic-macro-consistency.html>
[INFO] [stderr]    = note: the panic!() macro supports formatting, so there's no need for the format!() macro here
[INFO] [stderr] help: remove the `format!(..)` macro call
[INFO] [stderr]    |
[INFO] [stderr] 85 |         panic!(
[INFO] [stderr] 86 |             "Unexpected type {:?} when getting memory size.",
[INFO] [stderr] 87 |             ty
[INFO] [stderr] 88 |         );
[INFO] [stderr]    |
[INFO] [stderr] 
[INFO] [stderr] error: Variable names can't be lower case hexdigits
[INFO] [stderr]  --> $DIR/hex_digit_var.rs:6:7
[INFO] [stderr]   |
[INFO] [stderr] 6 |     A{f:u8},
[INFO] [stderr]   |       ^
[INFO] [stderr] ┈┈┈┈┈┈┈┈┈┈┈┈┈┈┈┈┈┈┈┈┈┈┈┈┈┈┈┈┈┈┈┈┈┈┈┈┈┈┈┈┈┈┈┈┈┈┈┈┈┈┈┈┈┈┈┈┈┈┈┈
[INFO] [stderr] note: If the actual output is the correct output you can bless it by rerunning
[INFO] [stderr]       your test with the environment variable TRYBUILD=overwrite
[INFO] [stderr] 
[INFO] [stderr] test tests/variable_checks/two_symbol_varname.rs ... mismatch
[INFO] [stderr] 
[INFO] [stderr] EXPECTED:
[INFO] [stderr] ┈┈┈┈┈┈┈┈┈┈┈┈┈┈┈┈┈┈┈┈┈┈┈┈┈┈┈┈┈┈┈┈┈┈┈┈┈┈┈┈┈┈┈┈┈┈┈┈┈┈┈┈┈┈┈┈┈┈┈┈
[INFO] [stderr] error: Variable names must be one symbol long
[INFO] [stderr]  --> $DIR/two_symbol_varname.rs:6:7
[INFO] [stderr]   |
[INFO] [stderr] 6 |     A{gg:u8},
[INFO] [stderr]   |       ^^
[INFO] [stderr] ┈┈┈┈┈┈┈┈┈┈┈┈┈┈┈┈┈┈┈┈┈┈┈┈┈┈┈┈┈┈┈┈┈┈┈┈┈┈┈┈┈┈┈┈┈┈┈┈┈┈┈┈┈┈┈┈┈┈┈┈
[INFO] [stderr] 
[INFO] [stderr] ACTUAL OUTPUT:
[INFO] [stderr] ┈┈┈┈┈┈┈┈┈┈┈┈┈┈┈┈┈┈┈┈┈┈┈┈┈┈┈┈┈┈┈┈┈┈┈┈┈┈┈┈┈┈┈┈┈┈┈┈┈┈┈┈┈┈┈┈┈┈┈┈
[INFO] [stderr] warning: panic message is not a string literal
[INFO] [stderr]   --> $DIR/instruction.rs:85:16
[INFO] [stderr]    |
[INFO] [stderr] 85 |           panic!(format!(
[INFO] [stderr]    |  ________________^
[INFO] [stderr] 86 | |             "Unexpected type {:?} when getting memory size.",
[INFO] [stderr] 87 | |             ty
[INFO] [stderr] 88 | |         ));
[INFO] [stderr]    | |_________^
[INFO] [stderr]    |
[INFO] [stderr]    = note: `#[warn(non_fmt_panics)]` on by default
[INFO] [stderr]    = note: this usage of panic!() is deprecated; it will be a hard error in Rust 2021
[INFO] [stderr]    = note: for more information, see <https://doc.rust-lang.org/nightly/edition-guide/rust-2021/panic-macro-consistency.html>
[INFO] [stderr]    = note: the panic!() macro supports formatting, so there's no need for the format!() macro here
[INFO] [stderr] help: remove the `format!(..)` macro call
[INFO] [stderr]    |
[INFO] [stderr] 85 |         panic!(
[INFO] [stderr] 86 |             "Unexpected type {:?} when getting memory size.",
[INFO] [stderr] 87 |             ty
[INFO] [stderr] 88 |         );
[INFO] [stderr]    |
[INFO] [stderr] 
[INFO] [stderr] error: Variable names must be one symbol long
[INFO] [stderr]  --> $DIR/two_symbol_varname.rs:6:7
[INFO] [stderr]   |
[INFO] [stderr] 6 |     A{gg:u8},
[INFO] [stderr]   |       ^^
[INFO] [stderr] ┈┈┈┈┈┈┈┈┈┈┈┈┈┈┈┈┈┈┈┈┈┈┈┈┈┈┈┈┈┈┈┈┈┈┈┈┈┈┈┈┈┈┈┈┈┈┈┈┈┈┈┈┈┈┈┈┈┈┈┈
[INFO] [stderr] note: If the actual output is the correct output you can bless it by rerunning
[INFO] [stderr]       your test with the environment variable TRYBUILD=overwrite
[INFO] [stderr] 
[INFO] [stderr] test tests/overflows/overflows.rs ... mismatch
[INFO] [stderr] 
[INFO] [stderr] EXPECTED:
[INFO] [stderr] ┈┈┈┈┈┈┈┈┈┈┈┈┈┈┈┈┈┈┈┈┈┈┈┈┈┈┈┈┈┈┈┈┈┈┈┈┈┈┈┈┈┈┈┈┈┈┈┈┈┈┈┈┈┈┈┈┈┈┈┈
[INFO] [stderr] error: Variable x (with symbol: x) has fewer bits (8) than positions in opcode (12). (e.g. u8 with 9 bits in opcode)
[INFO] [stderr]  --> $DIR/overflows.rs:7:7
[INFO] [stderr]   |
[INFO] [stderr] 7 |     A{x:u8},
[INFO] [stderr]   |       ^
[INFO] [stderr] 
[INFO] [stderr] error[E0599]: no variant or associated item named `decode` found for enum `Instructionset` in the current scope
[INFO] [stderr]   --> $DIR/overflows.rs:20:29
[INFO] [stderr]    |
[INFO] [stderr] 5  | enum Instructionset {
[INFO] [stderr]    | ------------------- variant or associated item `decode` not found here
[INFO] [stderr] ...
[INFO] [stderr] 20 |     let _ = Instructionset::decode(&mem);
[INFO] [stderr]    |                             ^^^^^^ variant or associated item not found in `Instructionset`
[INFO] [stderr]    |
[INFO] [stderr]    = help: items from traits can only be used if the trait is implemented and in scope
[INFO] [stderr]    = note: the following trait defines an item `decode`, perhaps you need to implement it:
[INFO] [stderr]            candidate #1: `InstructionSet`
[INFO] [stderr] ┈┈┈┈┈┈┈┈┈┈┈┈┈┈┈┈┈┈┈┈┈┈┈┈┈┈┈┈┈┈┈┈┈┈┈┈┈┈┈┈┈┈┈┈┈┈┈┈┈┈┈┈┈┈┈┈┈┈┈┈
[INFO] [stderr] 
[INFO] [stderr] ACTUAL OUTPUT:
[INFO] [stderr] ┈┈┈┈┈┈┈┈┈┈┈┈┈┈┈┈┈┈┈┈┈┈┈┈┈┈┈┈┈┈┈┈┈┈┈┈┈┈┈┈┈┈┈┈┈┈┈┈┈┈┈┈┈┈┈┈┈┈┈┈
[INFO] [stderr] warning: panic message is not a string literal
[INFO] [stderr]   --> $DIR/instruction.rs:85:16
[INFO] [stderr]    |
[INFO] [stderr] 85 |           panic!(format!(
[INFO] [stderr]    |  ________________^
[INFO] [stderr] 86 | |             "Unexpected type {:?} when getting memory size.",
[INFO] [stderr] 87 | |             ty
[INFO] [stderr] 88 | |         ));
[INFO] [stderr]    | |_________^
[INFO] [stderr]    |
[INFO] [stderr]    = note: `#[warn(non_fmt_panics)]` on by default
[INFO] [stderr]    = note: this usage of panic!() is deprecated; it will be a hard error in Rust 2021
[INFO] [stderr]    = note: for more information, see <https://doc.rust-lang.org/nightly/edition-guide/rust-2021/panic-macro-consistency.html>
[INFO] [stderr]    = note: the panic!() macro supports formatting, so there's no need for the format!() macro here
[INFO] [stderr] help: remove the `format!(..)` macro call
[INFO] [stderr]    |
[INFO] [stderr] 85 |         panic!(
[INFO] [stderr] 86 |             "Unexpected type {:?} when getting memory size.",
[INFO] [stderr] 87 |             ty
[INFO] [stderr] 88 |         );
[INFO] [stderr]    |
[INFO] [stderr] 
[INFO] [stderr] error: Variable x (with symbol: x) has fewer bits (8) than positions in opcode (12). (e.g. u8 with 9 bits in opcode)
[INFO] [stderr]  --> $DIR/overflows.rs:7:7
[INFO] [stderr]   |
[INFO] [stderr] 7 |     A{x:u8},
[INFO] [stderr]   |       ^
[INFO] [stderr] 
[INFO] [stderr] error[E0599]: no variant or associated item named `decode` found for enum `Instructionset` in the current scope
[INFO] [stderr]   --> $DIR/overflows.rs:20:29
[INFO] [stderr]    |
[INFO] [stderr] 5  | enum Instructionset {
[INFO] [stderr]    | ------------------- variant or associated item `decode` not found here
[INFO] [stderr] ...
[INFO] [stderr] 20 |     let _ = Instructionset::decode(&mem);
[INFO] [stderr]    |                             ^^^^^^ variant or associated item not found in `Instructionset`
[INFO] [stderr]    |
[INFO] [stderr]    = help: items from traits can only be used if the trait is implemented and in scope
[INFO] [stderr]    = note: the following trait defines an item `decode`, perhaps you need to implement it:
[INFO] [stderr]            candidate #1: `InstructionSet`
[INFO] [stderr] ┈┈┈┈┈┈┈┈┈┈┈┈┈┈┈┈┈┈┈┈┈┈┈┈┈┈┈┈┈┈┈┈┈┈┈┈┈┈┈┈┈┈┈┈┈┈┈┈┈┈┈┈┈┈┈┈┈┈┈┈
[INFO] [stderr] note: If the actual output is the correct output you can bless it by rerunning
[INFO] [stderr]       your test with the environment variable TRYBUILD=overwrite
[INFO] [stderr] 
[INFO] [stderr] test tests/invalid_enums/unnamed_fields.rs ... mismatch
[INFO] [stderr] 
[INFO] [stderr] EXPECTED:
[INFO] [stderr] ┈┈┈┈┈┈┈┈┈┈┈┈┈┈┈┈┈┈┈┈┈┈┈┈┈┈┈┈┈┈┈┈┈┈┈┈┈┈┈┈┈┈┈┈┈┈┈┈┈┈┈┈┈┈┈┈┈┈┈┈
[INFO] [stderr] error: Variants with unnamed fields not supported. Use Enum::Variant{X:usize, Y:u32} notation
[INFO] [stderr]  --> $DIR/unnamed_fields.rs:5:6
[INFO] [stderr]   |
[INFO] [stderr] 5 |     A(u8),
[INFO] [stderr]   |      ^^^^
[INFO] [stderr] ┈┈┈┈┈┈┈┈┈┈┈┈┈┈┈┈┈┈┈┈┈┈┈┈┈┈┈┈┈┈┈┈┈┈┈┈┈┈┈┈┈┈┈┈┈┈┈┈┈┈┈┈┈┈┈┈┈┈┈┈
[INFO] [stderr] 
[INFO] [stderr] ACTUAL OUTPUT:
[INFO] [stderr] ┈┈┈┈┈┈┈┈┈┈┈┈┈┈┈┈┈┈┈┈┈┈┈┈┈┈┈┈┈┈┈┈┈┈┈┈┈┈┈┈┈┈┈┈┈┈┈┈┈┈┈┈┈┈┈┈┈┈┈┈
[INFO] [stderr] warning: panic message is not a string literal
[INFO] [stderr]   --> $DIR/instruction.rs:85:16
[INFO] [stderr]    |
[INFO] [stderr] 85 |           panic!(format!(
[INFO] [stderr]    |  ________________^
[INFO] [stderr] 86 | |             "Unexpected type {:?} when getting memory size.",
[INFO] [stderr] 87 | |             ty
[INFO] [stderr] 88 | |         ));
[INFO] [stderr]    | |_________^
[INFO] [stderr]    |
[INFO] [stderr]    = note: `#[warn(non_fmt_panics)]` on by default
[INFO] [stderr]    = note: this usage of panic!() is deprecated; it will be a hard error in Rust 2021
[INFO] [stderr]    = note: for more information, see <https://doc.rust-lang.org/nightly/edition-guide/rust-2021/panic-macro-consistency.html>
[INFO] [stderr]    = note: the panic!() macro supports formatting, so there's no need for the format!() macro here
[INFO] [stderr] help: remove the `format!(..)` macro call
[INFO] [stderr]    |
[INFO] [stderr] 85 |         panic!(
[INFO] [stderr] 86 |             "Unexpected type {:?} when getting memory size.",
[INFO] [stderr] 87 |             ty
[INFO] [stderr] 88 |         );
[INFO] [stderr]    |
[INFO] [stderr] 
[INFO] [stderr] error: Variants with unnamed fields not supported. Use Enum::Variant{X:usize, Y:u32} notation
[INFO] [stderr]  --> $DIR/unnamed_fields.rs:5:6
[INFO] [stderr]   |
[INFO] [stderr] 5 |     A(u8),
[INFO] [stderr]   |      ^^^^
[INFO] [stderr] ┈┈┈┈┈┈┈┈┈┈┈┈┈┈┈┈┈┈┈┈┈┈┈┈┈┈┈┈┈┈┈┈┈┈┈┈┈┈┈┈┈┈┈┈┈┈┈┈┈┈┈┈┈┈┈┈┈┈┈┈
[INFO] [stderr] note: If the actual output is the correct output you can bless it by rerunning
[INFO] [stderr]       your test with the environment variable TRYBUILD=overwrite
[INFO] [stderr] 
[INFO] [stderr] test tests/invalid_enums/var_name_longer_one.rs ... mismatch
[INFO] [stderr] 
[INFO] [stderr] EXPECTED:
[INFO] [stderr] ┈┈┈┈┈┈┈┈┈┈┈┈┈┈┈┈┈┈┈┈┈┈┈┈┈┈┈┈┈┈┈┈┈┈┈┈┈┈┈┈┈┈┈┈┈┈┈┈┈┈┈┈┈┈┈┈┈┈┈┈
[INFO] [stderr] error: Variable names must be one symbol long
[INFO] [stderr]  --> $DIR/var_name_longer_one.rs:5:7
[INFO] [stderr]   |
[INFO] [stderr] 5 |     A{vw:u8},
[INFO] [stderr]   |       ^^
[INFO] [stderr] ┈┈┈┈┈┈┈┈┈┈┈┈┈┈┈┈┈┈┈┈┈┈┈┈┈┈┈┈┈┈┈┈┈┈┈┈┈┈┈┈┈┈┈┈┈┈┈┈┈┈┈┈┈┈┈┈┈┈┈┈
[INFO] [stderr] 
[INFO] [stderr] ACTUAL OUTPUT:
[INFO] [stderr] ┈┈┈┈┈┈┈┈┈┈┈┈┈┈┈┈┈┈┈┈┈┈┈┈┈┈┈┈┈┈┈┈┈┈┈┈┈┈┈┈┈┈┈┈┈┈┈┈┈┈┈┈┈┈┈┈┈┈┈┈
[INFO] [stderr] warning: panic message is not a string literal
[INFO] [stderr]   --> $DIR/instruction.rs:85:16
[INFO] [stderr]    |
[INFO] [stderr] 85 |           panic!(format!(
[INFO] [stderr]    |  ________________^
[INFO] [stderr] 86 | |             "Unexpected type {:?} when getting memory size.",
[INFO] [stderr] 87 | |             ty
[INFO] [stderr] 88 | |         ));
[INFO] [stderr]    | |_________^
[INFO] [stderr]    |
[INFO] [stderr]    = note: `#[warn(non_fmt_panics)]` on by default
[INFO] [stderr]    = note: this usage of panic!() is deprecated; it will be a hard error in Rust 2021
[INFO] [stderr]    = note: for more information, see <https://doc.rust-lang.org/nightly/edition-guide/rust-2021/panic-macro-consistency.html>
[INFO] [stderr]    = note: the panic!() macro supports formatting, so there's no need for the format!() macro here
[INFO] [stderr] help: remove the `format!(..)` macro call
[INFO] [stderr]    |
[INFO] [stderr] 85 |         panic!(
[INFO] [stderr] 86 |             "Unexpected type {:?} when getting memory size.",
[INFO] [stderr] 87 |             ty
[INFO] [stderr] 88 |         );
[INFO] [stderr]    |
[INFO] [stderr] 
[INFO] [stderr] error: Variable names must be one symbol long
[INFO] [stderr]  --> $DIR/var_name_longer_one.rs:5:7
[INFO] [stderr]   |
[INFO] [stderr] 5 |     A{vw:u8},
[INFO] [stderr]   |       ^^
[INFO] [stderr] ┈┈┈┈┈┈┈┈┈┈┈┈┈┈┈┈┈┈┈┈┈┈┈┈┈┈┈┈┈┈┈┈┈┈┈┈┈┈┈┈┈┈┈┈┈┈┈┈┈┈┈┈┈┈┈┈┈┈┈┈
[INFO] [stderr] note: If the actual output is the correct output you can bless it by rerunning
[INFO] [stderr]       your test with the environment variable TRYBUILD=overwrite
[INFO] [stderr] 
[INFO] [stderr] 
[INFO] [stderr] 
[INFO] [stdout] test compile_tests ... FAILED
[INFO] [stdout] 
[INFO] [stdout] failures:
[INFO] [stdout] 
[INFO] [stdout] ---- compile_tests stdout ----
[INFO] [stdout] thread 'compile_tests' panicked at '14 of 14 tests failed', /opt/rustwide/cargo-home/registry/src/github.com-1ecc6299db9ec823/trybuild-1.0.44/src/run.rs:73:13
[INFO] [stdout] stack backtrace:
[INFO] [stdout]    0:     0x55c5073f7090 - std::backtrace_rs::backtrace::libunwind::trace::hff4d1766e93f64f1
[INFO] [stdout]                                at /rustc/53fd98ca776cb875bc9e5514f56b52eb74f9e7a9/library/std/src/../../backtrace/src/backtrace/libunwind.rs:90:5
[INFO] [stdout]    1:     0x55c5073f7090 - std::backtrace_rs::backtrace::trace_unsynchronized::h56bbc8eb78770bcb
[INFO] [stdout]                                at /rustc/53fd98ca776cb875bc9e5514f56b52eb74f9e7a9/library/std/src/../../backtrace/src/backtrace/mod.rs:66:5
[INFO] [stdout]    2:     0x55c5073f7090 - std::sys_common::backtrace::_print_fmt::h5c8e75464faca780
[INFO] [stdout]                                at /rustc/53fd98ca776cb875bc9e5514f56b52eb74f9e7a9/library/std/src/sys_common/backtrace.rs:67:5
[INFO] [stdout]    3:     0x55c5073f7090 - <std::sys_common::backtrace::_print::DisplayBacktrace as core::fmt::Display>::fmt::h48b88277def8b362
[INFO] [stdout]                                at /rustc/53fd98ca776cb875bc9e5514f56b52eb74f9e7a9/library/std/src/sys_common/backtrace.rs:46:22
[INFO] [stdout]    4:     0x55c50741c21c - core::fmt::write::h3381b3176fe2b3d3
[INFO] [stdout]                                at /rustc/53fd98ca776cb875bc9e5514f56b52eb74f9e7a9/library/core/src/fmt/mod.rs:1115:17
[INFO] [stdout]    5:     0x55c5073f34f5 - std::io::Write::write_fmt::h5f34a676f60246b5
[INFO] [stdout]                                at /rustc/53fd98ca776cb875bc9e5514f56b52eb74f9e7a9/library/std/src/io/mod.rs:1665:15
[INFO] [stdout]    6:     0x55c5073f93bb - std::sys_common::backtrace::_print::ha537687d6c17dd0d
[INFO] [stdout]                                at /rustc/53fd98ca776cb875bc9e5514f56b52eb74f9e7a9/library/std/src/sys_common/backtrace.rs:49:5
[INFO] [stdout]    7:     0x55c5073f93bb - std::sys_common::backtrace::print::h61376ae57d131d72
[INFO] [stdout]                                at /rustc/53fd98ca776cb875bc9e5514f56b52eb74f9e7a9/library/std/src/sys_common/backtrace.rs:36:9
[INFO] [stdout]    8:     0x55c5073f93bb - std::panicking::default_hook::{{closure}}::h0f7208c0b9644a54
[INFO] [stdout]                                at /rustc/53fd98ca776cb875bc9e5514f56b52eb74f9e7a9/library/std/src/panicking.rs:208:50
[INFO] [stdout]    9:     0x55c5073f8ecc - std::panicking::default_hook::hdac7fc06578c14ce
[INFO] [stdout]                                at /rustc/53fd98ca776cb875bc9e5514f56b52eb74f9e7a9/library/std/src/panicking.rs:222:9
[INFO] [stdout]   10:     0x55c5073f9a84 - std::panicking::rust_panic_with_hook::h72b21c283da3d1ef
[INFO] [stdout]                                at /rustc/53fd98ca776cb875bc9e5514f56b52eb74f9e7a9/library/std/src/panicking.rs:622:17
[INFO] [stdout]   11:     0x55c5073f9567 - std::panicking::begin_panic_handler::{{closure}}::he5778f1729cff84a
[INFO] [stdout]                                at /rustc/53fd98ca776cb875bc9e5514f56b52eb74f9e7a9/library/std/src/panicking.rs:519:13
[INFO] [stdout]   12:     0x55c5073f756c - std::sys_common::backtrace::__rust_end_short_backtrace::h2d11ca8b453b4b1d
[INFO] [stdout]                                at /rustc/53fd98ca776cb875bc9e5514f56b52eb74f9e7a9/library/std/src/sys_common/backtrace.rs:141:18
[INFO] [stdout]   13:     0x55c5073f94c9 - rust_begin_unwind
[INFO] [stdout]                                at /rustc/53fd98ca776cb875bc9e5514f56b52eb74f9e7a9/library/std/src/panicking.rs:515:5
[INFO] [stdout]   14:     0x55c507193cfb - std::panicking::begin_panic_fmt::h746518bde832d259
[INFO] [stdout]                                at /rustc/53fd98ca776cb875bc9e5514f56b52eb74f9e7a9/library/std/src/panicking.rs:457:5
[INFO] [stdout]   15:     0x55c507211962 - trybuild::run::<impl trybuild::Runner>::run::ha61d16e78537fab1
[INFO] [stdout]                                at /opt/rustwide/cargo-home/registry/src/github.com-1ecc6299db9ec823/trybuild-1.0.44/src/run.rs:73:13
[INFO] [stdout]   16:     0x55c5072165d4 - <trybuild::TestCases as core::ops::drop::Drop>::drop::hd79d13e9edb6705d
[INFO] [stdout]                                at /opt/rustwide/cargo-home/registry/src/github.com-1ecc6299db9ec823/trybuild-1.0.44/src/lib.rs:306:13
[INFO] [stdout]   17:     0x55c50719d1a7 - core::ptr::drop_in_place<trybuild::TestCases>::h8c67778e332425a3
[INFO] [stdout]                                at /rustc/53fd98ca776cb875bc9e5514f56b52eb74f9e7a9/library/core/src/ptr/mod.rs:192:1
[INFO] [stdout]   18:     0x55c50719cd88 - tests::compile_tests::h1bc773aa21479d6d
[INFO] [stdout]                                at /opt/rustwide/workdir/imperative-tests/tests/tests.rs:29:1
[INFO] [stdout]   19:     0x55c50719cbea - tests::compile_tests::{{closure}}::h81e2385e5d6b6b58
[INFO] [stdout]                                at /opt/rustwide/workdir/imperative-tests/tests/tests.rs:7:1
[INFO] [stdout]   20:     0x55c50719d0ae - core::ops::function::FnOnce::call_once::hb9741807287ec9bb
[INFO] [stdout]                                at /rustc/53fd98ca776cb875bc9e5514f56b52eb74f9e7a9/library/core/src/ops/function.rs:227:5
[INFO] [stdout]   21:     0x55c5071d8e73 - core::ops::function::FnOnce::call_once::hbb52c4519d3137b0
[INFO] [stdout]                                at /rustc/53fd98ca776cb875bc9e5514f56b52eb74f9e7a9/library/core/src/ops/function.rs:227:5
[INFO] [stdout]   22:     0x55c5071d8e73 - test::__rust_begin_short_backtrace::h86fe3a2a5a5121af
[INFO] [stdout]                                at /rustc/53fd98ca776cb875bc9e5514f56b52eb74f9e7a9/library/test/src/lib.rs:578:5
[INFO] [stdout]   23:     0x55c5071d7928 - <alloc::boxed::Box<F,A> as core::ops::function::FnOnce<Args>>::call_once::hfd956bc3d57399be
[INFO] [stdout]                                at /rustc/53fd98ca776cb875bc9e5514f56b52eb74f9e7a9/library/alloc/src/boxed.rs:1572:9
[INFO] [stdout]   24:     0x55c5071d7928 - <std::panic::AssertUnwindSafe<F> as core::ops::function::FnOnce<()>>::call_once::h40dc93e0ddb5938a
[INFO] [stdout]                                at /rustc/53fd98ca776cb875bc9e5514f56b52eb74f9e7a9/library/std/src/panic.rs:347:9
[INFO] [stdout]   25:     0x55c5071d7928 - std::panicking::try::do_call::h90d07750cb47c562
[INFO] [stdout]                                at /rustc/53fd98ca776cb875bc9e5514f56b52eb74f9e7a9/library/std/src/panicking.rs:401:40
[INFO] [stdout]   26:     0x55c5071d7928 - std::panicking::try::h063c84733ad2a629
[INFO] [stdout]                                at /rustc/53fd98ca776cb875bc9e5514f56b52eb74f9e7a9/library/std/src/panicking.rs:365:19
[INFO] [stdout]   27:     0x55c5071d7928 - std::panic::catch_unwind::h0c464836a84e7c08
[INFO] [stdout]                                at /rustc/53fd98ca776cb875bc9e5514f56b52eb74f9e7a9/library/std/src/panic.rs:434:14
[INFO] [stdout]   28:     0x55c5071d7928 - test::run_test_in_process::h5cb06ef620b157fc
[INFO] [stdout]                                at /rustc/53fd98ca776cb875bc9e5514f56b52eb74f9e7a9/library/test/src/lib.rs:601:18
[INFO] [stdout]   29:     0x55c5071d7928 - test::run_test::run_test_inner::{{closure}}::h76f677f4b93f9828
[INFO] [stdout]                                at /rustc/53fd98ca776cb875bc9e5514f56b52eb74f9e7a9/library/test/src/lib.rs:493:39
[INFO] [stdout]   30:     0x55c5071a60bd - test::run_test::run_test_inner::{{closure}}::h366d01fe04f4d67a
[INFO] [stdout]                                at /rustc/53fd98ca776cb875bc9e5514f56b52eb74f9e7a9/library/test/src/lib.rs:520:37
[INFO] [stdout]   31:     0x55c5071a60bd - std::sys_common::backtrace::__rust_begin_short_backtrace::h7dfa0de4eb395af2
[INFO] [stdout]                                at /rustc/53fd98ca776cb875bc9e5514f56b52eb74f9e7a9/library/std/src/sys_common/backtrace.rs:125:18
[INFO] [stdout]   32:     0x55c5071aa888 - std::thread::Builder::spawn_unchecked::{{closure}}::{{closure}}::hf0a74bb58798037f
[INFO] [stdout]                                at /rustc/53fd98ca776cb875bc9e5514f56b52eb74f9e7a9/library/std/src/thread/mod.rs:476:17
[INFO] [stdout]   33:     0x55c5071aa888 - <std::panic::AssertUnwindSafe<F> as core::ops::function::FnOnce<()>>::call_once::hb024e854818586ac
[INFO] [stdout]                                at /rustc/53fd98ca776cb875bc9e5514f56b52eb74f9e7a9/library/std/src/panic.rs:347:9
[INFO] [stdout]   34:     0x55c5071aa888 - std::panicking::try::do_call::hb2dd9f1d0d48e41d
[INFO] [stdout]                                at /rustc/53fd98ca776cb875bc9e5514f56b52eb74f9e7a9/library/std/src/panicking.rs:401:40
[INFO] [stdout]   35:     0x55c5071aa888 - std::panicking::try::h4717ae7bac8b2bf3
[INFO] [stdout]                                at /rustc/53fd98ca776cb875bc9e5514f56b52eb74f9e7a9/library/std/src/panicking.rs:365:19
[INFO] [stdout]   36:     0x55c5071aa888 - std::panic::catch_unwind::h0dc8a061326ce8d8
[INFO] [stdout]                                at /rustc/53fd98ca776cb875bc9e5514f56b52eb74f9e7a9/library/std/src/panic.rs:434:14
[INFO] [stdout]   37:     0x55c5071aa888 - std::thread::Builder::spawn_unchecked::{{closure}}::haa369e2d6fd00aa1
[INFO] [stdout]                                at /rustc/53fd98ca776cb875bc9e5514f56b52eb74f9e7a9/library/std/src/thread/mod.rs:475:30
[INFO] [stdout]   38:     0x55c5071aa888 - core::ops::function::FnOnce::call_once{{vtable.shim}}::h36dcf3de8b056f17
[INFO] [stdout]                                at /rustc/53fd98ca776cb875bc9e5514f56b52eb74f9e7a9/library/core/src/ops/function.rs:227:5
[INFO] [stdout]   39:     0x55c5073ffaf7 - <alloc::boxed::Box<F,A> as core::ops::function::FnOnce<Args>>::call_once::h65c29e4642be2358
[INFO] [stdout]                                at /rustc/53fd98ca776cb875bc9e5514f56b52eb74f9e7a9/library/alloc/src/boxed.rs:1572:9
[INFO] [stdout]   40:     0x55c5073ffaf7 - <alloc::boxed::Box<F,A> as core::ops::function::FnOnce<Args>>::call_once::hd0f8f7fbbd9fffbf
[INFO] [stdout]                                at /rustc/53fd98ca776cb875bc9e5514f56b52eb74f9e7a9/library/alloc/src/boxed.rs:1572:9
[INFO] [stdout]   41:     0x55c5073ffaf7 - std::sys::unix::thread::Thread::new::thread_start::h2fd22fee3ca77b65
[INFO] [stdout]                                at /rustc/53fd98ca776cb875bc9e5514f56b52eb74f9e7a9/library/std/src/sys/unix/thread.rs:74:17
[INFO] [stdout]   42:     0x7f24509ca609 - start_thread
[INFO] [stdout]   43:     0x7f245079c293 - clone
[INFO] [stdout]   44:                0x0 - <unknown>
[INFO] [stdout] 
[INFO] [stdout] 
[INFO] [stdout] failures:
[INFO] [stdout]     compile_tests
[INFO] [stdout] 
[INFO] [stdout] test result: FAILED. 10 passed; 1 failed; 0 ignored; 0 measured; 0 filtered out; finished in 22.52s
[INFO] [stdout] 
[INFO] [stderr] error: test failed, to rerun pass '-p imperative-tests --test tests'
[INFO] running `Command { std: "docker" "inspect" "8f6a3314d3873a39204d46f9e010cad4900cfec1dcea859864afddfb69cf25d4", kill_on_drop: false }`
[INFO] running `Command { std: "docker" "rm" "-f" "8f6a3314d3873a39204d46f9e010cad4900cfec1dcea859864afddfb69cf25d4", kill_on_drop: false }`
[INFO] [stdout] 8f6a3314d3873a39204d46f9e010cad4900cfec1dcea859864afddfb69cf25d4
