[INFO] cloning repository https://github.com/glugg23/rox
[INFO] running `Command { std: "git" "-c" "credential.helper=" "-c" "credential.helper=/workspace/cargo-home/bin/git-credential-null" "clone" "--bare" "https://github.com/glugg23/rox" "/workspace/cache/git-repos/https%3A%2F%2Fgithub.com%2Fglugg23%2Frox", kill_on_drop: false }`
[INFO] [stderr] Cloning into bare repository '/workspace/cache/git-repos/https%3A%2F%2Fgithub.com%2Fglugg23%2Frox'...
[INFO] running `Command { std: "git" "rev-parse" "HEAD", kill_on_drop: false }`
[INFO] [stdout] f766df6bc948b1a8db63d9d500b266017e3f6011
[INFO] testing glugg23/rox against 1.54.0 for beta-1.55-1
[INFO] running `Command { std: "git" "clone" "/workspace/cache/git-repos/https%3A%2F%2Fgithub.com%2Fglugg23%2Frox" "/workspace/builds/worker-64/source", kill_on_drop: false }`
[INFO] [stderr] Cloning into '/workspace/builds/worker-64/source'...
[INFO] [stderr] done.
[INFO] validating manifest of git repo https://github.com/glugg23/rox on toolchain 1.54.0
[INFO] running `Command { std: "/workspace/cargo-home/bin/cargo" "+1.54.0" "metadata" "--manifest-path" "Cargo.toml" "--no-deps", kill_on_drop: false }`
[INFO] started tweaking git repo https://github.com/glugg23/rox
[INFO] finished tweaking git repo https://github.com/glugg23/rox
[INFO] tweaked toml for git repo https://github.com/glugg23/rox written to /workspace/builds/worker-64/source/Cargo.toml
[INFO] crate git repo https://github.com/glugg23/rox already has a lockfile, it will not be regenerated
[INFO] running `Command { std: "/workspace/cargo-home/bin/cargo" "+1.54.0" "fetch" "--manifest-path" "Cargo.toml", kill_on_drop: false }`
[INFO] [stderr]     Blocking waiting for file lock on package cache
[INFO] [stderr]     Blocking waiting for file lock on package cache
[INFO] running `Command { std: "docker" "create" "-v" "/var/lib/crater-agent-workspace/builds/worker-64/target:/opt/rustwide/target:rw,Z" "-v" "/var/lib/crater-agent-workspace/builds/worker-64/source:/opt/rustwide/workdir:ro,Z" "-v" "/var/lib/crater-agent-workspace/cargo-home:/opt/rustwide/cargo-home:ro,Z" "-v" "/var/lib/crater-agent-workspace/rustup-home:/opt/rustwide/rustup-home:ro,Z" "-e" "SOURCE_DIR=/opt/rustwide/workdir" "-e" "CARGO_TARGET_DIR=/opt/rustwide/target" "-e" "CARGO_HOME=/opt/rustwide/cargo-home" "-e" "RUSTUP_HOME=/opt/rustwide/rustup-home" "-w" "/opt/rustwide/workdir" "-m" "1610612736" "--user" "0:0" "--network" "none" "ghcr.io/rust-lang/crates-build-env/linux@sha256:34b6a614d2c27851fe6cbf88fbd1137609cefab8b10d0615aaeb6fd47975d74e" "/opt/rustwide/cargo-home/bin/cargo" "+1.54.0" "metadata" "--no-deps" "--format-version=1", kill_on_drop: false }`
[INFO] [stdout] 1cba0ee20221db708df72e7303839ba81ea58de24fdd37110d9899b831510599
[INFO] running `Command { std: "docker" "start" "-a" "1cba0ee20221db708df72e7303839ba81ea58de24fdd37110d9899b831510599", kill_on_drop: false }`
[INFO] running `Command { std: "docker" "inspect" "1cba0ee20221db708df72e7303839ba81ea58de24fdd37110d9899b831510599", kill_on_drop: false }`
[INFO] running `Command { std: "docker" "rm" "-f" "1cba0ee20221db708df72e7303839ba81ea58de24fdd37110d9899b831510599", kill_on_drop: false }`
[INFO] [stdout] 1cba0ee20221db708df72e7303839ba81ea58de24fdd37110d9899b831510599
[INFO] running `Command { std: "docker" "create" "-v" "/var/lib/crater-agent-workspace/builds/worker-64/target:/opt/rustwide/target:rw,Z" "-v" "/var/lib/crater-agent-workspace/builds/worker-64/source:/opt/rustwide/workdir:ro,Z" "-v" "/var/lib/crater-agent-workspace/cargo-home:/opt/rustwide/cargo-home:ro,Z" "-v" "/var/lib/crater-agent-workspace/rustup-home:/opt/rustwide/rustup-home:ro,Z" "-e" "SOURCE_DIR=/opt/rustwide/workdir" "-e" "CARGO_TARGET_DIR=/opt/rustwide/target" "-e" "CARGO_INCREMENTAL=0" "-e" "RUST_BACKTRACE=full" "-e" "RUSTFLAGS=--cap-lints=warn" "-e" "CARGO_HOME=/opt/rustwide/cargo-home" "-e" "RUSTUP_HOME=/opt/rustwide/rustup-home" "-w" "/opt/rustwide/workdir" "-m" "1610612736" "--user" "0:0" "--network" "none" "ghcr.io/rust-lang/crates-build-env/linux@sha256:34b6a614d2c27851fe6cbf88fbd1137609cefab8b10d0615aaeb6fd47975d74e" "/opt/rustwide/cargo-home/bin/cargo" "+1.54.0" "build" "--frozen" "--message-format=json", kill_on_drop: false }`
[INFO] [stdout] 20c9cf98edada212874f19fe54004775f18dc3169cb2ae2eac2bae72abf032eb
[INFO] running `Command { std: "docker" "start" "-a" "20c9cf98edada212874f19fe54004775f18dc3169cb2ae2eac2bae72abf032eb", kill_on_drop: false }`
[INFO] [stderr]     Blocking waiting for file lock on package cache
[INFO] [stderr]    Compiling rox v0.4.0 (/opt/rustwide/workdir)
[INFO] [stderr]     Finished dev [unoptimized + debuginfo] target(s) in 6.66s
[INFO] running `Command { std: "docker" "inspect" "20c9cf98edada212874f19fe54004775f18dc3169cb2ae2eac2bae72abf032eb", kill_on_drop: false }`
[INFO] running `Command { std: "docker" "rm" "-f" "20c9cf98edada212874f19fe54004775f18dc3169cb2ae2eac2bae72abf032eb", kill_on_drop: false }`
[INFO] [stdout] 20c9cf98edada212874f19fe54004775f18dc3169cb2ae2eac2bae72abf032eb
[INFO] running `Command { std: "docker" "create" "-v" "/var/lib/crater-agent-workspace/builds/worker-64/target:/opt/rustwide/target:rw,Z" "-v" "/var/lib/crater-agent-workspace/builds/worker-64/source:/opt/rustwide/workdir:ro,Z" "-v" "/var/lib/crater-agent-workspace/cargo-home:/opt/rustwide/cargo-home:ro,Z" "-v" "/var/lib/crater-agent-workspace/rustup-home:/opt/rustwide/rustup-home:ro,Z" "-e" "SOURCE_DIR=/opt/rustwide/workdir" "-e" "CARGO_TARGET_DIR=/opt/rustwide/target" "-e" "CARGO_INCREMENTAL=0" "-e" "RUST_BACKTRACE=full" "-e" "RUSTFLAGS=--cap-lints=warn" "-e" "CARGO_HOME=/opt/rustwide/cargo-home" "-e" "RUSTUP_HOME=/opt/rustwide/rustup-home" "-w" "/opt/rustwide/workdir" "-m" "1610612736" "--user" "0:0" "--network" "none" "ghcr.io/rust-lang/crates-build-env/linux@sha256:34b6a614d2c27851fe6cbf88fbd1137609cefab8b10d0615aaeb6fd47975d74e" "/opt/rustwide/cargo-home/bin/cargo" "+1.54.0" "test" "--frozen" "--no-run" "--message-format=json", kill_on_drop: false }`
[INFO] [stdout] 63258e93ac099b0086f2b5a64830c27828340d095b5e01ea9f95cd806bf5877e
[INFO] running `Command { std: "docker" "start" "-a" "63258e93ac099b0086f2b5a64830c27828340d095b5e01ea9f95cd806bf5877e", kill_on_drop: false }`
[INFO] [stderr]     Blocking waiting for file lock on package cache
[INFO] [stderr]    Compiling rox v0.4.0 (/opt/rustwide/workdir)
[INFO] [stderr]     Finished test [unoptimized + debuginfo] target(s) in 1.52s
[INFO] running `Command { std: "docker" "inspect" "63258e93ac099b0086f2b5a64830c27828340d095b5e01ea9f95cd806bf5877e", kill_on_drop: false }`
[INFO] running `Command { std: "docker" "rm" "-f" "63258e93ac099b0086f2b5a64830c27828340d095b5e01ea9f95cd806bf5877e", kill_on_drop: false }`
[INFO] [stdout] 63258e93ac099b0086f2b5a64830c27828340d095b5e01ea9f95cd806bf5877e
[INFO] running `Command { std: "docker" "create" "-v" "/var/lib/crater-agent-workspace/builds/worker-64/target:/opt/rustwide/target:rw,Z" "-v" "/var/lib/crater-agent-workspace/builds/worker-64/source:/opt/rustwide/workdir:ro,Z" "-v" "/var/lib/crater-agent-workspace/cargo-home:/opt/rustwide/cargo-home:ro,Z" "-v" "/var/lib/crater-agent-workspace/rustup-home:/opt/rustwide/rustup-home:ro,Z" "-e" "SOURCE_DIR=/opt/rustwide/workdir" "-e" "CARGO_TARGET_DIR=/opt/rustwide/target" "-e" "CARGO_INCREMENTAL=0" "-e" "RUST_BACKTRACE=full" "-e" "RUSTFLAGS=--cap-lints=warn" "-e" "CARGO_HOME=/opt/rustwide/cargo-home" "-e" "RUSTUP_HOME=/opt/rustwide/rustup-home" "-w" "/opt/rustwide/workdir" "-m" "1610612736" "--user" "0:0" "--network" "none" "ghcr.io/rust-lang/crates-build-env/linux@sha256:34b6a614d2c27851fe6cbf88fbd1137609cefab8b10d0615aaeb6fd47975d74e" "/opt/rustwide/cargo-home/bin/cargo" "+1.54.0" "test" "--frozen", kill_on_drop: false }`
[INFO] [stdout] 98b09656be2919a70e84fb89299bb5098f1c0a343d36c9024076e6ba6a5c2227
[INFO] running `Command { std: "docker" "start" "-a" "98b09656be2919a70e84fb89299bb5098f1c0a343d36c9024076e6ba6a5c2227", kill_on_drop: false }`
[INFO] [stderr]     Blocking waiting for file lock on package cache
[INFO] [stderr]     Finished test [unoptimized + debuginfo] target(s) in 1.75s
[INFO] [stderr]      Running unittests (/opt/rustwide/target/debug/deps/rox_lib-2b157c8eb4edc683)
[INFO] [stdout] 
[INFO] [stdout] running 103 tests
[INFO] [stdout] test compiler::tests::compiler_advance_with_error ... ok
[INFO] [stdout] test compiler::tests::compiler_compile_with_error ... ok
[INFO] [stdout] test compiler::tests::compiler_advance ... ok
[INFO] [stdout] test compiler::tests::compiler_consume_error ... ok
[INFO] [stdout] test compiler::tests::parser_emit_byte2 ... ok
[INFO] [stdout] test compiler::tests::parser_end_compiler ... ok
[INFO] [stdout] test compiler::tests::compiler_compile ... ok
[INFO] [stdout] test compiler::tests::parser_emit_byte ... ok
[INFO] [stdout] test compiler::tests::parser_make_constant ... ok
[INFO] [stdout] test compiler::tests::parser_patch_jump_max_num ... ok
[INFO] [stdout] test chunk::tests::chunk_add_constant ... ok
[INFO] [stdout] test compiler::tests::parser_emit_constant ... ok
[INFO] [stdout] test compiler::tests::parser_make_constant_max_num ... ok
[INFO] [stdout] test compiler::tests::parser_emit_loop_max_num ... ok
[INFO] [stdout] test scanner::tests::scanner_get_token ... ok
[INFO] [stdout] test scanner::tests::scanner_fractional_number ... ok
[INFO] [stdout] test compiler::tests::precedence_next ... ok
[INFO] [stdout] test compiler::tests::compiler_add_local_max_num ... ok
[INFO] [stdout] test compiler::tests::compiler_consume ... ok
[INFO] [stdout] test scanner::tests::scanner_identify_keywords ... ok
[INFO] [stdout] test scanner::tests::scanner_advance ... ok
[INFO] [stdout] test scanner::tests::scanner_peek_next ... ok
[INFO] [stdout] test scanner::tests::scanner_scan_number ... ok
[INFO] [stdout] test scanner::tests::scanner_scan_identifier ... ok
[INFO] [stdout] test scanner::tests::scanner_scan_string ... ok
[INFO] [stdout] test scanner::tests::scanner_scan_two_character_tokens ... ok
[INFO] [stdout] test scanner::tests::scanner_scan_with_whitespace ... ok
[INFO] [stdout] test scanner::tests::scanner_skip_whitespace_counts_newlines ... ok
[INFO] [stdout] test scanner::tests::scanner_skip_whitespace_does_not_skip_division ... ok
[INFO] [stdout] test scanner::tests::scanner_scan_at_end ... ok
[INFO] [stdout] test scanner::tests::scanner_skip_whitespace_ignores_comments ... ok
[INFO] [stdout] test scanner::tests::scanner_peek_next_when_at_end ... ok
[INFO] [stdout] test scanner::tests::scanner_skip_whitespace_ignores_comments_ending_in_new_line ... ok
[INFO] [stdout] test scanner::tests::scanner_scan_one_character_tokens ... ok
[INFO] [stdout] test scanner::tests::scanner_skip_whitespace ... ok
[INFO] [stdout] test scanner::tests::scanner_string_multiline ... ok
[INFO] [stdout] test scanner::tests::scanner_string_unterminated ... ok
[INFO] [stdout] test scanner::tests::scanner_scan_unexpected_character ... ok
[INFO] [stdout] test scanner::tests::scanner_string ... ok
[INFO] [stdout] test value::tests::value_into_valid_number ... ok
[INFO] [stdout] test scanner::tests::scanner_peek ... ok
[INFO] [stdout] test scanner::tests::scanner_number_ignores_dot_if_nothing_after ... ok
[INFO] [stdout] test value::tests::value_is_falsey ... ok
[INFO] [stdout] test scanner::tests::scanner_number_ignores_dot_if_not_number ... ok
[INFO] [stdout] test scanner::tests::scanner_number ... ok
[INFO] [stdout] test scanner::tests::scanner_match_token_when_at_end ... ok
[INFO] [stdout] test scanner::tests::scanner_match_token_not_expected ... ok
[INFO] [stdout] test vm::tests::vm_interpret_add ... ok
[INFO] [stdout] test scanner::tests::scanner_identifier ... ok
[INFO] [stdout] test vm::tests::vm_interpret_and ... ok
[INFO] [stdout] test vm::tests::vm_interpret_binary_op_wrong_types ... ok
[INFO] [stdout] test vm::tests::vm_interpret_can_not_add_string_and_number ... ok
[INFO] [stdout] test vm::tests::vm_interpret_compile_error ... ok
[INFO] [stdout] test vm::tests::vm_interpret_define_global ... ok
[INFO] [stdout] test value::tests::value_is_truthy ... ok
[INFO] [stdout] test scanner::tests::scanner_is_at_end ... ok
[INFO] [stdout] test vm::tests::vm_interpret_cannot_read_local_variable_in_own_initializer ... ok
[INFO] [stdout] test vm::tests::vm_interpret_define_global_no_identifier ... ok
[INFO] [stdout] test vm::tests::vm_interpret_divide ... ok
[INFO] [stdout] test vm::tests::vm_interpret_for ... ok
[INFO] [stdout] test scanner::tests::scanner_match_token ... ok
[INFO] [stdout] test vm::tests::vm_interpret_define_global_no_semicolon ... ok
[INFO] [stdout] test vm::tests::vm_interpret_get_local ... ok
[INFO] [stdout] test vm::tests::vm_interpret_less ... ok
[INFO] [stdout] test vm::tests::vm_interpret_add_strings ... ok
[INFO] [stdout] test vm::tests::vm_interpret_less_equal ... ok
[INFO] [stdout] test vm::tests::vm_interpret_if_else ... ok
[INFO] [stdout] test vm::tests::vm_interpret_multiply ... ok
[INFO] [stdout] test vm::tests::vm_interpret_mismatching_block ... ok
[INFO] [stdout] test vm::tests::vm_interpret_equal ... ok
[INFO] [stdout] test vm::tests::vm_interpret_same_name_same_scope ... ok
[INFO] [stdout] test vm::tests::vm_interpret_negate ... ok
[INFO] [stdout] test vm::tests::vm_interpret_for_syntax_error ... ok
[INFO] [stdout] test vm::tests::vm_interpret_if_no_paren ... ok
[INFO] [stdout] test vm::tests::vm_interpret_if ... ok
[INFO] [stdout] test vm::tests::vm_interpret_negate_not_number ... ok
[INFO] [stdout] test vm::tests::vm_interpret_greater ... ok
[INFO] [stdout] test vm::tests::vm_interpret_not ... ok
[INFO] [stdout] test vm::tests::vm_interpret_not_equal ... ok
[INFO] [stdout] test vm::tests::vm_interpret_print ... ok
[INFO] [stdout] test vm::tests::vm_interpret_or ... ok
[INFO] [stdout] test vm::tests::vm_interpret_get_global ... ok
[INFO] [stdout] test vm::tests::vm_interpret_print_with_no_semicolon ... ok
[INFO] [stdout] test vm::tests::vm_interpret_set_global_undefined ... ok
[INFO] [stdout] test vm::tests::vm_pop ... ok
[INFO] [stdout] test vm::tests::vm_read_short ... ok
[INFO] [stdout] test vm::tests::vm_interpret_get_global_undefined ... ok
[INFO] [stdout] test vm::tests::vm_interpret_greater_equal ... ok
[INFO] [stdout] test chunk::tests::chunk_write ... ok
[INFO] [stdout] test vm::tests::vm_interpret_subtract ... ok
[INFO] [stdout] test vm::tests::vm_push ... ok
[INFO] [stdout] test vm::tests::vm_interpret_while_no_paren ... ok
[INFO] [stdout] test vm::tests::vm_interpret_define_global_no_value ... ok
[INFO] [stdout] test vm::tests::vm_interpret_set_global ... ok
[INFO] [stdout] test vm::tests::vm_interpret_while ... ok
[INFO] [stdout] test vm::tests::vm_interpret_set_local ... ok
[INFO] [stdout] test vm::tests::vm_read_constant ... ok
[INFO] [stdout] test vm::tests::vm_interpret_set_global_invalid_target ... ok
[INFO] [stdout] test vm::tests::vm_read_byte ... ok
[INFO] [stdout] test chunk::tests::opcode_from_invalid_byte_should_panic - should panic ... ok
[INFO] [stdout] test value::tests::value_into_bool_panics - should panic ... ok
[INFO] [stdout] test value::tests::value_into_nil_panics - should panic ... ok
[INFO] [stdout] test compiler::tests::precedence_next_error - should panic ... ok
[INFO] [stdout] 
[INFO] [stdout] test result: ok. 103 passed; 0 failed; 0 ignored; 0 measured; 0 filtered out; finished in 0.06s
[INFO] [stdout] 
[INFO] [stderr]      Running unittests (/opt/rustwide/target/debug/deps/rox-cf9f3df21ad65315)
[INFO] [stdout] 
[INFO] [stdout] running 0 tests
[INFO] [stdout] 
[INFO] [stdout] test result: ok. 0 passed; 0 failed; 0 ignored; 0 measured; 0 filtered out; finished in 0.00s
[INFO] [stdout] 
[INFO] [stderr]      Running tests/assignment.rs (/opt/rustwide/target/debug/deps/assignment-9e32659574e42ea8)
[INFO] [stdout] 
[INFO] [stdout] running 8 tests
[INFO] [stdout] test grouping ... ok
[INFO] [stdout] test infix_operator ... ok
[INFO] [stdout] test global ... ok
[INFO] [stdout] test local ... ok
[INFO] [stdout] test syntax ... ok
[INFO] [stdout] test prefix_operator ... ok
[INFO] [stdout] test associativity ... ok
[INFO] [stdout] test undefined ... ok
[INFO] [stdout] 
[INFO] [stdout] test result: ok. 8 passed; 0 failed; 0 ignored; 0 measured; 0 filtered out; finished in 8.48s
[INFO] [stdout] 
[INFO] [stderr]      Running tests/block.rs (/opt/rustwide/target/debug/deps/block-73a4141c76ecb37e)
[INFO] [stdout] 
[INFO] [stdout] running 2 tests
[INFO] [stdout] test scope ... ok
[INFO] [stdout] test empty ... ok
[INFO] [stdout] 
[INFO] [stdout] test result: ok. 2 passed; 0 failed; 0 ignored; 0 measured; 0 filtered out; finished in 4.87s
[INFO] [stdout] 
[INFO] [stdout] 
[INFO] [stdout] running 2 tests
[INFO] [stderr]      Running tests/bool.rs (/opt/rustwide/target/debug/deps/bool-b6caa9ffa9ab5d2f)
[INFO] [stdout] test not ... ok
[INFO] [stderr]      Running tests/comments.rs (/opt/rustwide/target/debug/deps/comments-b1019f2fabe71513)
[INFO] [stdout] test equality ... ok
[INFO] [stdout] 
[INFO] [stdout] test result: ok. 2 passed; 0 failed; 0 ignored; 0 measured; 0 filtered out; finished in 0.92s
[INFO] [stdout] 
[INFO] [stdout] 
[INFO] [stdout] running 4 tests
[INFO] [stdout] test only_line_comment_and_line ... ok
[INFO] [stdout] test unicode ... ok
[INFO] [stdout] test only_line_comment ... ok
[INFO] [stdout] test line_at_eof ... ok
[INFO] [stdout] 
[INFO] [stdout] test result: ok. 4 passed; 0 failed; 0 ignored; 0 measured; 0 filtered out; finished in 0.13s
[INFO] [stdout] 
[INFO] [stderr]      Running tests/for.rs (/opt/rustwide/target/debug/deps/for-b81a9aea8f05f605)
[INFO] [stdout] 
[INFO] [stdout] running 7 tests
[INFO] [stdout] test statement_condition ... ok
[INFO] [stdout] test var_in_body ... ok
[INFO] [stdout] test scope ... ok
[INFO] [stdout] test class_in_body ... ok
[INFO] [stdout] test statement_initializer ... ok
[INFO] [stdout] test fun_in_body ... ok
[INFO] [stdout] test statement_increment ... ok
[INFO] [stdout] 
[INFO] [stdout] test result: ok. 7 passed; 0 failed; 0 ignored; 0 measured; 0 filtered out; finished in 0.15s
[INFO] [stdout] 
[INFO] [stderr]      Running tests/if.rs (/opt/rustwide/target/debug/deps/if-00337cc60ad8512e)
[INFO] [stdout] 
[INFO] [stdout] running 10 tests
[INFO] [stdout] test truth ... ok
[INFO] [stdout] test var_in_else ... ok
[INFO] [stdout] test fun_in_then ... ok
[INFO] [stdout] test class_in_then ... ok
[INFO] [stdout] test class_in_else ... ok
[INFO] [stdout] test test_if ... ok
[INFO] [stdout] test test_else ... ok
[INFO] [stdout] test fun_in_else ... ok
[INFO] [stdout] test var_in_then ... ok
[INFO] [stdout] test dangling_else ... ok
[INFO] [stdout] 
[INFO] [stdout] test result: ok. 10 passed; 0 failed; 0 ignored; 0 measured; 0 filtered out; finished in 0.43s
[INFO] [stdout] 
[INFO] [stderr]      Running tests/limit.rs (/opt/rustwide/target/debug/deps/limit-a5b344f2f3664fa4)
[INFO] [stdout] 
[INFO] [stdout] running 1 test
[INFO] [stderr]      Running tests/logical_operator.rs (/opt/rustwide/target/debug/deps/logical_operator-0b7d392a1433709e)
[INFO] [stdout] test loop_too_large ... ok
[INFO] [stdout] 
[INFO] [stdout] test result: ok. 1 passed; 0 failed; 0 ignored; 0 measured; 0 filtered out; finished in 0.15s
[INFO] [stdout] 
[INFO] [stdout] 
[INFO] [stdout] running 4 tests
[INFO] [stdout] test or_truth ... ok
[INFO] [stdout] test and ... ok
[INFO] [stdout] test or ... ok
[INFO] [stdout] test and_truth ... ok
[INFO] [stdout] 
[INFO] [stdout] test result: ok. 4 passed; 0 failed; 0 ignored; 0 measured; 0 filtered out; finished in 0.15s
[INFO] [stdout] 
[INFO] [stderr]      Running tests/misc.rs (/opt/rustwide/target/debug/deps/misc-e76250056707d561)
[INFO] [stdout] 
[INFO] [stdout] running 3 tests
[INFO] [stdout] test empty_file ... ok
[INFO] [stdout] test precedence ... ok
[INFO] [stdout] test unexpected_character ... ok
[INFO] [stdout] 
[INFO] [stdout] test result: ok. 3 passed; 0 failed; 0 ignored; 0 measured; 0 filtered out; finished in 0.16s
[INFO] [stdout] 
[INFO] [stderr]      Running tests/nil.rs (/opt/rustwide/target/debug/deps/nil-1246bb2cc2201fe8)
[INFO] [stdout] 
[INFO] [stdout] running 1 test
[INFO] [stderr]      Running tests/number.rs (/opt/rustwide/target/debug/deps/number-b2166ee69cb1e0ef)
[INFO] [stdout] test literal ... ok
[INFO] [stdout] 
[INFO] [stdout] test result: ok. 1 passed; 0 failed; 0 ignored; 0 measured; 0 filtered out; finished in 0.14s
[INFO] [stdout] 
[INFO] [stdout] 
[INFO] [stdout] running 2 tests
[INFO] [stdout] test literal ... FAILED
[INFO] [stdout] test leading_dot ... ok
[INFO] [stdout] 
[INFO] [stdout] failures:
[INFO] [stdout] 
[INFO] [stdout] ---- literal stdout ----
[INFO] [stdout] thread 'literal' panicked at 'assertion failed: `(left == right)`
[INFO] [stdout]   left: `"123\n987654\n0\n-0\n123.456\n-0.001\n"`,
[INFO] [stdout]  right: `"123\n987654\n0\n0\n123.456\n-0.001\n"`', tests/number.rs:38:5
[INFO] [stdout] stack backtrace:
[INFO] [stdout]    0:     0x55d6d3a6b910 - std::backtrace_rs::backtrace::libunwind::trace::h34055254b57d8e79
[INFO] [stdout]                                at /rustc/a178d0322ce20e33eac124758e837cbd80a6f633/library/std/src/../../backtrace/src/backtrace/libunwind.rs:90:5
[INFO] [stdout]    1:     0x55d6d3a6b910 - std::backtrace_rs::backtrace::trace_unsynchronized::h8f1e3fbd9afff6ec
[INFO] [stdout]                                at /rustc/a178d0322ce20e33eac124758e837cbd80a6f633/library/std/src/../../backtrace/src/backtrace/mod.rs:66:5
[INFO] [stdout]    2:     0x55d6d3a6b910 - std::sys_common::backtrace::_print_fmt::h3a99a796b770c360
[INFO] [stdout]                                at /rustc/a178d0322ce20e33eac124758e837cbd80a6f633/library/std/src/sys_common/backtrace.rs:67:5
[INFO] [stdout]    3:     0x55d6d3a6b910 - <std::sys_common::backtrace::_print::DisplayBacktrace as core::fmt::Display>::fmt::h32d1f94a80615d18
[INFO] [stdout]                                at /rustc/a178d0322ce20e33eac124758e837cbd80a6f633/library/std/src/sys_common/backtrace.rs:46:22
[INFO] [stdout]    4:     0x55d6d3a8e20c - core::fmt::write::h306731c068f7162c
[INFO] [stdout]                                at /rustc/a178d0322ce20e33eac124758e837cbd80a6f633/library/core/src/fmt/mod.rs:1110:17
[INFO] [stdout]    5:     0x55d6d3a68825 - std::io::Write::write_fmt::h87f19b0a2cd190bc
[INFO] [stdout]                                at /rustc/a178d0322ce20e33eac124758e837cbd80a6f633/library/std/src/io/mod.rs:1588:15
[INFO] [stdout]    6:     0x55d6d3a6da7b - std::sys_common::backtrace::_print::h5abaa2601a852287
[INFO] [stdout]                                at /rustc/a178d0322ce20e33eac124758e837cbd80a6f633/library/std/src/sys_common/backtrace.rs:49:5
[INFO] [stdout]    7:     0x55d6d3a6da7b - std::sys_common::backtrace::print::h8d81445442bb638f
[INFO] [stdout]                                at /rustc/a178d0322ce20e33eac124758e837cbd80a6f633/library/std/src/sys_common/backtrace.rs:36:9
[INFO] [stdout]    8:     0x55d6d3a6da7b - std::panicking::default_hook::{{closure}}::hcfe804496a9fa747
[INFO] [stdout]                                at /rustc/a178d0322ce20e33eac124758e837cbd80a6f633/library/std/src/panicking.rs:208:50
[INFO] [stdout]    9:     0x55d6d3a6d58c - std::panicking::default_hook::hbea8e3ccf2ba8901
[INFO] [stdout]                                at /rustc/a178d0322ce20e33eac124758e837cbd80a6f633/library/std/src/panicking.rs:222:9
[INFO] [stdout]   10:     0x55d6d3a6e144 - std::panicking::rust_panic_with_hook::h7ee9e1a2d0f8975a
[INFO] [stdout]                                at /rustc/a178d0322ce20e33eac124758e837cbd80a6f633/library/std/src/panicking.rs:622:17
[INFO] [stdout]   11:     0x55d6d3a6dc27 - std::panicking::begin_panic_handler::{{closure}}::h8ab3b4491718b2c7
[INFO] [stdout]                                at /rustc/a178d0322ce20e33eac124758e837cbd80a6f633/library/std/src/panicking.rs:519:13
[INFO] [stdout]   12:     0x55d6d3a6be0c - std::sys_common::backtrace::__rust_end_short_backtrace::hd489062ffa586a9f
[INFO] [stdout]                                at /rustc/a178d0322ce20e33eac124758e837cbd80a6f633/library/std/src/sys_common/backtrace.rs:141:18
[INFO] [stdout]   13:     0x55d6d3a6db89 - rust_begin_unwind
[INFO] [stdout]                                at /rustc/a178d0322ce20e33eac124758e837cbd80a6f633/library/std/src/panicking.rs:515:5
[INFO] [stdout]   14:     0x55d6d3a14641 - core::panicking::panic_fmt::hca6330e3e14086b4
[INFO] [stdout]                                at /rustc/a178d0322ce20e33eac124758e837cbd80a6f633/library/core/src/panicking.rs:92:14
[INFO] [stdout]   15:     0x55d6d3a8cb28 - core::panicking::assert_failed_inner::h33b45280069a80ed
[INFO] [stdout]   16:     0x55d6d3a199fa - core::panicking::assert_failed::hb78915dffe7556ef
[INFO] [stdout]                                at /rustc/a178d0322ce20e33eac124758e837cbd80a6f633/library/core/src/panicking.rs:117:5
[INFO] [stdout]   17:     0x55d6d3a19145 - number::literal::h10668da2f237b51b
[INFO] [stdout]                                at /opt/rustwide/workdir/tests/number.rs:38:5
[INFO] [stdout]   18:     0x55d6d3a18f2a - number::literal::{{closure}}::he50a5b7fd6ac1b51
[INFO] [stdout]                                at /opt/rustwide/workdir/tests/number.rs:25:1
[INFO] [stdout]   19:     0x55d6d3a19f1e - core::ops::function::FnOnce::call_once::hc75224a6b0b7c3ae
[INFO] [stdout]                                at /rustc/a178d0322ce20e33eac124758e837cbd80a6f633/library/core/src/ops/function.rs:227:5
[INFO] [stdout]   20:     0x55d6d3a42e03 - core::ops::function::FnOnce::call_once::h152e7e439ff59e19
[INFO] [stdout]                                at /rustc/a178d0322ce20e33eac124758e837cbd80a6f633/library/core/src/ops/function.rs:227:5
[INFO] [stdout]   21:     0x55d6d3a42e03 - test::__rust_begin_short_backtrace::h0908f3b1fdbb72ab
[INFO] [stdout]                                at /rustc/a178d0322ce20e33eac124758e837cbd80a6f633/library/test/src/lib.rs:577:5
[INFO] [stdout]   22:     0x55d6d3a418c0 - <alloc::boxed::Box<F,A> as core::ops::function::FnOnce<Args>>::call_once::hf6d2a51e5587546c
[INFO] [stdout]                                at /rustc/a178d0322ce20e33eac124758e837cbd80a6f633/library/alloc/src/boxed.rs:1575:9
[INFO] [stdout]   23:     0x55d6d3a418c0 - <std::panic::AssertUnwindSafe<F> as core::ops::function::FnOnce<()>>::call_once::h8af660f3a89ef593
[INFO] [stdout]                                at /rustc/a178d0322ce20e33eac124758e837cbd80a6f633/library/std/src/panic.rs:347:9
[INFO] [stdout]   24:     0x55d6d3a418c0 - std::panicking::try::do_call::hd36aef60f84b6d36
[INFO] [stdout]                                at /rustc/a178d0322ce20e33eac124758e837cbd80a6f633/library/std/src/panicking.rs:401:40
[INFO] [stdout]   25:     0x55d6d3a418c0 - std::panicking::try::h9932b4480e69817c
[INFO] [stdout]                                at /rustc/a178d0322ce20e33eac124758e837cbd80a6f633/library/std/src/panicking.rs:365:19
[INFO] [stdout]   26:     0x55d6d3a418c0 - std::panic::catch_unwind::h6aa177099cfff5f8
[INFO] [stdout]                                at /rustc/a178d0322ce20e33eac124758e837cbd80a6f633/library/std/src/panic.rs:434:14
[INFO] [stdout]   27:     0x55d6d3a418c0 - test::run_test_in_process::h5884d6f2d99e20c3
[INFO] [stdout]                                at /rustc/a178d0322ce20e33eac124758e837cbd80a6f633/library/test/src/lib.rs:600:18
[INFO] [stdout]   28:     0x55d6d3a418c0 - test::run_test::run_test_inner::{{closure}}::h6fdc58c6d5f5b6e3
[INFO] [stdout]                                at /rustc/a178d0322ce20e33eac124758e837cbd80a6f633/library/test/src/lib.rs:492:39
[INFO] [stdout]   29:     0x55d6d3a1af72 - test::run_test::run_test_inner::{{closure}}::h408365d67a78ade8
[INFO] [stdout]                                at /rustc/a178d0322ce20e33eac124758e837cbd80a6f633/library/test/src/lib.rs:519:37
[INFO] [stdout]   30:     0x55d6d3a1af72 - std::sys_common::backtrace::__rust_begin_short_backtrace::hb560b77c4f701523
[INFO] [stdout]                                at /rustc/a178d0322ce20e33eac124758e837cbd80a6f633/library/std/src/sys_common/backtrace.rs:125:18
[INFO] [stdout]   31:     0x55d6d3a1eb28 - std::thread::Builder::spawn_unchecked::{{closure}}::{{closure}}::hf2e7831dad93c597
[INFO] [stdout]                                at /rustc/a178d0322ce20e33eac124758e837cbd80a6f633/library/std/src/thread/mod.rs:481:17
[INFO] [stdout]   32:     0x55d6d3a1eb28 - <std::panic::AssertUnwindSafe<F> as core::ops::function::FnOnce<()>>::call_once::hd2e08783d8be4d02
[INFO] [stdout]                                at /rustc/a178d0322ce20e33eac124758e837cbd80a6f633/library/std/src/panic.rs:347:9
[INFO] [stdout]   33:     0x55d6d3a1eb28 - std::panicking::try::do_call::h062597b7acfd6b82
[INFO] [stdout]                                at /rustc/a178d0322ce20e33eac124758e837cbd80a6f633/library/std/src/panicking.rs:401:40
[INFO] [stdout]   34:     0x55d6d3a1eb28 - std::panicking::try::h0d7b79db04c14552
[INFO] [stdout]                                at /rustc/a178d0322ce20e33eac124758e837cbd80a6f633/library/std/src/panicking.rs:365:19
[INFO] [stdout]   35:     0x55d6d3a1eb28 - std::panic::catch_unwind::hb01a0b5e7c8cd43b
[INFO] [stdout]                                at /rustc/a178d0322ce20e33eac124758e837cbd80a6f633/library/std/src/panic.rs:434:14
[INFO] [stdout]   36:     0x55d6d3a1eb28 - std::thread::Builder::spawn_unchecked::{{closure}}::h5bde48cc887e0d1e
[INFO] [stdout]                                at /rustc/a178d0322ce20e33eac124758e837cbd80a6f633/library/std/src/thread/mod.rs:480:30
[INFO] [stdout]   37:     0x55d6d3a1eb28 - core::ops::function::FnOnce::call_once{{vtable.shim}}::h745ea30807a29e55
[INFO] [stdout]                                at /rustc/a178d0322ce20e33eac124758e837cbd80a6f633/library/core/src/ops/function.rs:227:5
[INFO] [stdout]   38:     0x55d6d3a72cf7 - <alloc::boxed::Box<F,A> as core::ops::function::FnOnce<Args>>::call_once::h7ece6cfefaff1005
[INFO] [stdout]                                at /rustc/a178d0322ce20e33eac124758e837cbd80a6f633/library/alloc/src/boxed.rs:1575:9
[INFO] [stdout]   39:     0x55d6d3a72cf7 - <alloc::boxed::Box<F,A> as core::ops::function::FnOnce<Args>>::call_once::hb8b48e55c21f193e
[INFO] [stdout]                                at /rustc/a178d0322ce20e33eac124758e837cbd80a6f633/library/alloc/src/boxed.rs:1575:9
[INFO] [stdout]   40:     0x55d6d3a72cf7 - std::sys::unix::thread::Thread::new::thread_start::h8c7c4450dba62914
[INFO] [stdout]                                at /rustc/a178d0322ce20e33eac124758e837cbd80a6f633/library/std/src/sys/unix/thread.rs:71:17
[INFO] [stdout]   41:     0x7f89db89d609 - start_thread
[INFO] [stdout]   42:     0x7f89db66f293 - clone
[INFO] [stdout]   43:                0x0 - <unknown>
[INFO] [stdout] 
[INFO] [stdout] 
[INFO] [stdout] failures:
[INFO] [stdout]     literal
[INFO] [stdout] 
[INFO] [stdout] test result: FAILED. 1 passed; 1 failed; 0 ignored; 0 measured; 0 filtered out; finished in 0.15s
[INFO] [stdout] 
[INFO] [stderr] error: test failed, to rerun pass '--test number'
[INFO] running `Command { std: "docker" "inspect" "98b09656be2919a70e84fb89299bb5098f1c0a343d36c9024076e6ba6a5c2227", kill_on_drop: false }`
[INFO] running `Command { std: "docker" "rm" "-f" "98b09656be2919a70e84fb89299bb5098f1c0a343d36c9024076e6ba6a5c2227", kill_on_drop: false }`
[INFO] [stdout] 98b09656be2919a70e84fb89299bb5098f1c0a343d36c9024076e6ba6a5c2227
