[INFO] cloning repository https://github.com/gleroi/shome
[INFO] running `Command { std: "git" "-c" "credential.helper=" "-c" "credential.helper=/workspace/cargo-home/bin/git-credential-null" "clone" "--bare" "https://github.com/gleroi/shome" "/workspace/cache/git-repos/https%3A%2F%2Fgithub.com%2Fgleroi%2Fshome", kill_on_drop: false }`
[INFO] [stderr] Cloning into bare repository '/workspace/cache/git-repos/https%3A%2F%2Fgithub.com%2Fgleroi%2Fshome'...
[INFO] running `Command { std: "git" "rev-parse" "HEAD", kill_on_drop: false }`
[INFO] [stdout] dcf2ed0af228c5bdf47b6162a019eb6ba53b99c6
[INFO] testing gleroi/shome against beta-2021-08-01 for beta-1.55-1
[INFO] running `Command { std: "git" "clone" "/workspace/cache/git-repos/https%3A%2F%2Fgithub.com%2Fgleroi%2Fshome" "/workspace/builds/worker-113/source", kill_on_drop: false }`
[INFO] [stderr] Cloning into '/workspace/builds/worker-113/source'...
[INFO] [stderr] done.
[INFO] validating manifest of git repo https://github.com/gleroi/shome on toolchain beta-2021-08-01
[INFO] running `Command { std: "/workspace/cargo-home/bin/cargo" "+beta-2021-08-01" "metadata" "--manifest-path" "Cargo.toml" "--no-deps", kill_on_drop: false }`
[INFO] started tweaking git repo https://github.com/gleroi/shome
[INFO] finished tweaking git repo https://github.com/gleroi/shome
[INFO] tweaked toml for git repo https://github.com/gleroi/shome written to /workspace/builds/worker-113/source/Cargo.toml
[INFO] crate git repo https://github.com/gleroi/shome already has a lockfile, it will not be regenerated
[INFO] running `Command { std: "/workspace/cargo-home/bin/cargo" "+beta-2021-08-01" "fetch" "--manifest-path" "Cargo.toml", kill_on_drop: false }`
[INFO] [stderr]     Blocking waiting for file lock on package cache
[INFO] [stderr]     Blocking waiting for file lock on package cache
[INFO] running `Command { std: "docker" "create" "-v" "/var/lib/crater-agent-workspace/builds/worker-113/target:/opt/rustwide/target:rw,Z" "-v" "/var/lib/crater-agent-workspace/builds/worker-113/source:/opt/rustwide/workdir:ro,Z" "-v" "/var/lib/crater-agent-workspace/cargo-home:/opt/rustwide/cargo-home:ro,Z" "-v" "/var/lib/crater-agent-workspace/rustup-home:/opt/rustwide/rustup-home:ro,Z" "-e" "SOURCE_DIR=/opt/rustwide/workdir" "-e" "CARGO_TARGET_DIR=/opt/rustwide/target" "-e" "CARGO_HOME=/opt/rustwide/cargo-home" "-e" "RUSTUP_HOME=/opt/rustwide/rustup-home" "-w" "/opt/rustwide/workdir" "-m" "1610612736" "--user" "0:0" "--network" "none" "ghcr.io/rust-lang/crates-build-env/linux@sha256:34b6a614d2c27851fe6cbf88fbd1137609cefab8b10d0615aaeb6fd47975d74e" "/opt/rustwide/cargo-home/bin/cargo" "+beta-2021-08-01" "metadata" "--no-deps" "--format-version=1", kill_on_drop: false }`
[INFO] [stdout] f4cf7a069d6498e26a95d48b488ad1d5d619197ec5b68a207ef391d1f0d421dd
[INFO] running `Command { std: "docker" "start" "-a" "f4cf7a069d6498e26a95d48b488ad1d5d619197ec5b68a207ef391d1f0d421dd", kill_on_drop: false }`
[INFO] running `Command { std: "docker" "inspect" "f4cf7a069d6498e26a95d48b488ad1d5d619197ec5b68a207ef391d1f0d421dd", kill_on_drop: false }`
[INFO] running `Command { std: "docker" "rm" "-f" "f4cf7a069d6498e26a95d48b488ad1d5d619197ec5b68a207ef391d1f0d421dd", kill_on_drop: false }`
[INFO] [stdout] f4cf7a069d6498e26a95d48b488ad1d5d619197ec5b68a207ef391d1f0d421dd
[INFO] running `Command { std: "docker" "create" "-v" "/var/lib/crater-agent-workspace/builds/worker-113/target:/opt/rustwide/target:rw,Z" "-v" "/var/lib/crater-agent-workspace/builds/worker-113/source:/opt/rustwide/workdir:ro,Z" "-v" "/var/lib/crater-agent-workspace/cargo-home:/opt/rustwide/cargo-home:ro,Z" "-v" "/var/lib/crater-agent-workspace/rustup-home:/opt/rustwide/rustup-home:ro,Z" "-e" "SOURCE_DIR=/opt/rustwide/workdir" "-e" "CARGO_TARGET_DIR=/opt/rustwide/target" "-e" "CARGO_INCREMENTAL=0" "-e" "RUST_BACKTRACE=full" "-e" "RUSTFLAGS=--cap-lints=warn" "-e" "CARGO_HOME=/opt/rustwide/cargo-home" "-e" "RUSTUP_HOME=/opt/rustwide/rustup-home" "-w" "/opt/rustwide/workdir" "-m" "1610612736" "--user" "0:0" "--network" "none" "ghcr.io/rust-lang/crates-build-env/linux@sha256:34b6a614d2c27851fe6cbf88fbd1137609cefab8b10d0615aaeb6fd47975d74e" "/opt/rustwide/cargo-home/bin/cargo" "+beta-2021-08-01" "build" "--frozen" "--message-format=json", kill_on_drop: false }`
[INFO] [stdout] a8e16e0a9dca4f4818cfa455049bdd2b1b0fe3db99ef2f6ce4a5a005792c6bfb
[INFO] running `Command { std: "docker" "start" "-a" "a8e16e0a9dca4f4818cfa455049bdd2b1b0fe3db99ef2f6ce4a5a005792c6bfb", kill_on_drop: false }`
[INFO] [stderr]     Blocking waiting for file lock on package cache
[INFO] [stderr]    Compiling autocfg v1.0.0
[INFO] [stderr]    Compiling libc v0.2.67
[INFO] [stderr]    Compiling proc-macro2 v1.0.8
[INFO] [stderr]    Compiling unicode-xid v0.2.0
[INFO] [stderr]    Compiling syn v1.0.15
[INFO] [stderr]    Compiling cfg-if v0.1.10
[INFO] [stderr]    Compiling pkg-config v0.3.17
[INFO] [stderr]    Compiling memchr v2.3.3
[INFO] [stderr]    Compiling log v0.4.8
[INFO] [stderr]    Compiling lazy_static v1.4.0
[INFO] [stderr]    Compiling bytes v0.5.4
[INFO] [stderr]    Compiling cc v1.0.50
[INFO] [stderr]    Compiling itoa v0.4.5
[INFO] [stderr]    Compiling serde v1.0.104
[INFO] [stderr]    Compiling fnv v1.0.6
[INFO] [stderr]    Compiling slab v0.4.2
[INFO] [stderr]    Compiling pin-project-lite v0.1.4
[INFO] [stderr]    Compiling futures-core v0.3.4
[INFO] [stderr]    Compiling version_check v0.9.1
[INFO] [stderr]    Compiling bitflags v1.2.1
[INFO] [stderr]    Compiling ryu v1.0.2
[INFO] [stderr]    Compiling byteorder v1.3.4
[INFO] [stderr]    Compiling foreign-types-shared v0.1.1
[INFO] [stderr]    Compiling openssl v0.10.28
[INFO] [stderr]    Compiling smallvec v1.2.0
[INFO] [stderr]    Compiling futures-sink v0.3.4
[INFO] [stderr]    Compiling httparse v1.3.4
[INFO] [stderr]    Compiling matches v0.1.8
[INFO] [stderr]    Compiling futures-task v0.3.4
[INFO] [stderr]    Compiling pin-utils v0.1.0-alpha.4
[INFO] [stderr]    Compiling crc32fast v1.2.0
[INFO] [stderr]    Compiling futures-io v0.3.4
[INFO] [stderr]    Compiling native-tls v0.2.3
[INFO] [stderr]    Compiling openssl-probe v0.1.2
[INFO] [stderr]    Compiling try-lock v0.2.2
[INFO] [stderr]    Compiling adler32 v1.0.4
[INFO] [stderr]    Compiling tower-service v0.3.0
[INFO] [stderr]    Compiling percent-encoding v2.1.0
[INFO] [stderr]    Compiling encoding_rs v0.8.22
[INFO] [stderr]    Compiling dtoa v0.4.5
[INFO] [stderr]    Compiling mime v0.3.16
[INFO] [stderr]    Compiling either v1.5.3
[INFO] [stderr]    Compiling base64 v0.11.0
[INFO] [stderr]    Compiling unicode-bidi v0.3.4
[INFO] [stderr]    Compiling foreign-types v0.3.2
[INFO] [stderr]    Compiling miniz_oxide v0.3.6
[INFO] [stderr]    Compiling itertools v0.8.2
[INFO] [stderr]    Compiling unicode-normalization v0.1.12
[INFO] [stderr]    Compiling unicase v2.6.0
[INFO] [stderr]    Compiling futures-channel v0.3.4
[INFO] [stderr]    Compiling libsqlite3-sys v0.16.0
[INFO] [stderr]    Compiling http v0.2.0
[INFO] [stderr]    Compiling want v0.3.0
[INFO] [stderr]    Compiling indexmap v1.3.2
[INFO] [stderr]    Compiling num-traits v0.2.11
[INFO] [stderr]    Compiling num-integer v0.1.42
[INFO] [stderr]    Compiling iovec v0.1.4
[INFO] [stderr]    Compiling net2 v0.2.33
[INFO] [stderr]    Compiling num_cpus v1.12.0
[INFO] [stderr]    Compiling time v0.1.42
[INFO] [stderr]    Compiling openssl-sys v0.9.54
[INFO] [stderr]    Compiling mime_guess v2.0.1
[INFO] [stderr]    Compiling quote v1.0.2
[INFO] [stderr]    Compiling regex-automata v0.1.8
[INFO] [stderr]    Compiling futures-util v0.3.4
[INFO] [stderr]    Compiling csv-core v0.1.10
[INFO] [stderr]    Compiling mio v0.6.21
[INFO] [stderr]    Compiling flate2 v1.0.13
[INFO] [stderr]    Compiling idna v0.2.0
[INFO] [stderr]    Compiling tokio v0.2.11
[INFO] [stderr]    Compiling async-compression v0.3.0
[INFO] [stderr]    Compiling url v2.1.1
[INFO] [stderr]    Compiling http-body v0.3.1
[INFO] [stderr]    Compiling tokio-util v0.2.0
[INFO] [stderr]    Compiling h2 v0.2.1
[INFO] [stderr]    Compiling tokio-tls v0.3.0
[INFO] [stderr]    Compiling serde_derive v1.0.104
[INFO] [stderr]    Compiling pin-project-internal v0.4.8
[INFO] [stderr]    Compiling diesel_derives v1.4.1
[INFO] [stderr]    Compiling pin-project v0.4.8
[INFO] [stderr]    Compiling hyper v0.13.2
[INFO] [stderr]    Compiling hyper-tls v0.4.1
[INFO] [stderr]    Compiling diesel v1.4.3
[INFO] [stderr]    Compiling serde_urlencoded v0.6.1
[INFO] [stderr]    Compiling serde_json v1.0.48
[INFO] [stderr]    Compiling bstr v0.2.11
[INFO] [stderr]    Compiling chrono v0.4.10
[INFO] [stderr]    Compiling csv v1.1.3
[INFO] [stderr]    Compiling reqwest v0.10.2
[INFO] [stderr]    Compiling train v0.1.0 (/opt/rustwide/workdir/train)
[INFO] [stdout] warning: use of deprecated associated function `std::error::Error::description`: use the Display impl or to_string()
[INFO] [stdout]    --> train/src/gtfs.rs:117:18
[INFO] [stdout]     |
[INFO] [stdout] 117 |             &err.description(),
[INFO] [stdout]     |                  ^^^^^^^^^^^
[INFO] [stdout]     |
[INFO] [stdout]     = note: `#[warn(deprecated)]` on by default
[INFO] [stdout] 
[INFO] [stdout] 
[INFO] [stdout] warning: function is never used: `from_csv`
[INFO] [stdout]   --> train/src/main.rs:28:4
[INFO] [stdout]    |
[INFO] [stdout] 28 | fn from_csv() -> Result<(), Box<dyn std::error::Error>> {
[INFO] [stdout]    |    ^^^^^^^^
[INFO] [stdout]    |
[INFO] [stdout]    = note: `#[warn(dead_code)]` on by default
[INFO] [stdout] 
[INFO] [stdout] 
[INFO] [stderr]    Compiling lbc v0.1.0 (/opt/rustwide/workdir/lbc)
[INFO] [stdout] warning: 2 warnings emitted
[INFO] [stdout] 
[INFO] [stdout] 
[INFO] [stdout] warning: unused import: `std::str::FromStr`
[INFO] [stdout]   --> lbc/src/lbc.rs:74:9
[INFO] [stdout]    |
[INFO] [stdout] 74 |     use std::str::FromStr;
[INFO] [stdout]    |         ^^^^^^^^^^^^^^^^^
[INFO] [stdout]    |
[INFO] [stdout]    = note: `#[warn(unused_imports)]` on by default
[INFO] [stdout] 
[INFO] [stdout] 
[INFO] [stdout] warning: struct is never constructed: `RequestBuilder`
[INFO] [stdout]   --> lbc/src/lbc.rs:76:16
[INFO] [stdout]    |
[INFO] [stdout] 76 |     pub struct RequestBuilder {
[INFO] [stdout]    |                ^^^^^^^^^^^^^^
[INFO] [stdout]    |
[INFO] [stdout]    = note: `#[warn(dead_code)]` on by default
[INFO] [stdout] 
[INFO] [stdout] 
[INFO] [stdout] warning: associated function is never used: `new`
[INFO] [stdout]   --> lbc/src/lbc.rs:81:12
[INFO] [stdout]    |
[INFO] [stdout] 81 |         fn new() -> RequestBuilder {
[INFO] [stdout]    |            ^^^
[INFO] [stdout] 
[INFO] [stdout] 
[INFO] [stdout] warning: associated function is never used: `build`
[INFO] [stdout]   --> lbc/src/lbc.rs:86:12
[INFO] [stdout]    |
[INFO] [stdout] 86 |         fn build(self) -> Request {
[INFO] [stdout]    |            ^^^^^
[INFO] [stdout] 
[INFO] [stdout] 
[INFO] [stdout] warning: associated function is never used: `user_id`
[INFO] [stdout]   --> lbc/src/lbc.rs:90:12
[INFO] [stdout]    |
[INFO] [stdout] 90 |         fn user_id(mut self, id: String) -> Self {
[INFO] [stdout]    |            ^^^^^^^
[INFO] [stdout] 
[INFO] [stdout] 
[INFO] [stdout] warning: associated function is never used: `store_id`
[INFO] [stdout]   --> lbc/src/lbc.rs:94:12
[INFO] [stdout]    |
[INFO] [stdout] 94 |         fn store_id(mut self, id: String) -> Self {
[INFO] [stdout]    |            ^^^^^^^^
[INFO] [stdout] 
[INFO] [stdout] 
[INFO] [stdout] warning: 6 warnings emitted
[INFO] [stdout] 
[INFO] [stdout] 
[INFO] [stderr]     Finished dev [unoptimized + debuginfo] target(s) in 1m 23s
[INFO] running `Command { std: "docker" "inspect" "a8e16e0a9dca4f4818cfa455049bdd2b1b0fe3db99ef2f6ce4a5a005792c6bfb", kill_on_drop: false }`
[INFO] running `Command { std: "docker" "rm" "-f" "a8e16e0a9dca4f4818cfa455049bdd2b1b0fe3db99ef2f6ce4a5a005792c6bfb", kill_on_drop: false }`
[INFO] [stdout] a8e16e0a9dca4f4818cfa455049bdd2b1b0fe3db99ef2f6ce4a5a005792c6bfb
[INFO] running `Command { std: "docker" "create" "-v" "/var/lib/crater-agent-workspace/builds/worker-113/target:/opt/rustwide/target:rw,Z" "-v" "/var/lib/crater-agent-workspace/builds/worker-113/source:/opt/rustwide/workdir:ro,Z" "-v" "/var/lib/crater-agent-workspace/cargo-home:/opt/rustwide/cargo-home:ro,Z" "-v" "/var/lib/crater-agent-workspace/rustup-home:/opt/rustwide/rustup-home:ro,Z" "-e" "SOURCE_DIR=/opt/rustwide/workdir" "-e" "CARGO_TARGET_DIR=/opt/rustwide/target" "-e" "CARGO_INCREMENTAL=0" "-e" "RUST_BACKTRACE=full" "-e" "RUSTFLAGS=--cap-lints=warn" "-e" "CARGO_HOME=/opt/rustwide/cargo-home" "-e" "RUSTUP_HOME=/opt/rustwide/rustup-home" "-w" "/opt/rustwide/workdir" "-m" "1610612736" "--user" "0:0" "--network" "none" "ghcr.io/rust-lang/crates-build-env/linux@sha256:34b6a614d2c27851fe6cbf88fbd1137609cefab8b10d0615aaeb6fd47975d74e" "/opt/rustwide/cargo-home/bin/cargo" "+beta-2021-08-01" "test" "--frozen" "--no-run" "--message-format=json", kill_on_drop: false }`
[INFO] [stdout] e9c8865e39e7e52c261d5526a03a4ef59c487527bb551421925dca8ddb002449
[INFO] running `Command { std: "docker" "start" "-a" "e9c8865e39e7e52c261d5526a03a4ef59c487527bb551421925dca8ddb002449", kill_on_drop: false }`
[INFO] [stderr]     Blocking waiting for file lock on package cache
[INFO] [stderr]     Blocking waiting for file lock on package cache
[INFO] [stderr]    Compiling train v0.1.0 (/opt/rustwide/workdir/train)
[INFO] [stderr]    Compiling lbc v0.1.0 (/opt/rustwide/workdir/lbc)
[INFO] [stdout] warning: unused import: `std::str::FromStr`
[INFO] [stdout]   --> lbc/src/lbc.rs:74:9
[INFO] [stdout]    |
[INFO] [stdout] 74 |     use std::str::FromStr;
[INFO] [stdout]    |         ^^^^^^^^^^^^^^^^^
[INFO] [stdout]    |
[INFO] [stdout]    = note: `#[warn(unused_imports)]` on by default
[INFO] [stdout] 
[INFO] [stdout] 
[INFO] [stdout] warning: use of deprecated associated function `std::error::Error::description`: use the Display impl or to_string()
[INFO] [stdout]    --> train/src/gtfs.rs:117:18
[INFO] [stdout]     |
[INFO] [stdout] 117 |             &err.description(),
[INFO] [stdout]     |                  ^^^^^^^^^^^
[INFO] [stdout]     |
[INFO] [stdout]     = note: `#[warn(deprecated)]` on by default
[INFO] [stdout] 
[INFO] [stdout] 
[INFO] [stdout] warning: struct is never constructed: `RequestBuilder`
[INFO] [stdout]   --> lbc/src/lbc.rs:76:16
[INFO] [stdout]    |
[INFO] [stdout] 76 |     pub struct RequestBuilder {
[INFO] [stdout]    |                ^^^^^^^^^^^^^^
[INFO] [stdout]    |
[INFO] [stdout]    = note: `#[warn(dead_code)]` on by default
[INFO] [stdout] 
[INFO] [stdout] 
[INFO] [stdout] warning: associated function is never used: `new`
[INFO] [stdout]   --> lbc/src/lbc.rs:81:12
[INFO] [stdout]    |
[INFO] [stdout] 81 |         fn new() -> RequestBuilder {
[INFO] [stdout]    |            ^^^
[INFO] [stdout] 
[INFO] [stdout] 
[INFO] [stdout] warning: associated function is never used: `build`
[INFO] [stdout]   --> lbc/src/lbc.rs:86:12
[INFO] [stdout]    |
[INFO] [stdout] 86 |         fn build(self) -> Request {
[INFO] [stdout]    |            ^^^^^
[INFO] [stdout] 
[INFO] [stdout] 
[INFO] [stdout] warning: associated function is never used: `user_id`
[INFO] [stdout]   --> lbc/src/lbc.rs:90:12
[INFO] [stdout]    |
[INFO] [stdout] 90 |         fn user_id(mut self, id: String) -> Self {
[INFO] [stdout]    |            ^^^^^^^
[INFO] [stdout] 
[INFO] [stdout] 
[INFO] [stdout] warning: associated function is never used: `store_id`
[INFO] [stdout]   --> lbc/src/lbc.rs:94:12
[INFO] [stdout]    |
[INFO] [stdout] 94 |         fn store_id(mut self, id: String) -> Self {
[INFO] [stdout]    |            ^^^^^^^^
[INFO] [stdout] 
[INFO] [stdout] 
[INFO] [stdout] warning: function is never used: `from_csv`
[INFO] [stdout]   --> train/src/main.rs:28:4
[INFO] [stdout]    |
[INFO] [stdout] 28 | fn from_csv() -> Result<(), Box<dyn std::error::Error>> {
[INFO] [stdout]    |    ^^^^^^^^
[INFO] [stdout]    |
[INFO] [stdout]    = note: `#[warn(dead_code)]` on by default
[INFO] [stdout] 
[INFO] [stdout] 
[INFO] [stdout] warning: 2 warnings emitted
[INFO] [stdout] 
[INFO] [stdout] 
[INFO] [stdout] warning: 6 warnings emitted
[INFO] [stdout] 
[INFO] [stdout] 
[INFO] [stderr]     Finished test [unoptimized + debuginfo] target(s) in 28.45s
[INFO] running `Command { std: "docker" "inspect" "e9c8865e39e7e52c261d5526a03a4ef59c487527bb551421925dca8ddb002449", kill_on_drop: false }`
[INFO] running `Command { std: "docker" "rm" "-f" "e9c8865e39e7e52c261d5526a03a4ef59c487527bb551421925dca8ddb002449", kill_on_drop: false }`
[INFO] [stdout] e9c8865e39e7e52c261d5526a03a4ef59c487527bb551421925dca8ddb002449
[INFO] running `Command { std: "docker" "create" "-v" "/var/lib/crater-agent-workspace/builds/worker-113/target:/opt/rustwide/target:rw,Z" "-v" "/var/lib/crater-agent-workspace/builds/worker-113/source:/opt/rustwide/workdir:ro,Z" "-v" "/var/lib/crater-agent-workspace/cargo-home:/opt/rustwide/cargo-home:ro,Z" "-v" "/var/lib/crater-agent-workspace/rustup-home:/opt/rustwide/rustup-home:ro,Z" "-e" "SOURCE_DIR=/opt/rustwide/workdir" "-e" "CARGO_TARGET_DIR=/opt/rustwide/target" "-e" "CARGO_INCREMENTAL=0" "-e" "RUST_BACKTRACE=full" "-e" "RUSTFLAGS=--cap-lints=warn" "-e" "CARGO_HOME=/opt/rustwide/cargo-home" "-e" "RUSTUP_HOME=/opt/rustwide/rustup-home" "-w" "/opt/rustwide/workdir" "-m" "1610612736" "--user" "0:0" "--network" "none" "ghcr.io/rust-lang/crates-build-env/linux@sha256:34b6a614d2c27851fe6cbf88fbd1137609cefab8b10d0615aaeb6fd47975d74e" "/opt/rustwide/cargo-home/bin/cargo" "+beta-2021-08-01" "test" "--frozen", kill_on_drop: false }`
[INFO] [stdout] fe976ff3190c1ffe37e5168f8c71273c60d3ec7cc896bd40454b99a10326c6e4
[INFO] running `Command { std: "docker" "start" "-a" "fe976ff3190c1ffe37e5168f8c71273c60d3ec7cc896bd40454b99a10326c6e4", kill_on_drop: false }`
[INFO] [stderr] warning: use of deprecated associated function `std::error::Error::description`: use the Display impl or to_string()
[INFO] [stderr]    --> train/src/gtfs.rs:117:18
[INFO] [stderr]     |
[INFO] [stderr] 117 |             &err.description(),
[INFO] [stderr]     |                  ^^^^^^^^^^^
[INFO] [stderr]     |
[INFO] [stderr]     = note: `#[warn(deprecated)]` on by default
[INFO] [stderr] 
[INFO] [stderr] warning: function is never used: `from_csv`
[INFO] [stderr]   --> train/src/main.rs:28:4
[INFO] [stderr]    |
[INFO] [stderr] 28 | fn from_csv() -> Result<(), Box<dyn std::error::Error>> {
[INFO] [stderr]    |    ^^^^^^^^
[INFO] [stderr]    |
[INFO] [stderr]    = note: `#[warn(dead_code)]` on by default
[INFO] [stderr] 
[INFO] [stderr] warning: `train` (bin "train" test) generated 2 warnings
[INFO] [stderr] warning: unused import: `std::str::FromStr`
[INFO] [stderr]   --> lbc/src/lbc.rs:74:9
[INFO] [stderr]    |
[INFO] [stderr] 74 |     use std::str::FromStr;
[INFO] [stderr]    |         ^^^^^^^^^^^^^^^^^
[INFO] [stderr]    |
[INFO] [stderr]    = note: `#[warn(unused_imports)]` on by default
[INFO] [stderr] 
[INFO] [stderr] warning: struct is never constructed: `RequestBuilder`
[INFO] [stderr]   --> lbc/src/lbc.rs:76:16
[INFO] [stderr]    |
[INFO] [stderr] 76 |     pub struct RequestBuilder {
[INFO] [stderr]    |                ^^^^^^^^^^^^^^
[INFO] [stderr]    |
[INFO] [stderr]    = note: `#[warn(dead_code)]` on by default
[INFO] [stderr] 
[INFO] [stderr] warning: associated function is never used: `new`
[INFO] [stderr]   --> lbc/src/lbc.rs:81:12
[INFO] [stderr]    |
[INFO] [stderr] 81 |         fn new() -> RequestBuilder {
[INFO] [stderr]    |            ^^^
[INFO] [stderr] 
[INFO] [stderr] warning: associated function is never used: `build`
[INFO] [stderr]   --> lbc/src/lbc.rs:86:12
[INFO] [stderr]    |
[INFO] [stderr] 86 |         fn build(self) -> Request {
[INFO] [stderr]    |            ^^^^^
[INFO] [stderr] 
[INFO] [stderr] warning: associated function is never used: `user_id`
[INFO] [stderr]   --> lbc/src/lbc.rs:90:12
[INFO] [stderr]    |
[INFO] [stderr] 90 |         fn user_id(mut self, id: String) -> Self {
[INFO] [stderr]    |            ^^^^^^^
[INFO] [stderr] 
[INFO] [stderr] warning: associated function is never used: `store_id`
[INFO] [stderr]   --> lbc/src/lbc.rs:94:12
[INFO] [stderr]    |
[INFO] [stderr] 94 |         fn store_id(mut self, id: String) -> Self {
[INFO] [stderr]    |            ^^^^^^^^
[INFO] [stderr] 
[INFO] [stderr] warning: `lbc` (bin "lbc" test) generated 6 warnings
[INFO] [stderr]     Finished test [unoptimized + debuginfo] target(s) in 0.08s
[INFO] [stderr]      Running unittests (/opt/rustwide/target/debug/deps/lbc-1c410bc30785680a)
[INFO] [stdout] 
[INFO] [stdout] running 1 test
[INFO] [stdout] test lbc::search::test_serde_json_search_params ... ok
[INFO] [stdout] 
[INFO] [stdout] test result: ok. 1 passed; 0 failed; 0 ignored; 0 measured; 0 filtered out; finished in 0.00s
[INFO] [stdout] 
[INFO] [stderr]      Running unittests (/opt/rustwide/target/debug/deps/train-f7de7faa46e68062)
[INFO] [stdout] 
[INFO] [stdout] running 5 tests
[INFO] [stdout] test gtfs::deserialize_routes ... ok
[INFO] [stdout] test gtfs::deserialize_stoptimes ... FAILED
[INFO] [stdout] test gtfs::deserialize_service_calendar ... ok
[INFO] [stdout] test gtfs::deserialize_stops ... ok
[INFO] [stdout] test gtfs::deserialize_trips ... ok
[INFO] [stdout] 
[INFO] [stdout] failures:
[INFO] [stdout] 
[INFO] [stdout] ---- gtfs::deserialize_stoptimes stdout ----
[INFO] [stdout] debug: 23 05 00
[INFO] [stdout] debug: 23 05 00
[INFO] [stdout] debug: 23 35 00
[INFO] [stdout] debug: 23 35 00
[INFO] [stdout] debug: 23 55 00
[INFO] [stdout] debug: 23 55 00
[INFO] [stdout] debug: 24 25 00
[INFO] [stdout] thread 'gtfs::deserialize_stoptimes' panicked at 'invalid time', /opt/rustwide/cargo-home/registry/src/github.com-1ecc6299db9ec823/chrono-0.4.10/src/naive/time.rs:205:49
[INFO] [stdout] stack backtrace:
[INFO] [stdout]    0:     0x55d67957d230 - std::backtrace_rs::backtrace::libunwind::trace::hff4d1766e93f64f1
[INFO] [stdout]                                at /rustc/53fd98ca776cb875bc9e5514f56b52eb74f9e7a9/library/std/src/../../backtrace/src/backtrace/libunwind.rs:90:5
[INFO] [stdout]    1:     0x55d67957d230 - std::backtrace_rs::backtrace::trace_unsynchronized::h56bbc8eb78770bcb
[INFO] [stdout]                                at /rustc/53fd98ca776cb875bc9e5514f56b52eb74f9e7a9/library/std/src/../../backtrace/src/backtrace/mod.rs:66:5
[INFO] [stdout]    2:     0x55d67957d230 - std::sys_common::backtrace::_print_fmt::h5c8e75464faca780
[INFO] [stdout]                                at /rustc/53fd98ca776cb875bc9e5514f56b52eb74f9e7a9/library/std/src/sys_common/backtrace.rs:67:5
[INFO] [stdout]    3:     0x55d67957d230 - <std::sys_common::backtrace::_print::DisplayBacktrace as core::fmt::Display>::fmt::h48b88277def8b362
[INFO] [stdout]                                at /rustc/53fd98ca776cb875bc9e5514f56b52eb74f9e7a9/library/std/src/sys_common/backtrace.rs:46:22
[INFO] [stdout]    4:     0x55d6795a0cac - core::fmt::write::h3381b3176fe2b3d3
[INFO] [stdout]                                at /rustc/53fd98ca776cb875bc9e5514f56b52eb74f9e7a9/library/core/src/fmt/mod.rs:1115:17
[INFO] [stdout]    5:     0x55d67957a195 - std::io::Write::write_fmt::h5f34a676f60246b5
[INFO] [stdout]                                at /rustc/53fd98ca776cb875bc9e5514f56b52eb74f9e7a9/library/std/src/io/mod.rs:1665:15
[INFO] [stdout]    6:     0x55d67957f3ab - std::sys_common::backtrace::_print::ha537687d6c17dd0d
[INFO] [stdout]                                at /rustc/53fd98ca776cb875bc9e5514f56b52eb74f9e7a9/library/std/src/sys_common/backtrace.rs:49:5
[INFO] [stdout]    7:     0x55d67957f3ab - std::sys_common::backtrace::print::h61376ae57d131d72
[INFO] [stdout]                                at /rustc/53fd98ca776cb875bc9e5514f56b52eb74f9e7a9/library/std/src/sys_common/backtrace.rs:36:9
[INFO] [stdout]    8:     0x55d67957f3ab - std::panicking::default_hook::{{closure}}::h0f7208c0b9644a54
[INFO] [stdout]                                at /rustc/53fd98ca776cb875bc9e5514f56b52eb74f9e7a9/library/std/src/panicking.rs:208:50
[INFO] [stdout]    9:     0x55d67957eebc - std::panicking::default_hook::hdac7fc06578c14ce
[INFO] [stdout]                                at /rustc/53fd98ca776cb875bc9e5514f56b52eb74f9e7a9/library/std/src/panicking.rs:222:9
[INFO] [stdout]   10:     0x55d67957fa74 - std::panicking::rust_panic_with_hook::h72b21c283da3d1ef
[INFO] [stdout]                                at /rustc/53fd98ca776cb875bc9e5514f56b52eb74f9e7a9/library/std/src/panicking.rs:622:17
[INFO] [stdout]   11:     0x55d67957f557 - std::panicking::begin_panic_handler::{{closure}}::he5778f1729cff84a
[INFO] [stdout]                                at /rustc/53fd98ca776cb875bc9e5514f56b52eb74f9e7a9/library/std/src/panicking.rs:519:13
[INFO] [stdout]   12:     0x55d67957d70c - std::sys_common::backtrace::__rust_end_short_backtrace::h2d11ca8b453b4b1d
[INFO] [stdout]                                at /rustc/53fd98ca776cb875bc9e5514f56b52eb74f9e7a9/library/std/src/sys_common/backtrace.rs:141:18
[INFO] [stdout]   13:     0x55d67957f4b9 - rust_begin_unwind
[INFO] [stdout]                                at /rustc/53fd98ca776cb875bc9e5514f56b52eb74f9e7a9/library/std/src/panicking.rs:515:5
[INFO] [stdout]   14:     0x55d6794b83b1 - core::panicking::panic_fmt::hf9de31d4acbce4db
[INFO] [stdout]                                at /rustc/53fd98ca776cb875bc9e5514f56b52eb74f9e7a9/library/core/src/panicking.rs:92:14
[INFO] [stdout]   15:     0x55d6794b82a3 - core::option::expect_failed::h954fc73c60f6b468
[INFO] [stdout]                                at /rustc/53fd98ca776cb875bc9e5514f56b52eb74f9e7a9/library/core/src/option.rs:1578:5
[INFO] [stdout]   16:     0x55d679544f01 - core::option::Option<T>::expect::hcd34d61342171f11
[INFO] [stdout]                                at /rustc/53fd98ca776cb875bc9e5514f56b52eb74f9e7a9/library/core/src/option.rs:685:21
[INFO] [stdout]   17:     0x55d6794d88d9 - chrono::naive::time::NaiveTime::from_hms::h9765be28c900a351
[INFO] [stdout]                                at /opt/rustwide/cargo-home/registry/src/github.com-1ecc6299db9ec823/chrono-0.4.10/src/naive/time.rs:205:9
[INFO] [stdout]   18:     0x55d6794b9b1e - train::gtfs::parse_time::h442e1597516ec97c
[INFO] [stdout]                                at /opt/rustwide/workdir/train/src/gtfs.rs:137:8
[INFO] [stdout]   19:     0x55d6794b9625 - train::gtfs::parse_time_str::heee958f2147bb4f8
[INFO] [stdout]                                at /opt/rustwide/workdir/train/src/gtfs.rs:128:18
[INFO] [stdout]   20:     0x55d6794b9285 - train::gtfs::time_from_string::h90b98ecef833f39b
[INFO] [stdout]                                at /opt/rustwide/workdir/train/src/gtfs.rs:114:11
[INFO] [stdout]   21:     0x55d6794cbaf3 - <<train::gtfs::_IMPL_DESERIALIZE_FOR_StopTime::<impl serde::de::Deserialize for train::gtfs::StopTime>::deserialize::__Visitor as serde::de::Visitor>::visit_map::__DeserializeWith as serde::de::Deserialize>::deserialize::hb2f274fa626289ea
[INFO] [stdout]                                at /opt/rustwide/workdir/train/src/gtfs.rs:94:17
[INFO] [stdout]   22:     0x55d6794d46a5 - <core::marker::PhantomData<T> as serde::de::DeserializeSeed>::deserialize::h49fecf4cf6573487
[INFO] [stdout]                                at /opt/rustwide/cargo-home/registry/src/github.com-1ecc6299db9ec823/serde-1.0.104/src/de/mod.rs:786:9
[INFO] [stdout]   23:     0x55d6794e3c58 - <&mut csv::deserializer::DeRecordWrap<T> as serde::de::MapAccess>::next_value_seed::hd218f241b8735ab1
[INFO] [stdout]                                at /opt/rustwide/cargo-home/registry/src/github.com-1ecc6299db9ec823/csv-1.1.3/src/deserializer.rs:655:9
[INFO] [stdout]   24:     0x55d6794e23c6 - serde::de::MapAccess::next_value::h39c879bcb2454e4d
[INFO] [stdout]                                at /opt/rustwide/cargo-home/registry/src/github.com-1ecc6299db9ec823/serde-1.0.104/src/de/mod.rs:1847:9
[INFO] [stdout]   25:     0x55d6794cb5c6 - <train::gtfs::_IMPL_DESERIALIZE_FOR_StopTime::<impl serde::de::Deserialize for train::gtfs::StopTime>::deserialize::__Visitor as serde::de::Visitor>::visit_map::h578522a531603eec
[INFO] [stdout]                                at /opt/rustwide/workdir/train/src/gtfs.rs:94:17
[INFO] [stdout]   26:     0x55d6794e5922 - <&mut csv::deserializer::DeRecordWrap<T> as serde::de::Deserializer>::deserialize_struct::h1edef8c9668a9a0b
[INFO] [stdout]                                at /opt/rustwide/cargo-home/registry/src/github.com-1ecc6299db9ec823/csv-1.1.3/src/deserializer.rs:534:13
[INFO] [stdout]   27:     0x55d6794c810f - train::gtfs::_IMPL_DESERIALIZE_FOR_StopTime::<impl serde::de::Deserialize for train::gtfs::StopTime>::deserialize::h9fc3ee34d6d74245
[INFO] [stdout]                                at /opt/rustwide/workdir/train/src/gtfs.rs:94:17
[INFO] [stdout]   28:     0x55d6794e1827 - csv::deserializer::deserialize_string_record::h969ff6188f128a4b
[INFO] [stdout]                                at /opt/rustwide/cargo-home/registry/src/github.com-1ecc6299db9ec823/csv-1.1.3/src/deserializer.rs:30:5
[INFO] [stdout]   29:     0x55d6794d7afa - csv::string_record::StringRecord::deserialize::h2885584a7ec309c3
[INFO] [stdout]                                at /opt/rustwide/cargo-home/registry/src/github.com-1ecc6299db9ec823/csv-1.1.3/src/string_record.rs:296:9
[INFO] [stdout]   30:     0x55d6794d8e4a - <csv::reader::DeserializeRecordsIter<R,D> as core::iter::traits::iterator::Iterator>::next::hf6bd4132bbb12f50
[INFO] [stdout]                                at /opt/rustwide/cargo-home/registry/src/github.com-1ecc6299db9ec823/csv-1.1.3/src/reader.rs:1980:30
[INFO] [stdout]   31:     0x55d6794bb9d2 - train::gtfs::from_csv::hd09295094011bb9a
[INFO] [stdout]                                at /opt/rustwide/workdir/train/src/gtfs.rs:219:23
[INFO] [stdout]   32:     0x55d6794cbcb5 - train::gtfs::deserialize_stoptimes::h39a8a7520c3004e1
[INFO] [stdout]                                at /opt/rustwide/workdir/train/src/gtfs.rs:146:35
[INFO] [stdout]   33:     0x55d6794cbc7a - train::gtfs::deserialize_stoptimes::{{closure}}::h93dbde917df9f217
[INFO] [stdout]                                at /opt/rustwide/workdir/train/src/gtfs.rs:145:1
[INFO] [stdout]   34:     0x55d6794eb7be - core::ops::function::FnOnce::call_once::h265e56ebee9cefea
[INFO] [stdout]                                at /rustc/53fd98ca776cb875bc9e5514f56b52eb74f9e7a9/library/core/src/ops/function.rs:227:5
[INFO] [stdout]   35:     0x55d67953dfc3 - core::ops::function::FnOnce::call_once::hbb52c4519d3137b0
[INFO] [stdout]                                at /rustc/53fd98ca776cb875bc9e5514f56b52eb74f9e7a9/library/core/src/ops/function.rs:227:5
[INFO] [stdout]   36:     0x55d67953dfc3 - test::__rust_begin_short_backtrace::h86fe3a2a5a5121af
[INFO] [stdout]                                at /rustc/53fd98ca776cb875bc9e5514f56b52eb74f9e7a9/library/test/src/lib.rs:578:5
[INFO] [stdout]   37:     0x55d67953ca78 - <alloc::boxed::Box<F,A> as core::ops::function::FnOnce<Args>>::call_once::hfd956bc3d57399be
[INFO] [stdout]                                at /rustc/53fd98ca776cb875bc9e5514f56b52eb74f9e7a9/library/alloc/src/boxed.rs:1572:9
[INFO] [stdout]   38:     0x55d67953ca78 - <std::panic::AssertUnwindSafe<F> as core::ops::function::FnOnce<()>>::call_once::h40dc93e0ddb5938a
[INFO] [stdout]                                at /rustc/53fd98ca776cb875bc9e5514f56b52eb74f9e7a9/library/std/src/panic.rs:347:9
[INFO] [stdout]   39:     0x55d67953ca78 - std::panicking::try::do_call::h90d07750cb47c562
[INFO] [stdout]                                at /rustc/53fd98ca776cb875bc9e5514f56b52eb74f9e7a9/library/std/src/panicking.rs:401:40
[INFO] [stdout]   40:     0x55d67953ca78 - std::panicking::try::h063c84733ad2a629
[INFO] [stdout]                                at /rustc/53fd98ca776cb875bc9e5514f56b52eb74f9e7a9/library/std/src/panicking.rs:365:19
[INFO] [stdout]   41:     0x55d67953ca78 - std::panic::catch_unwind::h0c464836a84e7c08
[INFO] [stdout]                                at /rustc/53fd98ca776cb875bc9e5514f56b52eb74f9e7a9/library/std/src/panic.rs:434:14
[INFO] [stdout]   42:     0x55d67953ca78 - test::run_test_in_process::h5cb06ef620b157fc
[INFO] [stdout]                                at /rustc/53fd98ca776cb875bc9e5514f56b52eb74f9e7a9/library/test/src/lib.rs:601:18
[INFO] [stdout]   43:     0x55d67953ca78 - test::run_test::run_test_inner::{{closure}}::h76f677f4b93f9828
[INFO] [stdout]                                at /rustc/53fd98ca776cb875bc9e5514f56b52eb74f9e7a9/library/test/src/lib.rs:493:39
[INFO] [stdout]   44:     0x55d67950b20d - test::run_test::run_test_inner::{{closure}}::h366d01fe04f4d67a
[INFO] [stdout]                                at /rustc/53fd98ca776cb875bc9e5514f56b52eb74f9e7a9/library/test/src/lib.rs:520:37
[INFO] [stdout]   45:     0x55d67950b20d - std::sys_common::backtrace::__rust_begin_short_backtrace::h7dfa0de4eb395af2
[INFO] [stdout]                                at /rustc/53fd98ca776cb875bc9e5514f56b52eb74f9e7a9/library/std/src/sys_common/backtrace.rs:125:18
[INFO] [stdout]   46:     0x55d67950f9d8 - std::thread::Builder::spawn_unchecked::{{closure}}::{{closure}}::hf0a74bb58798037f
[INFO] [stdout]                                at /rustc/53fd98ca776cb875bc9e5514f56b52eb74f9e7a9/library/std/src/thread/mod.rs:476:17
[INFO] [stdout]   47:     0x55d67950f9d8 - <std::panic::AssertUnwindSafe<F> as core::ops::function::FnOnce<()>>::call_once::hb024e854818586ac
[INFO] [stdout]                                at /rustc/53fd98ca776cb875bc9e5514f56b52eb74f9e7a9/library/std/src/panic.rs:347:9
[INFO] [stdout]   48:     0x55d67950f9d8 - std::panicking::try::do_call::hb2dd9f1d0d48e41d
[INFO] [stdout]                                at /rustc/53fd98ca776cb875bc9e5514f56b52eb74f9e7a9/library/std/src/panicking.rs:401:40
[INFO] [stdout]   49:     0x55d67950f9d8 - std::panicking::try::h4717ae7bac8b2bf3
[INFO] [stdout]                                at /rustc/53fd98ca776cb875bc9e5514f56b52eb74f9e7a9/library/std/src/panicking.rs:365:19
[INFO] [stdout]   50:     0x55d67950f9d8 - std::panic::catch_unwind::h0dc8a061326ce8d8
[INFO] [stdout]                                at /rustc/53fd98ca776cb875bc9e5514f56b52eb74f9e7a9/library/std/src/panic.rs:434:14
[INFO] [stdout]   51:     0x55d67950f9d8 - std::thread::Builder::spawn_unchecked::{{closure}}::haa369e2d6fd00aa1
[INFO] [stdout]                                at /rustc/53fd98ca776cb875bc9e5514f56b52eb74f9e7a9/library/std/src/thread/mod.rs:475:30
[INFO] [stdout]   52:     0x55d67950f9d8 - core::ops::function::FnOnce::call_once{{vtable.shim}}::h36dcf3de8b056f17
[INFO] [stdout]                                at /rustc/53fd98ca776cb875bc9e5514f56b52eb74f9e7a9/library/core/src/ops/function.rs:227:5
[INFO] [stdout]   53:     0x55d6795845e7 - <alloc::boxed::Box<F,A> as core::ops::function::FnOnce<Args>>::call_once::h65c29e4642be2358
[INFO] [stdout]                                at /rustc/53fd98ca776cb875bc9e5514f56b52eb74f9e7a9/library/alloc/src/boxed.rs:1572:9
[INFO] [stdout]   54:     0x55d6795845e7 - <alloc::boxed::Box<F,A> as core::ops::function::FnOnce<Args>>::call_once::hd0f8f7fbbd9fffbf
[INFO] [stdout]                                at /rustc/53fd98ca776cb875bc9e5514f56b52eb74f9e7a9/library/alloc/src/boxed.rs:1572:9
[INFO] [stdout]   55:     0x55d6795845e7 - std::sys::unix::thread::Thread::new::thread_start::h2fd22fee3ca77b65
[INFO] [stdout]                                at /rustc/53fd98ca776cb875bc9e5514f56b52eb74f9e7a9/library/std/src/sys/unix/thread.rs:74:17
[INFO] [stdout]   56:     0x7f8375e16609 - start_thread
[INFO] [stdout]   57:     0x7f8375bee293 - clone
[INFO] [stdout]   58:                0x0 - <unknown>
[INFO] [stdout] 
[INFO] [stdout] 
[INFO] [stdout] failures:
[INFO] [stdout]     gtfs::deserialize_stoptimes
[INFO] [stdout] 
[INFO] [stdout] test result: FAILED. 4 passed; 1 failed; 0 ignored; 0 measured; 0 filtered out; finished in 0.33s
[INFO] [stdout] 
[INFO] [stderr] error: test failed, to rerun pass '-p train --bin train'
[INFO] running `Command { std: "docker" "inspect" "fe976ff3190c1ffe37e5168f8c71273c60d3ec7cc896bd40454b99a10326c6e4", kill_on_drop: false }`
[INFO] running `Command { std: "docker" "rm" "-f" "fe976ff3190c1ffe37e5168f8c71273c60d3ec7cc896bd40454b99a10326c6e4", kill_on_drop: false }`
[INFO] [stdout] fe976ff3190c1ffe37e5168f8c71273c60d3ec7cc896bd40454b99a10326c6e4
