[INFO] cloning repository https://github.com/gburtini/Babys-First-Rust-Project
[INFO] running `Command { std: "git" "-c" "credential.helper=" "-c" "credential.helper=/workspace/cargo-home/bin/git-credential-null" "clone" "--bare" "https://github.com/gburtini/Babys-First-Rust-Project" "/workspace/cache/git-repos/https%3A%2F%2Fgithub.com%2Fgburtini%2FBabys-First-Rust-Project", kill_on_drop: false }`
[INFO] [stderr] Cloning into bare repository '/workspace/cache/git-repos/https%3A%2F%2Fgithub.com%2Fgburtini%2FBabys-First-Rust-Project'...
[INFO] running `Command { std: "git" "rev-parse" "HEAD", kill_on_drop: false }`
[INFO] [stdout] 56aa3946b7a25ca5972774ca88d07a5acb069db1
[INFO] testing gburtini/Babys-First-Rust-Project against beta-2021-08-01 for beta-1.55-1
[INFO] running `Command { std: "git" "clone" "/workspace/cache/git-repos/https%3A%2F%2Fgithub.com%2Fgburtini%2FBabys-First-Rust-Project" "/workspace/builds/worker-103/source", kill_on_drop: false }`
[INFO] [stderr] Cloning into '/workspace/builds/worker-103/source'...
[INFO] [stderr] done.
[INFO] validating manifest of git repo https://github.com/gburtini/Babys-First-Rust-Project on toolchain beta-2021-08-01
[INFO] running `Command { std: "/workspace/cargo-home/bin/cargo" "+beta-2021-08-01" "metadata" "--manifest-path" "Cargo.toml" "--no-deps", kill_on_drop: false }`
[INFO] started tweaking git repo https://github.com/gburtini/Babys-First-Rust-Project
[INFO] finished tweaking git repo https://github.com/gburtini/Babys-First-Rust-Project
[INFO] tweaked toml for git repo https://github.com/gburtini/Babys-First-Rust-Project written to /workspace/builds/worker-103/source/Cargo.toml
[INFO] crate git repo https://github.com/gburtini/Babys-First-Rust-Project already has a lockfile, it will not be regenerated
[INFO] running `Command { std: "/workspace/cargo-home/bin/cargo" "+beta-2021-08-01" "fetch" "--manifest-path" "Cargo.toml", kill_on_drop: false }`
[INFO] [stderr]     Blocking waiting for file lock on package cache
[INFO] [stderr]  Downloading crates ...
[INFO] [stderr]   Downloaded libnotify-sys v1.0.2
[INFO] [stderr]   Downloaded libnotify v1.0.3
[INFO] [stderr]   Downloaded mockall_derive v0.5.1
[INFO] [stderr]   Downloaded mockall v0.5.1
[INFO] running `Command { std: "docker" "create" "-v" "/var/lib/crater-agent-workspace/builds/worker-103/target:/opt/rustwide/target:rw,Z" "-v" "/var/lib/crater-agent-workspace/builds/worker-103/source:/opt/rustwide/workdir:ro,Z" "-v" "/var/lib/crater-agent-workspace/cargo-home:/opt/rustwide/cargo-home:ro,Z" "-v" "/var/lib/crater-agent-workspace/rustup-home:/opt/rustwide/rustup-home:ro,Z" "-e" "SOURCE_DIR=/opt/rustwide/workdir" "-e" "CARGO_TARGET_DIR=/opt/rustwide/target" "-e" "CARGO_HOME=/opt/rustwide/cargo-home" "-e" "RUSTUP_HOME=/opt/rustwide/rustup-home" "-w" "/opt/rustwide/workdir" "-m" "1610612736" "--user" "0:0" "--network" "none" "ghcr.io/rust-lang/crates-build-env/linux@sha256:34b6a614d2c27851fe6cbf88fbd1137609cefab8b10d0615aaeb6fd47975d74e" "/opt/rustwide/cargo-home/bin/cargo" "+beta-2021-08-01" "metadata" "--no-deps" "--format-version=1", kill_on_drop: false }`
[INFO] [stdout] b6bd7539acd1f2040f25b51977b0d14ce37cb9969bf18ab8064a920fa69d12ea
[INFO] running `Command { std: "docker" "start" "-a" "b6bd7539acd1f2040f25b51977b0d14ce37cb9969bf18ab8064a920fa69d12ea", kill_on_drop: false }`
[INFO] running `Command { std: "docker" "inspect" "b6bd7539acd1f2040f25b51977b0d14ce37cb9969bf18ab8064a920fa69d12ea", kill_on_drop: false }`
[INFO] running `Command { std: "docker" "rm" "-f" "b6bd7539acd1f2040f25b51977b0d14ce37cb9969bf18ab8064a920fa69d12ea", kill_on_drop: false }`
[INFO] [stdout] b6bd7539acd1f2040f25b51977b0d14ce37cb9969bf18ab8064a920fa69d12ea
[INFO] running `Command { std: "docker" "create" "-v" "/var/lib/crater-agent-workspace/builds/worker-103/target:/opt/rustwide/target:rw,Z" "-v" "/var/lib/crater-agent-workspace/builds/worker-103/source:/opt/rustwide/workdir:ro,Z" "-v" "/var/lib/crater-agent-workspace/cargo-home:/opt/rustwide/cargo-home:ro,Z" "-v" "/var/lib/crater-agent-workspace/rustup-home:/opt/rustwide/rustup-home:ro,Z" "-e" "SOURCE_DIR=/opt/rustwide/workdir" "-e" "CARGO_TARGET_DIR=/opt/rustwide/target" "-e" "CARGO_INCREMENTAL=0" "-e" "RUST_BACKTRACE=full" "-e" "RUSTFLAGS=--cap-lints=warn" "-e" "CARGO_HOME=/opt/rustwide/cargo-home" "-e" "RUSTUP_HOME=/opt/rustwide/rustup-home" "-w" "/opt/rustwide/workdir" "-m" "1610612736" "--user" "0:0" "--network" "none" "ghcr.io/rust-lang/crates-build-env/linux@sha256:34b6a614d2c27851fe6cbf88fbd1137609cefab8b10d0615aaeb6fd47975d74e" "/opt/rustwide/cargo-home/bin/cargo" "+beta-2021-08-01" "build" "--frozen" "--message-format=json", kill_on_drop: false }`
[INFO] [stdout] 221dd975e184aeee968bf759b96b61c8c0403a6b41c7630633c6efc3a97b49a0
[INFO] running `Command { std: "docker" "start" "-a" "221dd975e184aeee968bf759b96b61c8c0403a6b41c7630633c6efc3a97b49a0", kill_on_drop: false }`
[INFO] [stderr]     Blocking waiting for file lock on package cache
[INFO] [stderr]    Compiling libc v0.2.62
[INFO] [stderr]    Compiling cfg-if v0.1.9
[INFO] [stderr]    Compiling autocfg v0.1.6
[INFO] [stderr]    Compiling pkg-config v0.3.16
[INFO] [stderr]    Compiling byteorder v1.3.2
[INFO] [stderr]    Compiling smallvec v0.6.10
[INFO] [stderr]    Compiling cc v1.0.45
[INFO] [stderr]    Compiling futures v0.1.29
[INFO] [stderr]    Compiling bitflags v1.2.0
[INFO] [stderr]    Compiling log v0.4.8
[INFO] [stderr]    Compiling proc-macro2 v1.0.4
[INFO] [stderr]    Compiling memchr v2.2.1
[INFO] [stderr]    Compiling syn v1.0.5
[INFO] [stderr]    Compiling version_check v0.1.5
[INFO] [stderr]    Compiling arrayvec v0.4.11
[INFO] [stderr]    Compiling itoa v0.4.4
[INFO] [stderr]    Compiling scopeguard v1.0.0
[INFO] [stderr]    Compiling serde v1.0.101
[INFO] [stderr]    Compiling syn v0.15.44
[INFO] [stderr]    Compiling ryu v1.0.0
[INFO] [stderr]    Compiling regex-syntax v0.6.12
[INFO] [stderr]    Compiling openssl v0.10.24
[INFO] [stderr]    Compiling failure_derive v0.1.5
[INFO] [stderr]    Compiling crc32fast v1.2.0
[INFO] [stderr]    Compiling indexmap v1.2.0
[INFO] [stderr]    Compiling native-tls v0.2.3
[INFO] [stderr]    Compiling unicode-width v0.1.6
[INFO] [stderr]    Compiling adler32 v1.0.4
[INFO] [stderr]    Compiling gdk-pixbuf v0.3.0
[INFO] [stderr]    Compiling encoding_rs v0.8.20
[INFO] [stderr]    Compiling predicates-core v1.0.0
[INFO] [stderr]    Compiling rayon-core v1.6.0
[INFO] [stderr]    Compiling mime v0.3.14
[INFO] [stderr]    Compiling difference v2.0.0
[INFO] [stderr]    Compiling normalize-line-endings v0.2.2
[INFO] [stderr]    Compiling treeline v0.1.0
[INFO] [stderr]    Compiling dtoa v0.4.4
[INFO] [stderr]    Compiling downcast v0.10.0
[INFO] [stderr]    Compiling encode_unicode v0.3.6
[INFO] [stderr]    Compiling boxfnonce v0.1.1
[INFO] [stderr]    Compiling fragile v0.3.0
[INFO] [stderr]    Compiling thread_local v0.3.6
[INFO] [stderr]    Compiling rand_isaac v0.1.1
[INFO] [stderr]    Compiling rand_hc v0.1.0
[INFO] [stderr]    Compiling rand_xorshift v0.1.1
[INFO] [stderr]    Compiling httparse v1.3.4
[INFO] [stderr]    Compiling memoffset v0.5.1
[INFO] [stderr]    Compiling hyper v0.12.35
[INFO] [stderr]    Compiling crossbeam-utils v0.6.6
[INFO] [stderr]    Compiling try_from v0.3.2
[INFO] [stderr]    Compiling rand_pcg v0.1.2
[INFO] [stderr]    Compiling rand_chacha v0.1.1
[INFO] [stderr]    Compiling rand v0.6.5
[INFO] [stderr]    Compiling num-traits v0.2.8
[INFO] [stderr]    Compiling textwrap v0.11.0
[INFO] [stderr]    Compiling glib-sys v0.5.0
[INFO] [stderr]    Compiling gobject-sys v0.5.0
[INFO] [stderr]    Compiling gio-sys v0.5.0
[INFO] [stderr]    Compiling gdk-pixbuf-sys v0.5.0
[INFO] [stderr]    Compiling libnotify-sys v1.0.2
[INFO] [stderr]    Compiling tokio-sync v0.1.6
[INFO] [stderr]    Compiling miniz_oxide v0.3.2
[INFO] [stderr]    Compiling predicates-tree v1.0.0
[INFO] [stderr]    Compiling unicode-normalization v0.1.8
[INFO] [stderr]    Compiling tokio-executor v0.1.8
[INFO] [stderr]    Compiling crossbeam-queue v0.1.2
[INFO] [stderr]    Compiling unicase v2.5.1
[INFO] [stderr]    Compiling error-chain v0.12.1
[INFO] [stderr]    Compiling tokio-timer v0.2.11
[INFO] [stderr]    Compiling tokio-current-thread v0.1.6
[INFO] [stderr]    Compiling want v0.2.0
[INFO] [stderr]    Compiling idna v0.1.5
[INFO] [stderr]    Compiling idna v0.2.0
[INFO] [stderr]    Compiling crossbeam-epoch v0.7.2
[INFO] [stderr]    Compiling regex-automata v0.1.8
[INFO] [stderr]    Compiling base64 v0.10.1
[INFO] [stderr]    Compiling iovec v0.1.2
[INFO] [stderr]    Compiling rand_os v0.1.3
[INFO] [stderr]    Compiling num_cpus v1.10.1
[INFO] [stderr]    Compiling net2 v0.2.33
[INFO] [stderr]    Compiling time v0.1.42
[INFO] [stderr]    Compiling atty v0.2.13
[INFO] [stderr]    Compiling dirs v1.0.5
[INFO] [stderr]    Compiling daemonize v0.4.1
[INFO] [stderr]    Compiling quote v1.0.2
[INFO] [stderr]    Compiling flate2 v1.0.11
[INFO] [stderr]    Compiling url v2.1.0
[INFO] [stderr]    Compiling clap v2.33.0
[INFO] [stderr]    Compiling backtrace-sys v0.1.31
[INFO] [stderr]    Compiling openssl-sys v0.9.49
[INFO] [stderr]    Compiling futures-cpupool v0.1.8
[INFO] [stderr]    Compiling crossbeam-deque v0.7.1
[INFO] [stderr]    Compiling term v0.5.2
[INFO] [stderr]    Compiling bytes v0.4.12
[INFO] [stderr]    Compiling aho-corasick v0.7.6
[INFO] [stderr]    Compiling csv-core v0.1.6
[INFO] [stderr]    Compiling tokio-io v0.1.12
[INFO] [stderr]    Compiling http v0.1.18
[INFO] [stderr]    Compiling string v0.2.1
[INFO] [stderr]    Compiling tokio-buf v0.1.1
[INFO] [stderr]    Compiling url v1.7.2
[INFO] [stderr]    Compiling float-cmp v0.4.0
[INFO] [stderr]    Compiling mio v0.6.19
[INFO] [stderr]    Compiling mime_guess v2.0.1
[INFO] [stderr]    Compiling cookie v0.12.0
[INFO] [stderr]    Compiling rayon v1.2.0
[INFO] [stderr]    Compiling glib v0.4.1
[INFO] [stderr]    Compiling synstructure v0.10.2
[INFO] [stderr]    Compiling parking_lot_core v0.4.0
[INFO] [stderr]    Compiling tokio-threadpool v0.1.15
[INFO] [stderr]    Compiling uuid v0.7.4
[INFO] [stderr]    Compiling backtrace v0.3.38
[INFO] [stderr]    Compiling parking_lot v0.7.1
[INFO] [stderr]    Compiling regex v1.3.1
[INFO] [stderr]    Compiling tokio-reactor v0.1.9
[INFO] [stderr]    Compiling tokio-tcp v0.1.3
[INFO] [stderr]    Compiling h2 v0.1.26
[INFO] [stderr]    Compiling http-body v0.1.0
[INFO] [stderr]    Compiling tokio v0.1.22
[INFO] [stderr]    Compiling publicsuffix v1.5.3
[INFO] [stderr]    Compiling predicates v1.0.1
[INFO] [stderr]    Compiling failure v0.1.5
[INFO] [stderr]    Compiling libnotify v1.0.3
[INFO] [stderr]    Compiling serde_derive v1.0.101
[INFO] [stderr]    Compiling mockall_derive v0.5.1
[INFO] [stderr]    Compiling hyper-tls v0.3.2
[INFO] [stderr]    Compiling mockall v0.5.1
[INFO] [stderr]    Compiling bstr v0.2.8
[INFO] [stderr]    Compiling serde_json v1.0.40
[INFO] [stderr]    Compiling serde_urlencoded v0.5.5
[INFO] [stderr]    Compiling csv v1.1.1
[INFO] [stderr]    Compiling cookie_store v0.7.0
[INFO] [stderr]    Compiling prettytable-rs v0.8.0
[INFO] [stderr]    Compiling reqwest v0.9.20
[INFO] [stderr]    Compiling is_up v0.1.0 (/opt/rustwide/workdir)
[INFO] [stdout] warning: panic message is not a string literal
[INFO] [stdout]   --> src/commands/mutators.rs:14:26
[INFO] [stdout]    |
[INFO] [stdout] 14 |         Err(e) => panic!(e),
[INFO] [stdout]    |                          ^
[INFO] [stdout]    |
[INFO] [stdout]    = note: `#[warn(non_fmt_panics)]` on by default
[INFO] [stdout]    = note: this usage of panic!() is deprecated; it will be a hard error in Rust 2021
[INFO] [stdout]    = note: for more information, see <https://doc.rust-lang.org/nightly/edition-guide/rust-2021/panic-macro-consistency.html>
[INFO] [stdout] help: add a "{}" format string to Display the message
[INFO] [stdout]    |
[INFO] [stdout] 14 |         Err(e) => panic!("{}", e),
[INFO] [stdout]    |                          ^^^^^
[INFO] [stdout] help: or use std::panic::panic_any instead
[INFO] [stdout]    |
[INFO] [stdout] 14 |         Err(e) => std::panic::panic_any(e),
[INFO] [stdout]    |                   ^^^^^^^^^^^^^^^^^^^^^
[INFO] [stdout] 
[INFO] [stdout] 
[INFO] [stdout] warning: panic message is not a string literal
[INFO] [stdout]   --> src/commands/mutators.rs:31:26
[INFO] [stdout]    |
[INFO] [stdout] 31 |         Err(e) => panic!(e),
[INFO] [stdout]    |                          ^
[INFO] [stdout]    |
[INFO] [stdout]    = note: this usage of panic!() is deprecated; it will be a hard error in Rust 2021
[INFO] [stdout]    = note: for more information, see <https://doc.rust-lang.org/nightly/edition-guide/rust-2021/panic-macro-consistency.html>
[INFO] [stdout] help: add a "{}" format string to Display the message
[INFO] [stdout]    |
[INFO] [stdout] 31 |         Err(e) => panic!("{}", e),
[INFO] [stdout]    |                          ^^^^^
[INFO] [stdout] help: or use std::panic::panic_any instead
[INFO] [stdout]    |
[INFO] [stdout] 31 |         Err(e) => std::panic::panic_any(e),
[INFO] [stdout]    |                   ^^^^^^^^^^^^^^^^^^^^^
[INFO] [stdout] 
[INFO] [stdout] 
[INFO] [stdout] warning: 2 warnings emitted
[INFO] [stdout] 
[INFO] [stdout] 
[INFO] [stderr]     Finished dev [unoptimized + debuginfo] target(s) in 1m 10s
[INFO] running `Command { std: "docker" "inspect" "221dd975e184aeee968bf759b96b61c8c0403a6b41c7630633c6efc3a97b49a0", kill_on_drop: false }`
[INFO] running `Command { std: "docker" "rm" "-f" "221dd975e184aeee968bf759b96b61c8c0403a6b41c7630633c6efc3a97b49a0", kill_on_drop: false }`
[INFO] [stdout] 221dd975e184aeee968bf759b96b61c8c0403a6b41c7630633c6efc3a97b49a0
[INFO] running `Command { std: "docker" "create" "-v" "/var/lib/crater-agent-workspace/builds/worker-103/target:/opt/rustwide/target:rw,Z" "-v" "/var/lib/crater-agent-workspace/builds/worker-103/source:/opt/rustwide/workdir:ro,Z" "-v" "/var/lib/crater-agent-workspace/cargo-home:/opt/rustwide/cargo-home:ro,Z" "-v" "/var/lib/crater-agent-workspace/rustup-home:/opt/rustwide/rustup-home:ro,Z" "-e" "SOURCE_DIR=/opt/rustwide/workdir" "-e" "CARGO_TARGET_DIR=/opt/rustwide/target" "-e" "CARGO_INCREMENTAL=0" "-e" "RUST_BACKTRACE=full" "-e" "RUSTFLAGS=--cap-lints=warn" "-e" "CARGO_HOME=/opt/rustwide/cargo-home" "-e" "RUSTUP_HOME=/opt/rustwide/rustup-home" "-w" "/opt/rustwide/workdir" "-m" "1610612736" "--user" "0:0" "--network" "none" "ghcr.io/rust-lang/crates-build-env/linux@sha256:34b6a614d2c27851fe6cbf88fbd1137609cefab8b10d0615aaeb6fd47975d74e" "/opt/rustwide/cargo-home/bin/cargo" "+beta-2021-08-01" "test" "--frozen" "--no-run" "--message-format=json", kill_on_drop: false }`
[INFO] [stdout] 483efe971d359e036da70aa2bbfd45ee22a869c740b27a1ce3e915370dc1da64
[INFO] running `Command { std: "docker" "start" "-a" "483efe971d359e036da70aa2bbfd45ee22a869c740b27a1ce3e915370dc1da64", kill_on_drop: false }`
[INFO] [stderr]    Compiling is_up v0.1.0 (/opt/rustwide/workdir)
[INFO] [stdout] warning: panic message is not a string literal
[INFO] [stdout]   --> src/commands/mutators.rs:14:26
[INFO] [stdout]    |
[INFO] [stdout] 14 |         Err(e) => panic!(e),
[INFO] [stdout]    |                          ^
[INFO] [stdout]    |
[INFO] [stdout]    = note: `#[warn(non_fmt_panics)]` on by default
[INFO] [stdout]    = note: this usage of panic!() is deprecated; it will be a hard error in Rust 2021
[INFO] [stdout]    = note: for more information, see <https://doc.rust-lang.org/nightly/edition-guide/rust-2021/panic-macro-consistency.html>
[INFO] [stdout] help: add a "{}" format string to Display the message
[INFO] [stdout]    |
[INFO] [stdout] 14 |         Err(e) => panic!("{}", e),
[INFO] [stdout]    |                          ^^^^^
[INFO] [stdout] help: or use std::panic::panic_any instead
[INFO] [stdout]    |
[INFO] [stdout] 14 |         Err(e) => std::panic::panic_any(e),
[INFO] [stdout]    |                   ^^^^^^^^^^^^^^^^^^^^^
[INFO] [stdout] 
[INFO] [stdout] 
[INFO] [stdout] warning: panic message is not a string literal
[INFO] [stdout]   --> src/commands/mutators.rs:31:26
[INFO] [stdout]    |
[INFO] [stdout] 31 |         Err(e) => panic!(e),
[INFO] [stdout]    |                          ^
[INFO] [stdout]    |
[INFO] [stdout]    = note: this usage of panic!() is deprecated; it will be a hard error in Rust 2021
[INFO] [stdout]    = note: for more information, see <https://doc.rust-lang.org/nightly/edition-guide/rust-2021/panic-macro-consistency.html>
[INFO] [stdout] help: add a "{}" format string to Display the message
[INFO] [stdout]    |
[INFO] [stdout] 31 |         Err(e) => panic!("{}", e),
[INFO] [stdout]    |                          ^^^^^
[INFO] [stdout] help: or use std::panic::panic_any instead
[INFO] [stdout]    |
[INFO] [stdout] 31 |         Err(e) => std::panic::panic_any(e),
[INFO] [stdout]    |                   ^^^^^^^^^^^^^^^^^^^^^
[INFO] [stdout] 
[INFO] [stdout] 
[INFO] [stdout] warning: 2 warnings emitted
[INFO] [stdout] 
[INFO] [stdout] 
[INFO] [stderr]     Finished test [unoptimized + debuginfo] target(s) in 7.61s
[INFO] running `Command { std: "docker" "inspect" "483efe971d359e036da70aa2bbfd45ee22a869c740b27a1ce3e915370dc1da64", kill_on_drop: false }`
[INFO] running `Command { std: "docker" "rm" "-f" "483efe971d359e036da70aa2bbfd45ee22a869c740b27a1ce3e915370dc1da64", kill_on_drop: false }`
[INFO] [stdout] 483efe971d359e036da70aa2bbfd45ee22a869c740b27a1ce3e915370dc1da64
[INFO] running `Command { std: "docker" "create" "-v" "/var/lib/crater-agent-workspace/builds/worker-103/target:/opt/rustwide/target:rw,Z" "-v" "/var/lib/crater-agent-workspace/builds/worker-103/source:/opt/rustwide/workdir:ro,Z" "-v" "/var/lib/crater-agent-workspace/cargo-home:/opt/rustwide/cargo-home:ro,Z" "-v" "/var/lib/crater-agent-workspace/rustup-home:/opt/rustwide/rustup-home:ro,Z" "-e" "SOURCE_DIR=/opt/rustwide/workdir" "-e" "CARGO_TARGET_DIR=/opt/rustwide/target" "-e" "CARGO_INCREMENTAL=0" "-e" "RUST_BACKTRACE=full" "-e" "RUSTFLAGS=--cap-lints=warn" "-e" "CARGO_HOME=/opt/rustwide/cargo-home" "-e" "RUSTUP_HOME=/opt/rustwide/rustup-home" "-w" "/opt/rustwide/workdir" "-m" "1610612736" "--user" "0:0" "--network" "none" "ghcr.io/rust-lang/crates-build-env/linux@sha256:34b6a614d2c27851fe6cbf88fbd1137609cefab8b10d0615aaeb6fd47975d74e" "/opt/rustwide/cargo-home/bin/cargo" "+beta-2021-08-01" "test" "--frozen", kill_on_drop: false }`
[INFO] [stdout] 11f389845ce9d52fdfbb443c1a929ef676b9e70d9a64fc485a5123e8391a92c5
[INFO] running `Command { std: "docker" "start" "-a" "11f389845ce9d52fdfbb443c1a929ef676b9e70d9a64fc485a5123e8391a92c5", kill_on_drop: false }`
[INFO] [stderr] warning: panic message is not a string literal
[INFO] [stderr]   --> src/commands/mutators.rs:14:26
[INFO] [stderr]    |
[INFO] [stderr] 14 |         Err(e) => panic!(e),
[INFO] [stderr]    |                          ^
[INFO] [stderr]    |
[INFO] [stderr]    = note: `#[warn(non_fmt_panics)]` on by default
[INFO] [stderr]    = note: this usage of panic!() is deprecated; it will be a hard error in Rust 2021
[INFO] [stderr]    = note: for more information, see <https://doc.rust-lang.org/nightly/edition-guide/rust-2021/panic-macro-consistency.html>
[INFO] [stderr] help: add a "{}" format string to Display the message
[INFO] [stderr]    |
[INFO] [stderr] 14 |         Err(e) => panic!("{}", e),
[INFO] [stderr]    |                          ^^^^^
[INFO] [stderr] help: or use std::panic::panic_any instead
[INFO] [stderr]    |
[INFO] [stderr] 14 |         Err(e) => std::panic::panic_any(e),
[INFO] [stderr]    |                   ^^^^^^^^^^^^^^^^^^^^^
[INFO] [stderr] 
[INFO] [stderr] warning: panic message is not a string literal
[INFO] [stderr]   --> src/commands/mutators.rs:31:26
[INFO] [stderr]    |
[INFO] [stderr] 31 |         Err(e) => panic!(e),
[INFO] [stderr]    |                          ^
[INFO] [stderr]    |
[INFO] [stderr]    = note: this usage of panic!() is deprecated; it will be a hard error in Rust 2021
[INFO] [stderr]    = note: for more information, see <https://doc.rust-lang.org/nightly/edition-guide/rust-2021/panic-macro-consistency.html>
[INFO] [stderr] help: add a "{}" format string to Display the message
[INFO] [stderr]    |
[INFO] [stderr] 31 |         Err(e) => panic!("{}", e),
[INFO] [stderr]    |                          ^^^^^
[INFO] [stderr] help: or use std::panic::panic_any instead
[INFO] [stderr]    |
[INFO] [stderr] 31 |         Err(e) => std::panic::panic_any(e),
[INFO] [stderr]    |                   ^^^^^^^^^^^^^^^^^^^^^
[INFO] [stderr] 
[INFO] [stderr] warning: `is_up` (bin "is-up" test) generated 2 warnings
[INFO] [stderr]     Finished test [unoptimized + debuginfo] target(s) in 0.20s
[INFO] [stderr]      Running unittests (/opt/rustwide/target/debug/deps/is_up-ce0cd02717dc2e32)
[INFO] [stdout] 
[INFO] [stdout] running 8 tests
[INFO] [stdout] _is-up() {
[INFO] [stdout]     local i cur prev opts cmds
[INFO] [stdout]     COMPREPLY=()
[INFO] [stdout]     cur="${COMP_WORDS[COMP_CWORD]}"
[INFO] [stdout]     prev="${COMP_WORDS[COMP_CWORD-1]}"
[INFO] [stdout]     cmd=""
[INFO] [stdout]     opts=""
[INFO] [stdout] 
[INFO] [stdout]     for i in ${COMP_WORDS[@]}
[INFO] [stdout]     do
[INFO] [stdout]         case "${i}" in
[INFO] [stdout]             is-up)
[INFO] [stdout]                 cmd="is-up"
[INFO] [stdout]                 ;;
[INFO] [stdout]             
[INFO] [stdout]             add)
[INFO] [stdout]                 cmd+="__add"
[INFO] [stdout]                 ;;
[INFO] [stdout]             generate-completions)
[INFO] [stdout]                 cmd+="__generate__completions"
[INFO] [stdout]                 ;;
[INFO] [stdout]             help)
[INFO] [stdout]                 cmd+="__help"
[INFO] [stdout]                 ;;
[INFO] [stdout]             list)
[INFO] [stdout]                 cmd+="__list"
[INFO] [stdout]                 ;;
[INFO] [stdout]             once)
[INFO] [stdout]                 cmd+="__once"
[INFO] [stdout]                 ;;
[INFO] [stdout]             remove)
[INFO] [stdout]                 cmd+="__remove"
[INFO] [stdout]                 ;;
[INFO] [stdout]             report)
[INFO] [stdout]                 cmd+="__report"
[INFO] [stdout]                 ;;
[INFO] [stdout]             run)
[INFO] [stdout]                 cmd+="__run"
[INFO] [stdout]                 ;;
[INFO] [stdout]             start)
[INFO] [stdout]                 cmd+="__start"
[INFO] [stdout]                 ;;
[INFO] [stdout]             stop)
[INFO] [stdout]                 cmd+="__stop"
[INFO] [stdout]                 ;;
[INFO] [stdout]             *)
[INFO] [stdout]                 ;;
[INFO] [stdout]         esac
[INFO] [stdout]     done
[INFO] [stdout] 
[INFO] [stdout]     case "${cmd}" in
[INFO] [stdout]         is-up)
[INFO] [stdout]             opts=" -v -h -V -c  --help --version   once run add remove list report start stop generate-completions help"
[INFO] [stdout]             if [[ ${cur} == -* || ${COMP_CWORD} -eq 1 ]] ; then
[INFO] [stdout]                 COMPREPLY=( $(compgen -W "${opts}" -- "${cur}") )
[INFO] [stdout]                 return 0
[INFO] [stdout]             fi
[INFO] [stdout]             case "${prev}" in
[INFO] [stdout]                 
[INFO] [stdout]                     -c)
[INFO] [stdout]                     COMPREPLY=($(compgen -f "${cur}"))
[INFO] [stdout]                     return 0
[INFO] [stdout]                     ;;
[INFO] [stdout]                 *)
[INFO] [stdout]                     COMPREPLY=()
[INFO] [stdout]                     ;;
[INFO] [stdout]             esac
[INFO] [stdout]             COMPREPLY=( $(compgen -W "${opts}" -- "${cur}") )
[INFO] [stdout]             return 0
[INFO] [stdout]             ;;
[INFO] [stdout]         
[INFO] [stdout]         is__up__add)
[INFO] [stdout]             opts=" -h -V  --help --version  <url> "
[INFO] [stdout]             if [[ ${cur} == -* || ${COMP_CWORD} -eq 2 ]] ; then
[INFO] [stdout]                 COMPREPLY=( $(compgen -W "${opts}" -- "${cur}") )
[INFO] [stdout]                 return 0
[INFO] [stdout]             fi
[INFO] [stdout]             case "${prev}" in
[INFO] [stdout]                 
[INFO] [stdout]                 *)
[INFO] [stdout]                     COMPREPLY=()
[INFO] [stdout]                     ;;
[INFO] [stdout]             esac
[INFO] [stdout]             COMPREPLY=( $(compgen -W "${opts}" -- "${cur}") )
[INFO] [stdout]             return 0
[INFO] [stdout]             ;;
[INFO] [stdout]         is__up__generate__completions)
[INFO] [stdout]             opts=" -h -V  --help --version  <shell> "
[INFO] [stdout]             if [[ ${cur} == -* || ${COMP_CWORD} -eq 2 ]] ; then
[INFO] [stdout]                 COMPREPLY=( $(compgen -W "${opts}" -- "${cur}") )
[INFO] [stdout]                 return 0
[INFO] [stdout]             fi
[INFO] [stdout]             case "${prev}" in
[INFO] [stdout]                 
[INFO] [stdout]                 *)
[INFO] [stdout]                     COMPREPLY=()
[INFO] [stdout]                     ;;
[INFO] [stdout]             esac
[INFO] [stdout]             COMPREPLY=( $(compgen -W "${opts}" -- "${cur}") )
[INFO] [stdout]             return 0
[INFO] [stdout]             ;;
[INFO] [stdout]         is__up__help)
[INFO] [stdout]             opts=" -h -V  --help --version  "
[INFO] [stdout]             if [[ ${cur} == -* || ${COMP_CWORD} -eq 2 ]] ; then
[INFO] [stdout]                 COMPREPLY=( $(compgen -W "${opts}" -- "${cur}") )
[INFO] [stdout]                 return 0
[INFO] [stdout]             fi
[INFO] [stdout]             case "${prev}" in
[INFO] [stdout]                 
[INFO] [stdout]                 *)
[INFO] [stdout]                     COMPREPLY=()
[INFO] [stdout]                     ;;
[INFO] [stdout]             esac
[INFO] [stdout]             COMPREPLY=( $(compgen -W "${opts}" -- "${cur}") )
[INFO] [stdout]             return 0
[INFO] [stdout]             ;;
[INFO] [stdout]         is__up__list)
[INFO] [stdout]             opts=" -h -V  --help --version  "
[INFO] [stdout]             if [[ ${cur} == -* || ${COMP_CWORD} -eq 2 ]] ; then
[INFO] [stdout]                 COMPREPLY=( $(compgen -W "${opts}" -- "${cur}") )
[INFO] [stdout]                 return 0
[INFO] [stdout]             fi
[INFO] [stdout]             case "${prev}" in
[INFO] [stdout]                 
[INFO] [stdout]                 *)
[INFO] [stdout]                     COMPREPLY=()
[INFO] [stdout]                     ;;
[INFO] [stdout]             esac
[INFO] [stdout]             COMPREPLY=( $(compgen -W "${opts}" -- "${cur}") )
[INFO] [stdout]             return 0
[INFO] [stdout]             ;;
[INFO] [stdout]         is__up__once)
[INFO] [stdout]             opts=" -h -V  --help --version  <url> "
[INFO] [stdout]             if [[ ${cur} == -* || ${COMP_CWORD} -eq 2 ]] ; then
[INFO] [stdout]                 COMPREPLY=( $(compgen -W "${opts}" -- "${cur}") )
[INFO] [stdout]                 return 0
[INFO] [stdout]             fi
[INFO] [stdout]             case "${prev}" in
[INFO] [stdout]                 
[INFO] [stdout]                 *)
[INFO] [stdout]                     COMPREPLY=()
[INFO] [stdout]                     ;;
[INFO] [stdout]             esac
[INFO] [stdout]             COMPREPLY=( $(compgen -W "${opts}" -- "${cur}") )
[INFO] [stdout]             return 0
[INFO] [stdout]             ;;
[INFO] [stdout]         is__up__remove)
[INFO] [stdout]             opts=" -h -V  --help --version  <url> "
[INFO] [stdout]             if [[ ${cur} == -* || ${COMP_CWORD} -eq 2 ]] ; then
[INFO] [stdout]                 COMPREPLY=( $(compgen -W "${opts}" -- "${cur}") )
[INFO] [stdout]                 return 0
[INFO] [stdout]             fi
[INFO] [stdout]             case "${prev}" in
[INFO] [stdout]                 
[INFO] [stdout]                 *)
[INFO] [stdout]                     COMPREPLY=()
[INFO] [stdout]                     ;;
[INFO] [stdout]             esac
[INFO] [stdout]             COMPREPLY=( $(compgen -W "${opts}" -- "${cur}") )
[INFO] [stdout]             return 0
[INFO] [stdout]             ;;
[INFO] [stdout]         is__up__report)
[INFO] [stdout]             opts=" -h -V  --help --version  "
[INFO] [stdout]             if [[ ${cur} == -* || ${COMP_CWORD} -eq 2 ]] ; then
[INFO] [stdout]                 COMPREPLY=( $(compgen -W "${opts}" -- "${cur}") )
[INFO] [stdout]                 return 0
[INFO] [stdout]             fi
[INFO] [stdout]             case "${prev}" in
[INFO] [stdout]                 
[INFO] [stdout]                 *)
[INFO] [stdout]                     COMPREPLY=()
[INFO] [stdout]                     ;;
[INFO] [stdout]             esac
[INFO] [stdout]             COMPREPLY=( $(compgen -W "${opts}" -- "${cur}") )
[INFO] [stdout]             return 0
[INFO] [stdout]             ;;
[INFO] [stdout]         is__up__run)
[INFO] [stdout]             opts=" -h -V  --help --version  "
[INFO] [stdout]             if [[ ${cur} == -* || ${COMP_CWORD} -eq 2 ]] ; then
[INFO] [stdout]                 COMPREPLY=( $(compgen -W "${opts}" -- "${cur}") )
[INFO] [stdout]                 return 0
[INFO] [stdout]             fi
[INFO] [stdout]             case "${prev}" in
[INFO] [stdout]                 
[INFO] [stdout]                 *)
[INFO] [stdout]                     COMPREPLY=()
[INFO] [stdout]                     ;;
[INFO] [stdout]             esac
[INFO] [stdout]             COMPREPLY=( $(compgen -W "${opts}" -- "${cur}") )
[INFO] [stdout]             return 0
[INFO] [stdout]             ;;
[INFO] [stdout]         is__up__start)
[INFO] [stdout]             opts=" -h -V  --help --version  "
[INFO] [stdout]             if [[ ${cur} == -* || ${COMP_CWORD} -eq 2 ]] ; then
[INFO] [stdout]                 COMPREPLY=( $(compgen -W "${opts}" -- "${cur}") )
[INFO] [stdout]                 return 0
[INFO] [stdout]             fi
[INFO] [stdout]             case "${prev}" in
[INFO] [stdout]                 
[INFO] [stdout]                 *)
[INFO] [stdout]                     COMPREPLY=()
[INFO] [stdout]                     ;;
[INFO] [stdout]             esac
[INFO] [stdout]             COMPREPLY=( $(compgen -W "${opts}" -- "${cur}") )
[INFO] [stdout]             return 0
[INFO] [stdout]             ;;
[INFO] [stdout]         is__up__stop)
[INFO] [stdout]             opts=" -h -V  --help --version  "
[INFO] [stdout]             if [[ ${cur} == -* || ${COMP_CWORD} -eq 2 ]] ; then
[INFO] [stdout]                 COMPREPLY=( $(compgen -W "${opts}" -- "${cur}") )
[INFO] [stdout]                 return 0
[INFO] [stdout]             fi
[INFO] [stdout]             case "${prev}" in
[INFO] [stdout]                 
[INFO] [stdout]                 *)
[INFO] [stdout]                     COMPREPLY=()
[INFO] [stdout]                     ;;
[INFO] [stdout]             esac
[INFO] [stdout]             COMPREPLY=( $(compgen -W "${opts}" -- "${cur}") )
[INFO] [stdout]             return 0
[INFO] [stdout]             ;;
[INFO] [stdout]     esac
[INFO] [stdout] }
[INFO] [stdout] 
[INFO] [stdout] complete -F _is-up -o bashdefault -o default is-up
[INFO] [stdout] test commands::tests::test_generate_completions ... ok
[INFO] [stdout] +--------------------+
[INFO] [stdout] | URL                |
[INFO] [stdout] +--------------------+
[INFO] [stdout] | https://crates.io/ |
[INFO] [stdout] +--------------------+
[INFO] [stdout] test commands::tests::test_list ... ok
[INFO] [stdout] test is_up::tests::example_404s_properly ... ok
[INFO] [stdout] test commands::tests::test_report ... ok
[INFO] [stdout] test is_up::tests::crates_is_up ... FAILED
[INFO] [stdout] test is_up::tests::google_is_up ... FAILED
[INFO] [stdout] test commands::tests::test_once ... FAILED
[INFO] [stdout] test commands::tests::test_run ... FAILED
[INFO] [stdout] 
[INFO] [stdout] failures:
[INFO] [stdout] 
[INFO] [stdout] ---- is_up::tests::crates_is_up stdout ----
[INFO] [stdout] Error: "An unknown error has occured."
[INFO] [stdout] thread 'is_up::tests::crates_is_up' panicked at 'assertion failed: `(left == right)`
[INFO] [stdout]   left: `1`,
[INFO] [stdout]  right: `0`: the test returned a termination value with a non-zero status code (1) which indicates a failure', /rustc/53fd98ca776cb875bc9e5514f56b52eb74f9e7a9/library/test/src/lib.rs:194:5
[INFO] [stdout] stack backtrace:
[INFO] [stdout]    0:     0x562c7e514da0 - std::backtrace_rs::backtrace::libunwind::trace::hff4d1766e93f64f1
[INFO] [stdout]                                at /rustc/53fd98ca776cb875bc9e5514f56b52eb74f9e7a9/library/std/src/../../backtrace/src/backtrace/libunwind.rs:90:5
[INFO] [stdout]    1:     0x562c7e514da0 - std::backtrace_rs::backtrace::trace_unsynchronized::h56bbc8eb78770bcb
[INFO] [stdout]                                at /rustc/53fd98ca776cb875bc9e5514f56b52eb74f9e7a9/library/std/src/../../backtrace/src/backtrace/mod.rs:66:5
[INFO] [stdout]    2:     0x562c7e514da0 - std::sys_common::backtrace::_print_fmt::h5c8e75464faca780
[INFO] [stdout]                                at /rustc/53fd98ca776cb875bc9e5514f56b52eb74f9e7a9/library/std/src/sys_common/backtrace.rs:67:5
[INFO] [stdout]    3:     0x562c7e514da0 - <std::sys_common::backtrace::_print::DisplayBacktrace as core::fmt::Display>::fmt::h48b88277def8b362
[INFO] [stdout]                                at /rustc/53fd98ca776cb875bc9e5514f56b52eb74f9e7a9/library/std/src/sys_common/backtrace.rs:46:22
[INFO] [stdout]    4:     0x562c7e53941c - core::fmt::write::h3381b3176fe2b3d3
[INFO] [stdout]                                at /rustc/53fd98ca776cb875bc9e5514f56b52eb74f9e7a9/library/core/src/fmt/mod.rs:1115:17
[INFO] [stdout]    5:     0x562c7e50e865 - std::io::Write::write_fmt::h5f34a676f60246b5
[INFO] [stdout]                                at /rustc/53fd98ca776cb875bc9e5514f56b52eb74f9e7a9/library/std/src/io/mod.rs:1665:15
[INFO] [stdout]    6:     0x562c7e516fbb - std::sys_common::backtrace::_print::ha537687d6c17dd0d
[INFO] [stdout]                                at /rustc/53fd98ca776cb875bc9e5514f56b52eb74f9e7a9/library/std/src/sys_common/backtrace.rs:49:5
[INFO] [stdout]    7:     0x562c7e516fbb - std::sys_common::backtrace::print::h61376ae57d131d72
[INFO] [stdout]                                at /rustc/53fd98ca776cb875bc9e5514f56b52eb74f9e7a9/library/std/src/sys_common/backtrace.rs:36:9
[INFO] [stdout]    8:     0x562c7e516fbb - std::panicking::default_hook::{{closure}}::h0f7208c0b9644a54
[INFO] [stdout]                                at /rustc/53fd98ca776cb875bc9e5514f56b52eb74f9e7a9/library/std/src/panicking.rs:208:50
[INFO] [stdout]    9:     0x562c7e516acc - std::panicking::default_hook::hdac7fc06578c14ce
[INFO] [stdout]                                at /rustc/53fd98ca776cb875bc9e5514f56b52eb74f9e7a9/library/std/src/panicking.rs:222:9
[INFO] [stdout]   10:     0x562c7e517684 - std::panicking::rust_panic_with_hook::h72b21c283da3d1ef
[INFO] [stdout]                                at /rustc/53fd98ca776cb875bc9e5514f56b52eb74f9e7a9/library/std/src/panicking.rs:622:17
[INFO] [stdout]   11:     0x562c7e517167 - std::panicking::begin_panic_handler::{{closure}}::he5778f1729cff84a
[INFO] [stdout]                                at /rustc/53fd98ca776cb875bc9e5514f56b52eb74f9e7a9/library/std/src/panicking.rs:519:13
[INFO] [stdout]   12:     0x562c7e51527c - std::sys_common::backtrace::__rust_end_short_backtrace::h2d11ca8b453b4b1d
[INFO] [stdout]                                at /rustc/53fd98ca776cb875bc9e5514f56b52eb74f9e7a9/library/std/src/sys_common/backtrace.rs:141:18
[INFO] [stdout]   13:     0x562c7e5170c9 - rust_begin_unwind
[INFO] [stdout]                                at /rustc/53fd98ca776cb875bc9e5514f56b52eb74f9e7a9/library/std/src/panicking.rs:515:5
[INFO] [stdout]   14:     0x562c7dd92a11 - core::panicking::panic_fmt::hf9de31d4acbce4db
[INFO] [stdout]                                at /rustc/53fd98ca776cb875bc9e5514f56b52eb74f9e7a9/library/core/src/panicking.rs:92:14
[INFO] [stdout]   15:     0x562c7e537e1e - core::panicking::assert_failed_inner::h62e8cb2847a6e7ec
[INFO] [stdout]   16:     0x562c7e01cf5a - core::panicking::assert_failed::hfcee9740463ab7e7
[INFO] [stdout]                                at /rustc/53fd98ca776cb875bc9e5514f56b52eb74f9e7a9/library/core/src/panicking.rs:117:5
[INFO] [stdout]   17:     0x562c7dd9b313 - test::assert_test_result::h42e802df4acaba9a
[INFO] [stdout]                                at /rustc/53fd98ca776cb875bc9e5514f56b52eb74f9e7a9/library/test/src/lib.rs:194:5
[INFO] [stdout]   18:     0x562c7dda03bd - is_up::is_up::tests::crates_is_up::{{closure}}::h250302c3acecb5e5
[INFO] [stdout]                                at /opt/rustwide/workdir/src/is_up.rs:119:5
[INFO] [stdout]   19:     0x562c7dd9a6be - core::ops::function::FnOnce::call_once::hc79b49ee8aada909
[INFO] [stdout]                                at /rustc/53fd98ca776cb875bc9e5514f56b52eb74f9e7a9/library/core/src/ops/function.rs:227:5
[INFO] [stdout]   20:     0x562c7ddd9c63 - core::ops::function::FnOnce::call_once::hbb52c4519d3137b0
[INFO] [stdout]                                at /rustc/53fd98ca776cb875bc9e5514f56b52eb74f9e7a9/library/core/src/ops/function.rs:227:5
[INFO] [stdout]   21:     0x562c7ddd9c63 - test::__rust_begin_short_backtrace::h86fe3a2a5a5121af
[INFO] [stdout]                                at /rustc/53fd98ca776cb875bc9e5514f56b52eb74f9e7a9/library/test/src/lib.rs:578:5
[INFO] [stdout]   22:     0x562c7ddd8718 - <alloc::boxed::Box<F,A> as core::ops::function::FnOnce<Args>>::call_once::hfd956bc3d57399be
[INFO] [stdout]                                at /rustc/53fd98ca776cb875bc9e5514f56b52eb74f9e7a9/library/alloc/src/boxed.rs:1572:9
[INFO] [stdout]   23:     0x562c7ddd8718 - <std::panic::AssertUnwindSafe<F> as core::ops::function::FnOnce<()>>::call_once::h40dc93e0ddb5938a
[INFO] [stdout]                                at /rustc/53fd98ca776cb875bc9e5514f56b52eb74f9e7a9/library/std/src/panic.rs:347:9
[INFO] [stdout]   24:     0x562c7ddd8718 - std::panicking::try::do_call::h90d07750cb47c562
[INFO] [stdout]                                at /rustc/53fd98ca776cb875bc9e5514f56b52eb74f9e7a9/library/std/src/panicking.rs:401:40
[INFO] [stdout]   25:     0x562c7ddd8718 - std::panicking::try::h063c84733ad2a629
[INFO] [stdout]                                at /rustc/53fd98ca776cb875bc9e5514f56b52eb74f9e7a9/library/std/src/panicking.rs:365:19
[INFO] [stdout]   26:     0x562c7ddd8718 - std::panic::catch_unwind::h0c464836a84e7c08
[INFO] [stdout]                                at /rustc/53fd98ca776cb875bc9e5514f56b52eb74f9e7a9/library/std/src/panic.rs:434:14
[INFO] [stdout]   27:     0x562c7ddd8718 - test::run_test_in_process::h5cb06ef620b157fc
[INFO] [stdout]                                at /rustc/53fd98ca776cb875bc9e5514f56b52eb74f9e7a9/library/test/src/lib.rs:601:18
[INFO] [stdout]   28:     0x562c7ddd8718 - test::run_test::run_test_inner::{{closure}}::h76f677f4b93f9828
[INFO] [stdout]                                at /rustc/53fd98ca776cb875bc9e5514f56b52eb74f9e7a9/library/test/src/lib.rs:493:39
[INFO] [stdout]   29:     0x562c7dda6ead - test::run_test::run_test_inner::{{closure}}::h366d01fe04f4d67a
[INFO] [stdout]                                at /rustc/53fd98ca776cb875bc9e5514f56b52eb74f9e7a9/library/test/src/lib.rs:520:37
[INFO] [stdout]   30:     0x562c7dda6ead - std::sys_common::backtrace::__rust_begin_short_backtrace::h7dfa0de4eb395af2
[INFO] [stdout]                                at /rustc/53fd98ca776cb875bc9e5514f56b52eb74f9e7a9/library/std/src/sys_common/backtrace.rs:125:18
[INFO] [stdout]   31:     0x562c7ddab678 - std::thread::Builder::spawn_unchecked::{{closure}}::{{closure}}::hf0a74bb58798037f
[INFO] [stdout]                                at /rustc/53fd98ca776cb875bc9e5514f56b52eb74f9e7a9/library/std/src/thread/mod.rs:476:17
[INFO] [stdout]   32:     0x562c7ddab678 - <std::panic::AssertUnwindSafe<F> as core::ops::function::FnOnce<()>>::call_once::hb024e854818586ac
[INFO] [stdout]                                at /rustc/53fd98ca776cb875bc9e5514f56b52eb74f9e7a9/library/std/src/panic.rs:347:9
[INFO] [stdout]   33:     0x562c7ddab678 - std::panicking::try::do_call::hb2dd9f1d0d48e41d
[INFO] [stdout]                                at /rustc/53fd98ca776cb875bc9e5514f56b52eb74f9e7a9/library/std/src/panicking.rs:401:40
[INFO] [stdout]   34:     0x562c7ddab678 - std::panicking::try::h4717ae7bac8b2bf3
[INFO] [stdout]                                at /rustc/53fd98ca776cb875bc9e5514f56b52eb74f9e7a9/library/std/src/panicking.rs:365:19
[INFO] [stdout]   35:     0x562c7ddab678 - std::panic::catch_unwind::h0dc8a061326ce8d8
[INFO] [stdout]                                at /rustc/53fd98ca776cb875bc9e5514f56b52eb74f9e7a9/library/std/src/panic.rs:434:14
[INFO] [stdout]   36:     0x562c7ddab678 - std::thread::Builder::spawn_unchecked::{{closure}}::haa369e2d6fd00aa1
[INFO] [stdout]                                at /rustc/53fd98ca776cb875bc9e5514f56b52eb74f9e7a9/library/std/src/thread/mod.rs:475:30
[INFO] [stdout]   37:     0x562c7ddab678 - core::ops::function::FnOnce::call_once{{vtable.shim}}::h36dcf3de8b056f17
[INFO] [stdout]                                at /rustc/53fd98ca776cb875bc9e5514f56b52eb74f9e7a9/library/core/src/ops/function.rs:227:5
[INFO] [stdout]   38:     0x562c7e51cad7 - <alloc::boxed::Box<F,A> as core::ops::function::FnOnce<Args>>::call_once::h65c29e4642be2358
[INFO] [stdout]                                at /rustc/53fd98ca776cb875bc9e5514f56b52eb74f9e7a9/library/alloc/src/boxed.rs:1572:9
[INFO] [stdout]   39:     0x562c7e51cad7 - <alloc::boxed::Box<F,A> as core::ops::function::FnOnce<Args>>::call_once::hd0f8f7fbbd9fffbf
[INFO] [stdout]                                at /rustc/53fd98ca776cb875bc9e5514f56b52eb74f9e7a9/library/alloc/src/boxed.rs:1572:9
[INFO] [stdout]   40:     0x562c7e51cad7 - std::sys::unix::thread::Thread::new::thread_start::h2fd22fee3ca77b65
[INFO] [stdout]                                at /rustc/53fd98ca776cb875bc9e5514f56b52eb74f9e7a9/library/std/src/sys/unix/thread.rs:74:17
[INFO] [stdout]   41:     0x7f78d3fe9609 - start_thread
[INFO] [stdout]   42:     0x7f78d3dbb293 - clone
[INFO] [stdout]   43:                0x0 - <unknown>
[INFO] [stdout] 
[INFO] [stdout] ---- is_up::tests::google_is_up stdout ----
[INFO] [stdout] Error: "An unknown error has occured."
[INFO] [stdout] thread 'is_up::tests::google_is_up' panicked at 'assertion failed: `(left == right)`
[INFO] [stdout]   left: `1`,
[INFO] [stdout]  right: `0`: the test returned a termination value with a non-zero status code (1) which indicates a failure', /rustc/53fd98ca776cb875bc9e5514f56b52eb74f9e7a9/library/test/src/lib.rs:194:5
[INFO] [stdout] stack backtrace:
[INFO] [stdout]    0:     0x562c7e514da0 - std::backtrace_rs::backtrace::libunwind::trace::hff4d1766e93f64f1
[INFO] [stdout]                                at /rustc/53fd98ca776cb875bc9e5514f56b52eb74f9e7a9/library/std/src/../../backtrace/src/backtrace/libunwind.rs:90:5
[INFO] [stdout]    1:     0x562c7e514da0 - std::backtrace_rs::backtrace::trace_unsynchronized::h56bbc8eb78770bcb
[INFO] [stdout]                                at /rustc/53fd98ca776cb875bc9e5514f56b52eb74f9e7a9/library/std/src/../../backtrace/src/backtrace/mod.rs:66:5
[INFO] [stdout]    2:     0x562c7e514da0 - std::sys_common::backtrace::_print_fmt::h5c8e75464faca780
[INFO] [stdout]                                at /rustc/53fd98ca776cb875bc9e5514f56b52eb74f9e7a9/library/std/src/sys_common/backtrace.rs:67:5
[INFO] [stdout]    3:     0x562c7e514da0 - <std::sys_common::backtrace::_print::DisplayBacktrace as core::fmt::Display>::fmt::h48b88277def8b362
[INFO] [stdout]                                at /rustc/53fd98ca776cb875bc9e5514f56b52eb74f9e7a9/library/std/src/sys_common/backtrace.rs:46:22
[INFO] [stdout]    4:     0x562c7e53941c - core::fmt::write::h3381b3176fe2b3d3
[INFO] [stdout]                                at /rustc/53fd98ca776cb875bc9e5514f56b52eb74f9e7a9/library/core/src/fmt/mod.rs:1115:17
[INFO] [stdout]    5:     0x562c7e50e865 - std::io::Write::write_fmt::h5f34a676f60246b5
[INFO] [stdout]                                at /rustc/53fd98ca776cb875bc9e5514f56b52eb74f9e7a9/library/std/src/io/mod.rs:1665:15
[INFO] [stdout]    6:     0x562c7e516fbb - std::sys_common::backtrace::_print::ha537687d6c17dd0d
[INFO] [stdout]                                at /rustc/53fd98ca776cb875bc9e5514f56b52eb74f9e7a9/library/std/src/sys_common/backtrace.rs:49:5
[INFO] [stdout]    7:     0x562c7e516fbb - std::sys_common::backtrace::print::h61376ae57d131d72
[INFO] [stdout]                                at /rustc/53fd98ca776cb875bc9e5514f56b52eb74f9e7a9/library/std/src/sys_common/backtrace.rs:36:9
[INFO] [stdout]    8:     0x562c7e516fbb - std::panicking::default_hook::{{closure}}::h0f7208c0b9644a54
[INFO] [stdout]                                at /rustc/53fd98ca776cb875bc9e5514f56b52eb74f9e7a9/library/std/src/panicking.rs:208:50
[INFO] [stdout]    9:     0x562c7e516acc - std::panicking::default_hook::hdac7fc06578c14ce
[INFO] [stdout]                                at /rustc/53fd98ca776cb875bc9e5514f56b52eb74f9e7a9/library/std/src/panicking.rs:222:9
[INFO] [stdout]   10:     0x562c7e517684 - std::panicking::rust_panic_with_hook::h72b21c283da3d1ef
[INFO] [stdout]                                at /rustc/53fd98ca776cb875bc9e5514f56b52eb74f9e7a9/library/std/src/panicking.rs:622:17
[INFO] [stdout]   11:     0x562c7e517167 - std::panicking::begin_panic_handler::{{closure}}::he5778f1729cff84a
[INFO] [stdout]                                at /rustc/53fd98ca776cb875bc9e5514f56b52eb74f9e7a9/library/std/src/panicking.rs:519:13
[INFO] [stdout]   12:     0x562c7e51527c - std::sys_common::backtrace::__rust_end_short_backtrace::h2d11ca8b453b4b1d
[INFO] [stdout]                                at /rustc/53fd98ca776cb875bc9e5514f56b52eb74f9e7a9/library/std/src/sys_common/backtrace.rs:141:18
[INFO] [stdout]   13:     0x562c7e5170c9 - rust_begin_unwind
[INFO] [stdout]                                at /rustc/53fd98ca776cb875bc9e5514f56b52eb74f9e7a9/library/std/src/panicking.rs:515:5
[INFO] [stdout]   14:     0x562c7dd92a11 - core::panicking::panic_fmt::hf9de31d4acbce4db
[INFO] [stdout]                                at /rustc/53fd98ca776cb875bc9e5514f56b52eb74f9e7a9/library/core/src/panicking.rs:92:14
[INFO] [stdout]   15:     0x562c7e537e1e - core::panicking::assert_failed_inner::h62e8cb2847a6e7ec
[INFO] [stdout]   16:     0x562c7e01cf5a - core::panicking::assert_failed::hfcee9740463ab7e7
[INFO] [stdout]                                at /rustc/53fd98ca776cb875bc9e5514f56b52eb74f9e7a9/library/core/src/panicking.rs:117:5
[INFO] [stdout]   17:     0x562c7dd9b313 - test::assert_test_result::h42e802df4acaba9a
[INFO] [stdout]                                at /rustc/53fd98ca776cb875bc9e5514f56b52eb74f9e7a9/library/test/src/lib.rs:194:5
[INFO] [stdout]   18:     0x562c7dda02bd - is_up::is_up::tests::google_is_up::{{closure}}::haed50646a40cec31
[INFO] [stdout]                                at /opt/rustwide/workdir/src/is_up.rs:111:5
[INFO] [stdout]   19:     0x562c7dd9a63e - core::ops::function::FnOnce::call_once::h75dd645dc0f6a90c
[INFO] [stdout]                                at /rustc/53fd98ca776cb875bc9e5514f56b52eb74f9e7a9/library/core/src/ops/function.rs:227:5
[INFO] [stdout]   20:     0x562c7ddd9c63 - core::ops::function::FnOnce::call_once::hbb52c4519d3137b0
[INFO] [stdout]                                at /rustc/53fd98ca776cb875bc9e5514f56b52eb74f9e7a9/library/core/src/ops/function.rs:227:5
[INFO] [stdout]   21:     0x562c7ddd9c63 - test::__rust_begin_short_backtrace::h86fe3a2a5a5121af
[INFO] [stdout]                                at /rustc/53fd98ca776cb875bc9e5514f56b52eb74f9e7a9/library/test/src/lib.rs:578:5
[INFO] [stdout]   22:     0x562c7ddd8718 - <alloc::boxed::Box<F,A> as core::ops::function::FnOnce<Args>>::call_once::hfd956bc3d57399be
[INFO] [stdout]                                at /rustc/53fd98ca776cb875bc9e5514f56b52eb74f9e7a9/library/alloc/src/boxed.rs:1572:9
[INFO] [stdout]   23:     0x562c7ddd8718 - <std::panic::AssertUnwindSafe<F> as core::ops::function::FnOnce<()>>::call_once::h40dc93e0ddb5938a
[INFO] [stdout]                                at /rustc/53fd98ca776cb875bc9e5514f56b52eb74f9e7a9/library/std/src/panic.rs:347:9
[INFO] [stdout]   24:     0x562c7ddd8718 - std::panicking::try::do_call::h90d07750cb47c562
[INFO] [stdout]                                at /rustc/53fd98ca776cb875bc9e5514f56b52eb74f9e7a9/library/std/src/panicking.rs:401:40
[INFO] [stdout]   25:     0x562c7ddd8718 - std::panicking::try::h063c84733ad2a629
[INFO] [stdout]                                at /rustc/53fd98ca776cb875bc9e5514f56b52eb74f9e7a9/library/std/src/panicking.rs:365:19
[INFO] [stdout]   26:     0x562c7ddd8718 - std::panic::catch_unwind::h0c464836a84e7c08
[INFO] [stdout]                                at /rustc/53fd98ca776cb875bc9e5514f56b52eb74f9e7a9/library/std/src/panic.rs:434:14
[INFO] [stdout]   27:     0x562c7ddd8718 - test::run_test_in_process::h5cb06ef620b157fc
[INFO] [stdout]                                at /rustc/53fd98ca776cb875bc9e5514f56b52eb74f9e7a9/library/test/src/lib.rs:601:18
[INFO] [stdout]   28:     0x562c7ddd8718 - test::run_test::run_test_inner::{{closure}}::h76f677f4b93f9828
[INFO] [stdout]                                at /rustc/53fd98ca776cb875bc9e5514f56b52eb74f9e7a9/library/test/src/lib.rs:493:39
[INFO] [stdout]   29:     0x562c7dda6ead - test::run_test::run_test_inner::{{closure}}::h366d01fe04f4d67a
[INFO] [stdout]                                at /rustc/53fd98ca776cb875bc9e5514f56b52eb74f9e7a9/library/test/src/lib.rs:520:37
[INFO] [stdout]   30:     0x562c7dda6ead - std::sys_common::backtrace::__rust_begin_short_backtrace::h7dfa0de4eb395af2
[INFO] [stdout]                                at /rustc/53fd98ca776cb875bc9e5514f56b52eb74f9e7a9/library/std/src/sys_common/backtrace.rs:125:18
[INFO] [stdout]   31:     0x562c7ddab678 - std::thread::Builder::spawn_unchecked::{{closure}}::{{closure}}::hf0a74bb58798037f
[INFO] [stdout]                                at /rustc/53fd98ca776cb875bc9e5514f56b52eb74f9e7a9/library/std/src/thread/mod.rs:476:17
[INFO] [stdout]   32:     0x562c7ddab678 - <std::panic::AssertUnwindSafe<F> as core::ops::function::FnOnce<()>>::call_once::hb024e854818586ac
[INFO] [stdout]                                at /rustc/53fd98ca776cb875bc9e5514f56b52eb74f9e7a9/library/std/src/panic.rs:347:9
[INFO] [stdout]   33:     0x562c7ddab678 - std::panicking::try::do_call::hb2dd9f1d0d48e41d
[INFO] [stdout]                                at /rustc/53fd98ca776cb875bc9e5514f56b52eb74f9e7a9/library/std/src/panicking.rs:401:40
[INFO] [stdout]   34:     0x562c7ddab678 - std::panicking::try::h4717ae7bac8b2bf3
[INFO] [stdout]                                at /rustc/53fd98ca776cb875bc9e5514f56b52eb74f9e7a9/library/std/src/panicking.rs:365:19
[INFO] [stdout]   35:     0x562c7ddab678 - std::panic::catch_unwind::h0dc8a061326ce8d8
[INFO] [stdout]                                at /rustc/53fd98ca776cb875bc9e5514f56b52eb74f9e7a9/library/std/src/panic.rs:434:14
[INFO] [stdout]   36:     0x562c7ddab678 - std::thread::Builder::spawn_unchecked::{{closure}}::haa369e2d6fd00aa1
[INFO] [stdout]                                at /rustc/53fd98ca776cb875bc9e5514f56b52eb74f9e7a9/library/std/src/thread/mod.rs:475:30
[INFO] [stdout]   37:     0x562c7ddab678 - core::ops::function::FnOnce::call_once{{vtable.shim}}::h36dcf3de8b056f17
[INFO] [stdout]                                at /rustc/53fd98ca776cb875bc9e5514f56b52eb74f9e7a9/library/core/src/ops/function.rs:227:5
[INFO] [stdout]   38:     0x562c7e51cad7 - <alloc::boxed::Box<F,A> as core::ops::function::FnOnce<Args>>::call_once::h65c29e4642be2358
[INFO] [stdout]                                at /rustc/53fd98ca776cb875bc9e5514f56b52eb74f9e7a9/library/alloc/src/boxed.rs:1572:9
[INFO] [stdout]   39:     0x562c7e51cad7 - <alloc::boxed::Box<F,A> as core::ops::function::FnOnce<Args>>::call_once::hd0f8f7fbbd9fffbf
[INFO] [stdout]                                at /rustc/53fd98ca776cb875bc9e5514f56b52eb74f9e7a9/library/alloc/src/boxed.rs:1572:9
[INFO] [stdout]   40:     0x562c7e51cad7 - std::sys::unix::thread::Thread::new::thread_start::h2fd22fee3ca77b65
[INFO] [stdout]                                at /rustc/53fd98ca776cb875bc9e5514f56b52eb74f9e7a9/library/std/src/sys/unix/thread.rs:74:17
[INFO] [stdout]   41:     0x7f78d3fe9609 - start_thread
[INFO] [stdout]   42:     0x7f78d3dbb293 - clone
[INFO] [stdout]   43:                0x0 - <unknown>
[INFO] [stdout] 
[INFO] [stdout] ---- commands::tests::test_once stdout ----
[INFO] [stdout] thread 'commands::tests::test_once' panicked at 'called `Result::unwrap()` on an `Err` value: Error(Boxed { inner: ForeignOwned(0x7f78cc002330) })', src/notifications.rs:7:14
[INFO] [stdout] stack backtrace:
[INFO] [stdout]    0:     0x562c7e514da0 - std::backtrace_rs::backtrace::libunwind::trace::hff4d1766e93f64f1
[INFO] [stdout]                                at /rustc/53fd98ca776cb875bc9e5514f56b52eb74f9e7a9/library/std/src/../../backtrace/src/backtrace/libunwind.rs:90:5
[INFO] [stdout]    1:     0x562c7e514da0 - std::backtrace_rs::backtrace::trace_unsynchronized::h56bbc8eb78770bcb
[INFO] [stdout]                                at /rustc/53fd98ca776cb875bc9e5514f56b52eb74f9e7a9/library/std/src/../../backtrace/src/backtrace/mod.rs:66:5
[INFO] [stdout]    2:     0x562c7e514da0 - std::sys_common::backtrace::_print_fmt::h5c8e75464faca780
[INFO] [stdout]                                at /rustc/53fd98ca776cb875bc9e5514f56b52eb74f9e7a9/library/std/src/sys_common/backtrace.rs:67:5
[INFO] [stdout]    3:     0x562c7e514da0 - <std::sys_common::backtrace::_print::DisplayBacktrace as core::fmt::Display>::fmt::h48b88277def8b362
[INFO] [stdout]                                at /rustc/53fd98ca776cb875bc9e5514f56b52eb74f9e7a9/library/std/src/sys_common/backtrace.rs:46:22
[INFO] [stdout]    4:     0x562c7e53941c - core::fmt::write::h3381b3176fe2b3d3
[INFO] [stdout]                                at /rustc/53fd98ca776cb875bc9e5514f56b52eb74f9e7a9/library/core/src/fmt/mod.rs:1115:17
[INFO] [stdout]    5:     0x562c7e50e865 - std::io::Write::write_fmt::h5f34a676f60246b5
[INFO] [stdout]                                at /rustc/53fd98ca776cb875bc9e5514f56b52eb74f9e7a9/library/std/src/io/mod.rs:1665:15
[INFO] [stdout]    6:     0x562c7e516fbb - std::sys_common::backtrace::_print::ha537687d6c17dd0d
[INFO] [stdout]                                at /rustc/53fd98ca776cb875bc9e5514f56b52eb74f9e7a9/library/std/src/sys_common/backtrace.rs:49:5
[INFO] [stdout]    7:     0x562c7e516fbb - std::sys_common::backtrace::print::h61376ae57d131d72
[INFO] [stdout]                                at /rustc/53fd98ca776cb875bc9e5514f56b52eb74f9e7a9/library/std/src/sys_common/backtrace.rs:36:9
[INFO] [stdout]    8:     0x562c7e516fbb - std::panicking::default_hook::{{closure}}::h0f7208c0b9644a54
[INFO] [stdout]                                at /rustc/53fd98ca776cb875bc9e5514f56b52eb74f9e7a9/library/std/src/panicking.rs:208:50
[INFO] [stdout]    9:     0x562c7e516acc - std::panicking::default_hook::hdac7fc06578c14ce
[INFO] [stdout]                                at /rustc/53fd98ca776cb875bc9e5514f56b52eb74f9e7a9/library/std/src/panicking.rs:222:9
[INFO] [stdout]   10:     0x562c7e517684 - std::panicking::rust_panic_with_hook::h72b21c283da3d1ef
[INFO] [stdout]                                at /rustc/53fd98ca776cb875bc9e5514f56b52eb74f9e7a9/library/std/src/panicking.rs:622:17
[INFO] [stdout]   11:     0x562c7e517167 - std::panicking::begin_panic_handler::{{closure}}::he5778f1729cff84a
[INFO] [stdout]                                at /rustc/53fd98ca776cb875bc9e5514f56b52eb74f9e7a9/library/std/src/panicking.rs:519:13
[INFO] [stdout]   12:     0x562c7e51527c - std::sys_common::backtrace::__rust_end_short_backtrace::h2d11ca8b453b4b1d
[INFO] [stdout]                                at /rustc/53fd98ca776cb875bc9e5514f56b52eb74f9e7a9/library/std/src/sys_common/backtrace.rs:141:18
[INFO] [stdout]   13:     0x562c7e5170c9 - rust_begin_unwind
[INFO] [stdout]                                at /rustc/53fd98ca776cb875bc9e5514f56b52eb74f9e7a9/library/std/src/panicking.rs:515:5
[INFO] [stdout]   14:     0x562c7dd92a11 - core::panicking::panic_fmt::hf9de31d4acbce4db
[INFO] [stdout]                                at /rustc/53fd98ca776cb875bc9e5514f56b52eb74f9e7a9/library/core/src/panicking.rs:92:14
[INFO] [stdout]   15:     0x562c7dd92b03 - core::result::unwrap_failed::ha0c84e81219e5878
[INFO] [stdout]                                at /rustc/53fd98ca776cb875bc9e5514f56b52eb74f9e7a9/library/core/src/result.rs:1599:5
[INFO] [stdout]   16:     0x562c7dda35aa - core::result::Result<T,E>::unwrap::h357a0564cf162b5e
[INFO] [stdout]                                at /rustc/53fd98ca776cb875bc9e5514f56b52eb74f9e7a9/library/core/src/result.rs:1281:23
[INFO] [stdout]   17:     0x562c7dd9c3e9 - is_up::notifications::send_notification::h2f06ba4440cd4e00
[INFO] [stdout]                                at /opt/rustwide/workdir/src/notifications.rs:7:5
[INFO] [stdout]   18:     0x562c7dda1df6 - is_up::is_up::run_check::hfbd4dd2c3cd432ff
[INFO] [stdout]                                at /opt/rustwide/workdir/src/is_up.rs:104:19
[INFO] [stdout]   19:     0x562c7dda2fe3 - is_up::commands::once::once::h645330f4c9f42b01
[INFO] [stdout]                                at /opt/rustwide/workdir/src/commands/once.rs:9:5
[INFO] [stdout]   20:     0x562c7dd99682 - is_up::commands::tests::test_once::h958ff123f272d042
[INFO] [stdout]                                at /opt/rustwide/workdir/src/commands/mod.rs:41:9
[INFO] [stdout]   21:     0x562c7dd9965a - is_up::commands::tests::test_once::{{closure}}::h89d28e7ce5f727b8
[INFO] [stdout]                                at /opt/rustwide/workdir/src/commands/mod.rs:40:5
[INFO] [stdout]   22:     0x562c7dd9a5fe - core::ops::function::FnOnce::call_once::h5e42fc8ad3beb444
[INFO] [stdout]                                at /rustc/53fd98ca776cb875bc9e5514f56b52eb74f9e7a9/library/core/src/ops/function.rs:227:5
[INFO] [stdout]   23:     0x562c7ddd9c63 - core::ops::function::FnOnce::call_once::hbb52c4519d3137b0
[INFO] [stdout]                                at /rustc/53fd98ca776cb875bc9e5514f56b52eb74f9e7a9/library/core/src/ops/function.rs:227:5
[INFO] [stdout]   24:     0x562c7ddd9c63 - test::__rust_begin_short_backtrace::h86fe3a2a5a5121af
[INFO] [stdout]                                at /rustc/53fd98ca776cb875bc9e5514f56b52eb74f9e7a9/library/test/src/lib.rs:578:5
[INFO] [stdout]   25:     0x562c7ddd8718 - <alloc::boxed::Box<F,A> as core::ops::function::FnOnce<Args>>::call_once::hfd956bc3d57399be
[INFO] [stdout]                                at /rustc/53fd98ca776cb875bc9e5514f56b52eb74f9e7a9/library/alloc/src/boxed.rs:1572:9
[INFO] [stdout]   26:     0x562c7ddd8718 - <std::panic::AssertUnwindSafe<F> as core::ops::function::FnOnce<()>>::call_once::h40dc93e0ddb5938a
[INFO] [stdout]                                at /rustc/53fd98ca776cb875bc9e5514f56b52eb74f9e7a9/library/std/src/panic.rs:347:9
[INFO] [stdout]   27:     0x562c7ddd8718 - std::panicking::try::do_call::h90d07750cb47c562
[INFO] [stdout]                                at /rustc/53fd98ca776cb875bc9e5514f56b52eb74f9e7a9/library/std/src/panicking.rs:401:40
[INFO] [stdout]   28:     0x562c7ddd8718 - std::panicking::try::h063c84733ad2a629
[INFO] [stdout]                                at /rustc/53fd98ca776cb875bc9e5514f56b52eb74f9e7a9/library/std/src/panicking.rs:365:19
[INFO] [stdout]   29:     0x562c7ddd8718 - std::panic::catch_unwind::h0c464836a84e7c08
[INFO] [stdout]                                at /rustc/53fd98ca776cb875bc9e5514f56b52eb74f9e7a9/library/std/src/panic.rs:434:14
[INFO] [stdout]   30:     0x562c7ddd8718 - test::run_test_in_process::h5cb06ef620b157fc
[INFO] [stdout]                                at /rustc/53fd98ca776cb875bc9e5514f56b52eb74f9e7a9/library/test/src/lib.rs:601:18
[INFO] [stdout]   31:     0x562c7ddd8718 - test::run_test::run_test_inner::{{closure}}::h76f677f4b93f9828
[INFO] [stdout]                                at /rustc/53fd98ca776cb875bc9e5514f56b52eb74f9e7a9/library/test/src/lib.rs:493:39
[INFO] [stdout]   32:     0x562c7dda6ead - test::run_test::run_test_inner::{{closure}}::h366d01fe04f4d67a
[INFO] [stdout]                                at /rustc/53fd98ca776cb875bc9e5514f56b52eb74f9e7a9/library/test/src/lib.rs:520:37
[INFO] [stdout]   33:     0x562c7dda6ead - std::sys_common::backtrace::__rust_begin_short_backtrace::h7dfa0de4eb395af2
[INFO] [stdout]                                at /rustc/53fd98ca776cb875bc9e5514f56b52eb74f9e7a9/library/std/src/sys_common/backtrace.rs:125:18
[INFO] [stdout]   34:     0x562c7ddab678 - std::thread::Builder::spawn_unchecked::{{closure}}::{{closure}}::hf0a74bb58798037f
[INFO] [stdout]                                at /rustc/53fd98ca776cb875bc9e5514f56b52eb74f9e7a9/library/std/src/thread/mod.rs:476:17
[INFO] [stdout]   35:     0x562c7ddab678 - <std::panic::AssertUnwindSafe<F> as core::ops::function::FnOnce<()>>::call_once::hb024e854818586ac
[INFO] [stdout]                                at /rustc/53fd98ca776cb875bc9e5514f56b52eb74f9e7a9/library/std/src/panic.rs:347:9
[INFO] [stdout]   36:     0x562c7ddab678 - std::panicking::try::do_call::hb2dd9f1d0d48e41d
[INFO] [stdout]                                at /rustc/53fd98ca776cb875bc9e5514f56b52eb74f9e7a9/library/std/src/panicking.rs:401:40
[INFO] [stdout]   37:     0x562c7ddab678 - std::panicking::try::h4717ae7bac8b2bf3
[INFO] [stdout]                                at /rustc/53fd98ca776cb875bc9e5514f56b52eb74f9e7a9/library/std/src/panicking.rs:365:19
[INFO] [stdout]   38:     0x562c7ddab678 - std::panic::catch_unwind::h0dc8a061326ce8d8
[INFO] [stdout]                                at /rustc/53fd98ca776cb875bc9e5514f56b52eb74f9e7a9/library/std/src/panic.rs:434:14
[INFO] [stdout]   39:     0x562c7ddab678 - std::thread::Builder::spawn_unchecked::{{closure}}::haa369e2d6fd00aa1
[INFO] [stdout]                                at /rustc/53fd98ca776cb875bc9e5514f56b52eb74f9e7a9/library/std/src/thread/mod.rs:475:30
[INFO] [stdout]   40:     0x562c7ddab678 - core::ops::function::FnOnce::call_once{{vtable.shim}}::h36dcf3de8b056f17
[INFO] [stdout]                                at /rustc/53fd98ca776cb875bc9e5514f56b52eb74f9e7a9/library/core/src/ops/function.rs:227:5
[INFO] [stdout]   41:     0x562c7e51cad7 - <alloc::boxed::Box<F,A> as core::ops::function::FnOnce<Args>>::call_once::h65c29e4642be2358
[INFO] [stdout]                                at /rustc/53fd98ca776cb875bc9e5514f56b52eb74f9e7a9/library/alloc/src/boxed.rs:1572:9
[INFO] [stdout]   42:     0x562c7e51cad7 - <alloc::boxed::Box<F,A> as core::ops::function::FnOnce<Args>>::call_once::hd0f8f7fbbd9fffbf
[INFO] [stdout]                                at /rustc/53fd98ca776cb875bc9e5514f56b52eb74f9e7a9/library/alloc/src/boxed.rs:1572:9
[INFO] [stdout]   43:     0x562c7e51cad7 - std::sys::unix::thread::Thread::new::thread_start::h2fd22fee3ca77b65
[INFO] [stdout]                                at /rustc/53fd98ca776cb875bc9e5514f56b52eb74f9e7a9/library/std/src/sys/unix/thread.rs:74:17
[INFO] [stdout]   44:     0x7f78d3fe9609 - start_thread
[INFO] [stdout]   45:     0x7f78d3dbb293 - clone
[INFO] [stdout]   46:                0x0 - <unknown>
[INFO] [stdout] 
[INFO] [stdout] ---- commands::tests::test_run stdout ----
[INFO] [stdout] thread 'commands::tests::test_run' panicked at 'called `Result::unwrap()` on an `Err` value: Error(Boxed { inner: ForeignOwned(0x7f78b8000db0) })', src/notifications.rs:7:14
[INFO] [stdout] stack backtrace:
[INFO] [stdout]    0:     0x562c7e514da0 - std::backtrace_rs::backtrace::libunwind::trace::hff4d1766e93f64f1
[INFO] [stdout]                                at /rustc/53fd98ca776cb875bc9e5514f56b52eb74f9e7a9/library/std/src/../../backtrace/src/backtrace/libunwind.rs:90:5
[INFO] [stdout]    1:     0x562c7e514da0 - std::backtrace_rs::backtrace::trace_unsynchronized::h56bbc8eb78770bcb
[INFO] [stdout]                                at /rustc/53fd98ca776cb875bc9e5514f56b52eb74f9e7a9/library/std/src/../../backtrace/src/backtrace/mod.rs:66:5
[INFO] [stdout]    2:     0x562c7e514da0 - std::sys_common::backtrace::_print_fmt::h5c8e75464faca780
[INFO] [stdout]                                at /rustc/53fd98ca776cb875bc9e5514f56b52eb74f9e7a9/library/std/src/sys_common/backtrace.rs:67:5
[INFO] [stdout]    3:     0x562c7e514da0 - <std::sys_common::backtrace::_print::DisplayBacktrace as core::fmt::Display>::fmt::h48b88277def8b362
[INFO] [stdout]                                at /rustc/53fd98ca776cb875bc9e5514f56b52eb74f9e7a9/library/std/src/sys_common/backtrace.rs:46:22
[INFO] [stdout]    4:     0x562c7e53941c - core::fmt::write::h3381b3176fe2b3d3
[INFO] [stdout]                                at /rustc/53fd98ca776cb875bc9e5514f56b52eb74f9e7a9/library/core/src/fmt/mod.rs:1115:17
[INFO] [stdout]    5:     0x562c7e50e865 - std::io::Write::write_fmt::h5f34a676f60246b5
[INFO] [stdout]                                at /rustc/53fd98ca776cb875bc9e5514f56b52eb74f9e7a9/library/std/src/io/mod.rs:1665:15
[INFO] [stdout]    6:     0x562c7e516fbb - std::sys_common::backtrace::_print::ha537687d6c17dd0d
[INFO] [stdout]                                at /rustc/53fd98ca776cb875bc9e5514f56b52eb74f9e7a9/library/std/src/sys_common/backtrace.rs:49:5
[INFO] [stdout]    7:     0x562c7e516fbb - std::sys_common::backtrace::print::h61376ae57d131d72
[INFO] [stdout]                                at /rustc/53fd98ca776cb875bc9e5514f56b52eb74f9e7a9/library/std/src/sys_common/backtrace.rs:36:9
[INFO] [stdout]    8:     0x562c7e516fbb - std::panicking::default_hook::{{closure}}::h0f7208c0b9644a54
[INFO] [stdout]                                at /rustc/53fd98ca776cb875bc9e5514f56b52eb74f9e7a9/library/std/src/panicking.rs:208:50
[INFO] [stdout]    9:     0x562c7e516acc - std::panicking::default_hook::hdac7fc06578c14ce
[INFO] [stdout]                                at /rustc/53fd98ca776cb875bc9e5514f56b52eb74f9e7a9/library/std/src/panicking.rs:222:9
[INFO] [stdout]   10:     0x562c7e517684 - std::panicking::rust_panic_with_hook::h72b21c283da3d1ef
[INFO] [stdout]                                at /rustc/53fd98ca776cb875bc9e5514f56b52eb74f9e7a9/library/std/src/panicking.rs:622:17
[INFO] [stdout]   11:     0x562c7e517167 - std::panicking::begin_panic_handler::{{closure}}::he5778f1729cff84a
[INFO] [stdout]                                at /rustc/53fd98ca776cb875bc9e5514f56b52eb74f9e7a9/library/std/src/panicking.rs:519:13
[INFO] [stdout]   12:     0x562c7e51527c - std::sys_common::backtrace::__rust_end_short_backtrace::h2d11ca8b453b4b1d
[INFO] [stdout]                                at /rustc/53fd98ca776cb875bc9e5514f56b52eb74f9e7a9/library/std/src/sys_common/backtrace.rs:141:18
[INFO] [stdout]   13:     0x562c7e5170c9 - rust_begin_unwind
[INFO] [stdout]                                at /rustc/53fd98ca776cb875bc9e5514f56b52eb74f9e7a9/library/std/src/panicking.rs:515:5
[INFO] [stdout]   14:     0x562c7dd92a11 - core::panicking::panic_fmt::hf9de31d4acbce4db
[INFO] [stdout]                                at /rustc/53fd98ca776cb875bc9e5514f56b52eb74f9e7a9/library/core/src/panicking.rs:92:14
[INFO] [stdout]   15:     0x562c7dd92b03 - core::result::unwrap_failed::ha0c84e81219e5878
[INFO] [stdout]                                at /rustc/53fd98ca776cb875bc9e5514f56b52eb74f9e7a9/library/core/src/result.rs:1599:5
[INFO] [stdout]   16:     0x562c7dda35aa - core::result::Result<T,E>::unwrap::h357a0564cf162b5e
[INFO] [stdout]                                at /rustc/53fd98ca776cb875bc9e5514f56b52eb74f9e7a9/library/core/src/result.rs:1281:23
[INFO] [stdout]   17:     0x562c7dd9c3e9 - is_up::notifications::send_notification::h2f06ba4440cd4e00
[INFO] [stdout]                                at /opt/rustwide/workdir/src/notifications.rs:7:5
[INFO] [stdout]   18:     0x562c7dda1df6 - is_up::is_up::run_check::hfbd4dd2c3cd432ff
[INFO] [stdout]                                at /opt/rustwide/workdir/src/is_up.rs:104:19
[INFO] [stdout]   19:     0x562c7dd9d90e - is_up::commands::run::run::{{closure}}::hdc4f258eccc13eac
[INFO] [stdout]                                at /opt/rustwide/workdir/src/commands/run.rs:8:9
[INFO] [stdout]   20:     0x562c7dd9cfab - core::ops::function::impls::<impl core::ops::function::FnMut<A> for &F>::call_mut::h10c8c2aa33e4a89a
[INFO] [stdout]                                at /rustc/53fd98ca776cb875bc9e5514f56b52eb74f9e7a9/library/core/src/ops/function.rs:247:13
[INFO] [stdout]   21:     0x562c7dd95f88 - <core::slice::iter::Iter<T> as core::iter::traits::iterator::Iterator>::for_each::h93698324d7c4c673
[INFO] [stdout]                                at /rustc/53fd98ca776cb875bc9e5514f56b52eb74f9e7a9/library/core/src/slice/iter/macros.rs:203:21
[INFO] [stdout]   22:     0x562c7dd96045 - <rayon::iter::for_each::ForEachConsumer<F> as rayon::iter::plumbing::Folder<T>>::consume_iter::h97130bdaade6cb68
[INFO] [stdout]                                at /opt/rustwide/cargo-home/registry/src/github.com-1ecc6299db9ec823/rayon-1.2.0/src/iter/for_each.rs:55:9
[INFO] [stdout]   23:     0x562c7dd97832 - rayon::iter::plumbing::Producer::fold_with::he1be377e66701b01
[INFO] [stdout]                                at /opt/rustwide/cargo-home/registry/src/github.com-1ecc6299db9ec823/rayon-1.2.0/src/iter/plumbing/mod.rs:110:9
[INFO] [stdout]   24:     0x562c7dda0cc4 - rayon::iter::plumbing::bridge_producer_consumer::helper::h4c8356e3ce8e8b00
[INFO] [stdout]                                at /opt/rustwide/cargo-home/registry/src/github.com-1ecc6299db9ec823/rayon-1.2.0/src/iter/plumbing/mod.rs:438:13
[INFO] [stdout]   25:     0x562c7dda07fc - rayon::iter::plumbing::bridge_producer_consumer::h3f45805ae636e86f
[INFO] [stdout]                                at /opt/rustwide/cargo-home/registry/src/github.com-1ecc6299db9ec823/rayon-1.2.0/src/iter/plumbing/mod.rs:397:12
[INFO] [stdout]   26:     0x562c7dda05c7 - <rayon::iter::plumbing::bridge::Callback<C> as rayon::iter::plumbing::ProducerCallback<I>>::callback::ha190ac6c9bf8a63d
[INFO] [stdout]                                at /opt/rustwide/cargo-home/registry/src/github.com-1ecc6299db9ec823/rayon-1.2.0/src/iter/plumbing/mod.rs:373:13
[INFO] [stdout]   27:     0x562c7dd97ccb - <rayon::slice::Iter<T> as rayon::iter::IndexedParallelIterator>::with_producer::h5fd53d10d9e3fe4e
[INFO] [stdout]                                at /opt/rustwide/cargo-home/registry/src/github.com-1ecc6299db9ec823/rayon-1.2.0/src/slice/mod.rs:487:9
[INFO] [stdout]   28:     0x562c7dda0f6d - rayon::iter::plumbing::bridge::h6a92c0a6fb5d948a
[INFO] [stdout]                                at /opt/rustwide/cargo-home/registry/src/github.com-1ecc6299db9ec823/rayon-1.2.0/src/iter/plumbing/mod.rs:357:12
[INFO] [stdout]   29:     0x562c7dd979a7 - <rayon::slice::Iter<T> as rayon::iter::ParallelIterator>::drive_unindexed::h9d45d50683c503d4
[INFO] [stdout]                                at /opt/rustwide/cargo-home/registry/src/github.com-1ecc6299db9ec823/rayon-1.2.0/src/slice/mod.rs:463:9
[INFO] [stdout]   30:     0x562c7dd96c12 - rayon::iter::for_each::for_each::h96343fdea701c971
[INFO] [stdout]                                at /opt/rustwide/cargo-home/registry/src/github.com-1ecc6299db9ec823/rayon-1.2.0/src/iter/for_each.rs:12:5
[INFO] [stdout]   31:     0x562c7dd97796 - rayon::iter::ParallelIterator::for_each::h5fbdfc7371332540
[INFO] [stdout]                                at /opt/rustwide/cargo-home/registry/src/github.com-1ecc6299db9ec823/rayon-1.2.0/src/iter/mod.rs:354:9
[INFO] [stdout]   32:     0x562c7dd9d8ae - is_up::commands::run::run::h8273ca29f2d0b8a9
[INFO] [stdout]                                at /opt/rustwide/workdir/src/commands/run.rs:7:5
[INFO] [stdout]   33:     0x562c7dd996c4 - is_up::commands::tests::test_run::h9318eacad4095be5
[INFO] [stdout]                                at /opt/rustwide/workdir/src/commands/mod.rs:45:9
[INFO] [stdout]   34:     0x562c7dd9969a - is_up::commands::tests::test_run::{{closure}}::h0da7e1fd922931c7
[INFO] [stdout]                                at /opt/rustwide/workdir/src/commands/mod.rs:44:5
[INFO] [stdout]   35:     0x562c7dd9a75e - core::ops::function::FnOnce::call_once::hfea0056fda3b8c10
[INFO] [stdout]                                at /rustc/53fd98ca776cb875bc9e5514f56b52eb74f9e7a9/library/core/src/ops/function.rs:227:5
[INFO] [stdout]   36:     0x562c7ddd9c63 - core::ops::function::FnOnce::call_once::hbb52c4519d3137b0
[INFO] [stdout]                                at /rustc/53fd98ca776cb875bc9e5514f56b52eb74f9e7a9/library/core/src/ops/function.rs:227:5
[INFO] [stdout]   37:     0x562c7ddd9c63 - test::__rust_begin_short_backtrace::h86fe3a2a5a5121af
[INFO] [stdout]                                at /rustc/53fd98ca776cb875bc9e5514f56b52eb74f9e7a9/library/test/src/lib.rs:578:5
[INFO] [stdout]   38:     0x562c7ddd8718 - <alloc::boxed::Box<F,A> as core::ops::function::FnOnce<Args>>::call_once::hfd956bc3d57399be
[INFO] [stdout]                                at /rustc/53fd98ca776cb875bc9e5514f56b52eb74f9e7a9/library/alloc/src/boxed.rs:1572:9
[INFO] [stdout]   39:     0x562c7ddd8718 - <std::panic::AssertUnwindSafe<F> as core::ops::function::FnOnce<()>>::call_once::h40dc93e0ddb5938a
[INFO] [stdout]                                at /rustc/53fd98ca776cb875bc9e5514f56b52eb74f9e7a9/library/std/src/panic.rs:347:9
[INFO] [stdout]   40:     0x562c7ddd8718 - std::panicking::try::do_call::h90d07750cb47c562
[INFO] [stdout]                                at /rustc/53fd98ca776cb875bc9e5514f56b52eb74f9e7a9/library/std/src/panicking.rs:401:40
[INFO] [stdout]   41:     0x562c7ddd8718 - std::panicking::try::h063c84733ad2a629
[INFO] [stdout]                                at /rustc/53fd98ca776cb875bc9e5514f56b52eb74f9e7a9/library/std/src/panicking.rs:365:19
[INFO] [stdout]   42:     0x562c7ddd8718 - std::panic::catch_unwind::h0c464836a84e7c08
[INFO] [stdout]                                at /rustc/53fd98ca776cb875bc9e5514f56b52eb74f9e7a9/library/std/src/panic.rs:434:14
[INFO] [stdout]   43:     0x562c7ddd8718 - test::run_test_in_process::h5cb06ef620b157fc
[INFO] [stdout]                                at /rustc/53fd98ca776cb875bc9e5514f56b52eb74f9e7a9/library/test/src/lib.rs:601:18
[INFO] [stdout]   44:     0x562c7ddd8718 - test::run_test::run_test_inner::{{closure}}::h76f677f4b93f9828
[INFO] [stdout]                                at /rustc/53fd98ca776cb875bc9e5514f56b52eb74f9e7a9/library/test/src/lib.rs:493:39
[INFO] [stdout]   45:     0x562c7dda6ead - test::run_test::run_test_inner::{{closure}}::h366d01fe04f4d67a
[INFO] [stdout]                                at /rustc/53fd98ca776cb875bc9e5514f56b52eb74f9e7a9/library/test/src/lib.rs:520:37
[INFO] [stdout]   46:     0x562c7dda6ead - std::sys_common::backtrace::__rust_begin_short_backtrace::h7dfa0de4eb395af2
[INFO] [stdout]                                at /rustc/53fd98ca776cb875bc9e5514f56b52eb74f9e7a9/library/std/src/sys_common/backtrace.rs:125:18
[INFO] [stdout]   47:     0x562c7ddab678 - std::thread::Builder::spawn_unchecked::{{closure}}::{{closure}}::hf0a74bb58798037f
[INFO] [stdout]                                at /rustc/53fd98ca776cb875bc9e5514f56b52eb74f9e7a9/library/std/src/thread/mod.rs:476:17
[INFO] [stdout]   48:     0x562c7ddab678 - <std::panic::AssertUnwindSafe<F> as core::ops::function::FnOnce<()>>::call_once::hb024e854818586ac
[INFO] [stdout]                                at /rustc/53fd98ca776cb875bc9e5514f56b52eb74f9e7a9/library/std/src/panic.rs:347:9
[INFO] [stdout]   49:     0x562c7ddab678 - std::panicking::try::do_call::hb2dd9f1d0d48e41d
[INFO] [stdout]                                at /rustc/53fd98ca776cb875bc9e5514f56b52eb74f9e7a9/library/std/src/panicking.rs:401:40
[INFO] [stdout]   50:     0x562c7ddab678 - std::panicking::try::h4717ae7bac8b2bf3
[INFO] [stdout]                                at /rustc/53fd98ca776cb875bc9e5514f56b52eb74f9e7a9/library/std/src/panicking.rs:365:19
[INFO] [stdout]   51:     0x562c7ddab678 - std::panic::catch_unwind::h0dc8a061326ce8d8
[INFO] [stdout]                                at /rustc/53fd98ca776cb875bc9e5514f56b52eb74f9e7a9/library/std/src/panic.rs:434:14
[INFO] [stdout]   52:     0x562c7ddab678 - std::thread::Builder::spawn_unchecked::{{closure}}::haa369e2d6fd00aa1
[INFO] [stdout]                                at /rustc/53fd98ca776cb875bc9e5514f56b52eb74f9e7a9/library/std/src/thread/mod.rs:475:30
[INFO] [stdout]   53:     0x562c7ddab678 - core::ops::function::FnOnce::call_once{{vtable.shim}}::h36dcf3de8b056f17
[INFO] [stdout]                                at /rustc/53fd98ca776cb875bc9e5514f56b52eb74f9e7a9/library/core/src/ops/function.rs:227:5
[INFO] [stdout]   54:     0x562c7e51cad7 - <alloc::boxed::Box<F,A> as core::ops::function::FnOnce<Args>>::call_once::h65c29e4642be2358
[INFO] [stdout]                                at /rustc/53fd98ca776cb875bc9e5514f56b52eb74f9e7a9/library/alloc/src/boxed.rs:1572:9
[INFO] [stdout]   55:     0x562c7e51cad7 - <alloc::boxed::Box<F,A> as core::ops::function::FnOnce<Args>>::call_once::hd0f8f7fbbd9fffbf
[INFO] [stdout]                                at /rustc/53fd98ca776cb875bc9e5514f56b52eb74f9e7a9/library/alloc/src/boxed.rs:1572:9
[INFO] [stdout]   56:     0x562c7e51cad7 - std::sys::unix::thread::Thread::new::thread_start::h2fd22fee3ca77b65
[INFO] [stdout]                                at /rustc/53fd98ca776cb875bc9e5514f56b52eb74f9e7a9/library/std/src/sys/unix/thread.rs:74:17
[INFO] [stdout]   57:     0x7f78d3fe9609 - start_thread
[INFO] [stdout]   58:     0x7f78d3dbb293 - clone
[INFO] [stdout]   59:                0x0 - <unknown>
[INFO] [stdout] 
[INFO] [stdout] 
[INFO] [stdout] failures:
[INFO] [stdout]     commands::tests::test_once
[INFO] [stdout]     commands::tests::test_run
[INFO] [stdout]     is_up::tests::crates_is_up
[INFO] [stdout]     is_up::tests::google_is_up
[INFO] [stdout] 
[INFO] [stdout] test result: FAILED. 4 passed; 4 failed; 0 ignored; 0 measured; 0 filtered out; finished in 0.85s
[INFO] [stdout] 
[INFO] [stderr] error: test failed, to rerun pass '--bin is-up'
[INFO] running `Command { std: "docker" "inspect" "11f389845ce9d52fdfbb443c1a929ef676b9e70d9a64fc485a5123e8391a92c5", kill_on_drop: false }`
[INFO] running `Command { std: "docker" "rm" "-f" "11f389845ce9d52fdfbb443c1a929ef676b9e70d9a64fc485a5123e8391a92c5", kill_on_drop: false }`
[INFO] [stdout] 11f389845ce9d52fdfbb443c1a929ef676b9e70d9a64fc485a5123e8391a92c5
