[INFO] cloning repository https://github.com/gambl0rdan/bondpricer
[INFO] running `Command { std: "git" "-c" "credential.helper=" "-c" "credential.helper=/workspace/cargo-home/bin/git-credential-null" "clone" "--bare" "https://github.com/gambl0rdan/bondpricer" "/workspace/cache/git-repos/https%3A%2F%2Fgithub.com%2Fgambl0rdan%2Fbondpricer", kill_on_drop: false }`
[INFO] [stderr] Cloning into bare repository '/workspace/cache/git-repos/https%3A%2F%2Fgithub.com%2Fgambl0rdan%2Fbondpricer'...
[INFO] running `Command { std: "git" "rev-parse" "HEAD", kill_on_drop: false }`
[INFO] [stdout] cf47a446460696bd9db20a7175b4074e273f0cfe
[INFO] testing gambl0rdan/bondpricer against beta-2021-08-01 for beta-1.55-1
[INFO] running `Command { std: "git" "clone" "/workspace/cache/git-repos/https%3A%2F%2Fgithub.com%2Fgambl0rdan%2Fbondpricer" "/workspace/builds/worker-4/source", kill_on_drop: false }`
[INFO] [stderr] Cloning into '/workspace/builds/worker-4/source'...
[INFO] [stderr] done.
[INFO] validating manifest of git repo https://github.com/gambl0rdan/bondpricer on toolchain beta-2021-08-01
[INFO] running `Command { std: "/workspace/cargo-home/bin/cargo" "+beta-2021-08-01" "metadata" "--manifest-path" "Cargo.toml" "--no-deps", kill_on_drop: false }`
[INFO] started tweaking git repo https://github.com/gambl0rdan/bondpricer
[INFO] finished tweaking git repo https://github.com/gambl0rdan/bondpricer
[INFO] tweaked toml for git repo https://github.com/gambl0rdan/bondpricer written to /workspace/builds/worker-4/source/Cargo.toml
[INFO] crate git repo https://github.com/gambl0rdan/bondpricer already has a lockfile, it will not be regenerated
[INFO] running `Command { std: "/workspace/cargo-home/bin/cargo" "+beta-2021-08-01" "fetch" "--manifest-path" "Cargo.toml", kill_on_drop: false }`
[INFO] running `Command { std: "docker" "create" "-v" "/var/lib/crater-agent-workspace/builds/worker-4/target:/opt/rustwide/target:rw,Z" "-v" "/var/lib/crater-agent-workspace/builds/worker-4/source:/opt/rustwide/workdir:ro,Z" "-v" "/var/lib/crater-agent-workspace/cargo-home:/opt/rustwide/cargo-home:ro,Z" "-v" "/var/lib/crater-agent-workspace/rustup-home:/opt/rustwide/rustup-home:ro,Z" "-e" "SOURCE_DIR=/opt/rustwide/workdir" "-e" "CARGO_TARGET_DIR=/opt/rustwide/target" "-e" "CARGO_HOME=/opt/rustwide/cargo-home" "-e" "RUSTUP_HOME=/opt/rustwide/rustup-home" "-w" "/opt/rustwide/workdir" "-m" "1610612736" "--user" "0:0" "--network" "none" "ghcr.io/rust-lang/crates-build-env/linux@sha256:34b6a614d2c27851fe6cbf88fbd1137609cefab8b10d0615aaeb6fd47975d74e" "/opt/rustwide/cargo-home/bin/cargo" "+beta-2021-08-01" "metadata" "--no-deps" "--format-version=1", kill_on_drop: false }`
[INFO] [stdout] 7049602e845e43eda487a5589d0ec6d84184eba0b5fabee5051dda7516f1bf34
[INFO] [stderr] WARNING: Your kernel does not support swap limit capabilities or the cgroup is not mounted. Memory limited without swap.
[INFO] running `Command { std: "docker" "start" "-a" "7049602e845e43eda487a5589d0ec6d84184eba0b5fabee5051dda7516f1bf34", kill_on_drop: false }`
[INFO] running `Command { std: "docker" "inspect" "7049602e845e43eda487a5589d0ec6d84184eba0b5fabee5051dda7516f1bf34", kill_on_drop: false }`
[INFO] running `Command { std: "docker" "rm" "-f" "7049602e845e43eda487a5589d0ec6d84184eba0b5fabee5051dda7516f1bf34", kill_on_drop: false }`
[INFO] [stdout] 7049602e845e43eda487a5589d0ec6d84184eba0b5fabee5051dda7516f1bf34
[INFO] running `Command { std: "docker" "create" "-v" "/var/lib/crater-agent-workspace/builds/worker-4/target:/opt/rustwide/target:rw,Z" "-v" "/var/lib/crater-agent-workspace/builds/worker-4/source:/opt/rustwide/workdir:ro,Z" "-v" "/var/lib/crater-agent-workspace/cargo-home:/opt/rustwide/cargo-home:ro,Z" "-v" "/var/lib/crater-agent-workspace/rustup-home:/opt/rustwide/rustup-home:ro,Z" "-e" "SOURCE_DIR=/opt/rustwide/workdir" "-e" "CARGO_TARGET_DIR=/opt/rustwide/target" "-e" "CARGO_INCREMENTAL=0" "-e" "RUST_BACKTRACE=full" "-e" "RUSTFLAGS=--cap-lints=warn" "-e" "CARGO_HOME=/opt/rustwide/cargo-home" "-e" "RUSTUP_HOME=/opt/rustwide/rustup-home" "-w" "/opt/rustwide/workdir" "-m" "1610612736" "--user" "0:0" "--network" "none" "ghcr.io/rust-lang/crates-build-env/linux@sha256:34b6a614d2c27851fe6cbf88fbd1137609cefab8b10d0615aaeb6fd47975d74e" "/opt/rustwide/cargo-home/bin/cargo" "+beta-2021-08-01" "build" "--frozen" "--message-format=json", kill_on_drop: false }`
[INFO] [stdout] ca6d4b3e8c4aa372d56be7d510237c7acd5f0a780c9e09103c667faa83dd3e53
[INFO] [stderr] WARNING: Your kernel does not support swap limit capabilities or the cgroup is not mounted. Memory limited without swap.
[INFO] running `Command { std: "docker" "start" "-a" "ca6d4b3e8c4aa372d56be7d510237c7acd5f0a780c9e09103c667faa83dd3e53", kill_on_drop: false }`
[INFO] [stderr]    Compiling bondpricer v0.1.0 (/opt/rustwide/workdir)
[INFO] [stdout] warning: unused import: `TimeZone`
[INFO] [stdout]  --> src/bonds/analytics.rs:2:25
[INFO] [stdout]   |
[INFO] [stdout] 2 | use chrono::{Date, Utc, TimeZone};
[INFO] [stdout]   |                         ^^^^^^^^
[INFO] [stdout]   |
[INFO] [stdout]   = note: `#[warn(unused_imports)]` on by default
[INFO] [stdout] 
[INFO] [stdout] 
[INFO] [stdout] warning: unused import: `present_value`
[INFO] [stdout]  --> src/lib.rs:6:48
[INFO] [stdout]   |
[INFO] [stdout] 6 | use equations::{future_value, future_value_mp, present_value, future_value_cap};
[INFO] [stdout]   |                                                ^^^^^^^^^^^^^
[INFO] [stdout] 
[INFO] [stdout] 
[INFO] [stdout] warning: unreachable expression
[INFO] [stdout]    --> src/bonds/analytics.rs:152:9
[INFO] [stdout]     |
[INFO] [stdout] 123 | /     loop {
[INFO] [stdout] 124 | |         let mut i = 0;
[INFO] [stdout] 125 | |         let cpn_pvs : f64 = pay_dates.iter().map(|dt| {   
[INFO] [stdout] 126 | |                 i = i + 1;
[INFO] [stdout] ...   |
[INFO] [stdout] 150 | |             }
[INFO] [stdout] 151 | |         }
[INFO] [stdout]     | |_________- any code following this expression is unreachable
[INFO] [stdout] 152 |           return 0.       
[INFO] [stdout]     |           ^^^^^^^^^ unreachable expression
[INFO] [stdout]     |
[INFO] [stdout]     = note: `#[warn(unreachable_code)]` on by default
[INFO] [stdout] 
[INFO] [stdout] 
[INFO] [stdout] warning: unused variable: `b`
[INFO] [stdout]   --> src/bonds/analytics.rs:11:9
[INFO] [stdout]    |
[INFO] [stdout] 11 |     let b = 144.81; // looking for 2% yld and 0% cpn
[INFO] [stdout]    |         ^ help: if this is intentional, prefix it with an underscore: `_b`
[INFO] [stdout]    |
[INFO] [stdout]    = note: `#[warn(unused_variables)]` on by default
[INFO] [stdout] 
[INFO] [stdout] 
[INFO] [stdout] warning: unused variable: `val_dt`
[INFO] [stdout]  --> src/bonds/analytics.rs:7:20
[INFO] [stdout]   |
[INFO] [stdout] 7 | fn ytm_and_zspread(val_dt : Date<Utc>, mat : f64, freq : f64, coupon : f64, price : f64) -> (f64, f64) {
[INFO] [stdout]   |                    ^^^^^^ help: if this is intentional, prefix it with an underscore: `_val_dt`
[INFO] [stdout] 
[INFO] [stdout] 
[INFO] [stdout] warning: unused variable: `mat`
[INFO] [stdout]  --> src/bonds/analytics.rs:7:40
[INFO] [stdout]   |
[INFO] [stdout] 7 | fn ytm_and_zspread(val_dt : Date<Utc>, mat : f64, freq : f64, coupon : f64, price : f64) -> (f64, f64) {
[INFO] [stdout]   |                                        ^^^ help: if this is intentional, prefix it with an underscore: `_mat`
[INFO] [stdout] 
[INFO] [stdout] 
[INFO] [stdout] warning: unused variable: `freq`
[INFO] [stdout]  --> src/bonds/analytics.rs:7:51
[INFO] [stdout]   |
[INFO] [stdout] 7 | fn ytm_and_zspread(val_dt : Date<Utc>, mat : f64, freq : f64, coupon : f64, price : f64) -> (f64, f64) {
[INFO] [stdout]   |                                                   ^^^^ help: if this is intentional, prefix it with an underscore: `_freq`
[INFO] [stdout] 
[INFO] [stdout] 
[INFO] [stdout] warning: unused variable: `price`
[INFO] [stdout]  --> src/bonds/analytics.rs:7:77
[INFO] [stdout]   |
[INFO] [stdout] 7 | fn ytm_and_zspread(val_dt : Date<Utc>, mat : f64, freq : f64, coupon : f64, price : f64) -> (f64, f64) {
[INFO] [stdout]   |                                                                             ^^^^^ help: if this is intentional, prefix it with an underscore: `_price`
[INFO] [stdout] 
[INFO] [stdout] 
[INFO] [stdout] warning: unused variable: `dt`
[INFO] [stdout]    --> src/bonds/analytics.rs:125:51
[INFO] [stdout]     |
[INFO] [stdout] 125 |         let cpn_pvs : f64 = pay_dates.iter().map(|dt| {   
[INFO] [stdout]     |                                                   ^^ help: if this is intentional, prefix it with an underscore: `_dt`
[INFO] [stdout] 
[INFO] [stdout] 
[INFO] [stdout] warning: unused variable: `bdc`
[INFO] [stdout]   --> src/dates.rs:33:78
[INFO] [stdout]    |
[INFO] [stdout] 33 | pub fn days_accrued(valuation_date : Date<Utc>, schedules : &Vec<Date<Utc>>, bdc : (f64, f64)) -> i64 {
[INFO] [stdout]    |                                                                              ^^^ help: if this is intentional, prefix it with an underscore: `_bdc`
[INFO] [stdout] 
[INFO] [stdout] 
[INFO] [stdout] warning: function is never used: `ytm_and_zspread`
[INFO] [stdout]  --> src/bonds/analytics.rs:7:4
[INFO] [stdout]   |
[INFO] [stdout] 7 | fn ytm_and_zspread(val_dt : Date<Utc>, mat : f64, freq : f64, coupon : f64, price : f64) -> (f64, f64) {
[INFO] [stdout]   |    ^^^^^^^^^^^^^^^
[INFO] [stdout]   |
[INFO] [stdout]   = note: `#[warn(dead_code)]` on by default
[INFO] [stdout] 
[INFO] [stdout] 
[INFO] [stdout] warning: function is never used: `calculate_yield`
[INFO] [stdout]   --> src/bonds/analytics.rs:43:5
[INFO] [stdout]    |
[INFO] [stdout] 43 | fn  calculate_yield(init_guess : f64, cashflows : &[f64], year_fracts : &[f64], b : f64) -> f64 {
[INFO] [stdout]    |     ^^^^^^^^^^^^^^^
[INFO] [stdout] 
[INFO] [stdout] 
[INFO] [stdout] warning: function is never used: `calculate_z_spread`
[INFO] [stdout]   --> src/bonds/analytics.rs:77:4
[INFO] [stdout]    |
[INFO] [stdout] 77 | fn calculate_z_spread(init_guess : f64, cashflows : &[f64], pay_dates : &Vec<Date<Utc>>, year_fracts : &[f64], b : f64, yc : &YieldCurve)...
[INFO] [stdout]    |    ^^^^^^^^^^^^^^^^^^
[INFO] [stdout] 
[INFO] [stdout] 
[INFO] [stdout] warning: function is never used: `calculate_yield_naive_solver`
[INFO] [stdout]    --> src/bonds/analytics.rs:114:4
[INFO] [stdout]     |
[INFO] [stdout] 114 | fn calculate_yield_naive_solver(val_dt : Date<Utc>, mat : f64, freq : f64, coupon : f64, price : f64) -> f64 {
[INFO] [stdout]     |    ^^^^^^^^^^^^^^^^^^^^^^^^^^^^
[INFO] [stdout] 
[INFO] [stdout] 
[INFO] [stdout] warning: function is never used: `pv_calced`
[INFO] [stdout]    --> src/bonds/analytics.rs:157:4
[INFO] [stdout]     |
[INFO] [stdout] 157 | fn pv_calced(val_dt : Date<Utc>, mat : f64, freq : f64, coupon : f64, yc : &YieldCurve) -> f64 {
[INFO] [stdout]     |    ^^^^^^^^^
[INFO] [stdout] 
[INFO] [stdout] 
[INFO] [stdout] warning: associated function is never used: `new`
[INFO] [stdout]    --> src/bonds/mod.rs:102:8
[INFO] [stdout]     |
[INFO] [stdout] 102 |     fn new(coupon: f64, maturity: f64, p: f64) -> GenericBond {
[INFO] [stdout]     |        ^^^
[INFO] [stdout] 
[INFO] [stdout] 
[INFO] [stdout] warning: 16 warnings emitted
[INFO] [stdout] 
[INFO] [stdout] 
[INFO] [stderr]     Finished dev [unoptimized + debuginfo] target(s) in 2.37s
[INFO] running `Command { std: "docker" "inspect" "ca6d4b3e8c4aa372d56be7d510237c7acd5f0a780c9e09103c667faa83dd3e53", kill_on_drop: false }`
[INFO] running `Command { std: "docker" "rm" "-f" "ca6d4b3e8c4aa372d56be7d510237c7acd5f0a780c9e09103c667faa83dd3e53", kill_on_drop: false }`
[INFO] [stdout] ca6d4b3e8c4aa372d56be7d510237c7acd5f0a780c9e09103c667faa83dd3e53
[INFO] running `Command { std: "docker" "create" "-v" "/var/lib/crater-agent-workspace/builds/worker-4/target:/opt/rustwide/target:rw,Z" "-v" "/var/lib/crater-agent-workspace/builds/worker-4/source:/opt/rustwide/workdir:ro,Z" "-v" "/var/lib/crater-agent-workspace/cargo-home:/opt/rustwide/cargo-home:ro,Z" "-v" "/var/lib/crater-agent-workspace/rustup-home:/opt/rustwide/rustup-home:ro,Z" "-e" "SOURCE_DIR=/opt/rustwide/workdir" "-e" "CARGO_TARGET_DIR=/opt/rustwide/target" "-e" "CARGO_INCREMENTAL=0" "-e" "RUST_BACKTRACE=full" "-e" "RUSTFLAGS=--cap-lints=warn" "-e" "CARGO_HOME=/opt/rustwide/cargo-home" "-e" "RUSTUP_HOME=/opt/rustwide/rustup-home" "-w" "/opt/rustwide/workdir" "-m" "1610612736" "--user" "0:0" "--network" "none" "ghcr.io/rust-lang/crates-build-env/linux@sha256:34b6a614d2c27851fe6cbf88fbd1137609cefab8b10d0615aaeb6fd47975d74e" "/opt/rustwide/cargo-home/bin/cargo" "+beta-2021-08-01" "test" "--frozen" "--no-run" "--message-format=json", kill_on_drop: false }`
[INFO] [stdout] 9ecf613d83ef1b2417eea2182099e2f93512957f48337e44ab9661289c6dcc59
[INFO] [stderr] WARNING: Your kernel does not support swap limit capabilities or the cgroup is not mounted. Memory limited without swap.
[INFO] running `Command { std: "docker" "start" "-a" "9ecf613d83ef1b2417eea2182099e2f93512957f48337e44ab9661289c6dcc59", kill_on_drop: false }`
[INFO] [stderr]    Compiling bondpricer v0.1.0 (/opt/rustwide/workdir)
[INFO] [stdout] warning: unused import: `TimeZone`
[INFO] [stdout]  --> src/bonds/analytics.rs:2:25
[INFO] [stdout]   |
[INFO] [stdout] 2 | use chrono::{Date, Utc, TimeZone};
[INFO] [stdout]   |                         ^^^^^^^^
[INFO] [stdout]   |
[INFO] [stdout]   = note: `#[warn(unused_imports)]` on by default
[INFO] [stdout] 
[INFO] [stdout] 
[INFO] [stdout] warning: unused import: `present_value`
[INFO] [stdout]  --> src/lib.rs:6:48
[INFO] [stdout]   |
[INFO] [stdout] 6 | use equations::{future_value, future_value_mp, present_value, future_value_cap};
[INFO] [stdout]   |                                                ^^^^^^^^^^^^^
[INFO] [stdout] 
[INFO] [stdout] 
[INFO] [stdout] warning: unreachable expression
[INFO] [stdout]    --> src/bonds/analytics.rs:152:9
[INFO] [stdout]     |
[INFO] [stdout] 123 | /     loop {
[INFO] [stdout] 124 | |         let mut i = 0;
[INFO] [stdout] 125 | |         let cpn_pvs : f64 = pay_dates.iter().map(|dt| {   
[INFO] [stdout] 126 | |                 i = i + 1;
[INFO] [stdout] ...   |
[INFO] [stdout] 150 | |             }
[INFO] [stdout] 151 | |         }
[INFO] [stdout]     | |_________- any code following this expression is unreachable
[INFO] [stdout] 152 |           return 0.       
[INFO] [stdout]     |           ^^^^^^^^^ unreachable expression
[INFO] [stdout]     |
[INFO] [stdout]     = note: `#[warn(unreachable_code)]` on by default
[INFO] [stdout] 
[INFO] [stdout] 
[INFO] [stdout] warning: unused variable: `b`
[INFO] [stdout]   --> src/bonds/analytics.rs:11:9
[INFO] [stdout]    |
[INFO] [stdout] 11 |     let b = 144.81; // looking for 2% yld and 0% cpn
[INFO] [stdout]    |         ^ help: if this is intentional, prefix it with an underscore: `_b`
[INFO] [stdout]    |
[INFO] [stdout]    = note: `#[warn(unused_variables)]` on by default
[INFO] [stdout] 
[INFO] [stdout] 
[INFO] [stdout] warning: unused variable: `val_dt`
[INFO] [stdout]  --> src/bonds/analytics.rs:7:20
[INFO] [stdout]   |
[INFO] [stdout] 7 | fn ytm_and_zspread(val_dt : Date<Utc>, mat : f64, freq : f64, coupon : f64, price : f64) -> (f64, f64) {
[INFO] [stdout]   |                    ^^^^^^ help: if this is intentional, prefix it with an underscore: `_val_dt`
[INFO] [stdout] 
[INFO] [stdout] 
[INFO] [stdout] warning: unused variable: `mat`
[INFO] [stdout]  --> src/bonds/analytics.rs:7:40
[INFO] [stdout]   |
[INFO] [stdout] 7 | fn ytm_and_zspread(val_dt : Date<Utc>, mat : f64, freq : f64, coupon : f64, price : f64) -> (f64, f64) {
[INFO] [stdout]   |                                        ^^^ help: if this is intentional, prefix it with an underscore: `_mat`
[INFO] [stdout] 
[INFO] [stdout] 
[INFO] [stdout] warning: unused variable: `freq`
[INFO] [stdout]  --> src/bonds/analytics.rs:7:51
[INFO] [stdout]   |
[INFO] [stdout] 7 | fn ytm_and_zspread(val_dt : Date<Utc>, mat : f64, freq : f64, coupon : f64, price : f64) -> (f64, f64) {
[INFO] [stdout]   |                                                   ^^^^ help: if this is intentional, prefix it with an underscore: `_freq`
[INFO] [stdout] 
[INFO] [stdout] 
[INFO] [stdout] warning: unused variable: `price`
[INFO] [stdout]  --> src/bonds/analytics.rs:7:77
[INFO] [stdout]   |
[INFO] [stdout] 7 | fn ytm_and_zspread(val_dt : Date<Utc>, mat : f64, freq : f64, coupon : f64, price : f64) -> (f64, f64) {
[INFO] [stdout]   |                                                                             ^^^^^ help: if this is intentional, prefix it with an underscore: `_price`
[INFO] [stdout] 
[INFO] [stdout] 
[INFO] [stdout] warning: unused variable: `dt`
[INFO] [stdout]    --> src/bonds/analytics.rs:125:51
[INFO] [stdout]     |
[INFO] [stdout] 125 |         let cpn_pvs : f64 = pay_dates.iter().map(|dt| {   
[INFO] [stdout]     |                                                   ^^ help: if this is intentional, prefix it with an underscore: `_dt`
[INFO] [stdout] 
[INFO] [stdout] 
[INFO] [stdout] warning: unused variable: `bdc`
[INFO] [stdout]   --> src/dates.rs:33:78
[INFO] [stdout]    |
[INFO] [stdout] 33 | pub fn days_accrued(valuation_date : Date<Utc>, schedules : &Vec<Date<Utc>>, bdc : (f64, f64)) -> i64 {
[INFO] [stdout]    |                                                                              ^^^ help: if this is intentional, prefix it with an underscore: `_bdc`
[INFO] [stdout] 
[INFO] [stdout] 
[INFO] [stdout] warning: function is never used: `ytm_and_zspread`
[INFO] [stdout]  --> src/bonds/analytics.rs:7:4
[INFO] [stdout]   |
[INFO] [stdout] 7 | fn ytm_and_zspread(val_dt : Date<Utc>, mat : f64, freq : f64, coupon : f64, price : f64) -> (f64, f64) {
[INFO] [stdout]   |    ^^^^^^^^^^^^^^^
[INFO] [stdout]   |
[INFO] [stdout]   = note: `#[warn(dead_code)]` on by default
[INFO] [stdout] 
[INFO] [stdout] 
[INFO] [stdout] warning: function is never used: `calculate_yield`
[INFO] [stdout]   --> src/bonds/analytics.rs:43:5
[INFO] [stdout]    |
[INFO] [stdout] 43 | fn  calculate_yield(init_guess : f64, cashflows : &[f64], year_fracts : &[f64], b : f64) -> f64 {
[INFO] [stdout]    |     ^^^^^^^^^^^^^^^
[INFO] [stdout] 
[INFO] [stdout] 
[INFO] [stdout] warning: function is never used: `calculate_z_spread`
[INFO] [stdout]   --> src/bonds/analytics.rs:77:4
[INFO] [stdout]    |
[INFO] [stdout] 77 | fn calculate_z_spread(init_guess : f64, cashflows : &[f64], pay_dates : &Vec<Date<Utc>>, year_fracts : &[f64], b : f64, yc : &YieldCurve)...
[INFO] [stdout]    |    ^^^^^^^^^^^^^^^^^^
[INFO] [stdout] 
[INFO] [stdout] 
[INFO] [stdout] warning: function is never used: `calculate_yield_naive_solver`
[INFO] [stdout]    --> src/bonds/analytics.rs:114:4
[INFO] [stdout]     |
[INFO] [stdout] 114 | fn calculate_yield_naive_solver(val_dt : Date<Utc>, mat : f64, freq : f64, coupon : f64, price : f64) -> f64 {
[INFO] [stdout]     |    ^^^^^^^^^^^^^^^^^^^^^^^^^^^^
[INFO] [stdout] 
[INFO] [stdout] 
[INFO] [stdout] warning: function is never used: `pv_calced`
[INFO] [stdout]    --> src/bonds/analytics.rs:157:4
[INFO] [stdout]     |
[INFO] [stdout] 157 | fn pv_calced(val_dt : Date<Utc>, mat : f64, freq : f64, coupon : f64, yc : &YieldCurve) -> f64 {
[INFO] [stdout]     |    ^^^^^^^^^
[INFO] [stdout] 
[INFO] [stdout] 
[INFO] [stdout] warning: associated function is never used: `new`
[INFO] [stdout]    --> src/bonds/mod.rs:102:8
[INFO] [stdout]     |
[INFO] [stdout] 102 |     fn new(coupon: f64, maturity: f64, p: f64) -> GenericBond {
[INFO] [stdout]     |        ^^^
[INFO] [stdout] 
[INFO] [stdout] 
[INFO] [stdout] warning: 16 warnings emitted
[INFO] [stdout] 
[INFO] [stdout] 
[INFO] [stdout] warning: unused import: `TimeZone`
[INFO] [stdout]  --> src/bonds/analytics.rs:2:25
[INFO] [stdout]   |
[INFO] [stdout] 2 | use chrono::{Date, Utc, TimeZone};
[INFO] [stdout]   |                         ^^^^^^^^
[INFO] [stdout]   |
[INFO] [stdout]   = note: `#[warn(unused_imports)]` on by default
[INFO] [stdout] 
[INFO] [stdout] 
[INFO] [stdout] warning: unused import: `DateTime`
[INFO] [stdout]    --> src/rates/mod.rs:127:18
[INFO] [stdout]     |
[INFO] [stdout] 127 |     use chrono::{DateTime, Duration, Utc, TimeZone};
[INFO] [stdout]     |                  ^^^^^^^^
[INFO] [stdout] 
[INFO] [stdout] 
[INFO] [stdout] warning: unused imports: `DateTime`, `Duration`, `Utc`
[INFO] [stdout]   --> src/dates.rs:65:18
[INFO] [stdout]    |
[INFO] [stdout] 65 |     use chrono::{DateTime, Duration, Utc, TimeZone};
[INFO] [stdout]    |                  ^^^^^^^^  ^^^^^^^^  ^^^
[INFO] [stdout] 
[INFO] [stdout] 
[INFO] [stdout] warning: unused import: `present_value`
[INFO] [stdout]  --> src/lib.rs:6:48
[INFO] [stdout]   |
[INFO] [stdout] 6 | use equations::{future_value, future_value_mp, present_value, future_value_cap};
[INFO] [stdout]   |                                                ^^^^^^^^^^^^^
[INFO] [stdout] 
[INFO] [stdout] 
[INFO] [stdout] warning: unused import: `bondpricer::equations`
[INFO] [stdout]  --> tests/integration_tests.rs:2:5
[INFO] [stdout]   |
[INFO] [stdout] 2 | use bondpricer::equations;
[INFO] [stdout]   |     ^^^^^^^^^^^^^^^^^^^^^
[INFO] [stdout]   |
[INFO] [stdout]   = note: `#[warn(unused_imports)]` on by default
[INFO] [stdout] 
[INFO] [stdout] 
[INFO] [stdout] warning: unused variable: `res`
[INFO] [stdout]   --> tests/integration_tests.rs:13:9
[INFO] [stdout]    |
[INFO] [stdout] 13 |     let res = bondpricer::equations::future_value(pv, rate, 1);
[INFO] [stdout]    |         ^^^ help: if this is intentional, prefix it with an underscore: `_res`
[INFO] [stdout]    |
[INFO] [stdout]    = note: `#[warn(unused_variables)]` on by default
[INFO] [stdout] 
[INFO] [stdout] 
[INFO] [stdout] warning: function `assertAlmostEquals` should have a snake case name
[INFO] [stdout]  --> tests/common/mod.rs:1:8
[INFO] [stdout]   |
[INFO] [stdout] 1 | pub fn assertAlmostEquals(a : f64, b :f64) -> bool {
[INFO] [stdout]   |        ^^^^^^^^^^^^^^^^^^ help: convert the identifier to snake case: `assert_almost_equals`
[INFO] [stdout]   |
[INFO] [stdout]   = note: `#[warn(non_snake_case)]` on by default
[INFO] [stdout] 
[INFO] [stdout] 
[INFO] [stdout] warning: unreachable expression
[INFO] [stdout]    --> src/bonds/analytics.rs:152:9
[INFO] [stdout]     |
[INFO] [stdout] 123 | /     loop {
[INFO] [stdout] 124 | |         let mut i = 0;
[INFO] [stdout] 125 | |         let cpn_pvs : f64 = pay_dates.iter().map(|dt| {   
[INFO] [stdout] 126 | |                 i = i + 1;
[INFO] [stdout] ...   |
[INFO] [stdout] 150 | |             }
[INFO] [stdout] 151 | |         }
[INFO] [stdout]     | |_________- any code following this expression is unreachable
[INFO] [stdout] 152 |           return 0.       
[INFO] [stdout]     |           ^^^^^^^^^ unreachable expression
[INFO] [stdout]     |
[INFO] [stdout]     = note: `#[warn(unreachable_code)]` on by default
[INFO] [stdout] 
[INFO] [stdout] 
[INFO] [stdout] warning: unused variable: `b`
[INFO] [stdout]   --> src/bonds/analytics.rs:11:9
[INFO] [stdout]    |
[INFO] [stdout] 11 |     let b = 144.81; // looking for 2% yld and 0% cpn
[INFO] [stdout]    |         ^ help: if this is intentional, prefix it with an underscore: `_b`
[INFO] [stdout]    |
[INFO] [stdout]    = note: `#[warn(unused_variables)]` on by default
[INFO] [stdout] 
[INFO] [stdout] 
[INFO] [stdout] warning: unused variable: `val_dt`
[INFO] [stdout]  --> src/bonds/analytics.rs:7:20
[INFO] [stdout]   |
[INFO] [stdout] 7 | fn ytm_and_zspread(val_dt : Date<Utc>, mat : f64, freq : f64, coupon : f64, price : f64) -> (f64, f64) {
[INFO] [stdout]   |                    ^^^^^^ help: if this is intentional, prefix it with an underscore: `_val_dt`
[INFO] [stdout] 
[INFO] [stdout] 
[INFO] [stdout] warning: unused variable: `mat`
[INFO] [stdout]  --> src/bonds/analytics.rs:7:40
[INFO] [stdout]   |
[INFO] [stdout] 7 | fn ytm_and_zspread(val_dt : Date<Utc>, mat : f64, freq : f64, coupon : f64, price : f64) -> (f64, f64) {
[INFO] [stdout]   |                                        ^^^ help: if this is intentional, prefix it with an underscore: `_mat`
[INFO] [stdout] 
[INFO] [stdout] 
[INFO] [stdout] warning: unused variable: `freq`
[INFO] [stdout]  --> src/bonds/analytics.rs:7:51
[INFO] [stdout]   |
[INFO] [stdout] 7 | fn ytm_and_zspread(val_dt : Date<Utc>, mat : f64, freq : f64, coupon : f64, price : f64) -> (f64, f64) {
[INFO] [stdout]   |                                                   ^^^^ help: if this is intentional, prefix it with an underscore: `_freq`
[INFO] [stdout] 
[INFO] [stdout] 
[INFO] [stdout] warning: unused variable: `price`
[INFO] [stdout]  --> src/bonds/analytics.rs:7:77
[INFO] [stdout]   |
[INFO] [stdout] 7 | fn ytm_and_zspread(val_dt : Date<Utc>, mat : f64, freq : f64, coupon : f64, price : f64) -> (f64, f64) {
[INFO] [stdout]   |                                                                             ^^^^^ help: if this is intentional, prefix it with an underscore: `_price`
[INFO] [stdout] 
[INFO] [stdout] 
[INFO] [stdout] warning: unused variable: `dt`
[INFO] [stdout]    --> src/bonds/analytics.rs:125:51
[INFO] [stdout]     |
[INFO] [stdout] 125 |         let cpn_pvs : f64 = pay_dates.iter().map(|dt| {   
[INFO] [stdout]     |                                                   ^^ help: if this is intentional, prefix it with an underscore: `_dt`
[INFO] [stdout] 
[INFO] [stdout] 
[INFO] [stdout] warning: unused variable: `bdc`
[INFO] [stdout]   --> src/dates.rs:33:78
[INFO] [stdout]    |
[INFO] [stdout] 33 | pub fn days_accrued(valuation_date : Date<Utc>, schedules : &Vec<Date<Utc>>, bdc : (f64, f64)) -> i64 {
[INFO] [stdout]    |                                                                              ^^^ help: if this is intentional, prefix it with an underscore: `_bdc`
[INFO] [stdout] 
[INFO] [stdout] 
[INFO] [stdout] warning: 3 warnings emitted
[INFO] [stdout] 
[INFO] [stdout] 
[INFO] [stdout] warning: 12 warnings emitted
[INFO] [stdout] 
[INFO] [stdout] 
[INFO] [stderr]     Finished test [unoptimized + debuginfo] target(s) in 1.53s
[INFO] running `Command { std: "docker" "inspect" "9ecf613d83ef1b2417eea2182099e2f93512957f48337e44ab9661289c6dcc59", kill_on_drop: false }`
[INFO] running `Command { std: "docker" "rm" "-f" "9ecf613d83ef1b2417eea2182099e2f93512957f48337e44ab9661289c6dcc59", kill_on_drop: false }`
[INFO] [stdout] 9ecf613d83ef1b2417eea2182099e2f93512957f48337e44ab9661289c6dcc59
[INFO] running `Command { std: "docker" "create" "-v" "/var/lib/crater-agent-workspace/builds/worker-4/target:/opt/rustwide/target:rw,Z" "-v" "/var/lib/crater-agent-workspace/builds/worker-4/source:/opt/rustwide/workdir:ro,Z" "-v" "/var/lib/crater-agent-workspace/cargo-home:/opt/rustwide/cargo-home:ro,Z" "-v" "/var/lib/crater-agent-workspace/rustup-home:/opt/rustwide/rustup-home:ro,Z" "-e" "SOURCE_DIR=/opt/rustwide/workdir" "-e" "CARGO_TARGET_DIR=/opt/rustwide/target" "-e" "CARGO_INCREMENTAL=0" "-e" "RUST_BACKTRACE=full" "-e" "RUSTFLAGS=--cap-lints=warn" "-e" "CARGO_HOME=/opt/rustwide/cargo-home" "-e" "RUSTUP_HOME=/opt/rustwide/rustup-home" "-w" "/opt/rustwide/workdir" "-m" "1610612736" "--user" "0:0" "--network" "none" "ghcr.io/rust-lang/crates-build-env/linux@sha256:34b6a614d2c27851fe6cbf88fbd1137609cefab8b10d0615aaeb6fd47975d74e" "/opt/rustwide/cargo-home/bin/cargo" "+beta-2021-08-01" "test" "--frozen", kill_on_drop: false }`
[INFO] [stderr] WARNING: Your kernel does not support swap limit capabilities or the cgroup is not mounted. Memory limited without swap.
[INFO] [stdout] 7ca799e68e081e2a9d242b69d39f6f852b21573fe0d3b1c6c130939509603ada
[INFO] running `Command { std: "docker" "start" "-a" "7ca799e68e081e2a9d242b69d39f6f852b21573fe0d3b1c6c130939509603ada", kill_on_drop: false }`
[INFO] [stderr] warning: unused import: `TimeZone`
[INFO] [stderr]  --> src/bonds/analytics.rs:2:25
[INFO] [stderr]   |
[INFO] [stderr] 2 | use chrono::{Date, Utc, TimeZone};
[INFO] [stderr]   |                         ^^^^^^^^
[INFO] [stderr]   |
[INFO] [stderr]   = note: `#[warn(unused_imports)]` on by default
[INFO] [stderr] 
[INFO] [stderr] warning: unused import: `present_value`
[INFO] [stderr]  --> src/lib.rs:6:48
[INFO] [stderr]   |
[INFO] [stderr] 6 | use equations::{future_value, future_value_mp, present_value, future_value_cap};
[INFO] [stderr]   |                                                ^^^^^^^^^^^^^
[INFO] [stderr] 
[INFO] [stderr] warning: unreachable expression
[INFO] [stderr]    --> src/bonds/analytics.rs:152:9
[INFO] [stderr]     |
[INFO] [stderr] 123 | /     loop {
[INFO] [stderr] 124 | |         let mut i = 0;
[INFO] [stderr] 125 | |         let cpn_pvs : f64 = pay_dates.iter().map(|dt| {   
[INFO] [stderr] 126 | |                 i = i + 1;
[INFO] [stderr] ...   |
[INFO] [stderr] 150 | |             }
[INFO] [stderr] 151 | |         }
[INFO] [stderr]     | |_________- any code following this expression is unreachable
[INFO] [stderr] 152 |           return 0.       
[INFO] [stderr]     |           ^^^^^^^^^ unreachable expression
[INFO] [stderr]     |
[INFO] [stderr]     = note: `#[warn(unreachable_code)]` on by default
[INFO] [stderr] 
[INFO] [stderr] warning: unused variable: `b`
[INFO] [stderr]   --> src/bonds/analytics.rs:11:9
[INFO] [stderr]    |
[INFO] [stderr] 11 |     let b = 144.81; // looking for 2% yld and 0% cpn
[INFO] [stderr]    |         ^ help: if this is intentional, prefix it with an underscore: `_b`
[INFO] [stderr]    |
[INFO] [stderr]    = note: `#[warn(unused_variables)]` on by default
[INFO] [stderr] 
[INFO] [stderr] warning: unused variable: `val_dt`
[INFO] [stderr]  --> src/bonds/analytics.rs:7:20
[INFO] [stderr]   |
[INFO] [stderr] 7 | fn ytm_and_zspread(val_dt : Date<Utc>, mat : f64, freq : f64, coupon : f64, price : f64) -> (f64, f64) {
[INFO] [stderr]   |                    ^^^^^^ help: if this is intentional, prefix it with an underscore: `_val_dt`
[INFO] [stderr] 
[INFO] [stderr] warning: unused variable: `mat`
[INFO] [stderr]  --> src/bonds/analytics.rs:7:40
[INFO] [stderr]   |
[INFO] [stderr] 7 | fn ytm_and_zspread(val_dt : Date<Utc>, mat : f64, freq : f64, coupon : f64, price : f64) -> (f64, f64) {
[INFO] [stderr]   |                                        ^^^ help: if this is intentional, prefix it with an underscore: `_mat`
[INFO] [stderr] 
[INFO] [stderr] warning: unused variable: `freq`
[INFO] [stderr]  --> src/bonds/analytics.rs:7:51
[INFO] [stderr]   |
[INFO] [stderr] 7 | fn ytm_and_zspread(val_dt : Date<Utc>, mat : f64, freq : f64, coupon : f64, price : f64) -> (f64, f64) {
[INFO] [stderr]   |                                                   ^^^^ help: if this is intentional, prefix it with an underscore: `_freq`
[INFO] [stderr] 
[INFO] [stderr] warning: unused variable: `price`
[INFO] [stderr]  --> src/bonds/analytics.rs:7:77
[INFO] [stderr]   |
[INFO] [stderr] 7 | fn ytm_and_zspread(val_dt : Date<Utc>, mat : f64, freq : f64, coupon : f64, price : f64) -> (f64, f64) {
[INFO] [stderr]   |                                                                             ^^^^^ help: if this is intentional, prefix it with an underscore: `_price`
[INFO] [stderr] 
[INFO] [stderr] warning: unused variable: `dt`
[INFO] [stderr]    --> src/bonds/analytics.rs:125:51
[INFO] [stderr]     |
[INFO] [stderr] 125 |         let cpn_pvs : f64 = pay_dates.iter().map(|dt| {   
[INFO] [stderr]     |                                                   ^^ help: if this is intentional, prefix it with an underscore: `_dt`
[INFO] [stderr] 
[INFO] [stderr] warning: unused variable: `bdc`
[INFO] [stderr]   --> src/dates.rs:33:78
[INFO] [stderr]    |
[INFO] [stderr] 33 | pub fn days_accrued(valuation_date : Date<Utc>, schedules : &Vec<Date<Utc>>, bdc : (f64, f64)) -> i64 {
[INFO] [stderr]    |                                                                              ^^^ help: if this is intentional, prefix it with an underscore: `_bdc`
[INFO] [stderr] 
[INFO] [stderr] warning: function is never used: `ytm_and_zspread`
[INFO] [stderr]  --> src/bonds/analytics.rs:7:4
[INFO] [stderr]   |
[INFO] [stderr] 7 | fn ytm_and_zspread(val_dt : Date<Utc>, mat : f64, freq : f64, coupon : f64, price : f64) -> (f64, f64) {
[INFO] [stderr]   |    ^^^^^^^^^^^^^^^
[INFO] [stderr]   |
[INFO] [stderr]   = note: `#[warn(dead_code)]` on by default
[INFO] [stderr] 
[INFO] [stderr] warning: function is never used: `calculate_yield`
[INFO] [stderr]   --> src/bonds/analytics.rs:43:5
[INFO] [stderr]    |
[INFO] [stderr] 43 | fn  calculate_yield(init_guess : f64, cashflows : &[f64], year_fracts : &[f64], b : f64) -> f64 {
[INFO] [stderr]    |     ^^^^^^^^^^^^^^^
[INFO] [stderr] 
[INFO] [stderr] warning: function is never used: `calculate_z_spread`
[INFO] [stderr]   --> src/bonds/analytics.rs:77:4
[INFO] [stderr]    |
[INFO] [stderr] 77 | fn calculate_z_spread(init_guess : f64, cashflows : &[f64], pay_dates : &Vec<Date<Utc>>, year_fracts : &[f64], b : f64, yc : &YieldCurve)...
[INFO] [stderr]    |    ^^^^^^^^^^^^^^^^^^
[INFO] [stderr] 
[INFO] [stderr] warning: function is never used: `calculate_yield_naive_solver`
[INFO] [stderr]    --> src/bonds/analytics.rs:114:4
[INFO] [stderr]     |
[INFO] [stderr] 114 | fn calculate_yield_naive_solver(val_dt : Date<Utc>, mat : f64, freq : f64, coupon : f64, price : f64) -> f64 {
[INFO] [stderr]     |    ^^^^^^^^^^^^^^^^^^^^^^^^^^^^
[INFO] [stderr] 
[INFO] [stderr] warning: function is never used: `pv_calced`
[INFO] [stderr]    --> src/bonds/analytics.rs:157:4
[INFO] [stderr]     |
[INFO] [stderr] 157 | fn pv_calced(val_dt : Date<Utc>, mat : f64, freq : f64, coupon : f64, yc : &YieldCurve) -> f64 {
[INFO] [stderr]     |    ^^^^^^^^^
[INFO] [stderr] 
[INFO] [stderr] warning: associated function is never used: `new`
[INFO] [stderr]    --> src/bonds/mod.rs:102:8
[INFO] [stderr]     |
[INFO] [stderr] 102 |     fn new(coupon: f64, maturity: f64, p: f64) -> GenericBond {
[INFO] [stderr]     |        ^^^
[INFO] [stderr] 
[INFO] [stderr] warning: unused import: `DateTime`
[INFO] [stderr]    --> src/rates/mod.rs:127:18
[INFO] [stderr]     |
[INFO] [stderr] 127 |     use chrono::{DateTime, Duration, Utc, TimeZone};
[INFO] [stderr]     |                  ^^^^^^^^
[INFO] [stderr] 
[INFO] [stderr] warning: unused imports: `DateTime`, `Duration`, `Utc`
[INFO] [stderr]   --> src/dates.rs:65:18
[INFO] [stderr]    |
[INFO] [stderr] 65 |     use chrono::{DateTime, Duration, Utc, TimeZone};
[INFO] [stderr]    |                  ^^^^^^^^  ^^^^^^^^  ^^^
[INFO] [stderr] 
[INFO] [stderr] warning: `bondpricer` (lib) generated 16 warnings
[INFO] [stderr] warning: `bondpricer` (lib test) generated 12 warnings (10 duplicates)
[INFO] [stderr] warning: unused import: `bondpricer::equations`
[INFO] [stderr]  --> tests/integration_tests.rs:2:5
[INFO] [stderr]   |
[INFO] [stderr] 2 | use bondpricer::equations;
[INFO] [stderr]   |     ^^^^^^^^^^^^^^^^^^^^^
[INFO] [stderr]   |
[INFO] [stderr]   = note: `#[warn(unused_imports)]` on by default
[INFO] [stderr] 
[INFO] [stderr] warning: unused variable: `res`
[INFO] [stderr]   --> tests/integration_tests.rs:13:9
[INFO] [stderr]    |
[INFO] [stderr] 13 |     let res = bondpricer::equations::future_value(pv, rate, 1);
[INFO] [stderr]    |         ^^^ help: if this is intentional, prefix it with an underscore: `_res`
[INFO] [stderr]    |
[INFO] [stderr]    = note: `#[warn(unused_variables)]` on by default
[INFO] [stderr] 
[INFO] [stderr] warning: function `assertAlmostEquals` should have a snake case name
[INFO] [stderr]  --> tests/common/mod.rs:1:8
[INFO] [stderr]   |
[INFO] [stderr] 1 | pub fn assertAlmostEquals(a : f64, b :f64) -> bool {
[INFO] [stderr]   |        ^^^^^^^^^^^^^^^^^^ help: convert the identifier to snake case: `assert_almost_equals`
[INFO] [stderr]   |
[INFO] [stderr]   = note: `#[warn(non_snake_case)]` on by default
[INFO] [stderr] 
[INFO] [stderr] warning: `bondpricer` (test "integration_tests") generated 3 warnings
[INFO] [stderr]     Finished test [unoptimized + debuginfo] target(s) in 0.02s
[INFO] [stderr]      Running unittests (/opt/rustwide/target/debug/deps/bondpricer-a19bf82a1d278a84)
[INFO] [stdout] 
[INFO] [stdout] running 16 tests
[INFO] [stdout] test bonds::analytics::tests::bonds_analytics_comparisons ... ok
[INFO] [stdout] test bonds::analytics::tests::bonds_analytics_ytm_zspread ... ok
[INFO] [stdout] test bonds::tests::bonds_ai ... ok
[INFO] [stdout] test dates::tests::date_from_1st_jan_2020 ... ok
[INFO] [stdout] test dates::tests::date_to_year_fract_correct ... ok
[INFO] [stdout] test equations::tests::simple_discount_factors ... ok
[INFO] [stdout] test rates::tests::yc_linear_interpolate ... ok
[INFO] [stdout] test equations::tests::pv_from_fv ... ok
[INFO] [stdout] test bonds::tests::bonds_pv_simple ... ok
[INFO] [stdout] test bonds::tests::bonds_yield_simple ... ok
[INFO] [stdout] test dates::tests::date_accrued_days_broken_dates ... ok
[INFO] [stdout] test dates::tests::date_vec_flows ... ok
[INFO] [stdout] test equations::tests::fv_from_pv ... ok
[INFO] [stdout] test bonds::analytics::tests::bonds_analytics_ytm ... ok
[INFO] [stdout] test bonds::tests::bonds_price_simple ... ok
[INFO] [stderr] error: test failed, to rerun pass '--lib'
[INFO] [stdout] test rates::tests::yc_new_curve ... FAILED
[INFO] [stdout] 
[INFO] [stdout] failures:
[INFO] [stdout] 
[INFO] [stdout] ---- rates::tests::yc_new_curve stdout ----
[INFO] [stdout] Res 1!!! NaN
[INFO] [stdout] thread 'rates::tests::yc_new_curve' panicked at 'assertion failed: (res - 0.2).abs() < 0.00001', src/rates/mod.rs:136:9
[INFO] [stdout] stack backtrace:
[INFO] [stdout]    0:     0x561b40896c40 - std::backtrace_rs::backtrace::libunwind::trace::hff4d1766e93f64f1
[INFO] [stdout]                                at /rustc/53fd98ca776cb875bc9e5514f56b52eb74f9e7a9/library/std/src/../../backtrace/src/backtrace/libunwind.rs:90:5
[INFO] [stdout]    1:     0x561b40896c40 - std::backtrace_rs::backtrace::trace_unsynchronized::h56bbc8eb78770bcb
[INFO] [stdout]                                at /rustc/53fd98ca776cb875bc9e5514f56b52eb74f9e7a9/library/std/src/../../backtrace/src/backtrace/mod.rs:66:5
[INFO] [stdout]    2:     0x561b40896c40 - std::sys_common::backtrace::_print_fmt::h5c8e75464faca780
[INFO] [stdout]                                at /rustc/53fd98ca776cb875bc9e5514f56b52eb74f9e7a9/library/std/src/sys_common/backtrace.rs:67:5
[INFO] [stdout]    3:     0x561b40896c40 - <std::sys_common::backtrace::_print::DisplayBacktrace as core::fmt::Display>::fmt::h48b88277def8b362
[INFO] [stdout]                                at /rustc/53fd98ca776cb875bc9e5514f56b52eb74f9e7a9/library/std/src/sys_common/backtrace.rs:46:22
[INFO] [stdout]    4:     0x561b408b940c - core::fmt::write::h3381b3176fe2b3d3
[INFO] [stdout]                                at /rustc/53fd98ca776cb875bc9e5514f56b52eb74f9e7a9/library/core/src/fmt/mod.rs:1115:17
[INFO] [stdout]    5:     0x561b40893ba5 - std::io::Write::write_fmt::h5f34a676f60246b5
[INFO] [stdout]                                at /rustc/53fd98ca776cb875bc9e5514f56b52eb74f9e7a9/library/std/src/io/mod.rs:1665:15
[INFO] [stdout]    6:     0x561b40898dbb - std::sys_common::backtrace::_print::ha537687d6c17dd0d
[INFO] [stdout]                                at /rustc/53fd98ca776cb875bc9e5514f56b52eb74f9e7a9/library/std/src/sys_common/backtrace.rs:49:5
[INFO] [stdout]    7:     0x561b40898dbb - std::sys_common::backtrace::print::h61376ae57d131d72
[INFO] [stdout]                                at /rustc/53fd98ca776cb875bc9e5514f56b52eb74f9e7a9/library/std/src/sys_common/backtrace.rs:36:9
[INFO] [stdout]    8:     0x561b40898dbb - std::panicking::default_hook::{{closure}}::h0f7208c0b9644a54
[INFO] [stdout]                                at /rustc/53fd98ca776cb875bc9e5514f56b52eb74f9e7a9/library/std/src/panicking.rs:208:50
[INFO] [stdout]    9:     0x561b408988cc - std::panicking::default_hook::hdac7fc06578c14ce
[INFO] [stdout]                                at /rustc/53fd98ca776cb875bc9e5514f56b52eb74f9e7a9/library/std/src/panicking.rs:222:9
[INFO] [stdout]   10:     0x561b40899484 - std::panicking::rust_panic_with_hook::h72b21c283da3d1ef
[INFO] [stdout]                                at /rustc/53fd98ca776cb875bc9e5514f56b52eb74f9e7a9/library/std/src/panicking.rs:622:17
[INFO] [stdout]   11:     0x561b40898f37 - std::panicking::begin_panic_handler::{{closure}}::he5778f1729cff84a
[INFO] [stdout]                                at /rustc/53fd98ca776cb875bc9e5514f56b52eb74f9e7a9/library/std/src/panicking.rs:517:13
[INFO] [stdout]   12:     0x561b4089711c - std::sys_common::backtrace::__rust_end_short_backtrace::h2d11ca8b453b4b1d
[INFO] [stdout]                                at /rustc/53fd98ca776cb875bc9e5514f56b52eb74f9e7a9/library/std/src/sys_common/backtrace.rs:141:18
[INFO] [stdout]   13:     0x561b40898ec9 - rust_begin_unwind
[INFO] [stdout]                                at /rustc/53fd98ca776cb875bc9e5514f56b52eb74f9e7a9/library/std/src/panicking.rs:515:5
[INFO] [stdout]   14:     0x561b4082f3b1 - core::panicking::panic_fmt::hf9de31d4acbce4db
[INFO] [stdout]                                at /rustc/53fd98ca776cb875bc9e5514f56b52eb74f9e7a9/library/core/src/panicking.rs:92:14
[INFO] [stdout]   15:     0x561b4082f2fd - core::panicking::panic::h8a6bc58a21c6c095
[INFO] [stdout]                                at /rustc/53fd98ca776cb875bc9e5514f56b52eb74f9e7a9/library/core/src/panicking.rs:50:5
[INFO] [stdout]   16:     0x561b4083f77a - bondpricer::rates::tests::yc_new_curve::ha1401a8a0382d413
[INFO] [stdout]                                at /opt/rustwide/workdir/src/rates/mod.rs:136:9
[INFO] [stdout]   17:     0x561b4083f5ba - bondpricer::rates::tests::yc_new_curve::{{closure}}::h8ce15d98f494f5c6
[INFO] [stdout]                                at /opt/rustwide/workdir/src/rates/mod.rs:130:5
[INFO] [stdout]   18:     0x561b4083b52e - core::ops::function::FnOnce::call_once::hbb3bca55b353daa5
[INFO] [stdout]                                at /rustc/53fd98ca776cb875bc9e5514f56b52eb74f9e7a9/library/core/src/ops/function.rs:227:5
[INFO] [stdout]   19:     0x561b40872f93 - core::ops::function::FnOnce::call_once::hbb52c4519d3137b0
[INFO] [stdout]                                at /rustc/53fd98ca776cb875bc9e5514f56b52eb74f9e7a9/library/core/src/ops/function.rs:227:5
[INFO] [stdout]   20:     0x561b40872f93 - test::__rust_begin_short_backtrace::h86fe3a2a5a5121af
[INFO] [stdout]                                at /rustc/53fd98ca776cb875bc9e5514f56b52eb74f9e7a9/library/test/src/lib.rs:578:5
[INFO] [stdout]   21:     0x561b40871a48 - <alloc::boxed::Box<F,A> as core::ops::function::FnOnce<Args>>::call_once::hfd956bc3d57399be
[INFO] [stdout]                                at /rustc/53fd98ca776cb875bc9e5514f56b52eb74f9e7a9/library/alloc/src/boxed.rs:1572:9
[INFO] [stdout]   22:     0x561b40871a48 - <std::panic::AssertUnwindSafe<F> as core::ops::function::FnOnce<()>>::call_once::h40dc93e0ddb5938a
[INFO] [stdout]                                at /rustc/53fd98ca776cb875bc9e5514f56b52eb74f9e7a9/library/std/src/panic.rs:347:9
[INFO] [stdout]   23:     0x561b40871a48 - std::panicking::try::do_call::h90d07750cb47c562
[INFO] [stdout]                                at /rustc/53fd98ca776cb875bc9e5514f56b52eb74f9e7a9/library/std/src/panicking.rs:401:40
[INFO] [stdout]   24:     0x561b40871a48 - std::panicking::try::h063c84733ad2a629
[INFO] [stdout]                                at /rustc/53fd98ca776cb875bc9e5514f56b52eb74f9e7a9/library/std/src/panicking.rs:365:19
[INFO] [stdout]   25:     0x561b40871a48 - std::panic::catch_unwind::h0c464836a84e7c08
[INFO] [stdout]                                at /rustc/53fd98ca776cb875bc9e5514f56b52eb74f9e7a9/library/std/src/panic.rs:434:14
[INFO] [stdout]   26:     0x561b40871a48 - test::run_test_in_process::h5cb06ef620b157fc
[INFO] [stdout]                                at /rustc/53fd98ca776cb875bc9e5514f56b52eb74f9e7a9/library/test/src/lib.rs:601:18
[INFO] [stdout]   27:     0x561b40871a48 - test::run_test::run_test_inner::{{closure}}::h76f677f4b93f9828
[INFO] [stdout]                                at /rustc/53fd98ca776cb875bc9e5514f56b52eb74f9e7a9/library/test/src/lib.rs:493:39
[INFO] [stdout]   28:     0x561b408401dd - test::run_test::run_test_inner::{{closure}}::h366d01fe04f4d67a
[INFO] [stdout]                                at /rustc/53fd98ca776cb875bc9e5514f56b52eb74f9e7a9/library/test/src/lib.rs:520:37
[INFO] [stdout]   29:     0x561b408401dd - std::sys_common::backtrace::__rust_begin_short_backtrace::h7dfa0de4eb395af2
[INFO] [stdout]                                at /rustc/53fd98ca776cb875bc9e5514f56b52eb74f9e7a9/library/std/src/sys_common/backtrace.rs:125:18
[INFO] [stdout]   30:     0x561b408449a8 - std::thread::Builder::spawn_unchecked::{{closure}}::{{closure}}::hf0a74bb58798037f
[INFO] [stdout]                                at /rustc/53fd98ca776cb875bc9e5514f56b52eb74f9e7a9/library/std/src/thread/mod.rs:476:17
[INFO] [stdout]   31:     0x561b408449a8 - <std::panic::AssertUnwindSafe<F> as core::ops::function::FnOnce<()>>::call_once::hb024e854818586ac
[INFO] [stdout]                                at /rustc/53fd98ca776cb875bc9e5514f56b52eb74f9e7a9/library/std/src/panic.rs:347:9
[INFO] [stdout]   32:     0x561b408449a8 - std::panicking::try::do_call::hb2dd9f1d0d48e41d
[INFO] [stdout]                                at /rustc/53fd98ca776cb875bc9e5514f56b52eb74f9e7a9/library/std/src/panicking.rs:401:40
[INFO] [stdout]   33:     0x561b408449a8 - std::panicking::try::h4717ae7bac8b2bf3
[INFO] [stdout]                                at /rustc/53fd98ca776cb875bc9e5514f56b52eb74f9e7a9/library/std/src/panicking.rs:365:19
[INFO] [stdout]   34:     0x561b408449a8 - std::panic::catch_unwind::h0dc8a061326ce8d8
[INFO] [stdout]                                at /rustc/53fd98ca776cb875bc9e5514f56b52eb74f9e7a9/library/std/src/panic.rs:434:14
[INFO] [stdout]   35:     0x561b408449a8 - std::thread::Builder::spawn_unchecked::{{closure}}::haa369e2d6fd00aa1
[INFO] [stdout]                                at /rustc/53fd98ca776cb875bc9e5514f56b52eb74f9e7a9/library/std/src/thread/mod.rs:475:30
[INFO] [stdout]   36:     0x561b408449a8 - core::ops::function::FnOnce::call_once{{vtable.shim}}::h36dcf3de8b056f17
[INFO] [stdout]                                at /rustc/53fd98ca776cb875bc9e5514f56b52eb74f9e7a9/library/core/src/ops/function.rs:227:5
[INFO] [stdout]   37:     0x561b4089dff7 - <alloc::boxed::Box<F,A> as core::ops::function::FnOnce<Args>>::call_once::h65c29e4642be2358
[INFO] [stdout]                                at /rustc/53fd98ca776cb875bc9e5514f56b52eb74f9e7a9/library/alloc/src/boxed.rs:1572:9
[INFO] [stdout]   38:     0x561b4089dff7 - <alloc::boxed::Box<F,A> as core::ops::function::FnOnce<Args>>::call_once::hd0f8f7fbbd9fffbf
[INFO] [stdout]                                at /rustc/53fd98ca776cb875bc9e5514f56b52eb74f9e7a9/library/alloc/src/boxed.rs:1572:9
[INFO] [stdout]   39:     0x561b4089dff7 - std::sys::unix::thread::Thread::new::thread_start::h2fd22fee3ca77b65
[INFO] [stdout]                                at /rustc/53fd98ca776cb875bc9e5514f56b52eb74f9e7a9/library/std/src/sys/unix/thread.rs:74:17
[INFO] [stdout]   40:     0x7f2b6cf8e609 - start_thread
[INFO] [stdout]   41:     0x7f2b6cd60293 - clone
[INFO] [stdout]   42:                0x0 - <unknown>
[INFO] [stdout] 
[INFO] [stdout] 
[INFO] [stdout] failures:
[INFO] [stdout]     rates::tests::yc_new_curve
[INFO] [stdout] 
[INFO] [stdout] test result: FAILED. 15 passed; 1 failed; 0 ignored; 0 measured; 0 filtered out; finished in 0.03s
[INFO] [stdout] 
[INFO] running `Command { std: "docker" "inspect" "7ca799e68e081e2a9d242b69d39f6f852b21573fe0d3b1c6c130939509603ada", kill_on_drop: false }`
[INFO] running `Command { std: "docker" "rm" "-f" "7ca799e68e081e2a9d242b69d39f6f852b21573fe0d3b1c6c130939509603ada", kill_on_drop: false }`
[INFO] [stdout] 7ca799e68e081e2a9d242b69d39f6f852b21573fe0d3b1c6c130939509603ada
