[INFO] cloning repository https://github.com/g-bartoszek/zmq-cli
[INFO] running `Command { std: "git" "-c" "credential.helper=" "-c" "credential.helper=/workspace/cargo-home/bin/git-credential-null" "clone" "--bare" "https://github.com/g-bartoszek/zmq-cli" "/workspace/cache/git-repos/https%3A%2F%2Fgithub.com%2Fg-bartoszek%2Fzmq-cli", kill_on_drop: false }`
[INFO] [stderr] Cloning into bare repository '/workspace/cache/git-repos/https%3A%2F%2Fgithub.com%2Fg-bartoszek%2Fzmq-cli'...
[INFO] running `Command { std: "git" "rev-parse" "HEAD", kill_on_drop: false }`
[INFO] [stdout] fc106e71e5ada21fd6b5e2045df8e8fd098dbec0
[INFO] testing g-bartoszek/zmq-cli against 1.54.0 for beta-1.55-1
[INFO] running `Command { std: "git" "clone" "/workspace/cache/git-repos/https%3A%2F%2Fgithub.com%2Fg-bartoszek%2Fzmq-cli" "/workspace/builds/worker-1/source", kill_on_drop: false }`
[INFO] [stderr] Cloning into '/workspace/builds/worker-1/source'...
[INFO] [stderr] done.
[INFO] validating manifest of git repo https://github.com/g-bartoszek/zmq-cli on toolchain 1.54.0
[INFO] running `Command { std: "/workspace/cargo-home/bin/cargo" "+1.54.0" "metadata" "--manifest-path" "Cargo.toml" "--no-deps", kill_on_drop: false }`
[INFO] removed /workspace/builds/worker-1/source/.cargo/config
[INFO] started tweaking git repo https://github.com/g-bartoszek/zmq-cli
[INFO] finished tweaking git repo https://github.com/g-bartoszek/zmq-cli
[INFO] tweaked toml for git repo https://github.com/g-bartoszek/zmq-cli written to /workspace/builds/worker-1/source/Cargo.toml
[INFO] crate git repo https://github.com/g-bartoszek/zmq-cli already has a lockfile, it will not be regenerated
[INFO] running `Command { std: "/workspace/cargo-home/bin/cargo" "+1.54.0" "fetch" "--manifest-path" "Cargo.toml", kill_on_drop: false }`
[INFO] running `Command { std: "docker" "create" "-v" "/var/lib/crater-agent-workspace/builds/worker-1/target:/opt/rustwide/target:rw,Z" "-v" "/var/lib/crater-agent-workspace/builds/worker-1/source:/opt/rustwide/workdir:ro,Z" "-v" "/var/lib/crater-agent-workspace/cargo-home:/opt/rustwide/cargo-home:ro,Z" "-v" "/var/lib/crater-agent-workspace/rustup-home:/opt/rustwide/rustup-home:ro,Z" "-e" "SOURCE_DIR=/opt/rustwide/workdir" "-e" "CARGO_TARGET_DIR=/opt/rustwide/target" "-e" "CARGO_HOME=/opt/rustwide/cargo-home" "-e" "RUSTUP_HOME=/opt/rustwide/rustup-home" "-w" "/opt/rustwide/workdir" "-m" "1610612736" "--user" "0:0" "--network" "none" "ghcr.io/rust-lang/crates-build-env/linux@sha256:34b6a614d2c27851fe6cbf88fbd1137609cefab8b10d0615aaeb6fd47975d74e" "/opt/rustwide/cargo-home/bin/cargo" "+1.54.0" "metadata" "--no-deps" "--format-version=1", kill_on_drop: false }`
[INFO] [stdout] f318cc23931e515be433b69f805ed614d6a9e46a29888eb1928cfdb59b56b8a6
[INFO] [stderr] WARNING: Your kernel does not support swap limit capabilities or the cgroup is not mounted. Memory limited without swap.
[INFO] running `Command { std: "docker" "start" "-a" "f318cc23931e515be433b69f805ed614d6a9e46a29888eb1928cfdb59b56b8a6", kill_on_drop: false }`
[INFO] running `Command { std: "docker" "inspect" "f318cc23931e515be433b69f805ed614d6a9e46a29888eb1928cfdb59b56b8a6", kill_on_drop: false }`
[INFO] running `Command { std: "docker" "rm" "-f" "f318cc23931e515be433b69f805ed614d6a9e46a29888eb1928cfdb59b56b8a6", kill_on_drop: false }`
[INFO] [stdout] f318cc23931e515be433b69f805ed614d6a9e46a29888eb1928cfdb59b56b8a6
[INFO] running `Command { std: "docker" "create" "-v" "/var/lib/crater-agent-workspace/builds/worker-1/target:/opt/rustwide/target:rw,Z" "-v" "/var/lib/crater-agent-workspace/builds/worker-1/source:/opt/rustwide/workdir:ro,Z" "-v" "/var/lib/crater-agent-workspace/cargo-home:/opt/rustwide/cargo-home:ro,Z" "-v" "/var/lib/crater-agent-workspace/rustup-home:/opt/rustwide/rustup-home:ro,Z" "-e" "SOURCE_DIR=/opt/rustwide/workdir" "-e" "CARGO_TARGET_DIR=/opt/rustwide/target" "-e" "CARGO_INCREMENTAL=0" "-e" "RUST_BACKTRACE=full" "-e" "RUSTFLAGS=--cap-lints=warn" "-e" "CARGO_HOME=/opt/rustwide/cargo-home" "-e" "RUSTUP_HOME=/opt/rustwide/rustup-home" "-w" "/opt/rustwide/workdir" "-m" "1610612736" "--user" "0:0" "--network" "none" "ghcr.io/rust-lang/crates-build-env/linux@sha256:34b6a614d2c27851fe6cbf88fbd1137609cefab8b10d0615aaeb6fd47975d74e" "/opt/rustwide/cargo-home/bin/cargo" "+1.54.0" "build" "--frozen" "--message-format=json", kill_on_drop: false }`
[INFO] [stdout] 2381b0de07fc117fbcae9005e9a3e1ccc8fdfca4cfa3e8dff4af264dcb90390d
[INFO] [stderr] WARNING: Your kernel does not support swap limit capabilities or the cgroup is not mounted. Memory limited without swap.
[INFO] running `Command { std: "docker" "start" "-a" "2381b0de07fc117fbcae9005e9a3e1ccc8fdfca4cfa3e8dff4af264dcb90390d", kill_on_drop: false }`
[INFO] [stderr]    Compiling toml v0.2.1
[INFO] [stderr]    Compiling error-chain v0.10.0
[INFO] [stderr]    Compiling zmq v0.9.2
[INFO] [stderr]    Compiling utf8parse v0.1.1
[INFO] [stderr]    Compiling textwrap v0.11.0
[INFO] [stderr]    Compiling dirs-sys v0.3.4
[INFO] [stderr]    Compiling nix v0.14.1
[INFO] [stderr]    Compiling atty v0.2.13
[INFO] [stderr]    Compiling dirs v2.0.2
[INFO] [stderr]    Compiling clap v2.33.0
[INFO] [stderr]    Compiling metadeps v1.1.2
[INFO] [stderr]    Compiling zmq-sys v0.11.0
[INFO] [stderr]    Compiling rustyline v5.0.3
[INFO] [stderr]    Compiling rzmq v0.1.0 (/opt/rustwide/workdir)
[INFO] [stderr]     Finished dev [unoptimized + debuginfo] target(s) in 19.49s
[INFO] running `Command { std: "docker" "inspect" "2381b0de07fc117fbcae9005e9a3e1ccc8fdfca4cfa3e8dff4af264dcb90390d", kill_on_drop: false }`
[INFO] running `Command { std: "docker" "rm" "-f" "2381b0de07fc117fbcae9005e9a3e1ccc8fdfca4cfa3e8dff4af264dcb90390d", kill_on_drop: false }`
[INFO] [stdout] 2381b0de07fc117fbcae9005e9a3e1ccc8fdfca4cfa3e8dff4af264dcb90390d
[INFO] running `Command { std: "docker" "create" "-v" "/var/lib/crater-agent-workspace/builds/worker-1/target:/opt/rustwide/target:rw,Z" "-v" "/var/lib/crater-agent-workspace/builds/worker-1/source:/opt/rustwide/workdir:ro,Z" "-v" "/var/lib/crater-agent-workspace/cargo-home:/opt/rustwide/cargo-home:ro,Z" "-v" "/var/lib/crater-agent-workspace/rustup-home:/opt/rustwide/rustup-home:ro,Z" "-e" "SOURCE_DIR=/opt/rustwide/workdir" "-e" "CARGO_TARGET_DIR=/opt/rustwide/target" "-e" "CARGO_INCREMENTAL=0" "-e" "RUST_BACKTRACE=full" "-e" "RUSTFLAGS=--cap-lints=warn" "-e" "CARGO_HOME=/opt/rustwide/cargo-home" "-e" "RUSTUP_HOME=/opt/rustwide/rustup-home" "-w" "/opt/rustwide/workdir" "-m" "1610612736" "--user" "0:0" "--network" "none" "ghcr.io/rust-lang/crates-build-env/linux@sha256:34b6a614d2c27851fe6cbf88fbd1137609cefab8b10d0615aaeb6fd47975d74e" "/opt/rustwide/cargo-home/bin/cargo" "+1.54.0" "test" "--frozen" "--no-run" "--message-format=json", kill_on_drop: false }`
[INFO] [stderr] WARNING: Your kernel does not support swap limit capabilities or the cgroup is not mounted. Memory limited without swap.
[INFO] [stdout] c0d2b411d7ab76a2eb09d46393a7ac6b1f519fdd29406ac68af540dec8e53cc9
[INFO] running `Command { std: "docker" "start" "-a" "c0d2b411d7ab76a2eb09d46393a7ac6b1f519fdd29406ac68af540dec8e53cc9", kill_on_drop: false }`
[INFO] [stderr]    Compiling escargot v0.4.0
[INFO] [stderr]    Compiling predicates v1.0.1
[INFO] [stderr]    Compiling nonblock v0.1.0
[INFO] [stderr]    Compiling assert_cmd v0.11.1
[INFO] [stderr]    Compiling rzmq v0.1.0 (/opt/rustwide/workdir)
[INFO] [stderr]     Finished test [unoptimized + debuginfo] target(s) in 7.85s
[INFO] running `Command { std: "docker" "inspect" "c0d2b411d7ab76a2eb09d46393a7ac6b1f519fdd29406ac68af540dec8e53cc9", kill_on_drop: false }`
[INFO] running `Command { std: "docker" "rm" "-f" "c0d2b411d7ab76a2eb09d46393a7ac6b1f519fdd29406ac68af540dec8e53cc9", kill_on_drop: false }`
[INFO] [stdout] c0d2b411d7ab76a2eb09d46393a7ac6b1f519fdd29406ac68af540dec8e53cc9
[INFO] running `Command { std: "docker" "create" "-v" "/var/lib/crater-agent-workspace/builds/worker-1/target:/opt/rustwide/target:rw,Z" "-v" "/var/lib/crater-agent-workspace/builds/worker-1/source:/opt/rustwide/workdir:ro,Z" "-v" "/var/lib/crater-agent-workspace/cargo-home:/opt/rustwide/cargo-home:ro,Z" "-v" "/var/lib/crater-agent-workspace/rustup-home:/opt/rustwide/rustup-home:ro,Z" "-e" "SOURCE_DIR=/opt/rustwide/workdir" "-e" "CARGO_TARGET_DIR=/opt/rustwide/target" "-e" "CARGO_INCREMENTAL=0" "-e" "RUST_BACKTRACE=full" "-e" "RUSTFLAGS=--cap-lints=warn" "-e" "CARGO_HOME=/opt/rustwide/cargo-home" "-e" "RUSTUP_HOME=/opt/rustwide/rustup-home" "-w" "/opt/rustwide/workdir" "-m" "1610612736" "--user" "0:0" "--network" "none" "ghcr.io/rust-lang/crates-build-env/linux@sha256:34b6a614d2c27851fe6cbf88fbd1137609cefab8b10d0615aaeb6fd47975d74e" "/opt/rustwide/cargo-home/bin/cargo" "+1.54.0" "test" "--frozen", kill_on_drop: false }`
[INFO] [stderr] WARNING: Your kernel does not support swap limit capabilities or the cgroup is not mounted. Memory limited without swap.
[INFO] [stdout] 8e6d74379d7d43dfcfd7395e1884a55f83c6ff26cb3e3f9071ffba1ad03e32fd
[INFO] running `Command { std: "docker" "start" "-a" "8e6d74379d7d43dfcfd7395e1884a55f83c6ff26cb3e3f9071ffba1ad03e32fd", kill_on_drop: false }`
[INFO] [stderr]     Finished test [unoptimized + debuginfo] target(s) in 0.06s
[INFO] [stderr]      Running unittests (/opt/rustwide/target/debug/deps/rzmq-f77d30877eeb5eeb)
[INFO] [stdout] 
[INFO] [stdout] running 3 tests
[INFO] [stdout] test socket::test::parsing_socket_parameters_from_json ... ok
[INFO] [stdout] test chat::test::tokenizing ... ok
[INFO] [stdout] test chat::test::chat_command_parsing ... ok
[INFO] [stdout] 
[INFO] [stdout] test result: ok. 3 passed; 0 failed; 0 ignored; 0 measured; 0 filtered out; finished in 0.07s
[INFO] [stdout] 
[INFO] [stderr]      Running unittests (/opt/rustwide/target/debug/deps/rzmq-1a0bbb22357b670b)
[INFO] [stdout] 
[INFO] [stderr]      Running tests/integration_tests.rs (/opt/rustwide/target/debug/deps/integration_tests-ccc280de51342e52)
[INFO] [stdout] running 0 tests
[INFO] [stdout] 
[INFO] [stdout] test result: ok. 0 passed; 0 failed; 0 ignored; 0 measured; 0 filtered out; finished in 0.00s
[INFO] [stdout] 
[INFO] [stdout] 
[INFO] [stdout] running 1 test
[INFO] [stderr] thread 'main' panicked at 'called `Option::unwrap()` on a `None` value', src/main.rs:38:46
[INFO] [stderr] stack backtrace:
[INFO] [stderr] thread 'main' panicked at 'called `Option::unwrap()` on a `None` value', src/main.rs:38:46
[INFO] [stderr] stack backtrace:
[INFO] [stderr]    0:     0x562d2f473cd0 - std::backtrace_rs::backtrace::libunwind::trace::h34055254b57d8e79
[INFO] [stderr]                                at /rustc/a178d0322ce20e33eac124758e837cbd80a6f633/library/std/src/../../backtrace/src/backtrace/libunwind.rs:90:5
[INFO] [stderr]    1:     0x562d2f473cd0 - std::backtrace_rs::backtrace::trace_unsynchronized::h8f1e3fbd9afff6ec
[INFO] [stderr]                                at /rustc/a178d0322ce20e33eac124758e837cbd80a6f633/library/std/src/../../backtrace/src/backtrace/mod.rs:66:5
[INFO] [stderr]    2:     0x562d2f473cd0 - std::sys_common::backtrace::_print_fmt::h3a99a796b770c360
[INFO] [stderr]                                at /rustc/a178d0322ce20e33eac124758e837cbd80a6f633/library/std/src/sys_common/backtrace.rs:67:5
[INFO] [stderr]    3:     0x562d2f473cd0 - <std::sys_common::backtrace::_print::DisplayBacktrace as core::fmt::Display>::fmt::h32d1f94a80615d18
[INFO] [stderr]                                at /rustc/a178d0322ce20e33eac124758e837cbd80a6f633/library/std/src/sys_common/backtrace.rs:46:22
[INFO] [stderr]    0:     0x55b8b13bdcd0 - std::backtrace_rs::backtrace::libunwind::trace::h34055254b57d8e79
[INFO] [stderr]                                at /rustc/a178d0322ce20e33eac124758e837cbd80a6f633/library/std/src/../../backtrace/src/backtrace/libunwind.rs:90:5
[INFO] [stderr]    1:     0x55b8b13bdcd0 - std::backtrace_rs::backtrace::trace_unsynchronized::h8f1e3fbd9afff6ec
[INFO] [stderr]                                at /rustc/a178d0322ce20e33eac124758e837cbd80a6f633/library/std/src/../../backtrace/src/backtrace/mod.rs:66:5
[INFO] [stderr]    2:     0x55b8b13bdcd0 - std::sys_common::backtrace::_print_fmt::h3a99a796b770c360
[INFO] [stderr]                                at /rustc/a178d0322ce20e33eac124758e837cbd80a6f633/library/std/src/sys_common/backtrace.rs:67:5
[INFO] [stderr]    3:     0x55b8b13bdcd0 - <std::sys_common::backtrace::_print::DisplayBacktrace as core::fmt::Display>::fmt::h32d1f94a80615d18
[INFO] [stderr]                                at /rustc/a178d0322ce20e33eac124758e837cbd80a6f633/library/std/src/sys_common/backtrace.rs:46:22
[INFO] [stderr]    4:     0x562d2f48ffdc - core::fmt::write::h306731c068f7162c
[INFO] [stderr]                                at /rustc/a178d0322ce20e33eac124758e837cbd80a6f633/library/core/src/fmt/mod.rs:1110:17
[INFO] [stderr]    5:     0x562d2f471b85 - std::io::Write::write_fmt::hd2fa90334eee2a21
[INFO] [stderr]                                at /rustc/a178d0322ce20e33eac124758e837cbd80a6f633/library/std/src/io/mod.rs:1588:15
[INFO] [stderr]    6:     0x562d2f475c9b - std::sys_common::backtrace::_print::h5abaa2601a852287
[INFO] [stderr]                                at /rustc/a178d0322ce20e33eac124758e837cbd80a6f633/library/std/src/sys_common/backtrace.rs:49:5
[INFO] [stderr]    7:     0x562d2f475c9b - std::sys_common::backtrace::print::h8d81445442bb638f
[INFO] [stderr]                                at /rustc/a178d0322ce20e33eac124758e837cbd80a6f633/library/std/src/sys_common/backtrace.rs:36:9
[INFO] [stderr]    8:     0x562d2f475c9b - std::panicking::default_hook::{{closure}}::hcfe804496a9fa747
[INFO] [stderr]                                at /rustc/a178d0322ce20e33eac124758e837cbd80a6f633/library/std/src/panicking.rs:208:50
[INFO] [stderr]    9:     0x562d2f475771 - std::panicking::default_hook::hbea8e3ccf2ba8901
[INFO] [stderr]                                at /rustc/a178d0322ce20e33eac124758e837cbd80a6f633/library/std/src/panicking.rs:225:9
[INFO] [stderr]   10:     0x562d2f476364 - std::panicking::rust_panic_with_hook::h7ee9e1a2d0f8975a
[INFO] [stderr]                                at /rustc/a178d0322ce20e33eac124758e837cbd80a6f633/library/std/src/panicking.rs:622:17
[INFO] [stderr]   11:     0x562d2f475e17 - std::panicking::begin_panic_handler::{{closure}}::h8ab3b4491718b2c7
[INFO] [stderr]                                at /rustc/a178d0322ce20e33eac124758e837cbd80a6f633/library/std/src/panicking.rs:517:13
[INFO] [stderr]   12:     0x562d2f4741cc - std::sys_common::backtrace::__rust_end_short_backtrace::hd489062ffa586a9f
[INFO] [stderr]                                at /rustc/a178d0322ce20e33eac124758e837cbd80a6f633/library/std/src/sys_common/backtrace.rs:141:18
[INFO] [stderr]   13:     0x562d2f475da9 - rust_begin_unwind
[INFO] [stderr]                                at /rustc/a178d0322ce20e33eac124758e837cbd80a6f633/library/std/src/panicking.rs:515:5
[INFO] [stderr]   14:     0x562d2f0e0751 - core::panicking::panic_fmt::hca6330e3e14086b4
[INFO] [stderr]                                at /rustc/a178d0322ce20e33eac124758e837cbd80a6f633/library/core/src/panicking.rs:92:14
[INFO] [stderr]   15:     0x562d2f0e069d - core::panicking::panic::h1a48d878ff3dcd40
[INFO] [stderr]                                at /rustc/a178d0322ce20e33eac124758e837cbd80a6f633/library/core/src/panicking.rs:50:5
[INFO] [stderr]    4:     0x55b8b13d9fdc - core::fmt::write::h306731c068f7162c
[INFO] [stderr]                                at /rustc/a178d0322ce20e33eac124758e837cbd80a6f633/library/core/src/fmt/mod.rs:1110:17
[INFO] [stderr]    5:     0x55b8b13bbb85 - std::io::Write::write_fmt::hd2fa90334eee2a21
[INFO] [stderr]                                at /rustc/a178d0322ce20e33eac124758e837cbd80a6f633/library/std/src/io/mod.rs:1588:15
[INFO] [stderr]    6:     0x55b8b13bfc9b - std::sys_common::backtrace::_print::h5abaa2601a852287
[INFO] [stderr]                                at /rustc/a178d0322ce20e33eac124758e837cbd80a6f633/library/std/src/sys_common/backtrace.rs:49:5
[INFO] [stderr]    7:     0x55b8b13bfc9b - std::sys_common::backtrace::print::h8d81445442bb638f
[INFO] [stderr]                                at /rustc/a178d0322ce20e33eac124758e837cbd80a6f633/library/std/src/sys_common/backtrace.rs:36:9
[INFO] [stderr]    8:     0x55b8b13bfc9b - std::panicking::default_hook::{{closure}}::hcfe804496a9fa747
[INFO] [stderr]                                at /rustc/a178d0322ce20e33eac124758e837cbd80a6f633/library/std/src/panicking.rs:208:50
[INFO] [stderr]    9:     0x55b8b13bf771 - std::panicking::default_hook::hbea8e3ccf2ba8901
[INFO] [stderr]                                at /rustc/a178d0322ce20e33eac124758e837cbd80a6f633/library/std/src/panicking.rs:225:9
[INFO] [stderr]   10:     0x55b8b13c0364 - std::panicking::rust_panic_with_hook::h7ee9e1a2d0f8975a
[INFO] [stderr]                                at /rustc/a178d0322ce20e33eac124758e837cbd80a6f633/library/std/src/panicking.rs:622:17
[INFO] [stderr]   11:     0x55b8b13bfe17 - std::panicking::begin_panic_handler::{{closure}}::h8ab3b4491718b2c7
[INFO] [stderr]                                at /rustc/a178d0322ce20e33eac124758e837cbd80a6f633/library/std/src/panicking.rs:517:13
[INFO] [stderr]   12:     0x55b8b13be1cc - std::sys_common::backtrace::__rust_end_short_backtrace::hd489062ffa586a9f
[INFO] [stderr]                                at /rustc/a178d0322ce20e33eac124758e837cbd80a6f633/library/std/src/sys_common/backtrace.rs:141:18
[INFO] [stderr]   13:     0x55b8b13bfda9 - rust_begin_unwind
[INFO] [stderr]                                at /rustc/a178d0322ce20e33eac124758e837cbd80a6f633/library/std/src/panicking.rs:515:5
[INFO] [stderr]   14:     0x55b8b102a751 - core::panicking::panic_fmt::hca6330e3e14086b4
[INFO] [stderr]                                at /rustc/a178d0322ce20e33eac124758e837cbd80a6f633/library/core/src/panicking.rs:92:14
[INFO] [stderr]   15 :    16 :  0x 55b8b102a69d  -  core ::0xpanicking562d2f36b711:: - panic::coreh1a48d878ff3dcd40::
[INFO] [stderr] option :: Option < T  > :: unwrap :: h5c60ade962be2533 
[INFO] [stderr]                           at  /rustc/a178d0322ce20e33eac124758e837cbd80a6f633/library/core/src/panicking.rs : 50 : 5 
[INFO] [stderr]                    at /rustc/a178d0322ce20e33eac124758e837cbd80a6f633/library/core/src/option.rs:388:21
[INFO] [stderr]   17:     0x562d2f0e17c7 - rzmq::extract_common_parameters::h7e99ed9981b2a7b3
[INFO] [stderr]                                at /opt/rustwide/workdir/src/main.rs:38:18
[INFO] [stderr]   18:     0x562d2f0e271d - rzmq::main::hfd15498afbd9560f
[INFO] [stderr]                                at /opt/rustwide/workdir/src/main.rs:90:30
[INFO] [stderr]   19:     0x562d2f0e340b - core::ops::function::FnOnce::call_once::h3a2b4ac1921e5bf1
[INFO] [stderr]                                at /rustc/a178d0322ce20e33eac124758e837cbd80a6f633/library/core/src/ops/function.rs:227:5
[INFO] [stderr]   20:     0x562d2f0e31be - std::sys_common::backtrace::__rust_begin_short_backtrace::h915e158cdf6ab912
[INFO] [stderr]                                at /rustc/a178d0322ce20e33eac124758e837cbd80a6f633/library/std/src/sys_common/backtrace.rs:125:18
[INFO] [stderr]   21:     0x562d2f0e4791 - std::rt::lang_start::{{closure}}::h6d42169f8e97313d
[INFO] [stderr]                                at /rustc/a178d0322ce20e33eac124758e837cbd80a6f633/library/std/src/rt.rs:49:18
[INFO] [stderr]   22:     0x562d2f476869 - core::ops::function::impls::<impl core::ops::function::FnOnce<A> for &F>::call_once::h2aabc384aab89b7b
[INFO] [stderr]                                at /rustc/a178d0322ce20e33eac124758e837cbd80a6f633/library/core/src/ops/function.rs:259:13
[INFO] [stderr]   23:     0x562d2f476869 - std::panicking::try::do_call::hc5fcacb7a85fc7b1
[INFO] [stderr]                                at /rustc/a178d0322ce20e33eac124758e837cbd80a6f633/library/std/src/panicking.rs:401:40
[INFO] [stderr]   24:     0x562d2f476869 - std::panicking::try::hb5d9603af3abbe3a
[INFO] [stderr]                                at /rustc/a178d0322ce20e33eac124758e837cbd80a6f633/library/std/src/panicking.rs:365:19
[INFO] [stderr]   25:     0x562d2f476869 - std::panic::catch_unwind::h98fe6ac3925e64b4
[INFO] [stderr]                                at /rustc/a178d0322ce20e33eac124758e837cbd80a6f633/library/std/src/panic.rs:434:14
[INFO] [stderr]   26:     0x562d2f476869 - std::rt::lang_start_internal::h22ac7383c516f93e
[INFO] [stderr]                                at /rustc/a178d0322ce20e33eac124758e837cbd80a6f633/library/std/src/rt.rs:34:21
[INFO] [stderr]   27:     0x562d2f0e4770 - std::rt::lang_start::h57eb103a5bef7ff2
[INFO] [stderr]                                at /rustc/a178d0322ce20e33eac124758e837cbd80a6f633/library/std/src/rt.rs:48:5
[INFO] [stderr]   28:     0x562d2f0e2c1c - main
[INFO] [stderr]   16:     0x55b8b12b5711 - core::option::Option<T>::unwrap::h5c60ade962be2533
[INFO] [stderr]                                at /rustc/a178d0322ce20e33eac124758e837cbd80a6f633/library/core/src/option.rs:388:21
[INFO] [stderr]   17:     0x55b8b102b7c7 - rzmq::extract_common_parameters::h7e99ed9981b2a7b3
[INFO] [stderr]                                at /opt/rustwide/workdir/src/main.rs:38:18
[INFO] [stderr]   18:     0x55b8b102c970 - rzmq::main::hfd15498afbd9560f
[INFO] [stderr]                                at /opt/rustwide/workdir/src/main.rs:95:30
[INFO] [stderr]   19:     0x55b8b102d40b - core::ops::function::FnOnce::call_once::h3a2b4ac1921e5bf1
[INFO] [stderr]                                at /rustc/a178d0322ce20e33eac124758e837cbd80a6f633/library/core/src/ops/function.rs:227:5
[INFO] [stderr]   20:     0x55b8b102d1be - std::sys_common::backtrace::__rust_begin_short_backtrace::h915e158cdf6ab912
[INFO] [stderr]                                at /rustc/a178d0322ce20e33eac124758e837cbd80a6f633/library/std/src/sys_common/backtrace.rs:125:18
[INFO] [stderr]   21:     0x55b8b102e791 - std::rt::lang_start::{{closure}}::h6d42169f8e97313d
[INFO] [stderr]                                at /rustc/a178d0322ce20e33eac124758e837cbd80a6f633/library/std/src/rt.rs:49:18
[INFO] [stderr]   22:     0x55b8b13c0869 - core::ops::function::impls::<impl core::ops::function::FnOnce<A> for &F>::call_once::h2aabc384aab89b7b
[INFO] [stderr]                                at /rustc/a178d0322ce20e33eac124758e837cbd80a6f633/library/core/src/ops/function.rs:259:13
[INFO] [stderr]   23:     0x55b8b13c0869 - std::panicking::try::do_call::hc5fcacb7a85fc7b1
[INFO] [stderr]                                at /rustc/a178d0322ce20e33eac124758e837cbd80a6f633/library/std/src/panicking.rs:401:40
[INFO] [stderr]   24:     0x55b8b13c0869 - std::panicking::try::hb5d9603af3abbe3a
[INFO] [stderr]                                at /rustc/a178d0322ce20e33eac124758e837cbd80a6f633/library/std/src/panicking.rs:365:19
[INFO] [stderr]   25:     0x55b8b13c0869 - std::panic::catch_unwind::h98fe6ac3925e64b4
[INFO] [stderr]                                at /rustc/a178d0322ce20e33eac124758e837cbd80a6f633/library/std/src/panic.rs:434:14
[INFO] [stderr]   26:     0x55b8b13c0869 - std::rt::lang_start_internal::h22ac7383c516f93e
[INFO] [stderr]                                at /rustc/a178d0322ce20e33eac124758e837cbd80a6f633/library/std/src/rt.rs:34:21
[INFO] [stderr]   27:     0x55b8b102e770 - std::rt::lang_start::h57eb103a5bef7ff2
[INFO] [stderr]                                at /rustc/a178d0322ce20e33eac124758e837cbd80a6f633/library/std/src/rt.rs:48:5
[INFO] [stderr]   28:     0x55b8b102cc1c - main
[INFO] [stderr]   29:     0x7f1e8cbd60b3 - __libc_start_main
[INFO] [stderr]   30:     0x55b8b102aeee - _start
[INFO] [stderr]   31:                0x0 - <unknown>
[INFO] [stderr]   29:     0x7f753e9520b3 - __libc_start_main
[INFO] [stderr]   30:     0x562d2f0e0eee - _start
[INFO] [stderr]   31:                0x0 - <unknown>
[INFO] [stdout] test integration_tests ... FAILED
[INFO] [stdout] 
[INFO] [stdout] failures:
[INFO] [stdout] 
[INFO] [stdout] ---- integration_tests stdout ----
[INFO] [stdout] OUT: Listening "tcp://127.0.0.1:5559"
[INFO] [stdout] 
[INFO] [stdout] OUT: Listening "tcp://127.0.0.1:5559"
[INFO] [stdout] Socket type: PULL
[INFO] [stdout] 
[INFO] [stdout] OUT: Listening "tcp://127.0.0.1:5559"
[INFO] [stdout] Socket type: PULL
[INFO] [stdout] received: "TEST MESSAGE 12345"
[INFO] [stdout] 
[INFO] [stdout] MATCHED: Listening "tcp://127.0.0.1:5559"
[INFO] [stdout] Socket type: PULL
[INFO] [stdout] received: "TEST MESSAGE 12345"
[INFO] [stdout] 
[INFO] [stdout] OUT: 
[INFO] [stdout] OUT: 
[INFO] [stdout] OUT: 
[INFO] [stdout] OUT: 
[INFO] [stdout] OUT: 
[INFO] [stdout] OUT: 
[INFO] [stdout] OUT: 
[INFO] [stdout] OUT: 
[INFO] [stdout] OUT: 
[INFO] [stdout] thread 'integration_tests' panicked at 'assertion failed: listener.wait_for_message(test_message).is_ok()', tests/integration_tests.rs:26:5
[INFO] [stdout] stack backtrace:
[INFO] [stdout]    0:     0x56351f775440 - std::backtrace_rs::backtrace::libunwind::trace::h34055254b57d8e79
[INFO] [stdout]                                at /rustc/a178d0322ce20e33eac124758e837cbd80a6f633/library/std/src/../../backtrace/src/backtrace/libunwind.rs:90:5
[INFO] [stdout]    1:     0x56351f775440 - std::backtrace_rs::backtrace::trace_unsynchronized::h8f1e3fbd9afff6ec
[INFO] [stdout]                                at /rustc/a178d0322ce20e33eac124758e837cbd80a6f633/library/std/src/../../backtrace/src/backtrace/mod.rs:66:5
[INFO] [stdout]    2:     0x56351f775440 - std::sys_common::backtrace::_print_fmt::h3a99a796b770c360
[INFO] [stdout]                                at /rustc/a178d0322ce20e33eac124758e837cbd80a6f633/library/std/src/sys_common/backtrace.rs:67:5
[INFO] [stdout]    3:     0x56351f775440 - <std::sys_common::backtrace::_print::DisplayBacktrace as core::fmt::Display>::fmt::h32d1f94a80615d18
[INFO] [stdout]                                at /rustc/a178d0322ce20e33eac124758e837cbd80a6f633/library/std/src/sys_common/backtrace.rs:46:22
[INFO] [stdout]    4:     0x56351f797f4c - core::fmt::write::h306731c068f7162c
[INFO] [stdout]                                at /rustc/a178d0322ce20e33eac124758e837cbd80a6f633/library/core/src/fmt/mod.rs:1110:17
[INFO] [stdout]    5:     0x56351f771eb5 - std::io::Write::write_fmt::h87f19b0a2cd190bc
[INFO] [stdout]                                at /rustc/a178d0322ce20e33eac124758e837cbd80a6f633/library/std/src/io/mod.rs:1588:15
[INFO] [stdout]    6:     0x56351f7775ab - std::sys_common::backtrace::_print::h5abaa2601a852287
[INFO] [stdout]                                at /rustc/a178d0322ce20e33eac124758e837cbd80a6f633/library/std/src/sys_common/backtrace.rs:49:5
[INFO] [stdout]    7:     0x56351f7775ab - std::sys_common::backtrace::print::h8d81445442bb638f
[INFO] [stdout]                                at /rustc/a178d0322ce20e33eac124758e837cbd80a6f633/library/std/src/sys_common/backtrace.rs:36:9
[INFO] [stdout]    8:     0x56351f7775ab - std::panicking::default_hook::{{closure}}::hcfe804496a9fa747
[INFO] [stdout]                                at /rustc/a178d0322ce20e33eac124758e837cbd80a6f633/library/std/src/panicking.rs:208:50
[INFO] [stdout]    9:     0x56351f7770bc - std::panicking::default_hook::hbea8e3ccf2ba8901
[INFO] [stdout]                                at /rustc/a178d0322ce20e33eac124758e837cbd80a6f633/library/std/src/panicking.rs:222:9
[INFO] [stdout]   10:     0x56351f777c74 - std::panicking::rust_panic_with_hook::h7ee9e1a2d0f8975a
[INFO] [stdout]                                at /rustc/a178d0322ce20e33eac124758e837cbd80a6f633/library/std/src/panicking.rs:622:17
[INFO] [stdout]   11:     0x56351f777727 - std::panicking::begin_panic_handler::{{closure}}::h8ab3b4491718b2c7
[INFO] [stdout]                                at /rustc/a178d0322ce20e33eac124758e837cbd80a6f633/library/std/src/panicking.rs:517:13
[INFO] [stdout]   12:     0x56351f77593c - std::sys_common::backtrace::__rust_end_short_backtrace::hd489062ffa586a9f
[INFO] [stdout]                                at /rustc/a178d0322ce20e33eac124758e837cbd80a6f633/library/std/src/sys_common/backtrace.rs:141:18
[INFO] [stdout]   13:     0x56351f7776b9 - rust_begin_unwind
[INFO] [stdout]                                at /rustc/a178d0322ce20e33eac124758e837cbd80a6f633/library/std/src/panicking.rs:515:5
[INFO] [stdout]   14:     0x56351f6f5651 - core::panicking::panic_fmt::hca6330e3e14086b4
[INFO] [stdout]                                at /rustc/a178d0322ce20e33eac124758e837cbd80a6f633/library/core/src/panicking.rs:92:14
[INFO] [stdout]   15:     0x56351f6f559d - core::panicking::panic::h1a48d878ff3dcd40
[INFO] [stdout]                                at /rustc/a178d0322ce20e33eac124758e837cbd80a6f633/library/core/src/panicking.rs:50:5
[INFO] [stdout]   16:     0x56351f6f63de - integration_tests::test_push_pull_with_json_config::h9f4956bb8836eb3d
[INFO] [stdout]                                at /opt/rustwide/workdir/tests/integration_tests.rs:26:5
[INFO] [stdout]   17:     0x56351f6f807b - integration_tests::integration_tests::h56491d4a1120b730
[INFO] [stdout]                                at /opt/rustwide/workdir/tests/integration_tests.rs:112:5
[INFO] [stdout]   18:     0x56351f6f805a - integration_tests::integration_tests::{{closure}}::h05ab4ca6f14477f1
[INFO] [stdout]                                at /opt/rustwide/workdir/tests/integration_tests.rs:110:1
[INFO] [stdout]   19:     0x56351f6fcbfe - core::ops::function::FnOnce::call_once::h59a8caa0a6a29678
[INFO] [stdout]                                at /rustc/a178d0322ce20e33eac124758e837cbd80a6f633/library/core/src/ops/function.rs:227:5
[INFO] [stdout]   20:     0x56351f725603 - core::ops::function::FnOnce::call_once::h152e7e439ff59e19
[INFO] [stdout]                                at /rustc/a178d0322ce20e33eac124758e837cbd80a6f633/library/core/src/ops/function.rs:227:5
[INFO] [stdout]   21:     0x56351f725603 - test::__rust_begin_short_backtrace::h0908f3b1fdbb72ab
[INFO] [stdout]                                at /rustc/a178d0322ce20e33eac124758e837cbd80a6f633/library/test/src/lib.rs:577:5
[INFO] [stdout]   22:     0x56351f7240c0 - <alloc::boxed::Box<F,A> as core::ops::function::FnOnce<Args>>::call_once::hf6d2a51e5587546c
[INFO] [stdout]                                at /rustc/a178d0322ce20e33eac124758e837cbd80a6f633/library/alloc/src/boxed.rs:1575:9
[INFO] [stdout]   23:     0x56351f7240c0 - <std::panic::AssertUnwindSafe<F> as core::ops::function::FnOnce<()>>::call_once::h8af660f3a89ef593
[INFO] [stdout]                                at /rustc/a178d0322ce20e33eac124758e837cbd80a6f633/library/std/src/panic.rs:347:9
[INFO] [stdout]   24:     0x56351f7240c0 - std::panicking::try::do_call::hd36aef60f84b6d36
[INFO] [stdout]                                at /rustc/a178d0322ce20e33eac124758e837cbd80a6f633/library/std/src/panicking.rs:401:40
[INFO] [stdout]   25:     0x56351f7240c0 - std::panicking::try::h9932b4480e69817c
[INFO] [stdout]                                at /rustc/a178d0322ce20e33eac124758e837cbd80a6f633/library/std/src/panicking.rs:365:19
[INFO] [stdout]   26:     0x56351f7240c0 - std::panic::catch_unwind::h6aa177099cfff5f8
[INFO] [stdout]                                at /rustc/a178d0322ce20e33eac124758e837cbd80a6f633/library/std/src/panic.rs:434:14
[INFO] [stdout]   27:     0x56351f7240c0 - test::run_test_in_process::h5884d6f2d99e20c3
[INFO] [stdout]                                at /rustc/a178d0322ce20e33eac124758e837cbd80a6f633/library/test/src/lib.rs:600:18
[INFO] [stdout]   28:     0x56351f7240c0 - test::run_test::run_test_inner::{{closure}}::h6fdc58c6d5f5b6e3
[INFO] [stdout]                                at /rustc/a178d0322ce20e33eac124758e837cbd80a6f633/library/test/src/lib.rs:492:39
[INFO] [stdout]   29:     0x56351f6fd772 - test::run_test::run_test_inner::{{closure}}::h408365d67a78ade8
[INFO] [stdout]                                at /rustc/a178d0322ce20e33eac124758e837cbd80a6f633/library/test/src/lib.rs:519:37
[INFO] [stdout]   30:     0x56351f6fd772 - std::sys_common::backtrace::__rust_begin_short_backtrace::hb560b77c4f701523
[INFO] [stdout]                                at /rustc/a178d0322ce20e33eac124758e837cbd80a6f633/library/std/src/sys_common/backtrace.rs:125:18
[INFO] [stdout]   31:     0x56351f701328 - std::thread::Builder::spawn_unchecked::{{closure}}::{{closure}}::hf2e7831dad93c597
[INFO] [stdout]                                at /rustc/a178d0322ce20e33eac124758e837cbd80a6f633/library/std/src/thread/mod.rs:481:17
[INFO] [stdout]   32:     0x56351f701328 - <std::panic::AssertUnwindSafe<F> as core::ops::function::FnOnce<()>>::call_once::hd2e08783d8be4d02
[INFO] [stdout]                                at /rustc/a178d0322ce20e33eac124758e837cbd80a6f633/library/std/src/panic.rs:347:9
[INFO] [stdout]   33:     0x56351f701328 - std::panicking::try::do_call::h062597b7acfd6b82
[INFO] [stdout]                                at /rustc/a178d0322ce20e33eac124758e837cbd80a6f633/library/std/src/panicking.rs:401:40
[INFO] [stdout]   34:     0x56351f701328 - std::panicking::try::h0d7b79db04c14552
[INFO] [stdout]                                at /rustc/a178d0322ce20e33eac124758e837cbd80a6f633/library/std/src/panicking.rs:365:19
[INFO] [stdout]   35:     0x56351f701328 - std::panic::catch_unwind::hb01a0b5e7c8cd43b
[INFO] [stdout]                                at /rustc/a178d0322ce20e33eac124758e837cbd80a6f633/library/std/src/panic.rs:434:14
[INFO] [stdout]   36:     0x56351f701328 - std::thread::Builder::spawn_unchecked::{{closure}}::h5bde48cc887e0d1e
[INFO] [stdout]                                at /rustc/a178d0322ce20e33eac124758e837cbd80a6f633/library/std/src/thread/mod.rs:480:30
[INFO] [stdout]   37:     0x56351f701328 - core::ops::function::FnOnce::call_once{{vtable.shim}}::h745ea30807a29e55
[INFO] [stdout]                                at /rustc/a178d0322ce20e33eac124758e837cbd80a6f633/library/core/src/ops/function.rs:227:5
[INFO] [stdout]   38:     0x56351f77c887 - <alloc::boxed::Box<F,A> as core::ops::function::FnOnce<Args>>::call_once::h7ece6cfefaff1005
[INFO] [stdout]                                at /rustc/a178d0322ce20e33eac124758e837cbd80a6f633/library/alloc/src/boxed.rs:1575:9
[INFO] [stdout]   39:     0x56351f77c887 - <alloc::boxed::Box<F,A> as core::ops::function::FnOnce<Args>>::call_once::hb8b48e55c21f193e
[INFO] [stdout]                                at /rustc/a178d0322ce20e33eac124758e837cbd80a6f633/library/alloc/src/boxed.rs:1575:9
[INFO] [stdout]   40:     0x56351f77c887 - std::sys::unix::thread::Thread::new::thread_start::h8c7c4450dba62914
[INFO] [stdout]                                at /rustc/a178d0322ce20e33eac124758e837cbd80a6f633/library/std/src/sys/unix/thread.rs:71:17
[INFO] [stdout]   41:     0x7f7125de3609 - start_thread
[INFO] [stdout]   42:     0x7f7125bb3293 - clone
[INFO] [stdout]   43:                0x0 - <unknown>
[INFO] [stdout] 
[INFO] [stdout] 
[INFO] [stdout] failures:
[INFO] [stdout]     integration_tests
[INFO] [stdout] 
[INFO] [stdout] test result: FAILED. 0 passed; 1 failed; 0 ignored; 0 measured; 0 filtered out; finished in 1.14s
[INFO] [stdout] 
[INFO] [stderr] error: test failed, to rerun pass '--test integration_tests'
[INFO] running `Command { std: "docker" "inspect" "8e6d74379d7d43dfcfd7395e1884a55f83c6ff26cb3e3f9071ffba1ad03e32fd", kill_on_drop: false }`
[INFO] running `Command { std: "docker" "rm" "-f" "8e6d74379d7d43dfcfd7395e1884a55f83c6ff26cb3e3f9071ffba1ad03e32fd", kill_on_drop: false }`
[INFO] [stdout] 8e6d74379d7d43dfcfd7395e1884a55f83c6ff26cb3e3f9071ffba1ad03e32fd
