[INFO] cloning repository https://github.com/ftilde/ugdb
[INFO] running `Command { std: "git" "-c" "credential.helper=" "-c" "credential.helper=/workspace/cargo-home/bin/git-credential-null" "clone" "--bare" "https://github.com/ftilde/ugdb" "/workspace/cache/git-repos/https%3A%2F%2Fgithub.com%2Fftilde%2Fugdb", kill_on_drop: false }`
[INFO] [stderr] Cloning into bare repository '/workspace/cache/git-repos/https%3A%2F%2Fgithub.com%2Fftilde%2Fugdb'...
[INFO] running `Command { std: "git" "rev-parse" "HEAD", kill_on_drop: false }`
[INFO] [stdout] bcde739c34e5483fb4f1106a18f7d74bc3c4457b
[INFO] testing ftilde/ugdb against 1.54.0 for beta-1.55-1
[INFO] running `Command { std: "git" "clone" "/workspace/cache/git-repos/https%3A%2F%2Fgithub.com%2Fftilde%2Fugdb" "/workspace/builds/worker-1/source", kill_on_drop: false }`
[INFO] [stderr] Cloning into '/workspace/builds/worker-1/source'...
[INFO] [stderr] done.
[INFO] validating manifest of git repo https://github.com/ftilde/ugdb on toolchain 1.54.0
[INFO] running `Command { std: "/workspace/cargo-home/bin/cargo" "+1.54.0" "metadata" "--manifest-path" "Cargo.toml" "--no-deps", kill_on_drop: false }`
[INFO] started tweaking git repo https://github.com/ftilde/ugdb
[INFO] finished tweaking git repo https://github.com/ftilde/ugdb
[INFO] tweaked toml for git repo https://github.com/ftilde/ugdb written to /workspace/builds/worker-1/source/Cargo.toml
[INFO] crate git repo https://github.com/ftilde/ugdb already has a lockfile, it will not be regenerated
[INFO] running `Command { std: "/workspace/cargo-home/bin/cargo" "+1.54.0" "fetch" "--manifest-path" "Cargo.toml", kill_on_drop: false }`
[INFO] running `Command { std: "docker" "create" "-v" "/var/lib/crater-agent-workspace/builds/worker-1/target:/opt/rustwide/target:rw,Z" "-v" "/var/lib/crater-agent-workspace/builds/worker-1/source:/opt/rustwide/workdir:ro,Z" "-v" "/var/lib/crater-agent-workspace/cargo-home:/opt/rustwide/cargo-home:ro,Z" "-v" "/var/lib/crater-agent-workspace/rustup-home:/opt/rustwide/rustup-home:ro,Z" "-e" "SOURCE_DIR=/opt/rustwide/workdir" "-e" "CARGO_TARGET_DIR=/opt/rustwide/target" "-e" "CARGO_HOME=/opt/rustwide/cargo-home" "-e" "RUSTUP_HOME=/opt/rustwide/rustup-home" "-w" "/opt/rustwide/workdir" "-m" "1610612736" "--user" "0:0" "--network" "none" "ghcr.io/rust-lang/crates-build-env/linux@sha256:34b6a614d2c27851fe6cbf88fbd1137609cefab8b10d0615aaeb6fd47975d74e" "/opt/rustwide/cargo-home/bin/cargo" "+1.54.0" "metadata" "--no-deps" "--format-version=1", kill_on_drop: false }`
[INFO] [stdout] 35b3dca1e4dfa8eafff4bfe046a5d30745d1c17caf08ea0ed9c7d125fca5bf1b
[INFO] [stderr] WARNING: Your kernel does not support swap limit capabilities or the cgroup is not mounted. Memory limited without swap.
[INFO] running `Command { std: "docker" "start" "-a" "35b3dca1e4dfa8eafff4bfe046a5d30745d1c17caf08ea0ed9c7d125fca5bf1b", kill_on_drop: false }`
[INFO] running `Command { std: "docker" "inspect" "35b3dca1e4dfa8eafff4bfe046a5d30745d1c17caf08ea0ed9c7d125fca5bf1b", kill_on_drop: false }`
[INFO] running `Command { std: "docker" "rm" "-f" "35b3dca1e4dfa8eafff4bfe046a5d30745d1c17caf08ea0ed9c7d125fca5bf1b", kill_on_drop: false }`
[INFO] [stdout] 35b3dca1e4dfa8eafff4bfe046a5d30745d1c17caf08ea0ed9c7d125fca5bf1b
[INFO] running `Command { std: "docker" "create" "-v" "/var/lib/crater-agent-workspace/builds/worker-1/target:/opt/rustwide/target:rw,Z" "-v" "/var/lib/crater-agent-workspace/builds/worker-1/source:/opt/rustwide/workdir:ro,Z" "-v" "/var/lib/crater-agent-workspace/cargo-home:/opt/rustwide/cargo-home:ro,Z" "-v" "/var/lib/crater-agent-workspace/rustup-home:/opt/rustwide/rustup-home:ro,Z" "-e" "SOURCE_DIR=/opt/rustwide/workdir" "-e" "CARGO_TARGET_DIR=/opt/rustwide/target" "-e" "CARGO_INCREMENTAL=0" "-e" "RUST_BACKTRACE=full" "-e" "RUSTFLAGS=--cap-lints=warn" "-e" "CARGO_HOME=/opt/rustwide/cargo-home" "-e" "RUSTUP_HOME=/opt/rustwide/rustup-home" "-w" "/opt/rustwide/workdir" "-m" "1610612736" "--user" "0:0" "--network" "none" "ghcr.io/rust-lang/crates-build-env/linux@sha256:34b6a614d2c27851fe6cbf88fbd1137609cefab8b10d0615aaeb6fd47975d74e" "/opt/rustwide/cargo-home/bin/cargo" "+1.54.0" "build" "--frozen" "--message-format=json", kill_on_drop: false }`
[INFO] [stdout] e00cf565757cf8d43d82136265a3aad6232c6eae8559b5ba76cc0a5b5c806bda
[INFO] [stderr] WARNING: Your kernel does not support swap limit capabilities or the cgroup is not mounted. Memory limited without swap.
[INFO] running `Command { std: "docker" "start" "-a" "e00cf565757cf8d43d82136265a3aad6232c6eae8559b5ba76cc0a5b5c806bda", kill_on_drop: false }`
[INFO] [stderr]    Compiling serde v1.0.117
[INFO] [stderr]    Compiling matrixmultiply v0.1.15
[INFO] [stderr]    Compiling ndarray v0.8.4
[INFO] [stderr]    Compiling syn v1.0.48
[INFO] [stderr]    Compiling smallvec v0.3.4
[INFO] [stderr]    Compiling plist v0.2.4
[INFO] [stderr]    Compiling regex-syntax v0.4.2
[INFO] [stderr]    Compiling json v0.11.15
[INFO] [stderr]    Compiling itertools v0.5.10
[INFO] [stderr]    Compiling onig_sys v68.2.1
[INFO] [stderr]    Compiling yaml-rust v0.4.4
[INFO] [stderr]    Compiling vte v0.3.3
[INFO] [stderr]    Compiling termion v1.5.5
[INFO] [stderr]    Compiling time v0.1.44
[INFO] [stderr]    Compiling atty v0.2.14
[INFO] [stderr]    Compiling rand v0.4.6
[INFO] [stderr]    Compiling unix_socket v0.5.0
[INFO] [stderr]    Compiling nix v0.17.0
[INFO] [stderr]    Compiling xml-rs v0.7.0
[INFO] [stderr]    Compiling base64 v0.8.0
[INFO] [stderr]    Compiling num-traits v0.1.43
[INFO] [stderr]    Compiling num-complex v0.1.43
[INFO] [stderr]    Compiling parse_int v0.5.0
[INFO] [stderr]    Compiling clap v2.33.3
[INFO] [stderr]    Compiling flate2 v1.0.19
[INFO] [stderr]    Compiling backtrace v0.3.54
[INFO] [stderr]    Compiling chrono v0.4.19
[INFO] [stderr]    Compiling derive_more v0.14.1
[INFO] [stderr]    Compiling structopt-derive v0.2.18
[INFO] [stderr]    Compiling rand v0.3.23
[INFO] [stderr]    Compiling flexi_logger v0.11.5
[INFO] [stderr]    Compiling structopt v0.2.18
[INFO] [stderr]    Compiling raw_tty v0.1.0
[INFO] [stderr]    Compiling unsegen v0.3.0
[INFO] [stderr]    Compiling serde_derive v1.0.117
[INFO] [stderr]    Compiling onig v3.2.2
[INFO] [stderr]    Compiling serde_json v1.0.59
[INFO] [stderr]    Compiling bincode v1.3.1
[INFO] [stderr]    Compiling toml v0.4.10
[INFO] [stderr]    Compiling unsegen_jsonviewer v0.3.0
[INFO] [stderr]    Compiling unsegen_terminal v0.3.0
[INFO] [stderr]    Compiling unsegen_signals v0.3.0
[INFO] [stderr]    Compiling ugdb v0.1.10 (/opt/rustwide/workdir)
[INFO] [stderr]    Compiling syntect v2.1.0
[INFO] [stderr]    Compiling unsegen_pager v0.3.0
[INFO] [stderr]     Finished dev [unoptimized + debuginfo] target(s) in 1m 01s
[INFO] running `Command { std: "docker" "inspect" "e00cf565757cf8d43d82136265a3aad6232c6eae8559b5ba76cc0a5b5c806bda", kill_on_drop: false }`
[INFO] running `Command { std: "docker" "rm" "-f" "e00cf565757cf8d43d82136265a3aad6232c6eae8559b5ba76cc0a5b5c806bda", kill_on_drop: false }`
[INFO] [stdout] e00cf565757cf8d43d82136265a3aad6232c6eae8559b5ba76cc0a5b5c806bda
[INFO] running `Command { std: "docker" "create" "-v" "/var/lib/crater-agent-workspace/builds/worker-1/target:/opt/rustwide/target:rw,Z" "-v" "/var/lib/crater-agent-workspace/builds/worker-1/source:/opt/rustwide/workdir:ro,Z" "-v" "/var/lib/crater-agent-workspace/cargo-home:/opt/rustwide/cargo-home:ro,Z" "-v" "/var/lib/crater-agent-workspace/rustup-home:/opt/rustwide/rustup-home:ro,Z" "-e" "SOURCE_DIR=/opt/rustwide/workdir" "-e" "CARGO_TARGET_DIR=/opt/rustwide/target" "-e" "CARGO_INCREMENTAL=0" "-e" "RUST_BACKTRACE=full" "-e" "RUSTFLAGS=--cap-lints=warn" "-e" "CARGO_HOME=/opt/rustwide/cargo-home" "-e" "RUSTUP_HOME=/opt/rustwide/rustup-home" "-w" "/opt/rustwide/workdir" "-m" "1610612736" "--user" "0:0" "--network" "none" "ghcr.io/rust-lang/crates-build-env/linux@sha256:34b6a614d2c27851fe6cbf88fbd1137609cefab8b10d0615aaeb6fd47975d74e" "/opt/rustwide/cargo-home/bin/cargo" "+1.54.0" "test" "--frozen" "--no-run" "--message-format=json", kill_on_drop: false }`
[INFO] [stderr] WARNING: Your kernel does not support swap limit capabilities or the cgroup is not mounted. Memory limited without swap.
[INFO] [stdout] a0cfc08df379727be949e16720726517c63c680dc52724af32272429ffa49b47
[INFO] running `Command { std: "docker" "start" "-a" "a0cfc08df379727be949e16720726517c63c680dc52724af32272429ffa49b47", kill_on_drop: false }`
[INFO] [stderr]    Compiling ugdb v0.1.10 (/opt/rustwide/workdir)
[INFO] [stderr]     Finished test [unoptimized + debuginfo] target(s) in 6.84s
[INFO] running `Command { std: "docker" "inspect" "a0cfc08df379727be949e16720726517c63c680dc52724af32272429ffa49b47", kill_on_drop: false }`
[INFO] running `Command { std: "docker" "rm" "-f" "a0cfc08df379727be949e16720726517c63c680dc52724af32272429ffa49b47", kill_on_drop: false }`
[INFO] [stdout] a0cfc08df379727be949e16720726517c63c680dc52724af32272429ffa49b47
[INFO] running `Command { std: "docker" "create" "-v" "/var/lib/crater-agent-workspace/builds/worker-1/target:/opt/rustwide/target:rw,Z" "-v" "/var/lib/crater-agent-workspace/builds/worker-1/source:/opt/rustwide/workdir:ro,Z" "-v" "/var/lib/crater-agent-workspace/cargo-home:/opt/rustwide/cargo-home:ro,Z" "-v" "/var/lib/crater-agent-workspace/rustup-home:/opt/rustwide/rustup-home:ro,Z" "-e" "SOURCE_DIR=/opt/rustwide/workdir" "-e" "CARGO_TARGET_DIR=/opt/rustwide/target" "-e" "CARGO_INCREMENTAL=0" "-e" "RUST_BACKTRACE=full" "-e" "RUSTFLAGS=--cap-lints=warn" "-e" "CARGO_HOME=/opt/rustwide/cargo-home" "-e" "RUSTUP_HOME=/opt/rustwide/rustup-home" "-w" "/opt/rustwide/workdir" "-m" "1610612736" "--user" "0:0" "--network" "none" "ghcr.io/rust-lang/crates-build-env/linux@sha256:34b6a614d2c27851fe6cbf88fbd1137609cefab8b10d0615aaeb6fd47975d74e" "/opt/rustwide/cargo-home/bin/cargo" "+1.54.0" "test" "--frozen", kill_on_drop: false }`
[INFO] [stdout] 05e7e77b693239be09e632cec11ed6c26a6184073ca83dfd749db6fd3786adb9
[INFO] [stderr] WARNING: Your kernel does not support swap limit capabilities or the cgroup is not mounted. Memory limited without swap.
[INFO] running `Command { std: "docker" "start" "-a" "05e7e77b693239be09e632cec11ed6c26a6184073ca83dfd749db6fd3786adb9", kill_on_drop: false }`
[INFO] [stderr]     Finished test [unoptimized + debuginfo] target(s) in 0.07s
[INFO] [stderr]      Running unittests (/opt/rustwide/target/debug/deps/ugdb-0159a7d3cc070af1)
[INFO] [stdout] 
[INFO] [stdout] running 24 tests
[INFO] [stdout] test completion::test::test_completion_state ... ok
[INFO] [stdout] test completion::test::test_completion_state_empty ... ok
[INFO] [stdout] test completion::test::test_find_candidates ... ok
[INFO] [stdout] test gdb_expression_parsing::lexer::test::test_lexer_basic_success ... ok
[INFO] [stdout] test completion::test::test_tokenize_expression ... ok
[INFO] [stdout] test completion::test::test_gdb_help_parser ... ok
[INFO] [stdout] test gdb_expression_parsing::lexer::test::test_lexer_error ... ok
[INFO] [stdout] test completion::test::test_completable_expression ... ok
[INFO] [stdout] test gdb_expression_parsing::test::test_complex ... ok
[INFO] [stdout] test gdb_expression_parsing::test::test_parse_basic ... ok
[INFO] [stdout] test gdb_expression_parsing::parser::test::collapse_tokens_simple ... ok
[INFO] [stdout] test gdb_expression_parsing::parser::test::collapse_tokens_structured ... ok
[INFO] [stdout] test layout::test::parse_default ... ok
[INFO] [stdout] test gdb_expression_parsing::test::test_parse_arrays ... ok
[INFO] [stdout] test gdb_expression_parsing::test::test_parse_objects ... ok
[INFO] [stdout] test gdb_expression_parsing::test::test_parse_something_else ... ok
[INFO] [stdout] test gdb_expression_parsing::test::test_parse_string ... ok
[INFO] [stdout] test layout::test::parse_change_split ... ok
[INFO] [stdout] test layout::test::parse_triple_weighted ... ok
[INFO] [stdout] test layout::test::parse_unclosed ... ok
[INFO] [stdout] test layout::test::parse_unexpected ... ok
[INFO] [stdout] test layout::test::parse_empty ... ok
[INFO] [stdout] test gdbmi::output::test::test_output ... ok
[INFO] [stdout] test completion::test::test_command_completer ... FAILED
[INFO] [stdout] 
[INFO] [stdout] failures:
[INFO] [stdout] 
[INFO] [stdout] ---- completion::test::test_command_completer stdout ----
[INFO] [stdout] thread 'completion::test::test_command_completer' panicked at 'assertion failed: `(left == right)`
[INFO] [stdout]   left: `"he"`,
[INFO] [stdout]  right: `"help"`', src/completion/mod.rs:583:9
[INFO] [stdout] stack backtrace:
[INFO] [stdout]    0:     0x55a30f5f2d80 - std::backtrace_rs::backtrace::libunwind::trace::h34055254b57d8e79
[INFO] [stdout]                                at /rustc/a178d0322ce20e33eac124758e837cbd80a6f633/library/std/src/../../backtrace/src/backtrace/libunwind.rs:90:5
[INFO] [stdout]    1:     0x55a30f5f2d80 - std::backtrace_rs::backtrace::trace_unsynchronized::h8f1e3fbd9afff6ec
[INFO] [stdout]                                at /rustc/a178d0322ce20e33eac124758e837cbd80a6f633/library/std/src/../../backtrace/src/backtrace/mod.rs:66:5
[INFO] [stdout]    2:     0x55a30f5f2d80 - std::sys_common::backtrace::_print_fmt::h3a99a796b770c360
[INFO] [stdout]                                at /rustc/a178d0322ce20e33eac124758e837cbd80a6f633/library/std/src/sys_common/backtrace.rs:67:5
[INFO] [stdout]    3:     0x55a30f5f2d80 - <std::sys_common::backtrace::_print::DisplayBacktrace as core::fmt::Display>::fmt::h32d1f94a80615d18
[INFO] [stdout]                                at /rustc/a178d0322ce20e33eac124758e837cbd80a6f633/library/std/src/sys_common/backtrace.rs:46:22
[INFO] [stdout]    4:     0x55a30f6161ec - core::fmt::write::h306731c068f7162c
[INFO] [stdout]                                at /rustc/a178d0322ce20e33eac124758e837cbd80a6f633/library/core/src/fmt/mod.rs:1110:17
[INFO] [stdout]    5:     0x55a30f5ef995 - std::io::Write::write_fmt::h87f19b0a2cd190bc
[INFO] [stdout]                                at /rustc/a178d0322ce20e33eac124758e837cbd80a6f633/library/std/src/io/mod.rs:1588:15
[INFO] [stdout]    6:     0x55a30f5f4f7b - std::sys_common::backtrace::_print::h5abaa2601a852287
[INFO] [stdout]                                at /rustc/a178d0322ce20e33eac124758e837cbd80a6f633/library/std/src/sys_common/backtrace.rs:49:5
[INFO] [stdout]    7:     0x55a30f5f4f7b - std::sys_common::backtrace::print::h8d81445442bb638f
[INFO] [stdout]                                at /rustc/a178d0322ce20e33eac124758e837cbd80a6f633/library/std/src/sys_common/backtrace.rs:36:9
[INFO] [stdout]    8:     0x55a30f5f4f7b - std::panicking::default_hook::{{closure}}::hcfe804496a9fa747
[INFO] [stdout]                                at /rustc/a178d0322ce20e33eac124758e837cbd80a6f633/library/std/src/panicking.rs:208:50
[INFO] [stdout]    9:     0x55a30f5f4a8c - std::panicking::default_hook::hbea8e3ccf2ba8901
[INFO] [stdout]                                at /rustc/a178d0322ce20e33eac124758e837cbd80a6f633/library/std/src/panicking.rs:222:9
[INFO] [stdout]   10:     0x55a30f5f5644 - std::panicking::rust_panic_with_hook::h7ee9e1a2d0f8975a
[INFO] [stdout]                                at /rustc/a178d0322ce20e33eac124758e837cbd80a6f633/library/std/src/panicking.rs:622:17
[INFO] [stdout]   11:     0x55a30f5f5127 - std::panicking::begin_panic_handler::{{closure}}::h8ab3b4491718b2c7
[INFO] [stdout]                                at /rustc/a178d0322ce20e33eac124758e837cbd80a6f633/library/std/src/panicking.rs:519:13
[INFO] [stdout]   12:     0x55a30f5f327c - std::sys_common::backtrace::__rust_end_short_backtrace::hd489062ffa586a9f
[INFO] [stdout]                                at /rustc/a178d0322ce20e33eac124758e837cbd80a6f633/library/std/src/sys_common/backtrace.rs:141:18
[INFO] [stdout]   13:     0x55a30f5f5089 - rust_begin_unwind
[INFO] [stdout]                                at /rustc/a178d0322ce20e33eac124758e837cbd80a6f633/library/std/src/panicking.rs:515:5
[INFO] [stdout]   14:     0x55a30f3317a1 - core::panicking::panic_fmt::hca6330e3e14086b4
[INFO] [stdout]                                at /rustc/a178d0322ce20e33eac124758e837cbd80a6f633/library/core/src/panicking.rs:92:14
[INFO] [stdout]   15:     0x55a30f614558 - core::panicking::assert_failed_inner::h33b45280069a80ed
[INFO] [stdout]   16:     0x55a30f55eb6e - core::panicking::assert_failed::hc53c927b55fb1c1a
[INFO] [stdout]                                at /rustc/a178d0322ce20e33eac124758e837cbd80a6f633/library/core/src/panicking.rs:117:5
[INFO] [stdout]   17:     0x55a30f42ab07 - ugdb::completion::test::test_command_completer::h548b77dc301ce60a
[INFO] [stdout]                                at /opt/rustwide/workdir/src/completion/mod.rs:583:9
[INFO] [stdout]   18:     0x55a30f42a96a - ugdb::completion::test::test_command_completer::{{closure}}::h07f926c955a37c57
[INFO] [stdout]                                at /opt/rustwide/workdir/src/completion/mod.rs:577:5
[INFO] [stdout]   19:     0x55a30f3acc7e - core::ops::function::FnOnce::call_once::h95fd8847735aad3a
[INFO] [stdout]                                at /rustc/a178d0322ce20e33eac124758e837cbd80a6f633/library/core/src/ops/function.rs:227:5
[INFO] [stdout]   20:     0x55a30f468913 - core::ops::function::FnOnce::call_once::h152e7e439ff59e19
[INFO] [stdout]                                at /rustc/a178d0322ce20e33eac124758e837cbd80a6f633/library/core/src/ops/function.rs:227:5
[INFO] [stdout]   21:     0x55a30f468913 - test::__rust_begin_short_backtrace::h0908f3b1fdbb72ab
[INFO] [stdout]                                at /rustc/a178d0322ce20e33eac124758e837cbd80a6f633/library/test/src/lib.rs:577:5
[INFO] [stdout]   22:     0x55a30f4673d0 - <alloc::boxed::Box<F,A> as core::ops::function::FnOnce<Args>>::call_once::hf6d2a51e5587546c
[INFO] [stdout]                                at /rustc/a178d0322ce20e33eac124758e837cbd80a6f633/library/alloc/src/boxed.rs:1575:9
[INFO] [stdout]   23:     0x55a30f4673d0 - <std::panic::AssertUnwindSafe<F> as core::ops::function::FnOnce<()>>::call_once::h8af660f3a89ef593
[INFO] [stdout]                                at /rustc/a178d0322ce20e33eac124758e837cbd80a6f633/library/std/src/panic.rs:347:9
[INFO] [stdout]   24:     0x55a30f4673d0 - std::panicking::try::do_call::hd36aef60f84b6d36
[INFO] [stdout]                                at /rustc/a178d0322ce20e33eac124758e837cbd80a6f633/library/std/src/panicking.rs:401:40
[INFO] [stdout]   25:     0x55a30f4673d0 - std::panicking::try::h9932b4480e69817c
[INFO] [stdout]                                at /rustc/a178d0322ce20e33eac124758e837cbd80a6f633/library/std/src/panicking.rs:365:19
[INFO] [stdout]   26:     0x55a30f4673d0 - std::panic::catch_unwind::h6aa177099cfff5f8
[INFO] [stdout]                                at /rustc/a178d0322ce20e33eac124758e837cbd80a6f633/library/std/src/panic.rs:434:14
[INFO] [stdout]   27:     0x55a30f4673d0 - test::run_test_in_process::h5884d6f2d99e20c3
[INFO] [stdout]                                at /rustc/a178d0322ce20e33eac124758e837cbd80a6f633/library/test/src/lib.rs:600:18
[INFO] [stdout]   28:     0x55a30f4673d0 - test::run_test::run_test_inner::{{closure}}::h6fdc58c6d5f5b6e3
[INFO] [stdout]                                at /rustc/a178d0322ce20e33eac124758e837cbd80a6f633/library/test/src/lib.rs:492:39
[INFO] [stdout]   29:     0x55a30f440a82 - test::run_test::run_test_inner::{{closure}}::h408365d67a78ade8
[INFO] [stdout]                                at /rustc/a178d0322ce20e33eac124758e837cbd80a6f633/library/test/src/lib.rs:519:37
[INFO] [stdout]   30:     0x55a30f440a82 - std::sys_common::backtrace::__rust_begin_short_backtrace::hb560b77c4f701523
[INFO] [stdout]                                at /rustc/a178d0322ce20e33eac124758e837cbd80a6f633/library/std/src/sys_common/backtrace.rs:125:18
[INFO] [stdout]   31:     0x55a30f444638 - std::thread::Builder::spawn_unchecked::{{closure}}::{{closure}}::hf2e7831dad93c597
[INFO] [stdout]                                at /rustc/a178d0322ce20e33eac124758e837cbd80a6f633/library/std/src/thread/mod.rs:481:17
[INFO] [stdout]   32:     0x55a30f444638 - <std::panic::AssertUnwindSafe<F> as core::ops::function::FnOnce<()>>::call_once::hd2e08783d8be4d02
[INFO] [stdout]                                at /rustc/a178d0322ce20e33eac124758e837cbd80a6f633/library/std/src/panic.rs:347:9
[INFO] [stdout]   33:     0x55a30f444638 - std::panicking::try::do_call::h062597b7acfd6b82
[INFO] [stdout]                                at /rustc/a178d0322ce20e33eac124758e837cbd80a6f633/library/std/src/panicking.rs:401:40
[INFO] [stdout]   34:     0x55a30f444638 - std::panicking::try::h0d7b79db04c14552
[INFO] [stdout]                                at /rustc/a178d0322ce20e33eac124758e837cbd80a6f633/library/std/src/panicking.rs:365:19
[INFO] [stdout]   35:     0x55a30f444638 - std::panic::catch_unwind::hb01a0b5e7c8cd43b
[INFO] [stdout]                                at /rustc/a178d0322ce20e33eac124758e837cbd80a6f633/library/std/src/panic.rs:434:14
[INFO] [stdout]   36:     0x55a30f444638 - std::thread::Builder::spawn_unchecked::{{closure}}::h5bde48cc887e0d1e
[INFO] [stdout]                                at /rustc/a178d0322ce20e33eac124758e837cbd80a6f633/library/std/src/thread/mod.rs:480:30
[INFO] [stdout]   37:     0x55a30f444638 - core::ops::function::FnOnce::call_once{{vtable.shim}}::h745ea30807a29e55
[INFO] [stdout]                                at /rustc/a178d0322ce20e33eac124758e837cbd80a6f633/library/core/src/ops/function.rs:227:5
[INFO] [stdout]   38:     0x55a30f5fa237 - <alloc::boxed::Box<F,A> as core::ops::function::FnOnce<Args>>::call_once::h7ece6cfefaff1005
[INFO] [stdout]                                at /rustc/a178d0322ce20e33eac124758e837cbd80a6f633/library/alloc/src/boxed.rs:1575:9
[INFO] [stdout]   39:     0x55a30f5fa237 - <alloc::boxed::Box<F,A> as core::ops::function::FnOnce<Args>>::call_once::hb8b48e55c21f193e
[INFO] [stdout]                                at /rustc/a178d0322ce20e33eac124758e837cbd80a6f633/library/alloc/src/boxed.rs:1575:9
[INFO] [stdout]   40:     0x55a30f5fa237 - std::sys::unix::thread::Thread::new::thread_start::h8c7c4450dba62914
[INFO] [stdout]                                at /rustc/a178d0322ce20e33eac124758e837cbd80a6f633/library/std/src/sys/unix/thread.rs:71:17
[INFO] [stdout]   41:     0x7ff26c7b8609 - start_thread
[INFO] [stdout]   42:     0x7ff26c588293 - clone
[INFO] [stdout]   43:                0x0 - <unknown>
[INFO] [stdout] 
[INFO] [stdout] 
[INFO] [stdout] failures:
[INFO] [stdout]     completion::test::test_command_completer
[INFO] [stdout] 
[INFO] [stdout] test result: FAILED. 23 passed; 1 failed; 0 ignored; 0 measured; 0 filtered out; finished in 0.03s
[INFO] [stdout] 
[INFO] [stderr] error: test failed, to rerun pass '--bin ugdb'
[INFO] running `Command { std: "docker" "inspect" "05e7e77b693239be09e632cec11ed6c26a6184073ca83dfd749db6fd3786adb9", kill_on_drop: false }`
[INFO] running `Command { std: "docker" "rm" "-f" "05e7e77b693239be09e632cec11ed6c26a6184073ca83dfd749db6fd3786adb9", kill_on_drop: false }`
[INFO] [stdout] 05e7e77b693239be09e632cec11ed6c26a6184073ca83dfd749db6fd3786adb9
