[INFO] cloning repository https://github.com/frohman04/advent-2020
[INFO] running `Command { std: "git" "-c" "credential.helper=" "-c" "credential.helper=/workspace/cargo-home/bin/git-credential-null" "clone" "--bare" "https://github.com/frohman04/advent-2020" "/workspace/cache/git-repos/https%3A%2F%2Fgithub.com%2Ffrohman04%2Fadvent-2020", kill_on_drop: false }`
[INFO] [stderr] Cloning into bare repository '/workspace/cache/git-repos/https%3A%2F%2Fgithub.com%2Ffrohman04%2Fadvent-2020'...
[INFO] running `Command { std: "git" "rev-parse" "HEAD", kill_on_drop: false }`
[INFO] [stdout] 7167bbd7d079dabb3560fb3faea6ae7b800f08b2
[INFO] testing frohman04/advent-2020 against 1.54.0 for beta-1.55-1
[INFO] running `Command { std: "git" "clone" "/workspace/cache/git-repos/https%3A%2F%2Fgithub.com%2Ffrohman04%2Fadvent-2020" "/workspace/builds/worker-7/source", kill_on_drop: false }`
[INFO] [stderr] Cloning into '/workspace/builds/worker-7/source'...
[INFO] [stderr] done.
[INFO] validating manifest of git repo https://github.com/frohman04/advent-2020 on toolchain 1.54.0
[INFO] running `Command { std: "/workspace/cargo-home/bin/cargo" "+1.54.0" "metadata" "--manifest-path" "Cargo.toml" "--no-deps", kill_on_drop: false }`
[INFO] started tweaking git repo https://github.com/frohman04/advent-2020
[INFO] finished tweaking git repo https://github.com/frohman04/advent-2020
[INFO] tweaked toml for git repo https://github.com/frohman04/advent-2020 written to /workspace/builds/worker-7/source/Cargo.toml
[INFO] crate git repo https://github.com/frohman04/advent-2020 already has a lockfile, it will not be regenerated
[INFO] running `Command { std: "/workspace/cargo-home/bin/cargo" "+1.54.0" "fetch" "--manifest-path" "Cargo.toml", kill_on_drop: false }`
[INFO] running `Command { std: "docker" "create" "-v" "/var/lib/crater-agent-workspace/builds/worker-7/target:/opt/rustwide/target:rw,Z" "-v" "/var/lib/crater-agent-workspace/builds/worker-7/source:/opt/rustwide/workdir:ro,Z" "-v" "/var/lib/crater-agent-workspace/cargo-home:/opt/rustwide/cargo-home:ro,Z" "-v" "/var/lib/crater-agent-workspace/rustup-home:/opt/rustwide/rustup-home:ro,Z" "-e" "SOURCE_DIR=/opt/rustwide/workdir" "-e" "CARGO_TARGET_DIR=/opt/rustwide/target" "-e" "CARGO_HOME=/opt/rustwide/cargo-home" "-e" "RUSTUP_HOME=/opt/rustwide/rustup-home" "-w" "/opt/rustwide/workdir" "-m" "1610612736" "--user" "0:0" "--network" "none" "ghcr.io/rust-lang/crates-build-env/linux@sha256:34b6a614d2c27851fe6cbf88fbd1137609cefab8b10d0615aaeb6fd47975d74e" "/opt/rustwide/cargo-home/bin/cargo" "+1.54.0" "metadata" "--no-deps" "--format-version=1", kill_on_drop: false }`
[INFO] [stderr] WARNING: Your kernel does not support swap limit capabilities or the cgroup is not mounted. Memory limited without swap.
[INFO] [stdout] e26fbb553673b9f76f3abcd05d260f4b7a31a6054e2ddb77de1a2f2fcef35489
[INFO] running `Command { std: "docker" "start" "-a" "e26fbb553673b9f76f3abcd05d260f4b7a31a6054e2ddb77de1a2f2fcef35489", kill_on_drop: false }`
[INFO] running `Command { std: "docker" "inspect" "e26fbb553673b9f76f3abcd05d260f4b7a31a6054e2ddb77de1a2f2fcef35489", kill_on_drop: false }`
[INFO] running `Command { std: "docker" "rm" "-f" "e26fbb553673b9f76f3abcd05d260f4b7a31a6054e2ddb77de1a2f2fcef35489", kill_on_drop: false }`
[INFO] [stdout] e26fbb553673b9f76f3abcd05d260f4b7a31a6054e2ddb77de1a2f2fcef35489
[INFO] running `Command { std: "docker" "create" "-v" "/var/lib/crater-agent-workspace/builds/worker-7/target:/opt/rustwide/target:rw,Z" "-v" "/var/lib/crater-agent-workspace/builds/worker-7/source:/opt/rustwide/workdir:ro,Z" "-v" "/var/lib/crater-agent-workspace/cargo-home:/opt/rustwide/cargo-home:ro,Z" "-v" "/var/lib/crater-agent-workspace/rustup-home:/opt/rustwide/rustup-home:ro,Z" "-e" "SOURCE_DIR=/opt/rustwide/workdir" "-e" "CARGO_TARGET_DIR=/opt/rustwide/target" "-e" "CARGO_INCREMENTAL=0" "-e" "RUST_BACKTRACE=full" "-e" "RUSTFLAGS=--cap-lints=warn" "-e" "CARGO_HOME=/opt/rustwide/cargo-home" "-e" "RUSTUP_HOME=/opt/rustwide/rustup-home" "-w" "/opt/rustwide/workdir" "-m" "1610612736" "--user" "0:0" "--network" "none" "ghcr.io/rust-lang/crates-build-env/linux@sha256:34b6a614d2c27851fe6cbf88fbd1137609cefab8b10d0615aaeb6fd47975d74e" "/opt/rustwide/cargo-home/bin/cargo" "+1.54.0" "build" "--frozen" "--message-format=json", kill_on_drop: false }`
[INFO] [stdout] 7d46a3bc53ac255b94a212da32d222ed612266d96e31d1ee02078b3c5df497a0
[INFO] [stderr] WARNING: Your kernel does not support swap limit capabilities or the cgroup is not mounted. Memory limited without swap.
[INFO] running `Command { std: "docker" "start" "-a" "7d46a3bc53ac255b94a212da32d222ed612266d96e31d1ee02078b3c5df497a0", kill_on_drop: false }`
[INFO] [stderr]    Compiling num-traits v0.2.14
[INFO] [stderr]    Compiling num-bigint v0.3.1
[INFO] [stderr]    Compiling num-rational v0.3.2
[INFO] [stderr]    Compiling num-iter v0.1.42
[INFO] [stderr]    Compiling num-integer v0.1.44
[INFO] [stderr]    Compiling num-complex v0.3.1
[INFO] [stderr]    Compiling num v0.3.1
[INFO] [stderr]    Compiling advent-2020 v0.1.0 (/opt/rustwide/workdir)
[INFO] [stdout] warning: panic message is not a string literal
[INFO] [stdout]   --> src/bin/day05-prob01.rs:22:20
[INFO] [stdout]    |
[INFO] [stdout] 22 |             panic!(format!("Invalid row: {}", row));
[INFO] [stdout]    |                    ^^^^^^^^^^^^^^^^^^^^^^^^^^^^^^^
[INFO] [stdout]    |
[INFO] [stdout]    = note: `#[warn(non_fmt_panic)]` on by default
[INFO] [stdout]    = note: this is no longer accepted in Rust 2021
[INFO] [stdout]    = note: the panic!() macro supports formatting, so there's no need for the format!() macro here
[INFO] [stdout] help: remove the `format!(..)` macro call
[INFO] [stdout]    |
[INFO] [stdout] 22 |             panic!("Invalid row: {}", row);
[INFO] [stdout]    |                   --                    --
[INFO] [stdout] 
[INFO] [stdout] 
[INFO] [stdout] warning: panic message is not a string literal
[INFO] [stdout]   --> src/bin/day05-prob01.rs:25:20
[INFO] [stdout]    |
[INFO] [stdout] 25 |             panic!(format!("Invalid col: {}", col));
[INFO] [stdout]    |                    ^^^^^^^^^^^^^^^^^^^^^^^^^^^^^^^
[INFO] [stdout]    |
[INFO] [stdout]    = note: this is no longer accepted in Rust 2021
[INFO] [stdout]    = note: the panic!() macro supports formatting, so there's no need for the format!() macro here
[INFO] [stdout] help: remove the `format!(..)` macro call
[INFO] [stdout]    |
[INFO] [stdout] 25 |             panic!("Invalid col: {}", col);
[INFO] [stdout]    |                   --                    --
[INFO] [stdout] 
[INFO] [stdout] 
[INFO] [stdout] warning: panic message is not a string literal
[INFO] [stdout]   --> src/bin/day05-prob01.rs:48:24
[INFO] [stdout]    |
[INFO] [stdout] 48 |                 panic!(format!("Found invalid direction character: {}", char));
[INFO] [stdout]    |                        ^^^^^^^^^^^^^^^^^^^^^^^^^^^^^^^^^^^^^^^^^^^^^^^^^^^^^^
[INFO] [stdout]    |
[INFO] [stdout]    = note: this is no longer accepted in Rust 2021
[INFO] [stdout]    = note: the panic!() macro supports formatting, so there's no need for the format!() macro here
[INFO] [stdout] help: remove the `format!(..)` macro call
[INFO] [stdout]    |
[INFO] [stdout] 48 |                 panic!("Found invalid direction character: {}", char);
[INFO] [stdout]    |                       --                                           --
[INFO] [stdout] 
[INFO] [stdout] 
[INFO] [stdout] warning: panic message is not a string literal
[INFO] [stdout]   --> src/bin/day05-prob01.rs:52:20
[INFO] [stdout]    |
[INFO] [stdout] 52 |               panic!(format!(
[INFO] [stdout]    |  ____________________^
[INFO] [stdout] 53 | |                 "min and max not equal after search: {} != {}",
[INFO] [stdout] 54 | |                 min, max
[INFO] [stdout] 55 | |             ));
[INFO] [stdout]    | |_____________^
[INFO] [stdout]    |
[INFO] [stdout]    = note: this is no longer accepted in Rust 2021
[INFO] [stdout]    = note: the panic!() macro supports formatting, so there's no need for the format!() macro here
[INFO] [stdout] help: remove the `format!(..)` macro call
[INFO] [stdout]    |
[INFO] [stdout] 52 |             panic!(
[INFO] [stdout] 53 |                 "min and max not equal after search: {} != {}",
[INFO] [stdout] 54 |                 min, max
[INFO] [stdout] 55 |             );
[INFO] [stdout]    |
[INFO] [stdout] 
[INFO] [stdout] 
[INFO] [stdout] warning: 4 warnings emitted
[INFO] [stdout] 
[INFO] [stdout] 
[INFO] [stdout] warning: panic message is not a string literal
[INFO] [stdout]   --> src/bin/day05-prob02.rs:46:20
[INFO] [stdout]    |
[INFO] [stdout] 46 |             panic!(format!("Invalid row: {}", row));
[INFO] [stdout]    |                    ^^^^^^^^^^^^^^^^^^^^^^^^^^^^^^^
[INFO] [stdout]    |
[INFO] [stdout]    = note: `#[warn(non_fmt_panic)]` on by default
[INFO] [stdout]    = note: this is no longer accepted in Rust 2021
[INFO] [stdout]    = note: the panic!() macro supports formatting, so there's no need for the format!() macro here
[INFO] [stdout] help: remove the `format!(..)` macro call
[INFO] [stdout]    |
[INFO] [stdout] 46 |             panic!("Invalid row: {}", row);
[INFO] [stdout]    |                   --                    --
[INFO] [stdout] 
[INFO] [stdout] 
[INFO] [stdout] warning: panic message is not a string literal
[INFO] [stdout]   --> src/bin/day05-prob02.rs:49:20
[INFO] [stdout]    |
[INFO] [stdout] 49 |             panic!(format!("Invalid col: {}", col));
[INFO] [stdout]    |                    ^^^^^^^^^^^^^^^^^^^^^^^^^^^^^^^
[INFO] [stdout]    |
[INFO] [stdout]    = note: this is no longer accepted in Rust 2021
[INFO] [stdout]    = note: the panic!() macro supports formatting, so there's no need for the format!() macro here
[INFO] [stdout] help: remove the `format!(..)` macro call
[INFO] [stdout]    |
[INFO] [stdout] 49 |             panic!("Invalid col: {}", col);
[INFO] [stdout]    |                   --                    --
[INFO] [stdout] 
[INFO] [stdout] 
[INFO] [stdout] warning: panic message is not a string literal
[INFO] [stdout]   --> src/bin/day05-prob02.rs:72:24
[INFO] [stdout]    |
[INFO] [stdout] 72 |                 panic!(format!("Found invalid direction character: {}", char));
[INFO] [stdout]    |                        ^^^^^^^^^^^^^^^^^^^^^^^^^^^^^^^^^^^^^^^^^^^^^^^^^^^^^^
[INFO] [stdout]    |
[INFO] [stdout]    = note: this is no longer accepted in Rust 2021
[INFO] [stdout]    = note: the panic!() macro supports formatting, so there's no need for the format!() macro here
[INFO] [stdout] help: remove the `format!(..)` macro call
[INFO] [stdout]    |
[INFO] [stdout] 72 |                 panic!("Found invalid direction character: {}", char);
[INFO] [stdout]    |                       --                                           --
[INFO] [stdout] 
[INFO] [stdout] 
[INFO] [stdout] warning: panic message is not a string literal
[INFO] [stdout]   --> src/bin/day05-prob02.rs:76:20
[INFO] [stdout]    |
[INFO] [stdout] 76 |               panic!(format!(
[INFO] [stdout]    |  ____________________^
[INFO] [stdout] 77 | |                 "min and max not equal after search: {} != {}",
[INFO] [stdout] 78 | |                 min, max
[INFO] [stdout] 79 | |             ));
[INFO] [stdout]    | |_____________^
[INFO] [stdout]    |
[INFO] [stdout]    = note: this is no longer accepted in Rust 2021
[INFO] [stdout]    = note: the panic!() macro supports formatting, so there's no need for the format!() macro here
[INFO] [stdout] help: remove the `format!(..)` macro call
[INFO] [stdout]    |
[INFO] [stdout] 76 |             panic!(
[INFO] [stdout] 77 |                 "min and max not equal after search: {} != {}",
[INFO] [stdout] 78 |                 min, max
[INFO] [stdout] 79 |             );
[INFO] [stdout]    |
[INFO] [stdout] 
[INFO] [stdout] 
[INFO] [stdout] warning: 4 warnings emitted
[INFO] [stdout] 
[INFO] [stdout] 
[INFO] [stderr]     Finished dev [unoptimized + debuginfo] target(s) in 32.56s
[INFO] running `Command { std: "docker" "inspect" "7d46a3bc53ac255b94a212da32d222ed612266d96e31d1ee02078b3c5df497a0", kill_on_drop: false }`
[INFO] running `Command { std: "docker" "rm" "-f" "7d46a3bc53ac255b94a212da32d222ed612266d96e31d1ee02078b3c5df497a0", kill_on_drop: false }`
[INFO] [stdout] 7d46a3bc53ac255b94a212da32d222ed612266d96e31d1ee02078b3c5df497a0
[INFO] running `Command { std: "docker" "create" "-v" "/var/lib/crater-agent-workspace/builds/worker-7/target:/opt/rustwide/target:rw,Z" "-v" "/var/lib/crater-agent-workspace/builds/worker-7/source:/opt/rustwide/workdir:ro,Z" "-v" "/var/lib/crater-agent-workspace/cargo-home:/opt/rustwide/cargo-home:ro,Z" "-v" "/var/lib/crater-agent-workspace/rustup-home:/opt/rustwide/rustup-home:ro,Z" "-e" "SOURCE_DIR=/opt/rustwide/workdir" "-e" "CARGO_TARGET_DIR=/opt/rustwide/target" "-e" "CARGO_INCREMENTAL=0" "-e" "RUST_BACKTRACE=full" "-e" "RUSTFLAGS=--cap-lints=warn" "-e" "CARGO_HOME=/opt/rustwide/cargo-home" "-e" "RUSTUP_HOME=/opt/rustwide/rustup-home" "-w" "/opt/rustwide/workdir" "-m" "1610612736" "--user" "0:0" "--network" "none" "ghcr.io/rust-lang/crates-build-env/linux@sha256:34b6a614d2c27851fe6cbf88fbd1137609cefab8b10d0615aaeb6fd47975d74e" "/opt/rustwide/cargo-home/bin/cargo" "+1.54.0" "test" "--frozen" "--no-run" "--message-format=json", kill_on_drop: false }`
[INFO] [stderr] WARNING: Your kernel does not support swap limit capabilities or the cgroup is not mounted. Memory limited without swap.
[INFO] [stdout] e280fdb08e66ef59d3dbbb7c38927da0d56c35fcffcfb8fb697b02541fe096d6
[INFO] running `Command { std: "docker" "start" "-a" "e280fdb08e66ef59d3dbbb7c38927da0d56c35fcffcfb8fb697b02541fe096d6", kill_on_drop: false }`
[INFO] [stderr]    Compiling advent-2020 v0.1.0 (/opt/rustwide/workdir)
[INFO] [stdout] warning: panic message is not a string literal
[INFO] [stdout]   --> src/bin/day05-prob01.rs:22:20
[INFO] [stdout]    |
[INFO] [stdout] 22 |             panic!(format!("Invalid row: {}", row));
[INFO] [stdout]    |                    ^^^^^^^^^^^^^^^^^^^^^^^^^^^^^^^
[INFO] [stdout]    |
[INFO] [stdout]    = note: `#[warn(non_fmt_panic)]` on by default
[INFO] [stdout]    = note: this is no longer accepted in Rust 2021
[INFO] [stdout]    = note: the panic!() macro supports formatting, so there's no need for the format!() macro here
[INFO] [stdout] help: remove the `format!(..)` macro call
[INFO] [stdout]    |
[INFO] [stdout] 22 |             panic!("Invalid row: {}", row);
[INFO] [stdout]    |                   --                    --
[INFO] [stdout] 
[INFO] [stdout] 
[INFO] [stdout] warning: panic message is not a string literal
[INFO] [stdout]   --> src/bin/day05-prob01.rs:25:20
[INFO] [stdout]    |
[INFO] [stdout] 25 |             panic!(format!("Invalid col: {}", col));
[INFO] [stdout]    |                    ^^^^^^^^^^^^^^^^^^^^^^^^^^^^^^^
[INFO] [stdout]    |
[INFO] [stdout]    = note: this is no longer accepted in Rust 2021
[INFO] [stdout]    = note: the panic!() macro supports formatting, so there's no need for the format!() macro here
[INFO] [stdout] help: remove the `format!(..)` macro call
[INFO] [stdout]    |
[INFO] [stdout] 25 |             panic!("Invalid col: {}", col);
[INFO] [stdout]    |                   --                    --
[INFO] [stdout] 
[INFO] [stdout] 
[INFO] [stdout] warning: panic message is not a string literal
[INFO] [stdout]   --> src/bin/day05-prob01.rs:48:24
[INFO] [stdout]    |
[INFO] [stdout] 48 |                 panic!(format!("Found invalid direction character: {}", char));
[INFO] [stdout]    |                        ^^^^^^^^^^^^^^^^^^^^^^^^^^^^^^^^^^^^^^^^^^^^^^^^^^^^^^
[INFO] [stdout]    |
[INFO] [stdout]    = note: this is no longer accepted in Rust 2021
[INFO] [stdout]    = note: the panic!() macro supports formatting, so there's no need for the format!() macro here
[INFO] [stdout] help: remove the `format!(..)` macro call
[INFO] [stdout]    |
[INFO] [stdout] 48 |                 panic!("Found invalid direction character: {}", char);
[INFO] [stdout]    |                       --                                           --
[INFO] [stdout] 
[INFO] [stdout] 
[INFO] [stdout] warning: panic message is not a string literal
[INFO] [stdout]   --> src/bin/day05-prob01.rs:52:20
[INFO] [stdout]    |
[INFO] [stdout] 52 |               panic!(format!(
[INFO] [stdout]    |  ____________________^
[INFO] [stdout] 53 | |                 "min and max not equal after search: {} != {}",
[INFO] [stdout] 54 | |                 min, max
[INFO] [stdout] 55 | |             ));
[INFO] [stdout]    | |_____________^
[INFO] [stdout]    |
[INFO] [stdout]    = note: this is no longer accepted in Rust 2021
[INFO] [stdout]    = note: the panic!() macro supports formatting, so there's no need for the format!() macro here
[INFO] [stdout] help: remove the `format!(..)` macro call
[INFO] [stdout]    |
[INFO] [stdout] 52 |             panic!(
[INFO] [stdout] 53 |                 "min and max not equal after search: {} != {}",
[INFO] [stdout] 54 |                 min, max
[INFO] [stdout] 55 |             );
[INFO] [stdout]    |
[INFO] [stdout] 
[INFO] [stdout] 
[INFO] [stdout] warning: 4 warnings emitted
[INFO] [stdout] 
[INFO] [stdout] 
[INFO] [stdout] warning: panic message is not a string literal
[INFO] [stdout]   --> src/bin/day05-prob02.rs:46:20
[INFO] [stdout]    |
[INFO] [stdout] 46 |             panic!(format!("Invalid row: {}", row));
[INFO] [stdout]    |                    ^^^^^^^^^^^^^^^^^^^^^^^^^^^^^^^
[INFO] [stdout]    |
[INFO] [stdout]    = note: `#[warn(non_fmt_panic)]` on by default
[INFO] [stdout]    = note: this is no longer accepted in Rust 2021
[INFO] [stdout]    = note: the panic!() macro supports formatting, so there's no need for the format!() macro here
[INFO] [stdout] help: remove the `format!(..)` macro call
[INFO] [stdout]    |
[INFO] [stdout] 46 |             panic!("Invalid row: {}", row);
[INFO] [stdout]    |                   --                    --
[INFO] [stdout] 
[INFO] [stdout] 
[INFO] [stdout] warning: panic message is not a string literal
[INFO] [stdout]   --> src/bin/day05-prob02.rs:49:20
[INFO] [stdout]    |
[INFO] [stdout] 49 |             panic!(format!("Invalid col: {}", col));
[INFO] [stdout]    |                    ^^^^^^^^^^^^^^^^^^^^^^^^^^^^^^^
[INFO] [stdout]    |
[INFO] [stdout]    = note: this is no longer accepted in Rust 2021
[INFO] [stdout]    = note: the panic!() macro supports formatting, so there's no need for the format!() macro here
[INFO] [stdout] help: remove the `format!(..)` macro call
[INFO] [stdout]    |
[INFO] [stdout] 49 |             panic!("Invalid col: {}", col);
[INFO] [stdout]    |                   --                    --
[INFO] [stdout] 
[INFO] [stdout] 
[INFO] [stdout] warning: panic message is not a string literal
[INFO] [stdout]   --> src/bin/day05-prob02.rs:72:24
[INFO] [stdout]    |
[INFO] [stdout] 72 |                 panic!(format!("Found invalid direction character: {}", char));
[INFO] [stdout]    |                        ^^^^^^^^^^^^^^^^^^^^^^^^^^^^^^^^^^^^^^^^^^^^^^^^^^^^^^
[INFO] [stdout]    |
[INFO] [stdout]    = note: this is no longer accepted in Rust 2021
[INFO] [stdout]    = note: the panic!() macro supports formatting, so there's no need for the format!() macro here
[INFO] [stdout] help: remove the `format!(..)` macro call
[INFO] [stdout]    |
[INFO] [stdout] 72 |                 panic!("Found invalid direction character: {}", char);
[INFO] [stdout]    |                       --                                           --
[INFO] [stdout] 
[INFO] [stdout] 
[INFO] [stdout] warning: panic message is not a string literal
[INFO] [stdout]   --> src/bin/day05-prob02.rs:76:20
[INFO] [stdout]    |
[INFO] [stdout] 76 |               panic!(format!(
[INFO] [stdout]    |  ____________________^
[INFO] [stdout] 77 | |                 "min and max not equal after search: {} != {}",
[INFO] [stdout] 78 | |                 min, max
[INFO] [stdout] 79 | |             ));
[INFO] [stdout]    | |_____________^
[INFO] [stdout]    |
[INFO] [stdout]    = note: this is no longer accepted in Rust 2021
[INFO] [stdout]    = note: the panic!() macro supports formatting, so there's no need for the format!() macro here
[INFO] [stdout] help: remove the `format!(..)` macro call
[INFO] [stdout]    |
[INFO] [stdout] 76 |             panic!(
[INFO] [stdout] 77 |                 "min and max not equal after search: {} != {}",
[INFO] [stdout] 78 |                 min, max
[INFO] [stdout] 79 |             );
[INFO] [stdout]    |
[INFO] [stdout] 
[INFO] [stdout] 
[INFO] [stdout] warning: 4 warnings emitted
[INFO] [stdout] 
[INFO] [stdout] 
[INFO] [stderr]     Finished test [unoptimized + debuginfo] target(s) in 20.06s
[INFO] running `Command { std: "docker" "inspect" "e280fdb08e66ef59d3dbbb7c38927da0d56c35fcffcfb8fb697b02541fe096d6", kill_on_drop: false }`
[INFO] running `Command { std: "docker" "rm" "-f" "e280fdb08e66ef59d3dbbb7c38927da0d56c35fcffcfb8fb697b02541fe096d6", kill_on_drop: false }`
[INFO] [stdout] e280fdb08e66ef59d3dbbb7c38927da0d56c35fcffcfb8fb697b02541fe096d6
[INFO] running `Command { std: "docker" "create" "-v" "/var/lib/crater-agent-workspace/builds/worker-7/target:/opt/rustwide/target:rw,Z" "-v" "/var/lib/crater-agent-workspace/builds/worker-7/source:/opt/rustwide/workdir:ro,Z" "-v" "/var/lib/crater-agent-workspace/cargo-home:/opt/rustwide/cargo-home:ro,Z" "-v" "/var/lib/crater-agent-workspace/rustup-home:/opt/rustwide/rustup-home:ro,Z" "-e" "SOURCE_DIR=/opt/rustwide/workdir" "-e" "CARGO_TARGET_DIR=/opt/rustwide/target" "-e" "CARGO_INCREMENTAL=0" "-e" "RUST_BACKTRACE=full" "-e" "RUSTFLAGS=--cap-lints=warn" "-e" "CARGO_HOME=/opt/rustwide/cargo-home" "-e" "RUSTUP_HOME=/opt/rustwide/rustup-home" "-w" "/opt/rustwide/workdir" "-m" "1610612736" "--user" "0:0" "--network" "none" "ghcr.io/rust-lang/crates-build-env/linux@sha256:34b6a614d2c27851fe6cbf88fbd1137609cefab8b10d0615aaeb6fd47975d74e" "/opt/rustwide/cargo-home/bin/cargo" "+1.54.0" "test" "--frozen", kill_on_drop: false }`
[INFO] [stdout] 28a04cd06561dcb8a982c7abdfdc8e5d3c4d084c92480c5bac00975d26a910b1
[INFO] [stderr] WARNING: Your kernel does not support swap limit capabilities or the cgroup is not mounted. Memory limited without swap.
[INFO] running `Command { std: "docker" "start" "-a" "28a04cd06561dcb8a982c7abdfdc8e5d3c4d084c92480c5bac00975d26a910b1", kill_on_drop: false }`
[INFO] [stdout] 
[INFO] [stderr] warning: panic message is not a string literal
[INFO] [stdout] running 1 test
[INFO] [stderr]   --> src/bin/day05-prob01.rs:22:20
[INFO] [stdout] test test::test1 ... ok
[INFO] [stderr]    |
[INFO] [stdout] 
[INFO] [stderr] 22 |             panic!(format!("Invalid row: {}", row));
[INFO] [stdout] test result: ok. 1 passed; 0 failed; 0 ignored; 0 measured; 0 filtered out; finished in 0.01s
[INFO] [stderr]    |                    ^^^^^^^^^^^^^^^^^^^^^^^^^^^^^^^
[INFO] [stdout] 
[INFO] [stderr]    |
[INFO] [stdout] 
[INFO] [stderr]    = note: `#[warn(non_fmt_panic)]` on by default
[INFO] [stdout] running 1 test
[INFO] [stderr]    = note: this is no longer accepted in Rust 2021
[INFO] [stdout] test test::test1 ... ok
[INFO] [stderr]    = note: the panic!() macro supports formatting, so there's no need for the format!() macro here
[INFO] [stdout] 
[INFO] [stderr] help: remove the `format!(..)` macro call
[INFO] [stdout] test result: ok. 1 passed; 0 failed; 0 ignored; 0 measured; 0 filtered out; finished in 0.01s
[INFO] [stderr]    |
[INFO] [stdout] 
[INFO] [stderr] 22 |             panic!("Invalid row: {}", row);
[INFO] [stderr]    |                   --                    --
[INFO] [stderr] 
[INFO] [stderr] warning: panic message is not a string literal
[INFO] [stderr]   --> src/bin/day05-prob01.rs:25:20
[INFO] [stderr]    |
[INFO] [stderr] 25 |             panic!(format!("Invalid col: {}", col));
[INFO] [stderr]    |                    ^^^^^^^^^^^^^^^^^^^^^^^^^^^^^^^
[INFO] [stderr]    |
[INFO] [stderr]    = note: this is no longer accepted in Rust 2021
[INFO] [stderr]    = note: the panic!() macro supports formatting, so there's no need for the format!() macro here
[INFO] [stderr] help: remove the `format!(..)` macro call
[INFO] [stderr]    |
[INFO] [stderr] 25 |             panic!("Invalid col: {}", col);
[INFO] [stderr]    |                   --                    --
[INFO] [stderr] 
[INFO] [stderr] warning: panic message is not a string literal
[INFO] [stderr]   --> src/bin/day05-prob01.rs:48:24
[INFO] [stderr]    |
[INFO] [stderr] 48 |                 panic!(format!("Found invalid direction character: {}", char));
[INFO] [stderr]    |                        ^^^^^^^^^^^^^^^^^^^^^^^^^^^^^^^^^^^^^^^^^^^^^^^^^^^^^^
[INFO] [stderr]    |
[INFO] [stderr]    = note: this is no longer accepted in Rust 2021
[INFO] [stderr]    = note: the panic!() macro supports formatting, so there's no need for the format!() macro here
[INFO] [stderr] help: remove the `format!(..)` macro call
[INFO] [stderr]    |
[INFO] [stderr] 48 |                 panic!("Found invalid direction character: {}", char);
[INFO] [stderr]    |                       --                                           --
[INFO] [stderr] 
[INFO] [stderr] warning: panic message is not a string literal
[INFO] [stderr]   --> src/bin/day05-prob01.rs:52:20
[INFO] [stderr]    |
[INFO] [stderr] 52 |               panic!(format!(
[INFO] [stderr]    |  ____________________^
[INFO] [stderr] 53 | |                 "min and max not equal after search: {} != {}",
[INFO] [stderr] 54 | |                 min, max
[INFO] [stderr] 55 | |             ));
[INFO] [stderr]    | |_____________^
[INFO] [stderr]    |
[INFO] [stderr]    = note: this is no longer accepted in Rust 2021
[INFO] [stderr]    = note: the panic!() macro supports formatting, so there's no need for the format!() macro here
[INFO] [stderr] help: remove the `format!(..)` macro call
[INFO] [stderr]    |
[INFO] [stderr] 52 |             panic!(
[INFO] [stderr] 53 |                 "min and max not equal after search: {} != {}",
[INFO] [stderr] 54 |                 min, max
[INFO] [stderr] 55 |             );
[INFO] [stderr]    |
[INFO] [stderr] 
[INFO] [stderr] warning: 4 warnings emitted
[INFO] [stderr] 
[INFO] [stderr] warning: panic message is not a string literal
[INFO] [stderr]   --> src/bin/day05-prob02.rs:46:20
[INFO] [stderr]    |
[INFO] [stderr] 46 |             panic!(format!("Invalid row: {}", row));
[INFO] [stderr]    |                    ^^^^^^^^^^^^^^^^^^^^^^^^^^^^^^^
[INFO] [stderr]    |
[INFO] [stderr]    = note: `#[warn(non_fmt_panic)]` on by default
[INFO] [stderr]    = note: this is no longer accepted in Rust 2021
[INFO] [stderr]    = note: the panic!() macro supports formatting, so there's no need for the format!() macro here
[INFO] [stderr] help: remove the `format!(..)` macro call
[INFO] [stderr]    |
[INFO] [stderr] 46 |             panic!("Invalid row: {}", row);
[INFO] [stderr]    |                   --                    --
[INFO] [stderr] 
[INFO] [stderr] warning: panic message is not a string literal
[INFO] [stderr]   --> src/bin/day05-prob02.rs:49:20
[INFO] [stderr]    |
[INFO] [stderr] 49 |             panic!(format!("Invalid col: {}", col));
[INFO] [stderr]    |                    ^^^^^^^^^^^^^^^^^^^^^^^^^^^^^^^
[INFO] [stderr]    |
[INFO] [stderr]    = note: this is no longer accepted in Rust 2021
[INFO] [stderr]    = note: the panic!() macro supports formatting, so there's no need for the format!() macro here
[INFO] [stderr] help: remove the `format!(..)` macro call
[INFO] [stderr]    |
[INFO] [stderr] 49 |             panic!("Invalid col: {}", col);
[INFO] [stderr]    |                   --                    --
[INFO] [stderr] 
[INFO] [stderr] warning: panic message is not a string literal
[INFO] [stderr]   --> src/bin/day05-prob02.rs:72:24
[INFO] [stderr]    |
[INFO] [stderr] 72 |                 panic!(format!("Found invalid direction character: {}", char));
[INFO] [stderr]    |                        ^^^^^^^^^^^^^^^^^^^^^^^^^^^^^^^^^^^^^^^^^^^^^^^^^^^^^^
[INFO] [stderr]    |
[INFO] [stderr]    = note: this is no longer accepted in Rust 2021
[INFO] [stderr]    = note: the panic!() macro supports formatting, so there's no need for the format!() macro here
[INFO] [stderr] help: remove the `format!(..)` macro call
[INFO] [stderr]    |
[INFO] [stderr] 72 |                 panic!("Found invalid direction character: {}", char);
[INFO] [stderr]    |                       --                                           --
[INFO] [stderr] 
[INFO] [stderr] warning: panic message is not a string literal
[INFO] [stderr]   --> src/bin/day05-prob02.rs:76:20
[INFO] [stderr]    |
[INFO] [stderr] 76 |               panic!(format!(
[INFO] [stderr]    |  ____________________^
[INFO] [stderr] 77 | |                 "min and max not equal after search: {} != {}",
[INFO] [stderr] 78 | |                 min, max
[INFO] [stderr] 79 | |             ));
[INFO] [stderr]    | |_____________^
[INFO] [stderr]    |
[INFO] [stderr]    = note: this is no longer accepted in Rust 2021
[INFO] [stderr]    = note: the panic!() macro supports formatting, so there's no need for the format!() macro here
[INFO] [stderr] help: remove the `format!(..)` macro call
[INFO] [stderr]    |
[INFO] [stderr] 76 |             panic!(
[INFO] [stderr] 77 |                 "min and max not equal after search: {} != {}",
[INFO] [stderr] 78 |                 min, max
[INFO] [stderr] 79 |             );
[INFO] [stderr]    |
[INFO] [stderr] 
[INFO] [stderr] warning: 4 warnings emitted
[INFO] [stderr] 
[INFO] [stderr]     Finished test [unoptimized + debuginfo] target(s) in 0.04s
[INFO] [stderr]      Running unittests (/opt/rustwide/target/debug/deps/day01_prob01-e95b6be7aa209c6b)
[INFO] [stderr]      Running unittests (/opt/rustwide/target/debug/deps/day01_prob02-ec8f144ef2561024)
[INFO] [stderr]      Running unittests (/opt/rustwide/target/debug/deps/day02_prob01-335aef2eafbd16d8)
[INFO] [stdout] 
[INFO] [stdout] running 5 tests
[INFO] [stdout] test test::test_is_valid_no ... ok
[INFO] [stdout] test test::test_is_valid_yes1 ... ok
[INFO] [stdout] test test::test_is_valid_yes2 ... ok
[INFO] [stdout] test test::test_from_line ... ok
[INFO] [stdout] test test::test_from_line_doubledigit ... ok
[INFO] [stdout] 
[INFO] [stdout] test result: ok. 5 passed; 0 failed; 0 ignored; 0 measured; 0 filtered out; finished in 0.01s
[INFO] [stdout] 
[INFO] [stderr]      Running unittests (/opt/rustwide/target/debug/deps/day02_prob02-ce66d7076fe42e65)
[INFO] [stdout] 
[INFO] [stdout] running 5 tests
[INFO] [stdout] test test::test_from_line ... ok
[INFO] [stdout] test test::test_is_valid_no2 ... ok
[INFO] [stdout] test test::test_is_valid_no1 ... ok
[INFO] [stderr]      Running unittests (/opt/rustwide/target/debug/deps/day03_prob01-e09be05d98d3911c)
[INFO] [stdout] test test::test_from_line_doubledigit ... ok
[INFO] [stdout] test test::test_is_valid_yes ... ok
[INFO] [stdout] 
[INFO] [stdout] test result: ok. 5 passed; 0 failed; 0 ignored; 0 measured; 0 filtered out; finished in 0.01s
[INFO] [stdout] 
[INFO] [stdout] 
[INFO] [stdout] running 6 tests
[INFO] [stdout] test test::test_parse_line ... ok
[INFO] [stdout] test test::test_traverse_hill ... ok
[INFO] [stdout] test test::test_traverse_go_oob ... ok
[INFO] [stdout] test test::test_traverse_normal ... ok
[INFO] [stdout] test test::test_traverse_reach_end ... ok
[INFO] [stdout] test test::test_traverse_remain_oob ... ok
[INFO] [stdout] 
[INFO] [stdout] test result: ok. 6 passed; 0 failed; 0 ignored; 0 measured; 0 filtered out; finished in 0.01s
[INFO] [stdout] 
[INFO] [stderr]      Running unittests (/opt/rustwide/target/debug/deps/day03_prob02-a17c4863abce0ddd)
[INFO] [stdout] 
[INFO] [stdout] running 6 tests
[INFO] [stdout] test test::test_parse_line ... ok
[INFO] [stdout] test test::test_traverse_go_oob ... ok
[INFO] [stdout] test test::test_traverse_remain_oob ... ok
[INFO] [stdout] test test::test_traverse_hill ... ok
[INFO] [stdout] test test::test_traverse_normal ... ok
[INFO] [stdout] test test::test_traverse_reach_end ... ok
[INFO] [stdout] 
[INFO] [stdout] test result: ok. 6 passed; 0 failed; 0 ignored; 0 measured; 0 filtered out; finished in 0.01s
[INFO] [stdout] 
[INFO] [stderr]      Running unittests (/opt/rustwide/target/debug/deps/day04_prob01-8b4664369c0c646a)
[INFO] [stdout] 
[INFO] [stdout] running 12 tests
[INFO] [stdout] test test::test_parseresult_merge_multiple ... ok
[INFO] [stdout] test test::test_passport_from_line_single ... ok
[INFO] [stdout] test test::test_parseresult_merge_single_term_divider ... ok
[INFO] [stdout] test test::test_parseresult_merge_single_no_term_divider ... ok
[INFO] [stdout] test test::test_passport_from_line_multiple ... ok
[INFO] [stdout] test test::test_passport_is_valid2 ... ok
[INFO] [stdout] test test::test_passport_is_valid1 ... ok
[INFO] [stdout] test test::test_passport_is_valid3 ... ok
[INFO] [stdout] test test::test_passport_is_valid4 ... ok
[INFO] [stdout] test test::test_parseresult_from_line_empty ... ok
[INFO] [stderr]      Running unittests (/opt/rustwide/target/debug/deps/day04_prob02-b554cf23176fd076)
[INFO] [stdout] test test::test_passport_merge ... ok
[INFO] [stdout] test test::test_parseresult_from_line_full ... ok
[INFO] [stdout] 
[INFO] [stdout] test result: ok. 12 passed; 0 failed; 0 ignored; 0 measured; 0 filtered out; finished in 0.05s
[INFO] [stdout] 
[INFO] [stdout] 
[INFO] [stdout] running 41 tests
[INFO] [stdout] test test::test_passport_is_valid_eye_color ... ok
[INFO] [stdout] test test::test_parseresult_from_line_full ... ok
[INFO] [stdout] test test::test_passport_is_valid2 ... ok
[INFO] [stdout] test test::test_passport_is_valid_hair_color_none ... ok
[INFO] [stdout] test test::test_passport_is_valid_eye_color_invalid_color ... ok
[INFO] [stdout] test test::test_passport_is_valid_hair_color_not_hex ... ok
[INFO] [stderr]      Running unittests (/opt/rustwide/target/debug/deps/day05_prob01-05491c39eefa5ef0)
[INFO] [stdout] test test::test_passport_is_valid_hair_color_missing_pound ... ok
[INFO] [stdout] test test::test_passport_is_valid_eye_color_none ... ok
[INFO] [stdout] test test::test_passport_from_line_multiple ... ok
[INFO] [stdout] test test::test_parseresult_from_line_empty ... ok
[INFO] [stdout] test test::test_passport_is_valid3 ... ok
[INFO] [stdout] test test::test_passport_is_valid_country_id_none ... ok
[INFO] [stdout] test test::test_passport_is_valid_country_id ... ok
[INFO] [stdout] test test::test_passport_from_line_single ... ok
[INFO] [stdout] test test::test_passport_is_valid4 ... ok
[INFO] [stdout] test test::test_passport_is_valid1 ... ok
[INFO] [stdout] test test::test_parseresult_merge_single_term_divider ... ok
[INFO] [stdout] test test::test_parseresult_merge_single_no_term_divider ... ok
[INFO] [stdout] test test::test_passport_is_valid_hair_color ... ok
[INFO] [stdout] test test::test_passport_is_valid_height_bad_units ... ok
[INFO] [stdout] test test::test_parseresult_merge_multiple ... ok
[INFO] [stdout] test test::test_passport_is_valid_height_cm_too_tall ... ok
[INFO] [stdout] test test::test_passport_is_valid_hair_color_upper_case ... ok
[INFO] [stdout] test test::test_passport_is_valid_height_in ... ok
[INFO] [stdout] test test::test_passport_is_valid_height_in_too_tall ... ok
[INFO] [stdout] test test::test_passport_is_valid_height_none ... ok
[INFO] [stdout] test test::test_passport_is_valid_passport_id ... ok
[INFO] [stdout] test test::test_passport_is_valid_passport_id_chars ... ok
[INFO] [stdout] test test::test_passport_is_valid_passport_id_length ... ok
[INFO] [stdout] test test::test_passport_is_valid_passport_id_none ... ok
[INFO] [stdout] test test::test_passport_is_valid_year ... ok
[INFO] [stdout] test test::test_passport_is_valid_year_nan ... ok
[INFO] [stdout] test test::test_passport_is_valid_year_none ... ok
[INFO] [stdout] test test::test_passport_is_valid_year_too_early ... ok
[INFO] [stdout] test test::test_passport_is_valid_year_too_late ... ok
[INFO] [stdout] test test::test_passport_is_valid_height_cm_nan ... ok
[INFO] [stdout] test test::test_passport_is_valid_height_cm ... ok
[INFO] [stdout] test test::test_passport_merge ... ok
[INFO] [stdout] test test::test_passport_is_valid_height_cm_too_short ... ok
[INFO] [stdout] test test::test_passport_is_valid_height_in_too_short ... ok
[INFO] [stdout] test test::test_passport_is_valid_height_in_nan ... ok
[INFO] [stdout] 
[INFO] [stdout] test result: ok. 41 passed; 0 failed; 0 ignored; 0 measured; 0 filtered out; finished in 0.01s
[INFO] [stdout] 
[INFO] [stdout] 
[INFO] [stdout] running 10 tests
[INFO] [stdout] test test::test_search1 ... ok
[INFO] [stdout] test test::test_search2 ... ok
[INFO] [stdout] test test::test_get_id4 ... ok
[INFO] [stdout] test test::test_get_id ... ok
[INFO] [stdout] test test::test_from_partition4 ... ok
[INFO] [stdout] test test::test_from_partition3 ... ok
[INFO] [stdout] test test::test_from_partition2 ... ok
[INFO] [stdout] test test::test_from_partition1 ... ok
[INFO] [stdout] test test::test_get_id2 ... ok
[INFO] [stdout] test test::test_get_id3 ... ok
[INFO] [stdout] 
[INFO] [stdout] test result: ok. 10 passed; 0 failed; 0 ignored; 0 measured; 0 filtered out; finished in 0.01s
[INFO] [stdout] 
[INFO] [stderr]      Running unittests (/opt/rustwide/target/debug/deps/day05_prob02-a266114d486b5c77)
[INFO] [stdout] 
[INFO] [stdout] running 10 tests
[INFO] [stdout] test test::test_search2 ... ok
[INFO] [stderr]      Running unittests (/opt/rustwide/target/debug/deps/day06_prob01-3a3df453d0e25ee4)
[INFO] [stdout] test test::test_from_partition2 ... ok
[INFO] [stdout] test test::test_get_id3 ... ok
[INFO] [stdout] test test::test_from_partition1 ... ok
[INFO] [stdout] test test::test_get_id2 ... ok
[INFO] [stdout] test test::test_search1 ... ok
[INFO] [stdout] test test::test_from_partition3 ... ok
[INFO] [stdout] test test::test_get_id ... ok
[INFO] [stdout] test test::test_from_partition4 ... ok
[INFO] [stdout] test test::test_get_id4 ... ok
[INFO] [stdout] 
[INFO] [stdout] test result: ok. 10 passed; 0 failed; 0 ignored; 0 measured; 0 filtered out; finished in 0.01s
[INFO] [stdout] 
[INFO] [stdout] 
[INFO] [stdout] running 7 tests
[INFO] [stdout] test test::test_parseresult_merge_multiple ... ok
[INFO] [stdout] test test::test_parseresult_merge_single_no_term_divider ... ok
[INFO] [stdout] test test::test_customs_from_raw ... ok
[INFO] [stdout] test test::test_parseresult_from_raw_divider ... ok
[INFO] [stdout] test test::test_parseresult_from_raw_form ... ok
[INFO] [stdout] test test::test_parseresult_merge_single_term_divider ... ok
[INFO] [stdout] test test::test_customsgroup_merge ... ok
[INFO] [stdout] 
[INFO] [stdout] test result: ok. 7 passed; 0 failed; 0 ignored; 0 measured; 0 filtered out; finished in 0.01s
[INFO] [stdout] 
[INFO] [stderr]      Running unittests (/opt/rustwide/target/debug/deps/day06_prob02-efd283b5747a0acc)
[INFO] [stdout] 
[INFO] [stdout] running 7 tests
[INFO] [stdout] test test::test_parseresult_from_raw_divider ... ok
[INFO] [stdout] test test::test_parseresult_from_raw_form ... ok
[INFO] [stdout] test test::test_customsgroup_merge ... ok
[INFO] [stdout] test test::test_parseresult_merge_multiple ... ok
[INFO] [stdout] test test::test_parseresult_merge_single_no_term_divider ... ok
[INFO] [stdout] test test::test_customs_from_raw ... ok
[INFO] [stderr]      Running unittests (/opt/rustwide/target/debug/deps/day07_prob01-38c9e456e6a49797)
[INFO] [stdout] test test::test_parseresult_merge_single_term_divider ... ok
[INFO] [stdout] 
[INFO] [stdout] test result: ok. 7 passed; 0 failed; 0 ignored; 0 measured; 0 filtered out; finished in 0.01s
[INFO] [stdout] 
[INFO] [stdout] 
[INFO] [stdout] running 8 tests
[INFO] [stdout] test test::test_find_shiny_gold_one_layer ... ok
[INFO] [stdout] test test::test_parse_line_one_singular_bag ... ok
[INFO] [stdout] test test::test_parse_line_one_plural_bag ... ok
[INFO] [stdout] test test::test_parse_line_no_bags ... ok
[INFO] [stdout] test test::test_parse_line_multiple_bags ... ok
[INFO] [stdout] test test::test_find_shiny_gold_multiple_layers ... ok
[INFO] [stdout] test test::test_find_shiny_gold_self ... ok
[INFO] [stderr]      Running unittests (/opt/rustwide/target/debug/deps/day07_prob02-12a95a79d8b159c3)
[INFO] [stdout] test test::test_find_shiny_gold_complex ... ok
[INFO] [stdout] 
[INFO] [stdout] test result: ok. 8 passed; 0 failed; 0 ignored; 0 measured; 0 filtered out; finished in 0.01s
[INFO] [stdout] 
[INFO] [stdout] 
[INFO] [stdout] running 10 tests
[INFO] [stdout] test test::test_parse_line_no_bags ... ok
[INFO] [stdout] test test::test_parse_line_one_singular_bag ... ok
[INFO] [stdout] test test::test_parse_line_multiple_bags ... ok
[INFO] [stdout] test test::test_shiny_gold_contains_complex ... ok
[INFO] [stdout] test test::test_shiny_gold_contains_single_layer_two_children ... ok
[INFO] [stdout] test test::test_shiny_gold_contains_single_layer_single_child ... ok
[INFO] [stdout] test test::test_parse_line_one_plural_bag ... ok
[INFO] [stdout] test test::test_shiny_gold_contains_two_layers_two_children ... ok
[INFO] [stdout] test test::test_shiny_gold_contains_nested ... ok
[INFO] [stdout] test test::test_shiny_gold_contains_two_layers_single_child ... ok
[INFO] [stdout] 
[INFO] [stdout] test result: ok. 10 passed; 0 failed; 0 ignored; 0 measured; 0 filtered out; finished in 0.01s
[INFO] [stdout] 
[INFO] [stderr]      Running unittests (/opt/rustwide/target/debug/deps/day08_prob01-0971883af4e92548)
[INFO] [stdout] 
[INFO] [stdout] running 8 tests
[INFO] [stdout] test test::test_instruction_from_asm_jmp_zero ... ok
[INFO] [stdout] test test::test_instruction_from_asm_jmp_negative ... ok
[INFO] [stdout] test test::test_instruction_from_asm_jmp_positive ... ok
[INFO] [stderr]      Running unittests (/opt/rustwide/target/debug/deps/day08_prob02-e1fefa0505207a26)
[INFO] [stdout] test test::test_instruction_from_asm_acc_positive ... ok
[INFO] [stdout] test test::test_instruction_from_asm_acc_negative ... ok
[INFO] [stdout] test test::test_instruction_from_asm_nop ... ok
[INFO] [stdout] test test::test_instruction_from_asm_acc_zero ... ok
[INFO] [stdout] test test::test_run_program ... ok
[INFO] [stdout] 
[INFO] [stdout] test result: ok. 8 passed; 0 failed; 0 ignored; 0 measured; 0 filtered out; finished in 0.01s
[INFO] [stdout] 
[INFO] [stdout] 
[INFO] [stdout] running 12 tests
[INFO] [stdout] test test::test_run_program_loop ... ok
[INFO] [stdout] test test::test_run_program_complete ... ok
[INFO] [stdout] test test::test_instruction_from_asm_nop_zero ... ok
[INFO] [stdout] test test::test_instruction_from_asm_jmp_zero ... ok
[INFO] [stdout] test test::test_instruction_from_asm_nop_positive ... ok
[INFO] [stdout] test test::test_instruction_from_asm_jmp_positive ... ok
[INFO] [stdout] test test::test_instruction_from_asm_jmp_negative ... ok
[INFO] [stderr]      Running unittests (/opt/rustwide/target/debug/deps/day09_prob01-f8183be4c3ec5cf2)
[INFO] [stdout] test test::test_instruction_from_asm_acc_positive ... ok
[INFO] [stdout] test test::test_instruction_from_asm_acc_zero ... ok
[INFO] [stdout] test test::test_fix_bug ... ok
[INFO] [stdout] test test::test_instruction_from_asm_acc_negative ... ok
[INFO] [stdout] test test::test_instruction_from_asm_nop_negative ... ok
[INFO] [stdout] 
[INFO] [stdout] test result: ok. 12 passed; 0 failed; 0 ignored; 0 measured; 0 filtered out; finished in 0.01s
[INFO] [stdout] 
[INFO] [stdout] 
[INFO] [stdout] running 1 test
[INFO] [stdout] test test::test_xmas ... ok
[INFO] [stdout] 
[INFO] [stdout] test result: ok. 1 passed; 0 failed; 0 ignored; 0 measured; 0 filtered out; finished in 0.00s
[INFO] [stdout] 
[INFO] [stderr]      Running unittests (/opt/rustwide/target/debug/deps/day09_prob02-3f88ae466b577ebf)
[INFO] [stdout] 
[INFO] [stdout] running 2 tests
[INFO] [stderr]      Running unittests (/opt/rustwide/target/debug/deps/day10_prob01-73b3c20e598a8821)
[INFO] [stdout] test test::test_xmas_corruption ... ok
[INFO] [stdout] test test::test_xmas_fix ... ok
[INFO] [stdout] 
[INFO] [stdout] test result: ok. 2 passed; 0 failed; 0 ignored; 0 measured; 0 filtered out; finished in 0.01s
[INFO] [stdout] 
[INFO] [stdout] 
[INFO] [stdout] running 2 tests
[INFO] [stdout] test test::test_chain_adapters2 ... ok
[INFO] [stdout] test test::test_chain_adapters1 ... ok
[INFO] [stdout] 
[INFO] [stdout] test result: ok. 2 passed; 0 failed; 0 ignored; 0 measured; 0 filtered out; finished in 0.00s
[INFO] [stdout] 
[INFO] [stderr]      Running unittests (/opt/rustwide/target/debug/deps/day10_prob02-9ba9e62e8375ddaa)
[INFO] [stdout] 
[INFO] [stdout] running 2 tests
[INFO] [stderr]      Running unittests (/opt/rustwide/target/debug/deps/day11_prob01-0c70a5e07818280b)
[INFO] [stdout] test test::test_chain_adapters1 ... ok
[INFO] [stdout] test test::test_chain_adapters2 ... ok
[INFO] [stdout] 
[INFO] [stdout] test result: ok. 2 passed; 0 failed; 0 ignored; 0 measured; 0 filtered out; finished in 0.01s
[INFO] [stdout] 
[INFO] [stdout] 
[INFO] [stdout] running 4 tests
[INFO] [stderr]      Running unittests (/opt/rustwide/target/debug/deps/day11_prob02-5a290cedc112007b)
[INFO] [stdout] test test::test_parse_line ... ok
[INFO] [stdout] test test::test_step1 ... ok
[INFO] [stdout] test test::test_step2 ... ok
[INFO] [stdout] test test::test_find_stable ... ok
[INFO] [stdout] 
[INFO] [stdout] test result: ok. 4 passed; 0 failed; 0 ignored; 0 measured; 0 filtered out; finished in 0.01s
[INFO] [stdout] 
[INFO] [stdout] 
[INFO] [stdout] running 8 tests
[INFO] [stdout] test test::test_count_occupied_neighbors3 ... ok
[INFO] [stdout] test test::test_count_occupied_neighbors1 ... ok
[INFO] [stdout] test test::test_step3 ... ok
[INFO] [stdout] test test::test_count_occupied_neighbors2 ... ok
[INFO] [stdout] test test::test_parse_line ... ok
[INFO] [stdout] test test::test_step1 ... ok
[INFO] [stdout] test test::test_step2 ... ok
[INFO] [stdout] test test::test_find_stable ... ok
[INFO] [stdout] 
[INFO] [stdout] test result: ok. 8 passed; 0 failed; 0 ignored; 0 measured; 0 filtered out; finished in 0.03s
[INFO] [stdout] 
[INFO] [stderr]      Running unittests (/opt/rustwide/target/debug/deps/day12_prob01-c3b8a17ff7e0f782)
[INFO] [stdout] 
[INFO] [stdout] running 11 tests
[INFO] [stdout] test test::test_navigate ... ok
[INFO] [stdout] test test::test_command_from_line_turn_left ... ok
[INFO] [stdout] test test::test_direction_turn_positive_wrap ... ok
[INFO] [stderr]      Running unittests (/opt/rustwide/target/debug/deps/day12_prob02-4c3cb94a19b9a77c)
[INFO] [stdout] test test::test_command_from_line_move_west ... ok
[INFO] [stdout] test test::test_command_from_line_move_forward ... ok
[INFO] [stdout] test test::test_direction_turn_negative_deg ... ok
[INFO] [stdout] test test::test_command_from_line_move_north ... ok
[INFO] [stdout] test test::test_command_from_line_move_east ... ok
[INFO] [stdout] test test::test_command_from_line_move_south ... ok
[INFO] [stdout] test test::test_direction_turn ... ok
[INFO] [stdout] test test::test_command_from_line_turn_right ... ok
[INFO] [stdout] 
[INFO] [stdout] test result: ok. 11 passed; 0 failed; 0 ignored; 0 measured; 0 filtered out; finished in 0.01s
[INFO] [stdout] 
[INFO] [stdout] 
[INFO] [stdout] running 9 tests
[INFO] [stdout] test test::test_command_from_line_move_east ... ok
[INFO] [stdout] test test::test_command_from_line_turn_right ... ok
[INFO] [stdout] test test::test_direction_turn ... ok
[INFO] [stdout] test test::test_command_from_line_move_forward ... ok
[INFO] [stdout] test test::test_command_from_line_move_south ... ok
[INFO] [stdout] test test::test_navigate ... ok
[INFO] [stdout] test test::test_command_from_line_move_west ... ok
[INFO] [stdout] test test::test_command_from_line_move_north ... ok
[INFO] [stdout] test test::test_command_from_line_turn_left ... ok
[INFO] [stdout] 
[INFO] [stdout] test result: ok. 9 passed; 0 failed; 0 ignored; 0 measured; 0 filtered out; finished in 0.02s
[INFO] [stdout] 
[INFO] [stderr]      Running unittests (/opt/rustwide/target/debug/deps/day13_prob01-db6c6e24e1a3cb35)
[INFO] [stdout] 
[INFO] [stdout] running 1 test
[INFO] [stderr]      Running unittests (/opt/rustwide/target/debug/deps/day13_prob02-5f83a4b6117d5f46)
[INFO] [stdout] test test::test_find_first_shuttle ... ok
[INFO] [stdout] 
[INFO] [stdout] test result: ok. 1 passed; 0 failed; 0 ignored; 0 measured; 0 filtered out; finished in 0.01s
[INFO] [stdout] 
[INFO] [stdout] 
[INFO] [stdout] running 6 tests
[INFO] [stdout] test test::test_find_sequential_departure1 ... ok
[INFO] [stdout] test test::test_find_sequential_departure3 ... ok
[INFO] [stdout] test test::test_find_sequential_departure2 ... ok
[INFO] [stdout] test test::test_find_sequential_departure4 ... ok
[INFO] [stdout] test test::test_find_sequential_departure5 ... ok
[INFO] [stdout] test test::test_find_sequential_departure6 ... ok
[INFO] [stdout] 
[INFO] [stdout] test result: ok. 6 passed; 0 failed; 0 ignored; 0 measured; 0 filtered out; finished in 0.00s
[INFO] [stdout] 
[INFO] [stderr]      Running unittests (/opt/rustwide/target/debug/deps/day14_prob01-412b40fcd99a0534)
[INFO] [stdout] 
[INFO] [stdout] running 5 tests
[INFO] [stdout] test test::test_mask_apply1 ... ok
[INFO] [stdout] test test::test_mask_apply2 ... ok
[INFO] [stdout] test test::test_instruction_from_raw_mask ... ok
[INFO] [stderr]      Running unittests (/opt/rustwide/target/debug/deps/day14_prob02-203f1c229726803b)
[INFO] [stdout] test test::test_instruction_from_raw_memset ... ok
[INFO] [stdout] test test::test_instruction_run ... ok
[INFO] [stdout] 
[INFO] [stdout] test result: ok. 5 passed; 0 failed; 0 ignored; 0 measured; 0 filtered out; finished in 0.03s
[INFO] [stdout] 
[INFO] [stdout] 
[INFO] [stdout] running 5 tests
[INFO] [stdout] test test::test_instruction_from_raw_mask ... ok
[INFO] [stdout] test test::test_mask_apply2 ... ok
[INFO] [stdout] test test::test_mask_apply1 ... ok
[INFO] [stderr]      Running unittests (/opt/rustwide/target/debug/deps/day15_prob01-b1565bfab9a2ce0c)
[INFO] [stdout] test test::test_instruction_from_raw_memset ... ok
[INFO] [stdout] test test::test_instruction_run ... ok
[INFO] [stdout] 
[INFO] [stdout] test result: ok. 5 passed; 0 failed; 0 ignored; 0 measured; 0 filtered out; finished in 0.00s
[INFO] [stdout] 
[INFO] [stdout] 
[INFO] [stdout] running 10 tests
[INFO] [stdout] test test::test_chain1 ... ok
[INFO] [stderr]      Running unittests (/opt/rustwide/target/debug/deps/day15_prob02-f84fd1788fd56a7e)
[INFO] [stdout] test test::test_chain10 ... ok
[INFO] [stdout] test test::test_chain6 ... ok
[INFO] [stdout] test test::test_chain4 ... ok
[INFO] [stdout] test test::test_chain3 ... ok
[INFO] [stdout] test test::test_chain7 ... ok
[INFO] [stdout] test test::test_chain2 ... ok
[INFO] [stdout] test test::test_chain9 ... ok
[INFO] [stdout] test test::test_chain8 ... ok
[INFO] [stdout] test test::test_chain5 ... ok
[INFO] [stdout] 
[INFO] [stdout] test result: ok. 10 passed; 0 failed; 0 ignored; 0 measured; 0 filtered out; finished in 0.01s
[INFO] [stdout] 
[INFO] [stdout] 
[INFO] [stdout] running 10 tests
[INFO] [stdout] test test::test_chain2 ... ok
[INFO] [stdout] test test::test_chain3 ... ok
[INFO] [stdout] test test::test_chain4 ... ok
[INFO] [stdout] test test::test_chain1 ... ok
[INFO] [stdout] test test::test_chain6 ... ok
[INFO] [stdout] test test::test_chain7 ... ok
[INFO] [stdout] test test::test_chain10 ... ok
[INFO] [stdout] test test::test_chain5 ... ok
[INFO] [stdout] test test::test_chain8 ... ok
[INFO] [stdout] test test::test_chain9 ... ok
[INFO] [stdout] 
[INFO] [stdout] test result: ok. 10 passed; 0 failed; 0 ignored; 0 measured; 0 filtered out; finished in 0.01s
[INFO] [stdout] 
[INFO] [stdout] 
[INFO] [stdout] running 8 tests
[INFO] [stderr]      Running unittests (/opt/rustwide/target/debug/deps/day16_prob01-48cd980d0c861db4)
[INFO] [stdout] test test::test_field_contains_false1 ... ok
[INFO] [stdout] test test::test_ticket_invalid_fields ... ok
[INFO] [stdout] test test::test_field_contains_false3 ... ok
[INFO] [stdout] test test::test_field_contains_true1 ... ok
[INFO] [stdout] test test::test_field_contains_true2 ... ok
[INFO] [stdout] test test::test_field_contains_false2 ... ok
[INFO] [stdout] test test::test_input_from_raw ... ok
[INFO] [stdout] test test::test_input_nearby_error_rate ... ok
[INFO] [stdout] 
[INFO] [stdout] test result: ok. 8 passed; 0 failed; 0 ignored; 0 measured; 0 filtered out; finished in 0.01s
[INFO] [stdout] 
[INFO] [stderr]      Running unittests (/opt/rustwide/target/debug/deps/day16_prob02-a878fd02d25cd3d6)
[INFO] [stdout] 
[INFO] [stdout] running 9 tests
[INFO] [stdout] test test::test_field_contains_false2 ... ok
[INFO] [stdout] test test::test_field_contains_true2 ... ok
[INFO] [stdout] test test::test_ticket_is_valid_false ... ok
[INFO] [stdout] test test::test_field_contains_true1 ... ok
[INFO] [stdout] test test::test_input_from_raw ... ok
[INFO] [stdout] test test::test_input_associate_fields ... ok
[INFO] [stdout] test test::test_field_contains_false3 ... ok
[INFO] [stdout] test test::test_ticket_is_valid_true ... ok
[INFO] [stdout] test test::test_field_contains_false1 ... ok
[INFO] [stdout] 
[INFO] [stdout] test result: ok. 9 passed; 0 failed; 0 ignored; 0 measured; 0 filtered out; finished in 0.01s
[INFO] [stdout] 
[INFO] [stderr]      Running unittests (/opt/rustwide/target/debug/deps/day17_prob01-d9aa63be6f59372a)
[INFO] [stdout] 
[INFO] [stdout] running 7 tests
[INFO] [stdout] test test::test_next_cell_state_inactive_true ... ok
[INFO] [stdout] test test::test_next_cell_state_active_false ... ok
[INFO] [stdout] test test::test_next_cell_state_active_true ... ok
[INFO] [stdout] test test::test_next_cell_state_inactive_false ... ok
[INFO] [stdout] test test::test_run_cycle1 ... ok
[INFO] [stdout] test test::test_run_cycle2 ... ok
[INFO] [stdout] test test::test_boot ... ok
[INFO] [stdout] 
[INFO] [stdout] test result: ok. 7 passed; 0 failed; 0 ignored; 0 measured; 0 filtered out; finished in 0.24s
[INFO] [stdout] 
[INFO] [stderr]      Running unittests (/opt/rustwide/target/debug/deps/day17_prob02-b309996aa0b9b313)
[INFO] [stdout] 
[INFO] [stdout] running 6 tests
[INFO] [stdout] test test::test_next_cell_state_active_false ... ok
[INFO] [stdout] test test::test_next_cell_state_active_true ... ok
[INFO] [stdout] test test::test_next_cell_state_inactive_false ... ok
[INFO] [stdout] test test::test_next_cell_state_inactive_true ... ok
[INFO] [stdout] test test::test_run_cycle1 ... ok
[INFO] [stdout] test test::test_run_cycle2 ... ok
[INFO] [stdout] 
[INFO] [stdout] test result: ok. 6 passed; 0 failed; 0 ignored; 0 measured; 0 filtered out; finished in 0.47s
[INFO] [stdout] 
[INFO] [stderr]      Running unittests (/opt/rustwide/target/debug/deps/day18_prob01-4e571fb99916e120)
[INFO] [stdout] 
[INFO] [stdout] running 18 tests
[INFO] [stdout] test test::test_parse_expr_add ... ok
[INFO] [stdout] test test::test_parse_expr_chain ... ok
[INFO] [stdout] test test::test_parse_expr_lit ... ok
[INFO] [stdout] test test::test_parse_expr_paren ... ok
[INFO] [stdout] test test::test_parse_expr_paren_double_open ... ok
[INFO] [stdout] test test::test_term_parse_mixed ... ok
[INFO] [stdout] test test::test_term_parse_mul ... ok
[INFO] [stdout] test test::test_term_parse_rparen ... ok
[INFO] [stdout] test test::test_term_parse_single_lit ... ok
[INFO] [stdout] test test::test_term_parse_lparen ... ok
[INFO] [stdout] test test::test_term_parse_consecutive_lit ... ok
[INFO] [stdout] test test::test_term_parse_add ... ok
[INFO] [stdout] test test::test_term_lit_eval ... ok
[INFO] [stdout] test test::test_parse_expr_paren_nested ... ok
[INFO] [stdout] test test::test_parse_expr_paren_noop ... ok
[INFO] [stdout] test test::test_term_add_eval ... ok
[INFO] [stdout] test test::test_term_mul_eval ... ok
[INFO] [stdout] test test::test_parse_expr_mul ... ok
[INFO] [stdout] 
[INFO] [stdout] test result: ok. 18 passed; 0 failed; 0 ignored; 0 measured; 0 filtered out; finished in 0.01s
[INFO] [stdout] 
[INFO] [stderr]      Running unittests (/opt/rustwide/target/debug/deps/day18_prob02-989c7800696d71ae)
[INFO] [stdout] 
[INFO] [stdout] running 30 tests
[INFO] [stdout] test test::test_eval3 ... ok
[INFO] [stdout] test test::test_eval4 ... ok
[INFO] [stdout] test test::test_parse_expr_chain ... ok
[INFO] [stdout] test test::test_parse_expr_lit ... ok
[INFO] [stdout] test test::test_order_of_ops_unnecessary ... ok
[INFO] [stdout] test test::test_parse_expr_paren ... ok
[INFO] [stdout] test test::test_order_of_ops_subexpr_right ... ok
[INFO] [stdout] test test::test_parse_expr_order_of_ops2 ... ok
[INFO] [stdout] test test::test_parse_expr_paren_nested ... ok
[INFO] [stdout] test test::test_order_of_ops_subexpr_left ... ok
[INFO] [stdout] test test::test_eval2 ... ok
[INFO] [stdout] test test::test_parse_expr_paren_noop ... ok
[INFO] [stdout] test test::test_eval1 ... ok
[INFO] [stdout] test test::test_term_lit_eval ... ok
[INFO] [stdout] test test::test_order_of_ops_simple ... ok
[INFO] [stdout] test test::test_term_add_eval ... ok
[INFO] [stdout] test test::test_term_parse_mixed ... ok
[INFO] [stdout] test test::test_term_mul_eval ... ok
[INFO] [stdout] test test::test_term_parse_rparen ... ok
[INFO] [stdout] test test::test_term_parse_add ... ok
[INFO] [stdout] test test::test_term_parse_consecutive_lit ... ok
[INFO] [stdout] test test::test_eval5 ... ok
[INFO] [stdout] test test::test_order_of_ops_noop ... ok
[INFO] [stdout] test test::test_parse_expr_add ... ok
[INFO] [stdout] test test::test_parse_expr_order_of_ops1 ... ok
[INFO] [stdout] test test::test_parse_expr_mul ... ok
[INFO] [stdout] test test::test_parse_expr_paren_double_open ... ok
[INFO] [stdout] test test::test_term_parse_single_lit ... ok
[INFO] [stdout] test test::test_term_parse_lparen ... ok
[INFO] [stdout] test test::test_term_parse_mul ... ok
[INFO] [stdout] 
[INFO] [stdout] test result: ok. 30 passed; 0 failed; 0 ignored; 0 measured; 0 filtered out; finished in 0.01s
[INFO] [stdout] 
[INFO] [stderr]      Running unittests (/opt/rustwide/target/debug/deps/day19_prob01-5b406fa79381d4c5)
[INFO] [stdout] 
[INFO] [stdout] running 24 tests
[INFO] [stdout] test test::test_symbol_from_str_nonterm_single ... ok
[INFO] [stdout] test test::test_symbol_from_str_term ... ok
[INFO] [stdout] test test::test_validate_message5 ... ok
[INFO] [stdout] test test::test_validate_message_leftover_chars ... ok
[INFO] [stdout] test test::test_validate_message_multi_prod1 ... ok
[INFO] [stdout] test test::test_validate_message4 ... ok
[INFO] [stdout] test test::test_validate_message_multi_prod_fail ... ok
[INFO] [stdout] test test::test_validate_message_multi_prod2 ... ok
[INFO] [stdout] test test::test_validate_message_multi_rule ... ok
[INFO] [stdout] test test::test_validate_message_too_few_chars ... ok
[INFO] [stdout] test test::test_symbol_parse_grammar ... ok
[INFO] [stdout] test test::test_validate_message_multi_rule_false ... ok
[INFO] [stdout] test test::test_validate_message_multi_term ... ok
[INFO] [stdout] test test::test_validate_message_static_fail ... ok
[INFO] [stdout] test test::test_validate_messages1 ... ok
[INFO] [stdout] test test::test_validate_messages2 ... ok
[INFO] [stdout] test test::test_validate_message_multi_term_fail ... ok
[INFO] [stdout] test test::test_validate_message_multi_prod_backtrack ... ok
[INFO] [stdout] test test::test_validate_message_static ... ok
[INFO] [stdout] test test::test_validate_message1 ... ok
[INFO] [stdout] test test::test_symbol_from_str_nonterm_multiple ... ok
[INFO] [stdout] test test::test_validate_message2 ... ok
[INFO] [stdout] test test::test_validate_message3 ... ok
[INFO] [stderr]      Running unittests (/opt/rustwide/target/debug/deps/day19_prob02-70e3c3c1ad99d62d)
[INFO] [stdout] test test::test_symbol_from_str_nonterm_digits ... ok
[INFO] [stdout] 
[INFO] [stdout] test result: ok. 24 passed; 0 failed; 0 ignored; 0 measured; 0 filtered out; finished in 0.01s
[INFO] [stdout] 
[INFO] [stdout] 
[INFO] [stdout] running 26 tests
[INFO] [stdout] test test::test_symbol_from_str_nonterm_multiple ... ok
[INFO] [stdout] test test::test_symbol_from_str_nonterm_single ... ok
[INFO] [stdout] test test::test_validate_message_leftover_chars ... ok
[INFO] [stdout] test test::test_validate_message_multi_prod2 ... ok
[INFO] [stdout] test test::test_validate_message_multi_rule_false ... ok
[INFO] [stdout] test test::test_validate_message_static ... ok
[INFO] [stdout] test test::test_validate_message_multi_rule ... ok
[INFO] [stdout] test test::test_validate_message_multi_prod_fail ... ok
[INFO] [stdout] test test::test_validate_message_multi_term ... ok
[INFO] [stdout] test test::test_validate_message4 ... ok
[INFO] [stdout] test test::test_validate_message2 ... ok
[INFO] [stdout] test test::test_validate_message_multi_term_fail ... ok
[INFO] [stdout] test test::test_validate_message5 ... ok
[INFO] [stdout] test test::test_validate_message_static_fail ... ok
[INFO] [stdout] test test::test_validate_message_multi_prod1 ... ok
[INFO] [stdout] test test::test_validate_message3 ... ok
[INFO] [stdout] test test::test_validate_message1 ... ok
[INFO] [stdout] test test::test_validate_message_multi_prod_backtrack ... ok
[INFO] [stdout] test test::test_validate_message_too_few_chars ... ok
[INFO] [stdout] test test::test_validate_messages2 ... ok
[INFO] [stdout] test test::test_symbol_from_str_term ... ok
[INFO] [stdout] test test::test_symbol_parse_grammar ... ok
[INFO] [stdout] test test::test_symbol_from_str_nonterm_digits ... ok
[INFO] [stdout] test test::test_validate_messages1 ... ok
[INFO] [stdout] test test::test_validate_messages3 ... ok
[INFO] [stderr]      Running unittests (/opt/rustwide/target/debug/deps/day20_prob01-ef9d8b7b6c5a1184)
[INFO] [stdout] test test::test_validate_messages4 ... ok
[INFO] [stdout] 
[INFO] [stdout] test result: ok. 26 passed; 0 failed; 0 ignored; 0 measured; 0 filtered out; finished in 0.15s
[INFO] [stdout] 
[INFO] [stdout] 
[INFO] [stdout] running 2 tests
[INFO] [stderr]      Running unittests (/opt/rustwide/target/debug/deps/day20_prob02-94d61e04ed51c9fe)
[INFO] [stdout] test test::test_find_corners ... ok
[INFO] [stdout] test test::test_tile_from_lines ... ok
[INFO] [stdout] 
[INFO] [stdout] test result: ok. 2 passed; 0 failed; 0 ignored; 0 measured; 0 filtered out; finished in 0.01s
[INFO] [stdout] 
[INFO] [stdout] 
[INFO] [stdout] running 10 tests
[INFO] [stdout] test test::test_tile_from_lines ... ok
[INFO] [stdout] test test::test_tile_translate_noop ... ok
[INFO] [stdout] test test::test_tile_translate_flip ... ok
[INFO] [stdout] test test::test_tile_translate_flip_rot90 ... ok
[INFO] [stdout] test test::test_tile_translate_rot90 ... ok
[INFO] [stdout] test test::test_tile_translate_rot180 ... ok
[INFO] [stdout] test test::test_tile_translate_flip_rot180 ... ok
[INFO] [stdout] test test::test_tile_translate_rot270 ... ok
[INFO] [stdout] test test::test_tile_translate_flip_rot270 ... ok
[INFO] [stderr] error: test failed, to rerun pass '--bin day20-prob02'
[INFO] [stdout] test test::test_assemble_tiles ... FAILED
[INFO] [stdout] 
[INFO] [stdout] failures:
[INFO] [stdout] 
[INFO] [stdout] ---- test::test_assemble_tiles stdout ----
[INFO] [stdout] ------------------------
[INFO] [stdout]  !! Starting new row !!
[INFO] [stdout] ------------------------
[INFO] [stdout] Next tile for Tile { id: 1171, pixels: [[false, true, true, false, false, false, false, true, true, true], [false, true, false, true, true, false, true, true, false, true], [false, true, true, false, true, true, true, false, false, true], [false, true, true, false, false, true, true, true, true, true], [false, false, false, false, false, true, false, false, true, false], [true, false, true, true, false, false, true, false, false, false], [true, true, true, true, false, true, true, true, true, false], [false, false, true, true, true, true, true, false, false, true], [false, false, true, true, true, true, true, true, false, true], [false, false, false, false, false, true, false, false, true, false]], edge_counts: {2, 5, 6}, forward_edges: [391, 966, 288, 96], backward_edges: [902, 399, 18, 24] } edge 1
[INFO] [stdout]   Should flip? true
[INFO] [stdout]   ID of next tile: 2473
[INFO] [stdout] Next tile for Tile { id: 2473, pixels: [[false, false, true, true, true, false, true, false, true, false], [true, true, false, false, false, true, true, false, true, false], [true, true, true, true, true, true, true, true, false, true], [false, true, true, true, false, true, false, false, true, false], [false, true, true, true, true, true, true, true, true, true], [false, true, false, false, false, true, false, true, false, true], [true, true, true, true, true, true, false, true, false, true], [true, false, true, true, false, false, true, false, false, false], [true, false, false, true, false, true, true, false, false, false], [true, false, false, false, false, true, true, true, true, false]], edge_counts: {4, 5, 6}, forward_edges: [234, 184, 481, 966], backward_edges: [348, 116, 542, 399] } edge 1
[INFO] [stdout]   Should flip? true
[INFO] [stdout]   ID of next tile: 3079
[INFO] [stdout] Next tile for Tile { id: 1171, pixels: [[false, true, true, false, false, false, false, true, true, true], [false, true, false, true, true, false, true, true, false, true], [false, true, true, false, true, true, true, false, false, true], [false, true, true, false, false, true, true, true, true, true], [false, false, false, false, false, true, false, false, true, false], [true, false, true, true, false, false, true, false, false, false], [true, true, true, true, false, true, true, true, true, false], [false, false, true, true, true, true, true, false, false, true], [false, false, true, true, true, true, true, true, false, true], [false, false, false, false, false, true, false, false, true, false]], edge_counts: {2, 5, 6}, forward_edges: [391, 966, 288, 96], backward_edges: [902, 399, 18, 24] } edge 2
[INFO] [stdout]   Should flip? true
[INFO] [stdout]   ID of next tile: 1489
[INFO] [stdout] ------------------------
[INFO] [stdout]  !! Starting new row !!
[INFO] [stdout] ------------------------
[INFO] [stdout] Next tile for Tile { id: 1489, pixels: [[true, true, true, false, true, true, false, true, false, false], [false, false, true, true, false, true, true, false, true, true], [true, true, false, true, false, false, false, true, true, false], [false, false, false, true, false, true, false, true, false, false], [true, false, false, true, false, true, false, true, false, true], [true, true, true, true, true, false, false, false, true, false], [false, false, true, false, false, false, true, false, false, false], [false, true, true, false, false, true, true, false, false, false], [false, false, true, true, false, false, false, true, false, false], [true, true, false, true, false, true, false, false, false, false]], edge_counts: {4, 5, 6, 2}, forward_edges: [948, 288, 43, 565], backward_edges: [183, 18, 848, 689] } edge 1
[INFO] [stdout]   Should flip? true
[INFO] [stdout]   ID of next tile: 1171
[INFO] [stdout] Next tile for Tile { id: 1171, pixels: [[false, false, false, false, false, true, true, false, false, false], [true, true, true, true, false, false, true, false, false, false], [true, false, true, true, false, true, true, true, true, false], [false, true, false, false, false, true, true, true, true, false], [false, true, true, false, false, false, false, true, true, false], [false, false, true, true, true, false, true, true, true, true], [false, true, true, true, false, true, true, true, true, false], [true, true, false, true, false, false, true, false, true, false], [true, false, false, true, true, false, true, false, false, true], [true, true, true, true, false, false, false, true, true, false]], edge_counts: {6, 2, 5}, forward_edges: [24, 18, 399, 902], backward_edges: [96, 288, 966, 391] } edge 1
[INFO] [stdout]   Should flip? true
[INFO] [stdout]   ID of next tile: 1489
[INFO] [stdout] thread 'test::test_assemble_tiles' panicked at 'called `Option::unwrap()` on a `None` value', src/bin/day20-prob02.rs:273:43
[INFO] [stdout] stack backtrace:
[INFO] [stdout]    0:     0x559ea8306f70 - std::backtrace_rs::backtrace::libunwind::trace::h34055254b57d8e79
[INFO] [stdout]                                at /rustc/a178d0322ce20e33eac124758e837cbd80a6f633/library/std/src/../../backtrace/src/backtrace/libunwind.rs:90:5
[INFO] [stdout]    1:     0x559ea8306f70 - std::backtrace_rs::backtrace::trace_unsynchronized::h8f1e3fbd9afff6ec
[INFO] [stdout]                                at /rustc/a178d0322ce20e33eac124758e837cbd80a6f633/library/std/src/../../backtrace/src/backtrace/mod.rs:66:5
[INFO] [stdout]    2:     0x559ea8306f70 - std::sys_common::backtrace::_print_fmt::h3a99a796b770c360
[INFO] [stdout]                                at /rustc/a178d0322ce20e33eac124758e837cbd80a6f633/library/std/src/sys_common/backtrace.rs:67:5
[INFO] [stdout]    3:     0x559ea8306f70 - <std::sys_common::backtrace::_print::DisplayBacktrace as core::fmt::Display>::fmt::h32d1f94a80615d18
[INFO] [stdout]                                at /rustc/a178d0322ce20e33eac124758e837cbd80a6f633/library/std/src/sys_common/backtrace.rs:46:22
[INFO] [stdout]    4:     0x559ea832979c - core::fmt::write::h306731c068f7162c
[INFO] [stdout]                                at /rustc/a178d0322ce20e33eac124758e837cbd80a6f633/library/core/src/fmt/mod.rs:1110:17
[INFO] [stdout]    5:     0x559ea8303e95 - std::io::Write::write_fmt::h87f19b0a2cd190bc
[INFO] [stdout]                                at /rustc/a178d0322ce20e33eac124758e837cbd80a6f633/library/std/src/io/mod.rs:1588:15
[INFO] [stdout]    6:     0x559ea83090db - std::sys_common::backtrace::_print::h5abaa2601a852287
[INFO] [stdout]                                at /rustc/a178d0322ce20e33eac124758e837cbd80a6f633/library/std/src/sys_common/backtrace.rs:49:5
[INFO] [stdout]    7:     0x559ea83090db - std::sys_common::backtrace::print::h8d81445442bb638f
[INFO] [stdout]                                at /rustc/a178d0322ce20e33eac124758e837cbd80a6f633/library/std/src/sys_common/backtrace.rs:36:9
[INFO] [stdout]    8:     0x559ea83090db - std::panicking::default_hook::{{closure}}::hcfe804496a9fa747
[INFO] [stdout]                                at /rustc/a178d0322ce20e33eac124758e837cbd80a6f633/library/std/src/panicking.rs:208:50
[INFO] [stdout]    9:     0x559ea8308bec - std::panicking::default_hook::hbea8e3ccf2ba8901
[INFO] [stdout]                                at /rustc/a178d0322ce20e33eac124758e837cbd80a6f633/library/std/src/panicking.rs:222:9
[INFO] [stdout]   10:     0x559ea83097a4 - std::panicking::rust_panic_with_hook::h7ee9e1a2d0f8975a
[INFO] [stdout]                                at /rustc/a178d0322ce20e33eac124758e837cbd80a6f633/library/std/src/panicking.rs:622:17
[INFO] [stdout]   11:     0x559ea8309257 - std::panicking::begin_panic_handler::{{closure}}::h8ab3b4491718b2c7
[INFO] [stdout]                                at /rustc/a178d0322ce20e33eac124758e837cbd80a6f633/library/std/src/panicking.rs:517:13
[INFO] [stdout]   12:     0x559ea830746c - std::sys_common::backtrace::__rust_end_short_backtrace::hd489062ffa586a9f
[INFO] [stdout]                                at /rustc/a178d0322ce20e33eac124758e837cbd80a6f633/library/std/src/sys_common/backtrace.rs:141:18
[INFO] [stdout]   13:     0x559ea83091e9 - rust_begin_unwind
[INFO] [stdout]                                at /rustc/a178d0322ce20e33eac124758e837cbd80a6f633/library/std/src/panicking.rs:515:5
[INFO] [stdout]   14:     0x559ea82716d1 - core::panicking::panic_fmt::hca6330e3e14086b4
[INFO] [stdout]                                at /rustc/a178d0322ce20e33eac124758e837cbd80a6f633/library/core/src/panicking.rs:92:14
[INFO] [stdout]   15:     0x559ea827161d - core::panicking::panic::h1a48d878ff3dcd40
[INFO] [stdout]                                at /rustc/a178d0322ce20e33eac124758e837cbd80a6f633/library/core/src/panicking.rs:50:5
[INFO] [stdout]   16:     0x559ea82acc4c - core::option::Option<T>::unwrap::h24e20a1305388bfd
[INFO] [stdout]                                at /rustc/a178d0322ce20e33eac124758e837cbd80a6f633/library/core/src/option.rs:388:21
[INFO] [stdout]   17:     0x559ea82b345a - day20_prob02::find_next_tile::h68f1ff301a735dd3
[INFO] [stdout]                                at /opt/rustwide/workdir/src/bin/day20-prob02.rs:273:9
[INFO] [stdout]   18:     0x559ea82b2a94 - day20_prob02::assemble_tiles::hcf9830076f839b99
[INFO] [stdout]                                at /opt/rustwide/workdir/src/bin/day20-prob02.rs:231:29
[INFO] [stdout]   19:     0x559ea829f8cf - day20_prob02::test::test_assemble_tiles::h4c271b68bdeda271
[INFO] [stdout]                                at /opt/rustwide/workdir/src/bin/day20-prob02.rs:565:13
[INFO] [stdout]   20:     0x559ea829cefa - day20_prob02::test::test_assemble_tiles::{{closure}}::h9a975dbb4295eb4e
[INFO] [stdout]                                at /opt/rustwide/workdir/src/bin/day20-prob02.rs:563:5
[INFO] [stdout]   21:     0x559ea82976ee - core::ops::function::FnOnce::call_once::h4c13bcebcee9a0ae
[INFO] [stdout]                                at /rustc/a178d0322ce20e33eac124758e837cbd80a6f633/library/core/src/ops/function.rs:227:5
[INFO] [stdout]   22:     0x559ea82dc343 - core::ops::function::FnOnce::call_once::h152e7e439ff59e19
[INFO] [stdout]                                at /rustc/a178d0322ce20e33eac124758e837cbd80a6f633/library/core/src/ops/function.rs:227:5
[INFO] [stdout]   23:     0x559ea82dc343 - test::__rust_begin_short_backtrace::h0908f3b1fdbb72ab
[INFO] [stdout]                                at /rustc/a178d0322ce20e33eac124758e837cbd80a6f633/library/test/src/lib.rs:577:5
[INFO] [stdout]   24:     0x559ea82dae00 - <alloc::boxed::Box<F,A> as core::ops::function::FnOnce<Args>>::call_once::hf6d2a51e5587546c
[INFO] [stdout]                                at /rustc/a178d0322ce20e33eac124758e837cbd80a6f633/library/alloc/src/boxed.rs:1575:9
[INFO] [stdout]   25:     0x559ea82dae00 - <std::panic::AssertUnwindSafe<F> as core::ops::function::FnOnce<()>>::call_once::h8af660f3a89ef593
[INFO] [stdout]                                at /rustc/a178d0322ce20e33eac124758e837cbd80a6f633/library/std/src/panic.rs:347:9
[INFO] [stdout]   26:     0x559ea82dae00 - std::panicking::try::do_call::hd36aef60f84b6d36
[INFO] [stdout]                                at /rustc/a178d0322ce20e33eac124758e837cbd80a6f633/library/std/src/panicking.rs:401:40
[INFO] [stdout]   27:     0x559ea82dae00 - std::panicking::try::h9932b4480e69817c
[INFO] [stdout]                                at /rustc/a178d0322ce20e33eac124758e837cbd80a6f633/library/std/src/panicking.rs:365:19
[INFO] [stdout]   28:     0x559ea82dae00 - std::panic::catch_unwind::h6aa177099cfff5f8
[INFO] [stdout]                                at /rustc/a178d0322ce20e33eac124758e837cbd80a6f633/library/std/src/panic.rs:434:14
[INFO] [stdout]   29:     0x559ea82dae00 - test::run_test_in_process::h5884d6f2d99e20c3
[INFO] [stdout]                                at /rustc/a178d0322ce20e33eac124758e837cbd80a6f633/library/test/src/lib.rs:600:18
[INFO] [stdout]   30:     0x559ea82dae00 - test::run_test::run_test_inner::{{closure}}::h6fdc58c6d5f5b6e3
[INFO] [stdout]                                at /rustc/a178d0322ce20e33eac124758e837cbd80a6f633/library/test/src/lib.rs:492:39
[INFO] [stdout]   31:     0x559ea82b44b2 - test::run_test::run_test_inner::{{closure}}::h408365d67a78ade8
[INFO] [stdout]                                at /rustc/a178d0322ce20e33eac124758e837cbd80a6f633/library/test/src/lib.rs:519:37
[INFO] [stdout]   32:     0x559ea82b44b2 - std::sys_common::backtrace::__rust_begin_short_backtrace::hb560b77c4f701523
[INFO] [stdout]                                at /rustc/a178d0322ce20e33eac124758e837cbd80a6f633/library/std/src/sys_common/backtrace.rs:125:18
[INFO] [stdout]   33:     0x559ea82b8068 - std::thread::Builder::spawn_unchecked::{{closure}}::{{closure}}::hf2e7831dad93c597
[INFO] [stdout]                                at /rustc/a178d0322ce20e33eac124758e837cbd80a6f633/library/std/src/thread/mod.rs:481:17
[INFO] [stdout]   34:     0x559ea82b8068 - <std::panic::AssertUnwindSafe<F> as core::ops::function::FnOnce<()>>::call_once::hd2e08783d8be4d02
[INFO] [stdout]                                at /rustc/a178d0322ce20e33eac124758e837cbd80a6f633/library/std/src/panic.rs:347:9
[INFO] [stdout]   35:     0x559ea82b8068 - std::panicking::try::do_call::h062597b7acfd6b82
[INFO] [stdout]                                at /rustc/a178d0322ce20e33eac124758e837cbd80a6f633/library/std/src/panicking.rs:401:40
[INFO] [stdout]   36:     0x559ea82b8068 - std::panicking::try::h0d7b79db04c14552
[INFO] [stdout]                                at /rustc/a178d0322ce20e33eac124758e837cbd80a6f633/library/std/src/panicking.rs:365:19
[INFO] [stdout]   37:     0x559ea82b8068 - std::panic::catch_unwind::hb01a0b5e7c8cd43b
[INFO] [stdout]                                at /rustc/a178d0322ce20e33eac124758e837cbd80a6f633/library/std/src/panic.rs:434:14
[INFO] [stdout]   38:     0x559ea82b8068 - std::thread::Builder::spawn_unchecked::{{closure}}::h5bde48cc887e0d1e
[INFO] [stdout]                                at /rustc/a178d0322ce20e33eac124758e837cbd80a6f633/library/std/src/thread/mod.rs:480:30
[INFO] [stdout]   39:     0x559ea82b8068 - core::ops::function::FnOnce::call_once{{vtable.shim}}::h745ea30807a29e55
[INFO] [stdout]                                at /rustc/a178d0322ce20e33eac124758e837cbd80a6f633/library/core/src/ops/function.rs:227:5
[INFO] [stdout]   40:     0x559ea830e267 - <alloc::boxed::Box<F,A> as core::ops::function::FnOnce<Args>>::call_once::h7ece6cfefaff1005
[INFO] [stdout]                                at /rustc/a178d0322ce20e33eac124758e837cbd80a6f633/library/alloc/src/boxed.rs:1575:9
[INFO] [stdout]   41:     0x559ea830e267 - <alloc::boxed::Box<F,A> as core::ops::function::FnOnce<Args>>::call_once::hb8b48e55c21f193e
[INFO] [stdout]                                at /rustc/a178d0322ce20e33eac124758e837cbd80a6f633/library/alloc/src/boxed.rs:1575:9
[INFO] [stdout]   42:     0x559ea830e267 - std::sys::unix::thread::Thread::new::thread_start::h8c7c4450dba62914
[INFO] [stdout]                                at /rustc/a178d0322ce20e33eac124758e837cbd80a6f633/library/std/src/sys/unix/thread.rs:71:17
[INFO] [stdout]   43:     0x7f0740cb3609 - start_thread
[INFO] [stdout]   44:     0x7f0740a85293 - clone
[INFO] [stdout]   45:                0x0 - <unknown>
[INFO] [stdout] 
[INFO] [stdout] 
[INFO] [stdout] failures:
[INFO] [stdout]     test::test_assemble_tiles
[INFO] [stdout] 
[INFO] [stdout] test result: FAILED. 9 passed; 1 failed; 0 ignored; 0 measured; 0 filtered out; finished in 0.04s
[INFO] [stdout] 
[INFO] running `Command { std: "docker" "inspect" "28a04cd06561dcb8a982c7abdfdc8e5d3c4d084c92480c5bac00975d26a910b1", kill_on_drop: false }`
[INFO] running `Command { std: "docker" "rm" "-f" "28a04cd06561dcb8a982c7abdfdc8e5d3c4d084c92480c5bac00975d26a910b1", kill_on_drop: false }`
[INFO] [stdout] 28a04cd06561dcb8a982c7abdfdc8e5d3c4d084c92480c5bac00975d26a910b1
