[INFO] cloning repository https://github.com/frjonsen/ruuvi
[INFO] running `Command { std: "git" "-c" "credential.helper=" "-c" "credential.helper=/workspace/cargo-home/bin/git-credential-null" "clone" "--bare" "https://github.com/frjonsen/ruuvi" "/workspace/cache/git-repos/https%3A%2F%2Fgithub.com%2Ffrjonsen%2Fruuvi", kill_on_drop: false }`
[INFO] [stderr] Cloning into bare repository '/workspace/cache/git-repos/https%3A%2F%2Fgithub.com%2Ffrjonsen%2Fruuvi'...
[INFO] running `Command { std: "git" "rev-parse" "HEAD", kill_on_drop: false }`
[INFO] [stdout] 89cafbdb200a75b7098a22268ac2ef3853d0b8e2
[INFO] testing frjonsen/ruuvi against 1.54.0 for beta-1.55-1
[INFO] running `Command { std: "git" "clone" "/workspace/cache/git-repos/https%3A%2F%2Fgithub.com%2Ffrjonsen%2Fruuvi" "/workspace/builds/worker-2/source", kill_on_drop: false }`
[INFO] [stderr] Cloning into '/workspace/builds/worker-2/source'...
[INFO] [stderr] done.
[INFO] validating manifest of git repo https://github.com/frjonsen/ruuvi on toolchain 1.54.0
[INFO] running `Command { std: "/workspace/cargo-home/bin/cargo" "+1.54.0" "metadata" "--manifest-path" "Cargo.toml" "--no-deps", kill_on_drop: false }`
[INFO] started tweaking git repo https://github.com/frjonsen/ruuvi
[INFO] finished tweaking git repo https://github.com/frjonsen/ruuvi
[INFO] tweaked toml for git repo https://github.com/frjonsen/ruuvi written to /workspace/builds/worker-2/source/Cargo.toml
[INFO] crate git repo https://github.com/frjonsen/ruuvi already has a lockfile, it will not be regenerated
[INFO] running `Command { std: "/workspace/cargo-home/bin/cargo" "+1.54.0" "fetch" "--manifest-path" "Cargo.toml", kill_on_drop: false }`
[INFO] running `Command { std: "docker" "create" "-v" "/var/lib/crater-agent-workspace/builds/worker-2/target:/opt/rustwide/target:rw,Z" "-v" "/var/lib/crater-agent-workspace/builds/worker-2/source:/opt/rustwide/workdir:ro,Z" "-v" "/var/lib/crater-agent-workspace/cargo-home:/opt/rustwide/cargo-home:ro,Z" "-v" "/var/lib/crater-agent-workspace/rustup-home:/opt/rustwide/rustup-home:ro,Z" "-e" "SOURCE_DIR=/opt/rustwide/workdir" "-e" "CARGO_TARGET_DIR=/opt/rustwide/target" "-e" "CARGO_HOME=/opt/rustwide/cargo-home" "-e" "RUSTUP_HOME=/opt/rustwide/rustup-home" "-w" "/opt/rustwide/workdir" "-m" "1610612736" "--user" "0:0" "--network" "none" "ghcr.io/rust-lang/crates-build-env/linux@sha256:34b6a614d2c27851fe6cbf88fbd1137609cefab8b10d0615aaeb6fd47975d74e" "/opt/rustwide/cargo-home/bin/cargo" "+1.54.0" "metadata" "--no-deps" "--format-version=1", kill_on_drop: false }`
[INFO] [stderr] WARNING: Your kernel does not support swap limit capabilities or the cgroup is not mounted. Memory limited without swap.
[INFO] [stdout] a4afd01e8c38c029898a960035735d6ff55e8fbad50fae8d5319fdcebc6a240c
[INFO] running `Command { std: "docker" "start" "-a" "a4afd01e8c38c029898a960035735d6ff55e8fbad50fae8d5319fdcebc6a240c", kill_on_drop: false }`
[INFO] running `Command { std: "docker" "inspect" "a4afd01e8c38c029898a960035735d6ff55e8fbad50fae8d5319fdcebc6a240c", kill_on_drop: false }`
[INFO] running `Command { std: "docker" "rm" "-f" "a4afd01e8c38c029898a960035735d6ff55e8fbad50fae8d5319fdcebc6a240c", kill_on_drop: false }`
[INFO] [stdout] a4afd01e8c38c029898a960035735d6ff55e8fbad50fae8d5319fdcebc6a240c
[INFO] running `Command { std: "docker" "create" "-v" "/var/lib/crater-agent-workspace/builds/worker-2/target:/opt/rustwide/target:rw,Z" "-v" "/var/lib/crater-agent-workspace/builds/worker-2/source:/opt/rustwide/workdir:ro,Z" "-v" "/var/lib/crater-agent-workspace/cargo-home:/opt/rustwide/cargo-home:ro,Z" "-v" "/var/lib/crater-agent-workspace/rustup-home:/opt/rustwide/rustup-home:ro,Z" "-e" "SOURCE_DIR=/opt/rustwide/workdir" "-e" "CARGO_TARGET_DIR=/opt/rustwide/target" "-e" "CARGO_INCREMENTAL=0" "-e" "RUST_BACKTRACE=full" "-e" "RUSTFLAGS=--cap-lints=warn" "-e" "CARGO_HOME=/opt/rustwide/cargo-home" "-e" "RUSTUP_HOME=/opt/rustwide/rustup-home" "-w" "/opt/rustwide/workdir" "-m" "1610612736" "--user" "0:0" "--network" "none" "ghcr.io/rust-lang/crates-build-env/linux@sha256:34b6a614d2c27851fe6cbf88fbd1137609cefab8b10d0615aaeb6fd47975d74e" "/opt/rustwide/cargo-home/bin/cargo" "+1.54.0" "build" "--frozen" "--message-format=json", kill_on_drop: false }`
[INFO] [stderr] WARNING: Your kernel does not support swap limit capabilities or the cgroup is not mounted. Memory limited without swap.
[INFO] [stdout] dcbf38bd9e85442a935115d948bd0f338a36ee921f17f4e3b5f977f24ef2cf7a
[INFO] running `Command { std: "docker" "start" "-a" "dcbf38bd9e85442a935115d948bd0f338a36ee921f17f4e3b5f977f24ef2cf7a", kill_on_drop: false }`
[INFO] [stderr]    Compiling libc v0.2.80
[INFO] [stderr]    Compiling futures-io v0.3.7
[INFO] [stderr]    Compiling once_cell v1.4.1
[INFO] [stderr]    Compiling log v0.4.11
[INFO] [stderr]    Compiling getrandom v0.2.0
[INFO] [stderr]    Compiling vec-arena v1.0.0
[INFO] [stderr]    Compiling futures-sink v0.3.7
[INFO] [stderr]    Compiling winapi v0.3.9
[INFO] [stderr]    Compiling serde v1.0.117
[INFO] [stderr]    Compiling uuid v0.8.1
[INFO] [stderr]    Compiling num-bigint v0.3.0
[INFO] [stderr]    Compiling num-iter v0.1.42
[INFO] [stderr]    Compiling num-rational v0.3.1
[INFO] [stderr]    Compiling nom v4.2.3
[INFO] [stderr]    Compiling bitvec v0.17.4
[INFO] [stderr]    Compiling async-channel v1.5.1
[INFO] [stderr]    Compiling futures-channel v0.3.7
[INFO] [stderr]    Compiling num-complex v0.3.1
[INFO] [stderr]    Compiling num-traits v0.1.43
[INFO] [stderr]    Compiling futures-lite v1.11.2
[INFO] [stderr]    Compiling futures-task v0.3.7
[INFO] [stderr]    Compiling pin-project-internal v1.0.1
[INFO] [stderr]    Compiling futures-macro v0.3.7
[INFO] [stderr]    Compiling async-attributes v1.1.1
[INFO] [stderr]    Compiling synstructure v0.12.4
[INFO] [stderr]    Compiling enumflags2_derive v0.6.4
[INFO] [stderr]    Compiling thiserror-impl v1.0.21
[INFO] [stderr]    Compiling num-derive v0.3.3
[INFO] [stderr]    Compiling enum_primitive v0.1.1
[INFO] [stderr]    Compiling async-executor v1.3.0
[INFO] [stderr]    Compiling blocking v1.0.2
[INFO] [stderr]    Compiling kv-log-macro v1.0.7
[INFO] [stderr]    Compiling winrt v0.6.0
[INFO] [stderr]    Compiling enumflags2 v0.6.4
[INFO] [stderr]    Compiling failure_derive v0.1.8
[INFO] [stderr]    Compiling num v0.3.0
[INFO] [stderr]    Compiling polling v2.0.2
[INFO] [stderr]    Compiling num_cpus v1.13.0
[INFO] [stderr]    Compiling nb-connect v1.0.2
[INFO] [stderr]    Compiling backtrace v0.3.54
[INFO] [stderr]    Compiling nix v0.18.0
[INFO] [stderr]    Compiling thiserror v1.0.21
[INFO] [stderr]    Compiling pin-project v1.0.1
[INFO] [stderr]    Compiling async-io v1.1.10
[INFO] [stderr]    Compiling const-random-macro v0.1.11
[INFO] [stderr]    Compiling futures-util v0.3.7
[INFO] [stderr]    Compiling async-global-executor v1.4.3
[INFO] [stderr]    Compiling failure v0.1.8
[INFO] [stderr]    Compiling async-std v1.6.5
[INFO] [stderr]    Compiling const-random v0.1.11
[INFO] [stderr]    Compiling ahash v0.3.8
[INFO] [stderr]    Compiling dashmap v3.11.10
[INFO] [stderr]    Compiling futures-executor v0.3.7
[INFO] [stderr]    Compiling futures v0.3.7
[INFO] [stderr]    Compiling btleplug v0.5.4 (https://github.com/deviceplug/btleplug.git#9c27ef3b)
[INFO] [stderr]    Compiling bluez v0.2.0
[INFO] [stderr]    Compiling ruuvi v0.1.0 (/opt/rustwide/workdir)
[INFO] [stdout] warning: unused variable: `data_key`
[INFO] [stdout]   --> src/main.rs:90:9
[INFO] [stdout]    |
[INFO] [stdout] 90 |     let data_key = 0x0499;
[INFO] [stdout]    |         ^^^^^^^^ help: if this is intentional, prefix it with an underscore: `_data_key`
[INFO] [stdout]    |
[INFO] [stdout]    = note: `#[warn(unused_variables)]` on by default
[INFO] [stdout] 
[INFO] [stdout] 
[INFO] [stdout] warning: unused variable: `msg`
[INFO] [stdout]    --> src/main.rs:112:25
[INFO] [stdout]     |
[INFO] [stdout] 112 |                     let msg = parse_advertisement_message(&data);
[INFO] [stdout]     |                         ^^^ help: if this is intentional, prefix it with an underscore: `_msg`
[INFO] [stdout] 
[INFO] [stdout] 
[INFO] [stdout] warning: field is never read: `data_format`
[INFO] [stdout]   --> src/main.rs:30:5
[INFO] [stdout]    |
[INFO] [stdout] 30 |     data_format: u8,
[INFO] [stdout]    |     ^^^^^^^^^^^^^^^
[INFO] [stdout]    |
[INFO] [stdout]    = note: `#[warn(dead_code)]` on by default
[INFO] [stdout] 
[INFO] [stdout] 
[INFO] [stdout] warning: field is never read: `temperature`
[INFO] [stdout]   --> src/main.rs:31:5
[INFO] [stdout]    |
[INFO] [stdout] 31 |     temperature: f32,
[INFO] [stdout]    |     ^^^^^^^^^^^^^^^^
[INFO] [stdout] 
[INFO] [stdout] 
[INFO] [stdout] warning: field is never read: `humidity`
[INFO] [stdout]   --> src/main.rs:32:5
[INFO] [stdout]    |
[INFO] [stdout] 32 |     humidity: f32,
[INFO] [stdout]    |     ^^^^^^^^^^^^^
[INFO] [stdout] 
[INFO] [stdout] 
[INFO] [stdout] warning: field is never read: `pressure`
[INFO] [stdout]   --> src/main.rs:33:5
[INFO] [stdout]    |
[INFO] [stdout] 33 |     pressure: u32,
[INFO] [stdout]    |     ^^^^^^^^^^^^^
[INFO] [stdout] 
[INFO] [stdout] 
[INFO] [stdout] warning: field is never read: `acc_x`
[INFO] [stdout]   --> src/main.rs:34:5
[INFO] [stdout]    |
[INFO] [stdout] 34 |     acc_x: i16,
[INFO] [stdout]    |     ^^^^^^^^^^
[INFO] [stdout] 
[INFO] [stdout] 
[INFO] [stdout] warning: field is never read: `acc_y`
[INFO] [stdout]   --> src/main.rs:35:5
[INFO] [stdout]    |
[INFO] [stdout] 35 |     acc_y: i16,
[INFO] [stdout]    |     ^^^^^^^^^^
[INFO] [stdout] 
[INFO] [stdout] 
[INFO] [stdout] warning: field is never read: `acc_z`
[INFO] [stdout]   --> src/main.rs:36:5
[INFO] [stdout]    |
[INFO] [stdout] 36 |     acc_z: i16,
[INFO] [stdout]    |     ^^^^^^^^^^
[INFO] [stdout] 
[INFO] [stdout] 
[INFO] [stdout] warning: field is never read: `power_info`
[INFO] [stdout]   --> src/main.rs:37:5
[INFO] [stdout]    |
[INFO] [stdout] 37 |     power_info: u16,
[INFO] [stdout]    |     ^^^^^^^^^^^^^^^
[INFO] [stdout] 
[INFO] [stdout] 
[INFO] [stdout] warning: field is never read: `movement_counter`
[INFO] [stdout]   --> src/main.rs:38:5
[INFO] [stdout]    |
[INFO] [stdout] 38 |     movement_counter: u8,
[INFO] [stdout]    |     ^^^^^^^^^^^^^^^^^^^^
[INFO] [stdout] 
[INFO] [stdout] 
[INFO] [stdout] warning: field is never read: `sequence_number`
[INFO] [stdout]   --> src/main.rs:39:5
[INFO] [stdout]    |
[INFO] [stdout] 39 |     sequence_number: u16,
[INFO] [stdout]    |     ^^^^^^^^^^^^^^^^^^^^
[INFO] [stdout] 
[INFO] [stdout] 
[INFO] [stdout] warning: field is never read: `mac_address`
[INFO] [stdout]   --> src/main.rs:40:5
[INFO] [stdout]    |
[INFO] [stdout] 40 |     mac_address: u64,
[INFO] [stdout]    |     ^^^^^^^^^^^^^^^^
[INFO] [stdout] 
[INFO] [stdout] 
[INFO] [stdout] warning: 13 warnings emitted
[INFO] [stdout] 
[INFO] [stdout] 
[INFO] [stderr]     Finished dev [unoptimized + debuginfo] target(s) in 22.22s
[INFO] running `Command { std: "docker" "inspect" "dcbf38bd9e85442a935115d948bd0f338a36ee921f17f4e3b5f977f24ef2cf7a", kill_on_drop: false }`
[INFO] running `Command { std: "docker" "rm" "-f" "dcbf38bd9e85442a935115d948bd0f338a36ee921f17f4e3b5f977f24ef2cf7a", kill_on_drop: false }`
[INFO] [stdout] dcbf38bd9e85442a935115d948bd0f338a36ee921f17f4e3b5f977f24ef2cf7a
[INFO] running `Command { std: "docker" "create" "-v" "/var/lib/crater-agent-workspace/builds/worker-2/target:/opt/rustwide/target:rw,Z" "-v" "/var/lib/crater-agent-workspace/builds/worker-2/source:/opt/rustwide/workdir:ro,Z" "-v" "/var/lib/crater-agent-workspace/cargo-home:/opt/rustwide/cargo-home:ro,Z" "-v" "/var/lib/crater-agent-workspace/rustup-home:/opt/rustwide/rustup-home:ro,Z" "-e" "SOURCE_DIR=/opt/rustwide/workdir" "-e" "CARGO_TARGET_DIR=/opt/rustwide/target" "-e" "CARGO_INCREMENTAL=0" "-e" "RUST_BACKTRACE=full" "-e" "RUSTFLAGS=--cap-lints=warn" "-e" "CARGO_HOME=/opt/rustwide/cargo-home" "-e" "RUSTUP_HOME=/opt/rustwide/rustup-home" "-w" "/opt/rustwide/workdir" "-m" "1610612736" "--user" "0:0" "--network" "none" "ghcr.io/rust-lang/crates-build-env/linux@sha256:34b6a614d2c27851fe6cbf88fbd1137609cefab8b10d0615aaeb6fd47975d74e" "/opt/rustwide/cargo-home/bin/cargo" "+1.54.0" "test" "--frozen" "--no-run" "--message-format=json", kill_on_drop: false }`
[INFO] [stdout] 16189a628612dff5f4977eb5c389578b986b8856d7ec6dd3b0f0341bd6445bb1
[INFO] [stderr] WARNING: Your kernel does not support swap limit capabilities or the cgroup is not mounted. Memory limited without swap.
[INFO] running `Command { std: "docker" "start" "-a" "16189a628612dff5f4977eb5c389578b986b8856d7ec6dd3b0f0341bd6445bb1", kill_on_drop: false }`
[INFO] [stderr]    Compiling ruuvi v0.1.0 (/opt/rustwide/workdir)
[INFO] [stdout] warning: unused variable: `data_key`
[INFO] [stdout]   --> src/main.rs:90:9
[INFO] [stdout]    |
[INFO] [stdout] 90 |     let data_key = 0x0499;
[INFO] [stdout]    |         ^^^^^^^^ help: if this is intentional, prefix it with an underscore: `_data_key`
[INFO] [stdout]    |
[INFO] [stdout]    = note: `#[warn(unused_variables)]` on by default
[INFO] [stdout] 
[INFO] [stdout] 
[INFO] [stdout] warning: unused variable: `msg`
[INFO] [stdout]    --> src/main.rs:112:25
[INFO] [stdout]     |
[INFO] [stdout] 112 |                     let msg = parse_advertisement_message(&data);
[INFO] [stdout]     |                         ^^^ help: if this is intentional, prefix it with an underscore: `_msg`
[INFO] [stdout] 
[INFO] [stdout] 
[INFO] [stdout] warning: field is never read: `acc_x`
[INFO] [stdout]   --> src/main.rs:34:5
[INFO] [stdout]    |
[INFO] [stdout] 34 |     acc_x: i16,
[INFO] [stdout]    |     ^^^^^^^^^^
[INFO] [stdout]    |
[INFO] [stdout]    = note: `#[warn(dead_code)]` on by default
[INFO] [stdout] 
[INFO] [stdout] 
[INFO] [stdout] warning: field is never read: `acc_y`
[INFO] [stdout]   --> src/main.rs:35:5
[INFO] [stdout]    |
[INFO] [stdout] 35 |     acc_y: i16,
[INFO] [stdout]    |     ^^^^^^^^^^
[INFO] [stdout] 
[INFO] [stdout] 
[INFO] [stdout] warning: field is never read: `acc_z`
[INFO] [stdout]   --> src/main.rs:36:5
[INFO] [stdout]    |
[INFO] [stdout] 36 |     acc_z: i16,
[INFO] [stdout]    |     ^^^^^^^^^^
[INFO] [stdout] 
[INFO] [stdout] 
[INFO] [stdout] warning: field is never read: `power_info`
[INFO] [stdout]   --> src/main.rs:37:5
[INFO] [stdout]    |
[INFO] [stdout] 37 |     power_info: u16,
[INFO] [stdout]    |     ^^^^^^^^^^^^^^^
[INFO] [stdout] 
[INFO] [stdout] 
[INFO] [stdout] warning: field is never read: `movement_counter`
[INFO] [stdout]   --> src/main.rs:38:5
[INFO] [stdout]    |
[INFO] [stdout] 38 |     movement_counter: u8,
[INFO] [stdout]    |     ^^^^^^^^^^^^^^^^^^^^
[INFO] [stdout] 
[INFO] [stdout] 
[INFO] [stdout] warning: field is never read: `sequence_number`
[INFO] [stdout]   --> src/main.rs:39:5
[INFO] [stdout]    |
[INFO] [stdout] 39 |     sequence_number: u16,
[INFO] [stdout]    |     ^^^^^^^^^^^^^^^^^^^^
[INFO] [stdout] 
[INFO] [stdout] 
[INFO] [stdout] warning: field is never read: `mac_address`
[INFO] [stdout]   --> src/main.rs:40:5
[INFO] [stdout]    |
[INFO] [stdout] 40 |     mac_address: u64,
[INFO] [stdout]    |     ^^^^^^^^^^^^^^^^
[INFO] [stdout] 
[INFO] [stdout] 
[INFO] [stdout] warning: 9 warnings emitted
[INFO] [stdout] 
[INFO] [stdout] 
[INFO] [stderr]     Finished test [unoptimized + debuginfo] target(s) in 1.31s
[INFO] running `Command { std: "docker" "inspect" "16189a628612dff5f4977eb5c389578b986b8856d7ec6dd3b0f0341bd6445bb1", kill_on_drop: false }`
[INFO] running `Command { std: "docker" "rm" "-f" "16189a628612dff5f4977eb5c389578b986b8856d7ec6dd3b0f0341bd6445bb1", kill_on_drop: false }`
[INFO] [stdout] 16189a628612dff5f4977eb5c389578b986b8856d7ec6dd3b0f0341bd6445bb1
[INFO] running `Command { std: "docker" "create" "-v" "/var/lib/crater-agent-workspace/builds/worker-2/target:/opt/rustwide/target:rw,Z" "-v" "/var/lib/crater-agent-workspace/builds/worker-2/source:/opt/rustwide/workdir:ro,Z" "-v" "/var/lib/crater-agent-workspace/cargo-home:/opt/rustwide/cargo-home:ro,Z" "-v" "/var/lib/crater-agent-workspace/rustup-home:/opt/rustwide/rustup-home:ro,Z" "-e" "SOURCE_DIR=/opt/rustwide/workdir" "-e" "CARGO_TARGET_DIR=/opt/rustwide/target" "-e" "CARGO_INCREMENTAL=0" "-e" "RUST_BACKTRACE=full" "-e" "RUSTFLAGS=--cap-lints=warn" "-e" "CARGO_HOME=/opt/rustwide/cargo-home" "-e" "RUSTUP_HOME=/opt/rustwide/rustup-home" "-w" "/opt/rustwide/workdir" "-m" "1610612736" "--user" "0:0" "--network" "none" "ghcr.io/rust-lang/crates-build-env/linux@sha256:34b6a614d2c27851fe6cbf88fbd1137609cefab8b10d0615aaeb6fd47975d74e" "/opt/rustwide/cargo-home/bin/cargo" "+1.54.0" "test" "--frozen", kill_on_drop: false }`
[INFO] [stdout] 09bba637357c71fe0abdeb3042406b5bd7f79852533cf8b4f2d7531681afe5e4
[INFO] [stderr] WARNING: Your kernel does not support swap limit capabilities or the cgroup is not mounted. Memory limited without swap.
[INFO] running `Command { std: "docker" "start" "-a" "09bba637357c71fe0abdeb3042406b5bd7f79852533cf8b4f2d7531681afe5e4", kill_on_drop: false }`
[INFO] [stderr] warning: unused variable: `data_key`
[INFO] [stderr]   --> src/main.rs:90:9
[INFO] [stderr]    |
[INFO] [stderr] 90 |     let data_key = 0x0499;
[INFO] [stderr]    |         ^^^^^^^^ help: if this is intentional, prefix it with an underscore: `_data_key`
[INFO] [stderr]    |
[INFO] [stderr]    = note: `#[warn(unused_variables)]` on by default
[INFO] [stderr] 
[INFO] [stderr] warning: unused variable: `msg`
[INFO] [stderr]    --> src/main.rs:112:25
[INFO] [stderr]     |
[INFO] [stderr] 112 |                     let msg = parse_advertisement_message(&data);
[INFO] [stderr]     |                         ^^^ help: if this is intentional, prefix it with an underscore: `_msg`
[INFO] [stderr] 
[INFO] [stderr] warning: field is never read: `acc_x`
[INFO] [stderr]   --> src/main.rs:34:5
[INFO] [stderr]    |
[INFO] [stderr] 34 |     acc_x: i16,
[INFO] [stderr]    |     ^^^^^^^^^^
[INFO] [stderr]    |
[INFO] [stderr]    = note: `#[warn(dead_code)]` on by default
[INFO] [stderr] 
[INFO] [stderr] warning: field is never read: `acc_y`
[INFO] [stderr]   --> src/main.rs:35:5
[INFO] [stderr]    |
[INFO] [stderr] 35 |     acc_y: i16,
[INFO] [stderr]    |     ^^^^^^^^^^
[INFO] [stderr] 
[INFO] [stderr] warning: field is never read: `acc_z`
[INFO] [stderr]   --> src/main.rs:36:5
[INFO] [stderr]    |
[INFO] [stderr] 36 |     acc_z: i16,
[INFO] [stderr]    |     ^^^^^^^^^^
[INFO] [stderr] 
[INFO] [stderr] warning: field is never read: `power_info`
[INFO] [stderr]   --> src/main.rs:37:5
[INFO] [stderr]    |
[INFO] [stderr] 37 |     power_info: u16,
[INFO] [stderr]    |     ^^^^^^^^^^^^^^^
[INFO] [stderr] 
[INFO] [stderr] warning: field is never read: `movement_counter`
[INFO] [stderr]   --> src/main.rs:38:5
[INFO] [stderr]    |
[INFO] [stderr] 38 |     movement_counter: u8,
[INFO] [stderr]    |     ^^^^^^^^^^^^^^^^^^^^
[INFO] [stderr] 
[INFO] [stderr] warning: field is never read: `sequence_number`
[INFO] [stderr]   --> src/main.rs:39:5
[INFO] [stderr]    |
[INFO] [stderr] 39 |     sequence_number: u16,
[INFO] [stderr]    |     ^^^^^^^^^^^^^^^^^^^^
[INFO] [stderr] 
[INFO] [stderr] warning: field is never read: `mac_address`
[INFO] [stderr]   --> src/main.rs:40:5
[INFO] [stderr]    |
[INFO] [stderr] 40 |     mac_address: u64,
[INFO] [stderr]    |     ^^^^^^^^^^^^^^^^
[INFO] [stderr] 
[INFO] [stderr] warning: 9 warnings emitted
[INFO] [stderr] 
[INFO] [stderr]     Finished test [unoptimized + debuginfo] target(s) in 0.05s
[INFO] [stderr]      Running unittests (/opt/rustwide/target/debug/deps/ruuvi-011c6bab8eaab58f)
[INFO] [stdout] 
[INFO] [stdout] running 1 test
[INFO] [stdout] test tests::parse_message ... FAILED
[INFO] [stdout] 
[INFO] [stdout] failures:
[INFO] [stdout] 
[INFO] [stdout] ---- tests::parse_message stdout ----
[INFO] [stdout] thread 'tests::parse_message' panicked at 'assertion failed: `(left == right)`
[INFO] [stdout]   left: `53.49`,
[INFO] [stdout]  right: `53.489998`', src/main.rs:134:9
[INFO] [stdout] stack backtrace:
[INFO] [stdout]    0:     0x56169b22b090 - std::backtrace_rs::backtrace::libunwind::trace::h34055254b57d8e79
[INFO] [stdout]                                at /rustc/a178d0322ce20e33eac124758e837cbd80a6f633/library/std/src/../../backtrace/src/backtrace/libunwind.rs:90:5
[INFO] [stdout]    1:     0x56169b22b090 - std::backtrace_rs::backtrace::trace_unsynchronized::h8f1e3fbd9afff6ec
[INFO] [stdout]                                at /rustc/a178d0322ce20e33eac124758e837cbd80a6f633/library/std/src/../../backtrace/src/backtrace/mod.rs:66:5
[INFO] [stdout]    2:     0x56169b22b090 - std::sys_common::backtrace::_print_fmt::h3a99a796b770c360
[INFO] [stdout]                                at /rustc/a178d0322ce20e33eac124758e837cbd80a6f633/library/std/src/sys_common/backtrace.rs:67:5
[INFO] [stdout]    3:     0x56169b22b090 - <std::sys_common::backtrace::_print::DisplayBacktrace as core::fmt::Display>::fmt::h32d1f94a80615d18
[INFO] [stdout]                                at /rustc/a178d0322ce20e33eac124758e837cbd80a6f633/library/std/src/sys_common/backtrace.rs:46:22
[INFO] [stdout]    4:     0x56169b24e0fc - core::fmt::write::h306731c068f7162c
[INFO] [stdout]                                at /rustc/a178d0322ce20e33eac124758e837cbd80a6f633/library/core/src/fmt/mod.rs:1110:17
[INFO] [stdout]    5:     0x56169b227fb5 - std::io::Write::write_fmt::h87f19b0a2cd190bc
[INFO] [stdout]                                at /rustc/a178d0322ce20e33eac124758e837cbd80a6f633/library/std/src/io/mod.rs:1588:15
[INFO] [stdout]    6:     0x56169b22d1fb - std::sys_common::backtrace::_print::h5abaa2601a852287
[INFO] [stdout]                                at /rustc/a178d0322ce20e33eac124758e837cbd80a6f633/library/std/src/sys_common/backtrace.rs:49:5
[INFO] [stdout]    7:     0x56169b22d1fb - std::sys_common::backtrace::print::h8d81445442bb638f
[INFO] [stdout]                                at /rustc/a178d0322ce20e33eac124758e837cbd80a6f633/library/std/src/sys_common/backtrace.rs:36:9
[INFO] [stdout]    8:     0x56169b22d1fb - std::panicking::default_hook::{{closure}}::hcfe804496a9fa747
[INFO] [stdout]                                at /rustc/a178d0322ce20e33eac124758e837cbd80a6f633/library/std/src/panicking.rs:208:50
[INFO] [stdout]    9:     0x56169b22cd0c - std::panicking::default_hook::hbea8e3ccf2ba8901
[INFO] [stdout]                                at /rustc/a178d0322ce20e33eac124758e837cbd80a6f633/library/std/src/panicking.rs:222:9
[INFO] [stdout]   10:     0x56169b22d8c4 - std::panicking::rust_panic_with_hook::h7ee9e1a2d0f8975a
[INFO] [stdout]                                at /rustc/a178d0322ce20e33eac124758e837cbd80a6f633/library/std/src/panicking.rs:622:17
[INFO] [stdout]   11:     0x56169b22d3a7 - std::panicking::begin_panic_handler::{{closure}}::h8ab3b4491718b2c7
[INFO] [stdout]                                at /rustc/a178d0322ce20e33eac124758e837cbd80a6f633/library/std/src/panicking.rs:519:13
[INFO] [stdout]   12:     0x56169b22b58c - std::sys_common::backtrace::__rust_end_short_backtrace::hd489062ffa586a9f
[INFO] [stdout]                                at /rustc/a178d0322ce20e33eac124758e837cbd80a6f633/library/std/src/sys_common/backtrace.rs:141:18
[INFO] [stdout]   13:     0x56169b22d309 - rust_begin_unwind
[INFO] [stdout]                                at /rustc/a178d0322ce20e33eac124758e837cbd80a6f633/library/std/src/panicking.rs:515:5
[INFO] [stdout]   14:     0x56169b1d3651 - core::panicking::panic_fmt::hca6330e3e14086b4
[INFO] [stdout]                                at /rustc/a178d0322ce20e33eac124758e837cbd80a6f633/library/core/src/panicking.rs:92:14
[INFO] [stdout]   15:     0x56169b24c1a8 - core::panicking::assert_failed_inner::h33b45280069a80ed
[INFO] [stdout]   16:     0x56169b1d544a - core::panicking::assert_failed::h84f685634cd81b70
[INFO] [stdout]                                at /rustc/a178d0322ce20e33eac124758e837cbd80a6f633/library/core/src/panicking.rs:117:5
[INFO] [stdout]   17:     0x56169b1d53e9 - ruuvi::tests::parse_message::hf7e43ce4394575ce
[INFO] [stdout]                                at /opt/rustwide/workdir/src/main.rs:134:9
[INFO] [stdout]   18:     0x56169b1d50da - ruuvi::tests::parse_message::{{closure}}::hc06ce88f6187a153
[INFO] [stdout]                                at /opt/rustwide/workdir/src/main.rs:124:5
[INFO] [stdout]   19:     0x56169b1d4ede - core::ops::function::FnOnce::call_once::h344b414ea0deb399
[INFO] [stdout]                                at /rustc/a178d0322ce20e33eac124758e837cbd80a6f633/library/core/src/ops/function.rs:227:5
[INFO] [stdout]   20:     0x56169b1fdaa3 - core::ops::function::FnOnce::call_once::h152e7e439ff59e19
[INFO] [stdout]                                at /rustc/a178d0322ce20e33eac124758e837cbd80a6f633/library/core/src/ops/function.rs:227:5
[INFO] [stdout]   21:     0x56169b1fdaa3 - test::__rust_begin_short_backtrace::h0908f3b1fdbb72ab
[INFO] [stdout]                                at /rustc/a178d0322ce20e33eac124758e837cbd80a6f633/library/test/src/lib.rs:577:5
[INFO] [stdout]   22:     0x56169b1fc560 - <alloc::boxed::Box<F,A> as core::ops::function::FnOnce<Args>>::call_once::hf6d2a51e5587546c
[INFO] [stdout]                                at /rustc/a178d0322ce20e33eac124758e837cbd80a6f633/library/alloc/src/boxed.rs:1575:9
[INFO] [stdout]   23:     0x56169b1fc560 - <std::panic::AssertUnwindSafe<F> as core::ops::function::FnOnce<()>>::call_once::h8af660f3a89ef593
[INFO] [stdout]                                at /rustc/a178d0322ce20e33eac124758e837cbd80a6f633/library/std/src/panic.rs:347:9
[INFO] [stdout]   24:     0x56169b1fc560 - std::panicking::try::do_call::hd36aef60f84b6d36
[INFO] [stdout]                                at /rustc/a178d0322ce20e33eac124758e837cbd80a6f633/library/std/src/panicking.rs:401:40
[INFO] [stdout]   25:     0x56169b1fc560 - std::panicking::try::h9932b4480e69817c
[INFO] [stdout]                                at /rustc/a178d0322ce20e33eac124758e837cbd80a6f633/library/std/src/panicking.rs:365:19
[INFO] [stdout]   26:     0x56169b1fc560 - std::panic::catch_unwind::h6aa177099cfff5f8
[INFO] [stdout]                                at /rustc/a178d0322ce20e33eac124758e837cbd80a6f633/library/std/src/panic.rs:434:14
[INFO] [stdout]   27:     0x56169b1fc560 - test::run_test_in_process::h5884d6f2d99e20c3
[INFO] [stdout]                                at /rustc/a178d0322ce20e33eac124758e837cbd80a6f633/library/test/src/lib.rs:600:18
[INFO] [stdout]   28:     0x56169b1fc560 - test::run_test::run_test_inner::{{closure}}::h6fdc58c6d5f5b6e3
[INFO] [stdout]                                at /rustc/a178d0322ce20e33eac124758e837cbd80a6f633/library/test/src/lib.rs:492:39
[INFO] [stdout]   29:     0x56169b1d5c12 - test::run_test::run_test_inner::{{closure}}::h408365d67a78ade8
[INFO] [stdout]                                at /rustc/a178d0322ce20e33eac124758e837cbd80a6f633/library/test/src/lib.rs:519:37
[INFO] [stdout]   30:     0x56169b1d5c12 - std::sys_common::backtrace::__rust_begin_short_backtrace::hb560b77c4f701523
[INFO] [stdout]                                at /rustc/a178d0322ce20e33eac124758e837cbd80a6f633/library/std/src/sys_common/backtrace.rs:125:18
[INFO] [stdout]   31:     0x56169b1d97c8 - std::thread::Builder::spawn_unchecked::{{closure}}::{{closure}}::hf2e7831dad93c597
[INFO] [stdout]                                at /rustc/a178d0322ce20e33eac124758e837cbd80a6f633/library/std/src/thread/mod.rs:481:17
[INFO] [stdout]   32:     0x56169b1d97c8 - <std::panic::AssertUnwindSafe<F> as core::ops::function::FnOnce<()>>::call_once::hd2e08783d8be4d02
[INFO] [stdout]                                at /rustc/a178d0322ce20e33eac124758e837cbd80a6f633/library/std/src/panic.rs:347:9
[INFO] [stdout]   33:     0x56169b1d97c8 - std::panicking::try::do_call::h062597b7acfd6b82
[INFO] [stdout]                                at /rustc/a178d0322ce20e33eac124758e837cbd80a6f633/library/std/src/panicking.rs:401:40
[INFO] [stdout]   34:     0x56169b1d97c8 - std::panicking::try::h0d7b79db04c14552
[INFO] [stdout]                                at /rustc/a178d0322ce20e33eac124758e837cbd80a6f633/library/std/src/panicking.rs:365:19
[INFO] [stdout]   35:     0x56169b1d97c8 - std::panic::catch_unwind::hb01a0b5e7c8cd43b
[INFO] [stdout]                                at /rustc/a178d0322ce20e33eac124758e837cbd80a6f633/library/std/src/panic.rs:434:14
[INFO] [stdout]   36:     0x56169b1d97c8 - std::thread::Builder::spawn_unchecked::{{closure}}::h5bde48cc887e0d1e
[INFO] [stdout]                                at /rustc/a178d0322ce20e33eac124758e837cbd80a6f633/library/std/src/thread/mod.rs:480:30
[INFO] [stdout]   37:     0x56169b1d97c8 - core::ops::function::FnOnce::call_once{{vtable.shim}}::h745ea30807a29e55
[INFO] [stdout]                                at /rustc/a178d0322ce20e33eac124758e837cbd80a6f633/library/core/src/ops/function.rs:227:5
[INFO] [stdout]   38:     0x56169b232387 - <alloc::boxed::Box<F,A> as core::ops::function::FnOnce<Args>>::call_once::h7ece6cfefaff1005
[INFO] [stdout]                                at /rustc/a178d0322ce20e33eac124758e837cbd80a6f633/library/alloc/src/boxed.rs:1575:9
[INFO] [stdout]   39:     0x56169b232387 - <alloc::boxed::Box<F,A> as core::ops::function::FnOnce<Args>>::call_once::hb8b48e55c21f193e
[INFO] [stdout]                                at /rustc/a178d0322ce20e33eac124758e837cbd80a6f633/library/alloc/src/boxed.rs:1575:9
[INFO] [stdout]   40:     0x56169b232387 - std::sys::unix::thread::Thread::new::thread_start::h8c7c4450dba62914
[INFO] [stdout]                                at /rustc/a178d0322ce20e33eac124758e837cbd80a6f633/library/std/src/sys/unix/thread.rs:71:17
[INFO] [stdout]   41:     0x7f35621f8609 - start_thread
[INFO] [stdout]   42:     0x7f3561fc8293 - clone
[INFO] [stdout]   43:                0x0 - <unknown>
[INFO] [stdout] 
[INFO] [stdout] 
[INFO] [stdout] failures:
[INFO] [stdout]     tests::parse_message
[INFO] [stdout] 
[INFO] [stdout] test result: FAILED. 0 passed; 1 failed; 0 ignored; 0 measured; 0 filtered out; finished in 0.02s
[INFO] [stdout] 
[INFO] [stderr] error: test failed, to rerun pass '--bin ruuvi'
[INFO] running `Command { std: "docker" "inspect" "09bba637357c71fe0abdeb3042406b5bd7f79852533cf8b4f2d7531681afe5e4", kill_on_drop: false }`
[INFO] running `Command { std: "docker" "rm" "-f" "09bba637357c71fe0abdeb3042406b5bd7f79852533cf8b4f2d7531681afe5e4", kill_on_drop: false }`
[INFO] [stdout] 09bba637357c71fe0abdeb3042406b5bd7f79852533cf8b4f2d7531681afe5e4
