[INFO] cloning repository https://github.com/four0000four/gstm
[INFO] running `Command { std: "git" "-c" "credential.helper=" "-c" "credential.helper=/workspace/cargo-home/bin/git-credential-null" "clone" "--bare" "https://github.com/four0000four/gstm" "/workspace/cache/git-repos/https%3A%2F%2Fgithub.com%2Ffour0000four%2Fgstm", kill_on_drop: false }`
[INFO] [stderr] Cloning into bare repository '/workspace/cache/git-repos/https%3A%2F%2Fgithub.com%2Ffour0000four%2Fgstm'...
[INFO] running `Command { std: "git" "rev-parse" "HEAD", kill_on_drop: false }`
[INFO] [stdout] b0535e2120542dc7f88b2167c259255746c645b5
[INFO] testing four0000four/gstm against beta-2021-08-01 for beta-1.55-1
[INFO] running `Command { std: "git" "clone" "/workspace/cache/git-repos/https%3A%2F%2Fgithub.com%2Ffour0000four%2Fgstm" "/workspace/builds/worker-102/source", kill_on_drop: false }`
[INFO] [stderr] Cloning into '/workspace/builds/worker-102/source'...
[INFO] [stderr] done.
[INFO] validating manifest of git repo https://github.com/four0000four/gstm on toolchain beta-2021-08-01
[INFO] running `Command { std: "/workspace/cargo-home/bin/cargo" "+beta-2021-08-01" "metadata" "--manifest-path" "Cargo.toml" "--no-deps", kill_on_drop: false }`
[INFO] started tweaking git repo https://github.com/four0000four/gstm
[INFO] finished tweaking git repo https://github.com/four0000four/gstm
[INFO] tweaked toml for git repo https://github.com/four0000four/gstm written to /workspace/builds/worker-102/source/Cargo.toml
[INFO] crate git repo https://github.com/four0000four/gstm already has a lockfile, it will not be regenerated
[INFO] running `Command { std: "/workspace/cargo-home/bin/cargo" "+beta-2021-08-01" "fetch" "--manifest-path" "Cargo.toml", kill_on_drop: false }`
[INFO] [stderr]     Blocking waiting for file lock on package cache
[INFO] [stderr]     Blocking waiting for file lock on package cache
[INFO] [stderr]  Downloading crates ...
[INFO] [stderr]   Downloaded bastion-utils v0.3.2
[INFO] [stderr]   Downloaded bastion v0.3.4
[INFO] [stderr]   Downloaded lightproc v0.3.4
[INFO] [stderr]   Downloaded smol v0.1.15
[INFO] [stderr]   Downloaded bastion-executor v0.3.4
[INFO] [stderr]   Downloaded http-types v1.3.1
[INFO] [stderr]   Downloaded reqwest v0.10.6
[INFO] [stderr]   Downloaded wiremock v0.2.2
[INFO] [stderr]   Downloaded bastion-qutex v0.2.4
[INFO] running `Command { std: "docker" "create" "-v" "/var/lib/crater-agent-workspace/builds/worker-102/target:/opt/rustwide/target:rw,Z" "-v" "/var/lib/crater-agent-workspace/builds/worker-102/source:/opt/rustwide/workdir:ro,Z" "-v" "/var/lib/crater-agent-workspace/cargo-home:/opt/rustwide/cargo-home:ro,Z" "-v" "/var/lib/crater-agent-workspace/rustup-home:/opt/rustwide/rustup-home:ro,Z" "-e" "SOURCE_DIR=/opt/rustwide/workdir" "-e" "CARGO_TARGET_DIR=/opt/rustwide/target" "-e" "CARGO_HOME=/opt/rustwide/cargo-home" "-e" "RUSTUP_HOME=/opt/rustwide/rustup-home" "-w" "/opt/rustwide/workdir" "-m" "1610612736" "--user" "0:0" "--network" "none" "ghcr.io/rust-lang/crates-build-env/linux@sha256:34b6a614d2c27851fe6cbf88fbd1137609cefab8b10d0615aaeb6fd47975d74e" "/opt/rustwide/cargo-home/bin/cargo" "+beta-2021-08-01" "metadata" "--no-deps" "--format-version=1", kill_on_drop: false }`
[INFO] [stdout] 27250ae233c9b3685ee62c09706753561a976d8de33c62c3082fea7415f33ce0
[INFO] running `Command { std: "docker" "start" "-a" "27250ae233c9b3685ee62c09706753561a976d8de33c62c3082fea7415f33ce0", kill_on_drop: false }`
[INFO] running `Command { std: "docker" "inspect" "27250ae233c9b3685ee62c09706753561a976d8de33c62c3082fea7415f33ce0", kill_on_drop: false }`
[INFO] running `Command { std: "docker" "rm" "-f" "27250ae233c9b3685ee62c09706753561a976d8de33c62c3082fea7415f33ce0", kill_on_drop: false }`
[INFO] [stdout] 27250ae233c9b3685ee62c09706753561a976d8de33c62c3082fea7415f33ce0
[INFO] running `Command { std: "docker" "create" "-v" "/var/lib/crater-agent-workspace/builds/worker-102/target:/opt/rustwide/target:rw,Z" "-v" "/var/lib/crater-agent-workspace/builds/worker-102/source:/opt/rustwide/workdir:ro,Z" "-v" "/var/lib/crater-agent-workspace/cargo-home:/opt/rustwide/cargo-home:ro,Z" "-v" "/var/lib/crater-agent-workspace/rustup-home:/opt/rustwide/rustup-home:ro,Z" "-e" "SOURCE_DIR=/opt/rustwide/workdir" "-e" "CARGO_TARGET_DIR=/opt/rustwide/target" "-e" "CARGO_INCREMENTAL=0" "-e" "RUST_BACKTRACE=full" "-e" "RUSTFLAGS=--cap-lints=warn" "-e" "CARGO_HOME=/opt/rustwide/cargo-home" "-e" "RUSTUP_HOME=/opt/rustwide/rustup-home" "-w" "/opt/rustwide/workdir" "-m" "1610612736" "--user" "0:0" "--network" "none" "ghcr.io/rust-lang/crates-build-env/linux@sha256:34b6a614d2c27851fe6cbf88fbd1137609cefab8b10d0615aaeb6fd47975d74e" "/opt/rustwide/cargo-home/bin/cargo" "+beta-2021-08-01" "build" "--frozen" "--message-format=json", kill_on_drop: false }`
[INFO] [stdout] 46a47d60b20b2dd8009e77e956ea249b45346a3bb6db3514f1de51375fa2bdda
[INFO] running `Command { std: "docker" "start" "-a" "46a47d60b20b2dd8009e77e956ea249b45346a3bb6db3514f1de51375fa2bdda", kill_on_drop: false }`
[INFO] [stderr]     Blocking waiting for file lock on package cache
[INFO] [stderr]     Blocking waiting for file lock on package cache
[INFO] [stderr]    Compiling proc-macro2 v1.0.18
[INFO] [stderr]    Compiling syn v1.0.31
[INFO] [stderr]    Compiling autocfg v1.0.0
[INFO] [stderr]    Compiling log v0.4.8
[INFO] [stderr]    Compiling futures-core v0.3.5
[INFO] [stderr]    Compiling cc v1.0.54
[INFO] [stderr]    Compiling pkg-config v0.3.17
[INFO] [stderr]    Compiling pin-project-internal v0.4.22
[INFO] [stderr]    Compiling proc-macro-nested v0.1.6
[INFO] [stderr]    Compiling futures-sink v0.3.5
[INFO] [stderr]    Compiling arc-swap v0.4.7
[INFO] [stderr]    Compiling proc-macro-hack v0.5.16
[INFO] [stderr]    Compiling once_cell v1.4.0
[INFO] [stderr]    Compiling pin-project-lite v0.1.7
[INFO] [stderr]    Compiling futures-io v0.3.5
[INFO] [stderr]    Compiling openssl v0.10.29
[INFO] [stderr]    Compiling serde v1.0.112
[INFO] [stderr]    Compiling tinyvec v0.3.3
[INFO] [stderr]    Compiling try-lock v0.2.2
[INFO] [stderr]    Compiling ryu v1.0.5
[INFO] [stderr]    Compiling encoding_rs v0.8.23
[INFO] [stderr]    Compiling serde_json v1.0.55
[INFO] [stderr]    Compiling base64 v0.12.2
[INFO] [stderr]    Compiling ansi_term v0.12.1
[INFO] [stderr]    Compiling http v0.2.1
[INFO] [stderr]    Compiling net2 v0.2.34
[INFO] [stderr]    Compiling iovec v0.1.4
[INFO] [stderr]    Compiling time v0.1.43
[INFO] [stderr]    Compiling socket2 v0.3.12
[INFO] [stderr]    Compiling dirs-sys v0.3.5
[INFO] [stderr]    Compiling term_size v0.3.2
[INFO] [stderr]    Compiling futures-channel v0.3.5
[INFO] [stderr]    Compiling futures-task v0.3.5
[INFO] [stderr]    Compiling directories v2.0.2
[INFO] [stderr]    Compiling unicode-normalization v0.1.13
[INFO] [stderr]    Compiling signal-hook-registry v1.2.0
[INFO] [stderr]    Compiling indexmap v1.4.0
[INFO] [stderr]    Compiling num-traits v0.2.12
[INFO] [stderr]    Compiling num-integer v0.1.43
[INFO] [stderr]    Compiling mio v0.6.22
[INFO] [stderr]    Compiling want v0.3.0
[INFO] [stderr]    Compiling loggerv v0.7.2
[INFO] [stderr]    Compiling openssl-sys v0.9.58
[INFO] [stderr]    Compiling idna v0.2.0
[INFO] [stderr]    Compiling quote v1.0.7
[INFO] [stderr]    Compiling mio-uds v0.6.8
[INFO] [stderr]    Compiling http-body v0.3.1
[INFO] [stderr]    Compiling url v2.1.1
[INFO] [stderr]    Compiling native-tls v0.2.4
[INFO] [stderr]    Compiling chrono v0.4.11
[INFO] [stderr]    Compiling futures-macro v0.3.5
[INFO] [stderr]    Compiling tokio-macros v0.2.5
[INFO] [stderr]    Compiling serde_derive v1.0.112
[INFO] [stderr]    Compiling thiserror-impl v1.0.20
[INFO] [stderr]    Compiling tokio v0.2.21
[INFO] [stderr]    Compiling thiserror v1.0.20
[INFO] [stderr]    Compiling pin-project v0.4.22
[INFO] [stderr]    Compiling futures-util v0.3.5
[INFO] [stderr]    Compiling tokio-util v0.3.1
[INFO] [stderr]    Compiling tokio-tls v0.3.1
[INFO] [stderr]    Compiling h2 v0.2.5
[INFO] [stderr]    Compiling futures-executor v0.3.5
[INFO] [stderr]    Compiling futures v0.3.5
[INFO] [stderr]    Compiling serde_urlencoded v0.6.1
[INFO] [stderr]    Compiling hyper v0.13.6
[INFO] [stderr]    Compiling hyper-tls v0.4.1
[INFO] [stderr]    Compiling reqwest v0.10.6
[INFO] [stderr]    Compiling gstm_core v0.1.0 (/opt/rustwide/workdir/gstm_core)
[INFO] [stderr]    Compiling gstm-cli v0.1.0 (/opt/rustwide/workdir/gstm_cli)
[INFO] [stdout] warning: panic message is not a string literal
[INFO] [stdout]    --> gstm_cli/src/lib.rs:126:28
[INFO] [stdout]     |
[INFO] [stdout] 126 |                     panic!(e);
[INFO] [stdout]     |                            ^
[INFO] [stdout]     |
[INFO] [stdout]     = note: `#[warn(non_fmt_panics)]` on by default
[INFO] [stdout]     = note: this usage of panic!() is deprecated; it will be a hard error in Rust 2021
[INFO] [stdout]     = note: for more information, see <https://doc.rust-lang.org/nightly/edition-guide/rust-2021/panic-macro-consistency.html>
[INFO] [stdout] help: add a "{}" format string to Display the message
[INFO] [stdout]     |
[INFO] [stdout] 126 |                     panic!("{}", e);
[INFO] [stdout]     |                            ^^^^^
[INFO] [stdout] help: or use std::panic::panic_any instead
[INFO] [stdout]     |
[INFO] [stdout] 126 |                     std::panic::panic_any(e);
[INFO] [stdout]     |                     ^^^^^^^^^^^^^^^^^^^^^
[INFO] [stdout] 
[INFO] [stdout] 
[INFO] [stdout] warning: 1 warning emitted
[INFO] [stdout] 
[INFO] [stdout] 
[INFO] [stderr]     Finished dev [unoptimized + debuginfo] target(s) in 46.95s
[INFO] running `Command { std: "docker" "inspect" "46a47d60b20b2dd8009e77e956ea249b45346a3bb6db3514f1de51375fa2bdda", kill_on_drop: false }`
[INFO] running `Command { std: "docker" "rm" "-f" "46a47d60b20b2dd8009e77e956ea249b45346a3bb6db3514f1de51375fa2bdda", kill_on_drop: false }`
[INFO] [stdout] 46a47d60b20b2dd8009e77e956ea249b45346a3bb6db3514f1de51375fa2bdda
[INFO] running `Command { std: "docker" "create" "-v" "/var/lib/crater-agent-workspace/builds/worker-102/target:/opt/rustwide/target:rw,Z" "-v" "/var/lib/crater-agent-workspace/builds/worker-102/source:/opt/rustwide/workdir:ro,Z" "-v" "/var/lib/crater-agent-workspace/cargo-home:/opt/rustwide/cargo-home:ro,Z" "-v" "/var/lib/crater-agent-workspace/rustup-home:/opt/rustwide/rustup-home:ro,Z" "-e" "SOURCE_DIR=/opt/rustwide/workdir" "-e" "CARGO_TARGET_DIR=/opt/rustwide/target" "-e" "CARGO_INCREMENTAL=0" "-e" "RUST_BACKTRACE=full" "-e" "RUSTFLAGS=--cap-lints=warn" "-e" "CARGO_HOME=/opt/rustwide/cargo-home" "-e" "RUSTUP_HOME=/opt/rustwide/rustup-home" "-w" "/opt/rustwide/workdir" "-m" "1610612736" "--user" "0:0" "--network" "none" "ghcr.io/rust-lang/crates-build-env/linux@sha256:34b6a614d2c27851fe6cbf88fbd1137609cefab8b10d0615aaeb6fd47975d74e" "/opt/rustwide/cargo-home/bin/cargo" "+beta-2021-08-01" "test" "--frozen" "--no-run" "--message-format=json", kill_on_drop: false }`
[INFO] [stdout] 35c78d093383740d00cabe1d189efc132632d9ce0c61bd2a105445c8feac3882
[INFO] running `Command { std: "docker" "start" "-a" "35c78d093383740d00cabe1d189efc132632d9ce0c61bd2a105445c8feac3882", kill_on_drop: false }`
[INFO] [stderr]     Blocking waiting for file lock on package cache
[INFO] [stderr]    Compiling wasm-bindgen-shared v0.2.63
[INFO] [stderr]    Compiling maybe-uninit v2.0.0
[INFO] [stderr]    Compiling bumpalo v3.4.0
[INFO] [stderr]    Compiling wasm-bindgen v0.2.63
[INFO] [stderr]    Compiling getrandom v0.1.14
[INFO] [stderr]    Compiling futures-sink-preview v0.3.0-alpha.19
[INFO] [stderr]    Compiling futures-core-preview v0.3.0-alpha.19
[INFO] [stderr]    Compiling scopeguard v1.1.0
[INFO] [stderr]    Compiling futures-io-preview v0.3.0-alpha.19
[INFO] [stderr]    Compiling futures v0.1.29
[INFO] [stderr]    Compiling waker-fn v1.0.0
[INFO] [stderr]    Compiling parking v1.0.1
[INFO] [stderr]    Compiling send_wrapper v0.4.0
[INFO] [stderr]    Compiling cache-padded v1.1.0
[INFO] [stderr]    Compiling async-task v3.0.0
[INFO] [stderr]    Compiling scoped-tls v1.0.0
[INFO] [stderr]    Compiling fastrand v1.2.4
[INFO] [stderr]    Compiling ppv-lite86 v0.2.8
[INFO] [stderr]    Compiling bastion-utils v0.3.2
[INFO] [stderr]    Compiling crossbeam-utils v0.7.2
[INFO] [stderr]    Compiling memoffset v0.5.4
[INFO] [stderr]    Compiling crossbeam-epoch v0.8.2
[INFO] [stderr]    Compiling kv-log-macro v1.0.6
[INFO] [stderr]    Compiling infer v0.1.6
[INFO] [stderr]    Compiling fxhash v0.2.1
[INFO] [stderr]    Compiling omnom v2.1.2
[INFO] [stdout] warning: panic message is not a string literal
[INFO] [stdout]    --> gstm_cli/src/lib.rs:126:28
[INFO] [stdout]     |
[INFO] [stdout] 126 |                     panic!(e);
[INFO] [stdout]     |                            ^
[INFO] [stdout]     |
[INFO] [stdout]     = note: `#[warn(non_fmt_panics)]` on by default
[INFO] [stdout]     = note: this usage of panic!() is deprecated; it will be a hard error in Rust 2021
[INFO] [stdout]     = note: for more information, see <https://doc.rust-lang.org/nightly/edition-guide/rust-2021/panic-macro-consistency.html>
[INFO] [stdout] help: add a "{}" format string to Display the message
[INFO] [stdout]     |
[INFO] [stdout] 126 |                     panic!("{}", e);
[INFO] [stdout]     |                            ^^^^^
[INFO] [stdout] help: or use std::panic::panic_any instead
[INFO] [stdout]     |
[INFO] [stdout] 126 |                     std::panic::panic_any(e);
[INFO] [stdout]     |                     ^^^^^^^^^^^^^^^^^^^^^
[INFO] [stdout] 
[INFO] [stdout] 
[INFO] [stdout] warning: 1 warning emitted
[INFO] [stdout] 
[INFO] [stdout] 
[INFO] [stderr]    Compiling cookie v0.12.0
[INFO] [stderr]    Compiling gstm-cli v0.1.0 (/opt/rustwide/workdir/gstm_cli)
[INFO] [stderr]    Compiling blocking v0.4.6
[INFO] [stderr]    Compiling concurrent-queue v1.1.1
[INFO] [stderr]    Compiling futures-channel-preview v0.3.0-alpha.19
[INFO] [stdout] warning: panic message is not a string literal
[INFO] [stdout]    --> gstm_cli/src/lib.rs:126:28
[INFO] [stdout]     |
[INFO] [stdout] 126 |                     panic!(e);
[INFO] [stdout]     |                            ^
[INFO] [stdout]     |
[INFO] [stdout]     = note: `#[warn(non_fmt_panics)]` on by default
[INFO] [stdout]     = note: this usage of panic!() is deprecated; it will be a hard error in Rust 2021
[INFO] [stdout]     = note: for more information, see <https://doc.rust-lang.org/nightly/edition-guide/rust-2021/panic-macro-consistency.html>
[INFO] [stdout] help: add a "{}" format string to Display the message
[INFO] [stdout]     |
[INFO] [stdout] 126 |                     panic!("{}", e);
[INFO] [stdout]     |                            ^^^^^
[INFO] [stdout] help: or use std::panic::panic_any instead
[INFO] [stdout]     |
[INFO] [stdout] 126 |                     std::panic::panic_any(e);
[INFO] [stdout]     |                     ^^^^^^^^^^^^^^^^^^^^^
[INFO] [stdout] 
[INFO] [stdout] 
[INFO] [stderr]    Compiling futures-util-preview v0.3.0-alpha.19
[INFO] [stdout] warning: 1 warning emitted
[INFO] [stdout] 
[INFO] [stdout] 
[INFO] [stderr]    Compiling rand_core v0.5.1
[INFO] [stderr]    Compiling futures-executor-preview v0.3.0-alpha.19
[INFO] [stderr]    Compiling wasm-bindgen-backend v0.2.63
[INFO] [stderr]    Compiling rand_chacha v0.2.2
[INFO] [stderr]    Compiling futures-preview v0.3.0-alpha.19
[INFO] [stderr]    Compiling rand v0.7.3
[INFO] [stderr]    Compiling wasm-bindgen-macro-support v0.2.63
[INFO] [stderr]    Compiling crossbeam-queue v0.2.3
[INFO] [stderr]    Compiling crossbeam-channel v0.4.2
[INFO] [stderr]    Compiling piper v0.1.3
[INFO] [stderr]    Compiling lightproc v0.3.4
[INFO] [stderr]    Compiling uuid v0.8.1
[INFO] [stderr]    Compiling byte-pool v0.2.1
[INFO] [stderr]    Compiling smol v0.1.15
[INFO] [stderr]    Compiling crossbeam-deque v0.7.3
[INFO] [stderr]    Compiling bastion-executor v0.3.4
[INFO] [stderr]    Compiling crossbeam v0.7.3
[INFO] [stderr]    Compiling bastion-qutex v0.2.4
[INFO] [stderr]    Compiling wasm-bindgen-macro v0.2.63
[INFO] [stderr]    Compiling js-sys v0.3.40
[INFO] [stderr]    Compiling web-sys v0.3.40
[INFO] [stderr]    Compiling gloo-timers v0.2.1
[INFO] [stderr]    Compiling futures-timer v3.0.2
[INFO] [stderr]    Compiling async-std v1.6.2
[INFO] [stderr]    Compiling bastion v0.3.4
[INFO] [stderr]    Compiling http-types v1.3.1
[INFO] [stderr]    Compiling async-h1 v1.1.2
[INFO] [stderr]    Compiling wiremock v0.2.2
[INFO] [stderr]    Compiling gstm_core v0.1.0 (/opt/rustwide/workdir/gstm_core)
[INFO] [stderr]     Finished test [unoptimized + debuginfo] target(s) in 54.04s
[INFO] running `Command { std: "docker" "inspect" "35c78d093383740d00cabe1d189efc132632d9ce0c61bd2a105445c8feac3882", kill_on_drop: false }`
[INFO] running `Command { std: "docker" "rm" "-f" "35c78d093383740d00cabe1d189efc132632d9ce0c61bd2a105445c8feac3882", kill_on_drop: false }`
[INFO] [stdout] 35c78d093383740d00cabe1d189efc132632d9ce0c61bd2a105445c8feac3882
[INFO] running `Command { std: "docker" "create" "-v" "/var/lib/crater-agent-workspace/builds/worker-102/target:/opt/rustwide/target:rw,Z" "-v" "/var/lib/crater-agent-workspace/builds/worker-102/source:/opt/rustwide/workdir:ro,Z" "-v" "/var/lib/crater-agent-workspace/cargo-home:/opt/rustwide/cargo-home:ro,Z" "-v" "/var/lib/crater-agent-workspace/rustup-home:/opt/rustwide/rustup-home:ro,Z" "-e" "SOURCE_DIR=/opt/rustwide/workdir" "-e" "CARGO_TARGET_DIR=/opt/rustwide/target" "-e" "CARGO_INCREMENTAL=0" "-e" "RUST_BACKTRACE=full" "-e" "RUSTFLAGS=--cap-lints=warn" "-e" "CARGO_HOME=/opt/rustwide/cargo-home" "-e" "RUSTUP_HOME=/opt/rustwide/rustup-home" "-w" "/opt/rustwide/workdir" "-m" "1610612736" "--user" "0:0" "--network" "none" "ghcr.io/rust-lang/crates-build-env/linux@sha256:34b6a614d2c27851fe6cbf88fbd1137609cefab8b10d0615aaeb6fd47975d74e" "/opt/rustwide/cargo-home/bin/cargo" "+beta-2021-08-01" "test" "--frozen", kill_on_drop: false }`
[INFO] [stdout] 7662db5d9a4c2e3099065469af9ebb564d9dbd95c00e32a95a89c4af219174ae
[INFO] running `Command { std: "docker" "start" "-a" "7662db5d9a4c2e3099065469af9ebb564d9dbd95c00e32a95a89c4af219174ae", kill_on_drop: false }`
[INFO] [stderr] warning: panic message is not a string literal
[INFO] [stderr]    --> gstm_cli/src/lib.rs:126:28
[INFO] [stderr]     |
[INFO] [stderr] 126 |                     panic!(e);
[INFO] [stderr]     |                            ^
[INFO] [stderr]     |
[INFO] [stderr]     = note: `#[warn(non_fmt_panics)]` on by default
[INFO] [stderr]     = note: this usage of panic!() is deprecated; it will be a hard error in Rust 2021
[INFO] [stderr]     = note: for more information, see <https://doc.rust-lang.org/nightly/edition-guide/rust-2021/panic-macro-consistency.html>
[INFO] [stderr] help: add a "{}" format string to Display the message
[INFO] [stderr]     |
[INFO] [stderr] 126 |                     panic!("{}", e);
[INFO] [stderr]     |                            ^^^^^
[INFO] [stderr] help: or use std::panic::panic_any instead
[INFO] [stderr]     |
[INFO] [stderr] 126 |                     std::panic::panic_any(e);
[INFO] [stderr]     |                     ^^^^^^^^^^^^^^^^^^^^^
[INFO] [stderr] 
[INFO] [stderr] warning: `gstm-cli` (lib) generated 1 warning
[INFO] [stderr] warning: `gstm-cli` (lib test) generated 1 warning (1 duplicate)
[INFO] [stderr]     Finished test [unoptimized + debuginfo] target(s) in 0.27s
[INFO] [stdout] 
[INFO] [stderr]      Running unittests (/opt/rustwide/target/debug/deps/gstm_cli-d1d24a1bb56648f8)
[INFO] [stdout] running 0 tests
[INFO] [stderr]      Running unittests (/opt/rustwide/target/debug/deps/gstm-7bdc35004d29ccb1)
[INFO] [stdout] 
[INFO] [stdout] test result: ok. 0 passed; 0 failed; 0 ignored; 0 measured; 0 filtered out; finished in 0.00s
[INFO] [stdout] 
[INFO] [stderr]      Running unittests (/opt/rustwide/target/debug/deps/gstm_core-a86c80de56c6ad1d)
[INFO] [stdout] 
[INFO] [stdout] running 0 tests
[INFO] [stdout] 
[INFO] [stdout] test result: ok. 0 passed; 0 failed; 0 ignored; 0 measured; 0 filtered out; finished in 0.00s
[INFO] [stdout] 
[INFO] [stdout] 
[INFO] [stdout] running 2 tests
[INFO] [stdout] test tests::test_get ... ok
[INFO] [stdout] test tests::test_fork ... FAILED
[INFO] [stdout] 
[INFO] [stdout] failures:
[INFO] [stdout] 
[INFO] [stdout] ---- tests::test_fork stdout ----
[INFO] [stdout] thread 'async-std/runtime' panicked at 'Couldn't receive the answer.: ()', /opt/rustwide/cargo-home/registry/src/github.com-1ecc6299db9ec823/wiremock-0.2.2/src/server_actor.rs:92:48
[INFO] [stdout] stack backtrace:
[INFO] [stdout]    0:     0x55fed2b41010 - std::backtrace_rs::backtrace::libunwind::trace::hff4d1766e93f64f1
[INFO] [stdout]                                at /rustc/53fd98ca776cb875bc9e5514f56b52eb74f9e7a9/library/std/src/../../backtrace/src/backtrace/libunwind.rs:90:5
[INFO] [stdout]    1:     0x55fed2b41010 - std::backtrace_rs::backtrace::trace_unsynchronized::h56bbc8eb78770bcb
[INFO] [stdout]                                at /rustc/53fd98ca776cb875bc9e5514f56b52eb74f9e7a9/library/std/src/../../backtrace/src/backtrace/mod.rs:66:5
[INFO] [stdout]    2:     0x55fed2b41010 - std::sys_common::backtrace::_print_fmt::h5c8e75464faca780
[INFO] [stdout]                                at /rustc/53fd98ca776cb875bc9e5514f56b52eb74f9e7a9/library/std/src/sys_common/backtrace.rs:67:5
[INFO] [stdout]    3:     0x55fed2b41010 - <std::sys_common::backtrace::_print::DisplayBacktrace as core::fmt::Display>::fmt::h48b88277def8b362
[INFO] [stdout]                                at /rustc/53fd98ca776cb875bc9e5514f56b52eb74f9e7a9/library/std/src/sys_common/backtrace.rs:46:22
[INFO] [stdout]    4:     0x55fed2b64efc - core::fmt::write::h3381b3176fe2b3d3
[INFO] [stdout]                                at /rustc/53fd98ca776cb875bc9e5514f56b52eb74f9e7a9/library/core/src/fmt/mod.rs:1115:17
[INFO] [stdout]    5:     0x55fed2b3a015 - std::io::Write::write_fmt::h5f34a676f60246b5
[INFO] [stdout]                                at /rustc/53fd98ca776cb875bc9e5514f56b52eb74f9e7a9/library/std/src/io/mod.rs:1665:15
[INFO] [stdout]    6:     0x55fed2b4339b - std::sys_common::backtrace::_print::ha537687d6c17dd0d
[INFO] [stdout]                                at /rustc/53fd98ca776cb875bc9e5514f56b52eb74f9e7a9/library/std/src/sys_common/backtrace.rs:49:5
[INFO] [stdout]    7:     0x55fed2b4339b - std::sys_common::backtrace::print::h61376ae57d131d72
[INFO] [stdout]                                at /rustc/53fd98ca776cb875bc9e5514f56b52eb74f9e7a9/library/std/src/sys_common/backtrace.rs:36:9
[INFO] [stdout]    8:     0x55fed2b4339b - std::panicking::default_hook::{{closure}}::h0f7208c0b9644a54
[INFO] [stdout]                                at /rustc/53fd98ca776cb875bc9e5514f56b52eb74f9e7a9/library/std/src/panicking.rs:208:50
[INFO] [stdout]    9:     0x55fed2b42eac - std::panicking::default_hook::hdac7fc06578c14ce
[INFO] [stdout]                                at /rustc/53fd98ca776cb875bc9e5514f56b52eb74f9e7a9/library/std/src/panicking.rs:222:9
[INFO] [stdout]   10:     0x55fed2b43a64 - std::panicking::rust_panic_with_hook::h72b21c283da3d1ef
[INFO] [stdout]                                at /rustc/53fd98ca776cb875bc9e5514f56b52eb74f9e7a9/library/std/src/panicking.rs:622:17
[INFO] [stdout]   11:     0x55fed2b43547 - std::panicking::begin_panic_handler::{{closure}}::he5778f1729cff84a
[INFO] [stdout]                                at /rustc/53fd98ca776cb875bc9e5514f56b52eb74f9e7a9/library/std/src/panicking.rs:519:13
[INFO] [stdout]   12:     0x55fed2b414ec - std::sys_common::backtrace::__rust_end_short_backtrace::h2d11ca8b453b4b1d
[INFO] [stdout]                                at /rustc/53fd98ca776cb875bc9e5514f56b52eb74f9e7a9/library/std/src/sys_common/backtrace.rs:141:18
[INFO] [stdout]   13:     0x55fed2b434a9 - rust_begin_unwind
[INFO] [stdout]                                at /rustc/53fd98ca776cb875bc9e5514f56b52eb74f9e7a9/library/std/src/panicking.rs:515:5
[INFO] [stdout]   14:     0x55fed2499aa1 - core::panicking::panic_fmt::hf9de31d4acbce4db
[INFO] [stdout]                                at /rustc/53fd98ca776cb875bc9e5514f56b52eb74f9e7a9/library/core/src/panicking.rs:92:14
[INFO] [stdout]   15:     0x55fed2499b93 - core::result::unwrap_failed::ha0c84e81219e5878
[INFO] [stdout]                                at /rustc/53fd98ca776cb875bc9e5514f56b52eb74f9e7a9/library/core/src/result.rs:1599:5
[INFO] [stdout]   16:     0x55fed25226f2 - core::result::Result<T,E>::expect::h12784ad8970089ce
[INFO] [stdout]                                at /rustc/53fd98ca776cb875bc9e5514f56b52eb74f9e7a9/library/core/src/result.rs:1241:23
[INFO] [stdout]   17:     0x55fed255619c - wiremock::server_actor::accept::{{closure}}::{{closure}}::{{closure}}::he8fda7b17b0e988d
[INFO] [stdout]                                at /opt/rustwide/cargo-home/registry/src/github.com-1ecc6299db9ec823/wiremock-0.2.2/src/server_actor.rs:92:35
[INFO] [stdout]   18:     0x55fed25525db - <core::future::from_generator::GenFuture<T> as core::future::future::Future>::poll::habfda51737769fb9
[INFO] [stdout]                                at /rustc/53fd98ca776cb875bc9e5514f56b52eb74f9e7a9/library/core/src/future/mod.rs:80:19
[INFO] [stdout]   19:     0x55fed2532aaa - async_h1::server::accept_with_opts::{{closure}}::hcae1f96219674b7c
[INFO] [stdout]                                at /opt/rustwide/cargo-home/registry/src/github.com-1ecc6299db9ec823/async-h1-1.1.2/src/server/mod.rs:75:19
[INFO] [stdout]   20:     0x55fed2551c50 - <core::future::from_generator::GenFuture<T> as core::future::future::Future>::poll::h0413aba4ab5f4c0c
[INFO] [stdout]                                at /rustc/53fd98ca776cb875bc9e5514f56b52eb74f9e7a9/library/core/src/future/mod.rs:80:19
[INFO] [stdout]   21:     0x55fed25333e9 - async_h1::server::accept::{{closure}}::h0c7f68b425518c24
[INFO] [stdout]                                at /opt/rustwide/cargo-home/registry/src/github.com-1ecc6299db9ec823/async-h1-1.1.2/src/server/mod.rs:40:5
[INFO] [stdout]   22:     0x55fed25527f0 - <core::future::from_generator::GenFuture<T> as core::future::future::Future>::poll::hd02b5a68b89eff18
[INFO] [stdout]                                at /rustc/53fd98ca776cb875bc9e5514f56b52eb74f9e7a9/library/core/src/future/mod.rs:80:19
[INFO] [stdout]   23:     0x55fed2556eda - wiremock::server_actor::accept::{{closure}}::hd70a3ccdcc02928a
[INFO] [stdout]                                at /opt/rustwide/cargo-home/registry/src/github.com-1ecc6299db9ec823/wiremock-0.2.2/src/server_actor.rs:86:5
[INFO] [stdout]   24:     0x55fed2551db0 - <core::future::from_generator::GenFuture<T> as core::future::future::Future>::poll::h0b1d25c5275b2d1d
[INFO] [stdout]                                at /rustc/53fd98ca776cb875bc9e5514f56b52eb74f9e7a9/library/core/src/future/mod.rs:80:19
[INFO] [stdout]   25:     0x55fed2555276 - wiremock::server_actor::listen::{{closure}}::{{closure}}::h60e3834a85dc02fe
[INFO] [stdout]                                at /opt/rustwide/cargo-home/registry/src/github.com-1ecc6299db9ec823/wiremock-0.2.2/src/server_actor.rs:72:31
[INFO] [stdout]   26:     0x55fed2551f0c - <core::future::from_generator::GenFuture<T> as core::future::future::Future>::poll::h542b7173c25ffbe6
[INFO] [stdout]                                at /rustc/53fd98ca776cb875bc9e5514f56b52eb74f9e7a9/library/core/src/future/mod.rs:80:19
[INFO] [stdout]   27:     0x55fed254169b - <async_std::task::builder::SupportTaskLocals<F> as core::future::future::Future>::poll::{{closure}}::h9269c8ad9fbe910d
[INFO] [stdout]                                at /opt/rustwide/cargo-home/registry/src/github.com-1ecc6299db9ec823/async-std-1.6.2/src/task/builder.rs:198:17
[INFO] [stdout]   28:     0x55fed252f16a - async_std::task::task_locals_wrapper::TaskLocalsWrapper::set_current::{{closure}}::haab77a7119e9aab5
[INFO] [stdout]                                at /opt/rustwide/cargo-home/registry/src/github.com-1ecc6299db9ec823/async-std-1.6.2/src/task/task_locals_wrapper.rs:60:13
[INFO] [stdout]   29:     0x55fed2530125 - std::thread::local::LocalKey<T>::try_with::hfe415cf7049c6e52
[INFO] [stdout]                                at /rustc/53fd98ca776cb875bc9e5514f56b52eb74f9e7a9/library/std/src/thread/local.rs:399:16
[INFO] [stdout]   30:     0x55fed252f62e - std::thread::local::LocalKey<T>::with::hc04d4a506e8d54d5
[INFO] [stdout]                                at /rustc/53fd98ca776cb875bc9e5514f56b52eb74f9e7a9/library/std/src/thread/local.rs:375:9
[INFO] [stdout]   31:     0x55fed252f069 - async_std::task::task_locals_wrapper::TaskLocalsWrapper::set_current::hcb5b8decc42a45f2
[INFO] [stdout]                                at /opt/rustwide/cargo-home/registry/src/github.com-1ecc6299db9ec823/async-std-1.6.2/src/task/task_locals_wrapper.rs:55:9
[INFO] [stdout]   32:     0x55fed25415f7 - <async_std::task::builder::SupportTaskLocals<F> as core::future::future::Future>::poll::hf71a497dbf79215d
[INFO] [stdout]                                at /opt/rustwide/cargo-home/registry/src/github.com-1ecc6299db9ec823/async-std-1.6.2/src/task/builder.rs:196:13
[INFO] [stdout]   33:     0x55fed2519301 - <core::pin::Pin<P> as core::future::future::Future>::poll::hd7ada94a1413fe31
[INFO] [stdout]                                at /rustc/53fd98ca776cb875bc9e5514f56b52eb74f9e7a9/library/core/src/future/future.rs:119:9
[INFO] [stdout]   34:     0x55fed2559875 - async_task::raw::RawTask<F,R,S,T>::run::h8c8a223c82d9761c
[INFO] [stdout]                                at /opt/rustwide/cargo-home/registry/src/github.com-1ecc6299db9ec823/async-task-3.0.0/src/raw.rs:502:20
[INFO] [stdout]   35:     0x55fed2754ce4 - async_task::task::Task<T>::run::h0da6db13ed840bd3
[INFO] [stdout]                                at /opt/rustwide/cargo-home/registry/src/github.com-1ecc6299db9ec823/async-task-3.0.0/src/task.rs:265:18
[INFO] [stdout]   36:     0x55fed27404cf - smol::multitask::Worker::tick::{{closure}}::h11b531437d452043
[INFO] [stdout]                                at /opt/rustwide/cargo-home/registry/src/github.com-1ecc6299db9ec823/smol-0.1.15/src/multitask.rs:333:44
[INFO] [stdout]   37:     0x55fed273c245 - scoped_tls::ScopedKey<T>::set::h072ea3dbe48a6793
[INFO] [stdout]                                at /opt/rustwide/cargo-home/registry/src/github.com-1ecc6299db9ec823/scoped-tls-1.0.0/src/lib.rs:137:9
[INFO] [stdout]   38:     0x55fed27401af - smol::multitask::Worker::tick::h6406fdbcdac5b26d
[INFO] [stdout]                                at /opt/rustwide/cargo-home/registry/src/github.com-1ecc6299db9ec823/smol-0.1.15/src/multitask.rs:333:24
[INFO] [stdout]   39:     0x55fed270fe94 - smol::run::run::{{closure}}::{{closure}}::h0081a2629b9cf1c4
[INFO] [stdout]                                at /opt/rustwide/cargo-home/registry/src/github.com-1ecc6299db9ec823/smol-0.1.15/src/run.rs:124:25
[INFO] [stdout]   40:     0x55fed270efd5 - scoped_tls::ScopedKey<T>::set::h4902650cdb56f61f
[INFO] [stdout]                                at /opt/rustwide/cargo-home/registry/src/github.com-1ecc6299db9ec823/scoped-tls-1.0.0/src/lib.rs:137:9
[INFO] [stdout]   41:     0x55fed270fd6f - smol::run::run::{{closure}}::h7cdc6aa33decb68b
[INFO] [stdout]                                at /opt/rustwide/cargo-home/registry/src/github.com-1ecc6299db9ec823/smol-0.1.15/src/run.rs:116:9
[INFO] [stdout]   42:     0x55fed27086c2 - smol::context::enter::h4dabc7435e865259
[INFO] [stdout]                                at /opt/rustwide/cargo-home/registry/src/github.com-1ecc6299db9ec823/smol-0.1.15/src/context.rs:8:12
[INFO] [stdout]   43:     0x55fed270fc6f - smol::run::run::h90ddf65e7c513583
[INFO] [stdout]                                at /opt/rustwide/cargo-home/registry/src/github.com-1ecc6299db9ec823/smol-0.1.15/src/run.rs:115:5
[INFO] [stdout]   44:     0x55fed271507c - async_std::task::builder::Builder::blocking::{{closure}}::{{closure}}::he2c4f393f5b0c0dc
[INFO] [stdout]                                at /opt/rustwide/cargo-home/registry/src/github.com-1ecc6299db9ec823/async-std-1.6.2/src/task/builder.rs:170:25
[INFO] [stdout]   45:     0x55fed2710724 - async_std::task::task_locals_wrapper::TaskLocalsWrapper::set_current::{{closure}}::h20253daee7c3d96e
[INFO] [stdout]                                at /opt/rustwide/cargo-home/registry/src/github.com-1ecc6299db9ec823/async-std-1.6.2/src/task/task_locals_wrapper.rs:60:13
[INFO] [stdout]   46:     0x55fed2707f17 - std::thread::local::LocalKey<T>::try_with::h1d158f126c339d72
[INFO] [stdout]                                at /rustc/53fd98ca776cb875bc9e5514f56b52eb74f9e7a9/library/std/src/thread/local.rs:399:16
[INFO] [stdout]   47:     0x55fed2707bdd - std::thread::local::LocalKey<T>::with::h9395bb974a542248
[INFO] [stdout]                                at /rustc/53fd98ca776cb875bc9e5514f56b52eb74f9e7a9/library/std/src/thread/local.rs:375:9
[INFO] [stdout]   48:     0x55fed2710518 - async_std::task::task_locals_wrapper::TaskLocalsWrapper::set_current::hfe5451940db0ce07
[INFO] [stdout]                                at /opt/rustwide/cargo-home/registry/src/github.com-1ecc6299db9ec823/async-std-1.6.2/src/task/task_locals_wrapper.rs:55:9
[INFO] [stdout]   49:     0x55fed271522b - async_std::task::builder::Builder::blocking::{{closure}}::h6da1185118ad8a1c
[INFO] [stdout]                                at /opt/rustwide/cargo-home/registry/src/github.com-1ecc6299db9ec823/async-std-1.6.2/src/task/builder.rs:167:17
[INFO] [stdout]   50:     0x55fed27082fc - std::thread::local::LocalKey<T>::try_with::hb51832ac8d14bc09
[INFO] [stdout]                                at /rustc/53fd98ca776cb875bc9e5514f56b52eb74f9e7a9/library/std/src/thread/local.rs:399:16
[INFO] [stdout]   51:     0x55fed2707b2b - std::thread::local::LocalKey<T>::with::h334623621e5807b3
[INFO] [stdout]                                at /rustc/53fd98ca776cb875bc9e5514f56b52eb74f9e7a9/library/std/src/thread/local.rs:375:9
[INFO] [stdout]   52:     0x55fed2714fc5 - async_std::task::builder::Builder::blocking::h093f606b6b3492b0
[INFO] [stdout]                                at /opt/rustwide/cargo-home/registry/src/github.com-1ecc6299db9ec823/async-std-1.6.2/src/task/builder.rs:160:9
[INFO] [stdout]   53:     0x55fed271d927 - async_std::task::block_on::block_on::h33a5cee9e08b17a0
[INFO] [stdout]                                at /opt/rustwide/cargo-home/registry/src/github.com-1ecc6299db9ec823/async-std-1.6.2/src/task/block_on.rs:33:5
[INFO] [stdout]   54:     0x55fed2709811 - async_std::rt::RUNTIME::{{closure}}::{{closure}}::h9b4c407b72968b51
[INFO] [stdout]                                at /opt/rustwide/cargo-home/registry/src/github.com-1ecc6299db9ec823/async-std-1.6.2/src/rt/mod.rs:30:23
[INFO] [stdout]   55:     0x55fed270c779 - std::sys_common::backtrace::__rust_begin_short_backtrace::ha158aa2e9ba3e411
[INFO] [stdout]                                at /rustc/53fd98ca776cb875bc9e5514f56b52eb74f9e7a9/library/std/src/sys_common/backtrace.rs:125:18
[INFO] [stdout]   56:     0x55fed271d107 - std::thread::Builder::spawn_unchecked::{{closure}}::{{closure}}::h729418eaa40b53db
[INFO] [stdout]                                at /rustc/53fd98ca776cb875bc9e5514f56b52eb74f9e7a9/library/std/src/thread/mod.rs:476:17
[INFO] [stdout]   57:     0x55fed271295a - <std::panic::AssertUnwindSafe<F> as core::ops::function::FnOnce<()>>::call_once::heb4635cb264124ba
[INFO] [stdout]                                at /rustc/53fd98ca776cb875bc9e5514f56b52eb74f9e7a9/library/std/src/panic.rs:347:9
[INFO] [stdout]   58:     0x55fed270ac0e - std::panicking::try::do_call::h6b7f1489f830f61a
[INFO] [stdout]                                at /rustc/53fd98ca776cb875bc9e5514f56b52eb74f9e7a9/library/std/src/panicking.rs:401:40
[INFO] [stdout]   59:     0x55fed270c34d - __rust_try
[INFO] [stdout]   60:     0x55fed270ab81 - std::panicking::try::h0830556fa3e48b44
[INFO] [stdout]                                at /rustc/53fd98ca776cb875bc9e5514f56b52eb74f9e7a9/library/std/src/panicking.rs:365:19
[INFO] [stdout]   61:     0x55fed2712d4a - std::panic::catch_unwind::h8c0f49956d609670
[INFO] [stdout]                                at /rustc/53fd98ca776cb875bc9e5514f56b52eb74f9e7a9/library/std/src/panic.rs:434:14
[INFO] [stdout]   62:     0x55fed271cf3d - std::thread::Builder::spawn_unchecked::{{closure}}::he799497026105842
[INFO] [stdout]                                at /rustc/53fd98ca776cb875bc9e5514f56b52eb74f9e7a9/library/std/src/thread/mod.rs:475:30
[INFO] [stdout]   63:     0x55fed27154cf - core::ops::function::FnOnce::call_once{{vtable.shim}}::h782dee0a9a48f9a0
[INFO] [stdout]                                at /rustc/53fd98ca776cb875bc9e5514f56b52eb74f9e7a9/library/core/src/ops/function.rs:227:5
[INFO] [stdout]   64:     0x55fed2b49437 - <alloc::boxed::Box<F,A> as core::ops::function::FnOnce<Args>>::call_once::h65c29e4642be2358
[INFO] [stdout]                                at /rustc/53fd98ca776cb875bc9e5514f56b52eb74f9e7a9/library/alloc/src/boxed.rs:1572:9
[INFO] [stdout]   65:     0x55fed2b49437 - <alloc::boxed::Box<F,A> as core::ops::function::FnOnce<Args>>::call_once::hd0f8f7fbbd9fffbf
[INFO] [stdout]                                at /rustc/53fd98ca776cb875bc9e5514f56b52eb74f9e7a9/library/alloc/src/boxed.rs:1572:9
[INFO] [stdout]   66:     0x55fed2b49437 - std::sys::unix::thread::Thread::new::thread_start::h2fd22fee3ca77b65
[INFO] [stdout]                                at /rustc/53fd98ca776cb875bc9e5514f56b52eb74f9e7a9/library/std/src/sys/unix/thread.rs:74:17
[INFO] [stdout]   67:     0x7fcecf70a609 - start_thread
[INFO] [stdout]   68:     0x7fcecf4e0293 - clone
[INFO] [stdout]   69:                0x0 - <unknown>
[INFO] [stdout] thread 'tests::test_fork' panicked at 'called `Result::unwrap()` on an `Err` value: RequestError(reqwest::Error { kind: Request, url: "http://127.0.0.1:8001/gists/aa5a315d61ae9438b18d/fork", source: hyper::Error(IncompleteMessage) })', gstm_core/src/lib.rs:248:38
[INFO] [stdout] stack backtrace:
[INFO] [stdout]    0:     0x55fed2b41010 - std::backtrace_rs::backtrace::libunwind::trace::hff4d1766e93f64f1
[INFO] [stdout]                                at /rustc/53fd98ca776cb875bc9e5514f56b52eb74f9e7a9/library/std/src/../../backtrace/src/backtrace/libunwind.rs:90:5
[INFO] [stdout]    1:     0x55fed2b41010 - std::backtrace_rs::backtrace::trace_unsynchronized::h56bbc8eb78770bcb
[INFO] [stdout]                                at /rustc/53fd98ca776cb875bc9e5514f56b52eb74f9e7a9/library/std/src/../../backtrace/src/backtrace/mod.rs:66:5
[INFO] [stdout]    2:     0x55fed2b41010 - std::sys_common::backtrace::_print_fmt::h5c8e75464faca780
[INFO] [stdout]                                at /rustc/53fd98ca776cb875bc9e5514f56b52eb74f9e7a9/library/std/src/sys_common/backtrace.rs:67:5
[INFO] [stdout]    3:     0x55fed2b41010 - <std::sys_common::backtrace::_print::DisplayBacktrace as core::fmt::Display>::fmt::h48b88277def8b362
[INFO] [stdout]                                at /rustc/53fd98ca776cb875bc9e5514f56b52eb74f9e7a9/library/std/src/sys_common/backtrace.rs:46:22
[INFO] [stdout]    4:     0x55fed2b64efc - core::fmt::write::h3381b3176fe2b3d3
[INFO] [stdout]                                at /rustc/53fd98ca776cb875bc9e5514f56b52eb74f9e7a9/library/core/src/fmt/mod.rs:1115:17
[INFO] [stdout]    5:     0x55fed2b3a015 - std::io::Write::write_fmt::h5f34a676f60246b5
[INFO] [stdout]                                at /rustc/53fd98ca776cb875bc9e5514f56b52eb74f9e7a9/library/std/src/io/mod.rs:1665:15
[INFO] [stdout]    6:     0x55fed2b4339b - std::sys_common::backtrace::_print::ha537687d6c17dd0d
[INFO] [stdout]                                at /rustc/53fd98ca776cb875bc9e5514f56b52eb74f9e7a9/library/std/src/sys_common/backtrace.rs:49:5
[INFO] [stdout]    7:     0x55fed2b4339b - std::sys_common::backtrace::print::h61376ae57d131d72
[INFO] [stdout]                                at /rustc/53fd98ca776cb875bc9e5514f56b52eb74f9e7a9/library/std/src/sys_common/backtrace.rs:36:9
[INFO] [stdout]    8:     0x55fed2b4339b - std::panicking::default_hook::{{closure}}::h0f7208c0b9644a54
[INFO] [stdout]                                at /rustc/53fd98ca776cb875bc9e5514f56b52eb74f9e7a9/library/std/src/panicking.rs:208:50
[INFO] [stdout]    9:     0x55fed2b42eac - std::panicking::default_hook::hdac7fc06578c14ce
[INFO] [stdout]                                at /rustc/53fd98ca776cb875bc9e5514f56b52eb74f9e7a9/library/std/src/panicking.rs:222:9
[INFO] [stdout]   10:     0x55fed2b43a64 - std::panicking::rust_panic_with_hook::h72b21c283da3d1ef
[INFO] [stdout]                                at /rustc/53fd98ca776cb875bc9e5514f56b52eb74f9e7a9/library/std/src/panicking.rs:622:17
[INFO] [stdout]   11:     0x55fed2b43547 - std::panicking::begin_panic_handler::{{closure}}::he5778f1729cff84a
[INFO] [stdout]                                at /rustc/53fd98ca776cb875bc9e5514f56b52eb74f9e7a9/library/std/src/panicking.rs:519:13
[INFO] [stdout]   12:     0x55fed2b414ec - std::sys_common::backtrace::__rust_end_short_backtrace::h2d11ca8b453b4b1d
[INFO] [stdout]                                at /rustc/53fd98ca776cb875bc9e5514f56b52eb74f9e7a9/library/std/src/sys_common/backtrace.rs:141:18
[INFO] [stdout]   13:     0x55fed2b434a9 - rust_begin_unwind
[INFO] [stdout]                                at /rustc/53fd98ca776cb875bc9e5514f56b52eb74f9e7a9/library/std/src/panicking.rs:515:5
[INFO] [stdout]   14:     0x55fed2499aa1 - core::panicking::panic_fmt::hf9de31d4acbce4db
[INFO] [stdout]                                at /rustc/53fd98ca776cb875bc9e5514f56b52eb74f9e7a9/library/core/src/panicking.rs:92:14
[INFO] [stdout]   15:     0x55fed2499b93 - core::result::unwrap_failed::ha0c84e81219e5878
[INFO] [stdout]                                at /rustc/53fd98ca776cb875bc9e5514f56b52eb74f9e7a9/library/core/src/result.rs:1599:5
[INFO] [stdout]   16:     0x55fed24bce64 - core::result::Result<T,E>::unwrap::hf7a64abf8e06a96f
[INFO] [stdout]                                at /rustc/53fd98ca776cb875bc9e5514f56b52eb74f9e7a9/library/core/src/result.rs:1281:23
[INFO] [stdout]   17:     0x55fed24c5fbf - gstm_core::tests::test_fork::{{closure}}::h439110e2cfaafc64
[INFO] [stdout]                                at /opt/rustwide/workdir/gstm_core/src/lib.rs:248:9
[INFO] [stdout]   18:     0x55fed24b476b - <core::future::from_generator::GenFuture<T> as core::future::future::Future>::poll::hc32ea8cbe0ecb730
[INFO] [stdout]                                at /rustc/53fd98ca776cb875bc9e5514f56b52eb74f9e7a9/library/core/src/future/mod.rs:80:19
[INFO] [stdout]   19:     0x55fed24d3d20 - tokio::runtime::basic_scheduler::BasicScheduler<P>::block_on::{{closure}}::{{closure}}::h8c086c4b919752cf
[INFO] [stdout]                                at /opt/rustwide/cargo-home/registry/src/github.com-1ecc6299db9ec823/tokio-0.2.21/src/runtime/basic_scheduler.rs:131:58
[INFO] [stdout]   20:     0x55fed24d6e3c - tokio::coop::with_budget::{{closure}}::h9962360651fc15c0
[INFO] [stdout]                                at /opt/rustwide/cargo-home/registry/src/github.com-1ecc6299db9ec823/tokio-0.2.21/src/coop.rs:127:9
[INFO] [stdout]   21:     0x55fed24c2731 - std::thread::local::LocalKey<T>::try_with::h0a92c53cd27ad5cb
[INFO] [stdout]                                at /rustc/53fd98ca776cb875bc9e5514f56b52eb74f9e7a9/library/std/src/thread/local.rs:399:16
[INFO] [stdout]   22:     0x55fed24c215d - std::thread::local::LocalKey<T>::with::h997aa44dab35a84e
[INFO] [stdout]                                at /rustc/53fd98ca776cb875bc9e5514f56b52eb74f9e7a9/library/std/src/thread/local.rs:375:9
[INFO] [stdout]   23:     0x55fed24d3637 - tokio::coop::with_budget::h369e2fe786b8245c
[INFO] [stdout]                                at /opt/rustwide/cargo-home/registry/src/github.com-1ecc6299db9ec823/tokio-0.2.21/src/coop.rs:120:5
[INFO] [stdout]   24:     0x55fed24d3637 - tokio::coop::budget::h593d7b2c02895f88
[INFO] [stdout]                                at /opt/rustwide/cargo-home/registry/src/github.com-1ecc6299db9ec823/tokio-0.2.21/src/coop.rs:96:5
[INFO] [stdout]   25:     0x55fed24d3637 - tokio::runtime::basic_scheduler::BasicScheduler<P>::block_on::{{closure}}::ha2dcf9e6ac8e7df8
[INFO] [stdout]                                at /opt/rustwide/cargo-home/registry/src/github.com-1ecc6299db9ec823/tokio-0.2.21/src/runtime/basic_scheduler.rs:131:35
[INFO] [stdout]   26:     0x55fed24d45af - tokio::runtime::basic_scheduler::enter::{{closure}}::h693f548ba68d1291
[INFO] [stdout]                                at /opt/rustwide/cargo-home/registry/src/github.com-1ecc6299db9ec823/tokio-0.2.21/src/runtime/basic_scheduler.rs:213:29
[INFO] [stdout]   27:     0x55fed24c3bfe - tokio::macros::scoped_tls::ScopedKey<T>::set::hedbf89a7e476d52a
[INFO] [stdout]                                at /opt/rustwide/cargo-home/registry/src/github.com-1ecc6299db9ec823/tokio-0.2.21/src/macros/scoped_tls.rs:63:9
[INFO] [stdout]   28:     0x55fed24d417e - tokio::runtime::basic_scheduler::enter::h53e7128e58ade336
[INFO] [stdout]                                at /opt/rustwide/cargo-home/registry/src/github.com-1ecc6299db9ec823/tokio-0.2.21/src/runtime/basic_scheduler.rs:213:5
[INFO] [stdout]   29:     0x55fed24d2ac2 - tokio::runtime::basic_scheduler::BasicScheduler<P>::block_on::h028663b3bde88ec5
[INFO] [stdout]                                at /opt/rustwide/cargo-home/registry/src/github.com-1ecc6299db9ec823/tokio-0.2.21/src/runtime/basic_scheduler.rs:123:9
[INFO] [stdout]   30:     0x55fed24c9c6c - tokio::runtime::Runtime::block_on::{{closure}}::h1e85e2aedcfe48d9
[INFO] [stdout]                                at /opt/rustwide/cargo-home/registry/src/github.com-1ecc6299db9ec823/tokio-0.2.21/src/runtime/mod.rs:444:34
[INFO] [stdout]   31:     0x55fed24b2fed - tokio::runtime::context::enter::h3fe0cc03ac0acfe9
[INFO] [stdout]                                at /opt/rustwide/cargo-home/registry/src/github.com-1ecc6299db9ec823/tokio-0.2.21/src/runtime/context.rs:72:5
[INFO] [stdout]   32:     0x55fed24c3d8a - tokio::runtime::handle::Handle::enter::h4ab2e1011c4043ac
[INFO] [stdout]                                at /opt/rustwide/cargo-home/registry/src/github.com-1ecc6299db9ec823/tokio-0.2.21/src/runtime/handle.rs:76:9
[INFO] [stdout]   33:     0x55fed24c9b3f - tokio::runtime::Runtime::block_on::h5e653a6df7cf9cb6
[INFO] [stdout]                                at /opt/rustwide/cargo-home/registry/src/github.com-1ecc6299db9ec823/tokio-0.2.21/src/runtime/mod.rs:441:9
[INFO] [stdout]   34:     0x55fed24c5205 - gstm_core::tests::test_fork::h968465699a8355dc
[INFO] [stdout]                                at /opt/rustwide/workdir/gstm_core/src/lib.rs:224:5
[INFO] [stdout]   35:     0x55fed24c511a - gstm_core::tests::test_fork::{{closure}}::h4eecf582e357726e
[INFO] [stdout]                                at /opt/rustwide/workdir/gstm_core/src/lib.rs:224:5
[INFO] [stdout]   36:     0x55fed24cef8e - core::ops::function::FnOnce::call_once::had1bf750a27994e3
[INFO] [stdout]                                at /rustc/53fd98ca776cb875bc9e5514f56b52eb74f9e7a9/library/core/src/ops/function.rs:227:5
[INFO] [stdout]   37:     0x55fed250c903 - core::ops::function::FnOnce::call_once::hbb52c4519d3137b0
[INFO] [stdout]                                at /rustc/53fd98ca776cb875bc9e5514f56b52eb74f9e7a9/library/core/src/ops/function.rs:227:5
[INFO] [stdout]   38:     0x55fed250c903 - test::__rust_begin_short_backtrace::h86fe3a2a5a5121af
[INFO] [stdout]                                at /rustc/53fd98ca776cb875bc9e5514f56b52eb74f9e7a9/library/test/src/lib.rs:578:5
[INFO] [stdout]   39:     0x55fed250b3b8 - <alloc::boxed::Box<F,A> as core::ops::function::FnOnce<Args>>::call_once::hfd956bc3d57399be
[INFO] [stdout]                                at /rustc/53fd98ca776cb875bc9e5514f56b52eb74f9e7a9/library/alloc/src/boxed.rs:1572:9
[INFO] [stdout]   40:     0x55fed250b3b8 - <std::panic::AssertUnwindSafe<F> as core::ops::function::FnOnce<()>>::call_once::h40dc93e0ddb5938a
[INFO] [stdout]                                at /rustc/53fd98ca776cb875bc9e5514f56b52eb74f9e7a9/library/std/src/panic.rs:347:9
[INFO] [stdout]   41:     0x55fed250b3b8 - std::panicking::try::do_call::h90d07750cb47c562
[INFO] [stdout]                                at /rustc/53fd98ca776cb875bc9e5514f56b52eb74f9e7a9/library/std/src/panicking.rs:401:40
[INFO] [stdout]   42:     0x55fed250b3b8 - std::panicking::try::h063c84733ad2a629
[INFO] [stdout]                                at /rustc/53fd98ca776cb875bc9e5514f56b52eb74f9e7a9/library/std/src/panicking.rs:365:19
[INFO] [stdout]   43:     0x55fed250b3b8 - std::panic::catch_unwind::h0c464836a84e7c08
[INFO] [stdout]                                at /rustc/53fd98ca776cb875bc9e5514f56b52eb74f9e7a9/library/std/src/panic.rs:434:14
[INFO] [stdout]   44:     0x55fed250b3b8 - test::run_test_in_process::h5cb06ef620b157fc
[INFO] [stdout]                                at /rustc/53fd98ca776cb875bc9e5514f56b52eb74f9e7a9/library/test/src/lib.rs:601:18
[INFO] [stdout]   45:     0x55fed250b3b8 - test::run_test::run_test_inner::{{closure}}::h76f677f4b93f9828
[INFO] [stdout]                                at /rustc/53fd98ca776cb875bc9e5514f56b52eb74f9e7a9/library/test/src/lib.rs:493:39
[INFO] [stdout]   46:     0x55fed24d9b4d - test::run_test::run_test_inner::{{closure}}::h366d01fe04f4d67a
[INFO] [stdout]                                at /rustc/53fd98ca776cb875bc9e5514f56b52eb74f9e7a9/library/test/src/lib.rs:520:37
[INFO] [stdout]   47:     0x55fed24d9b4d - std::sys_common::backtrace::__rust_begin_short_backtrace::h7dfa0de4eb395af2
[INFO] [stdout]                                at /rustc/53fd98ca776cb875bc9e5514f56b52eb74f9e7a9/library/std/src/sys_common/backtrace.rs:125:18
[INFO] [stdout]   48:     0x55fed24de318 - std::thread::Builder::spawn_unchecked::{{closure}}::{{closure}}::hf0a74bb58798037f
[INFO] [stdout]                                at /rustc/53fd98ca776cb875bc9e5514f56b52eb74f9e7a9/library/std/src/thread/mod.rs:476:17
[INFO] [stdout]   49:     0x55fed24de318 - <std::panic::AssertUnwindSafe<F> as core::ops::function::FnOnce<()>>::call_once::hb024e854818586ac
[INFO] [stdout]                                at /rustc/53fd98ca776cb875bc9e5514f56b52eb74f9e7a9/library/std/src/panic.rs:347:9
[INFO] [stdout]   50:     0x55fed24de318 - std::panicking::try::do_call::hb2dd9f1d0d48e41d
[INFO] [stdout]                                at /rustc/53fd98ca776cb875bc9e5514f56b52eb74f9e7a9/library/std/src/panicking.rs:401:40
[INFO] [stdout]   51:     0x55fed24de318 - std::panicking::try::h4717ae7bac8b2bf3
[INFO] [stdout]                                at /rustc/53fd98ca776cb875bc9e5514f56b52eb74f9e7a9/library/std/src/panicking.rs:365:19
[INFO] [stdout]   52:     0x55fed24de318 - std::panic::catch_unwind::h0dc8a061326ce8d8
[INFO] [stdout]                                at /rustc/53fd98ca776cb875bc9e5514f56b52eb74f9e7a9/library/std/src/panic.rs:434:14
[INFO] [stdout]   53:     0x55fed24de318 - std::thread::Builder::spawn_unchecked::{{closure}}::haa369e2d6fd00aa1
[INFO] [stdout]                                at /rustc/53fd98ca776cb875bc9e5514f56b52eb74f9e7a9/library/std/src/thread/mod.rs:475:30
[INFO] [stdout]   54:     0x55fed24de318 - core::ops::function::FnOnce::call_once{{vtable.shim}}::h36dcf3de8b056f17
[INFO] [stdout]                                at /rustc/53fd98ca776cb875bc9e5514f56b52eb74f9e7a9/library/core/src/ops/function.rs:227:5
[INFO] [stdout]   55:     0x55fed2b49437 - <alloc::boxed::Box<F,A> as core::ops::function::FnOnce<Args>>::call_once::h65c29e4642be2358
[INFO] [stdout]                                at /rustc/53fd98ca776cb875bc9e5514f56b52eb74f9e7a9/library/alloc/src/boxed.rs:1572:9
[INFO] [stdout]   56:     0x55fed2b49437 - <alloc::boxed::Box<F,A> as core::ops::function::FnOnce<Args>>::call_once::hd0f8f7fbbd9fffbf
[INFO] [stdout]                                at /rustc/53fd98ca776cb875bc9e5514f56b52eb74f9e7a9/library/alloc/src/boxed.rs:1572:9
[INFO] [stdout]   57:     0x55fed2b49437 - std::sys::unix::thread::Thread::new::thread_start::h2fd22fee3ca77b65
[INFO] [stdout]                                at /rustc/53fd98ca776cb875bc9e5514f56b52eb74f9e7a9/library/std/src/sys/unix/thread.rs:74:17
[INFO] [stdout]   58:     0x7fcecf70a609 - start_thread
[INFO] [stdout]   59:     0x7fcecf4e0293 - clone
[INFO] [stdout]   60:                0x0 - <unknown>
[INFO] [stdout] 
[INFO] [stdout] 
[INFO] [stdout] failures:
[INFO] [stdout]     tests::test_fork
[INFO] [stdout] 
[INFO] [stdout] test result: FAILED. 1 passed; 1 failed; 0 ignored; 0 measured; 0 filtered out; finished in 0.64s
[INFO] [stdout] 
[INFO] [stderr] error: test failed, to rerun pass '-p gstm_core --lib'
[INFO] running `Command { std: "docker" "inspect" "7662db5d9a4c2e3099065469af9ebb564d9dbd95c00e32a95a89c4af219174ae", kill_on_drop: false }`
[INFO] running `Command { std: "docker" "rm" "-f" "7662db5d9a4c2e3099065469af9ebb564d9dbd95c00e32a95a89c4af219174ae", kill_on_drop: false }`
[INFO] [stdout] 7662db5d9a4c2e3099065469af9ebb564d9dbd95c00e32a95a89c4af219174ae
