[INFO] cloning repository https://github.com/fluffysquirrels/mqtt-client
[INFO] running `Command { std: "git" "-c" "credential.helper=" "-c" "credential.helper=/workspace/cargo-home/bin/git-credential-null" "clone" "--bare" "https://github.com/fluffysquirrels/mqtt-client" "/workspace/cache/git-repos/https%3A%2F%2Fgithub.com%2Ffluffysquirrels%2Fmqtt-client", kill_on_drop: false }`
[INFO] [stderr] Cloning into bare repository '/workspace/cache/git-repos/https%3A%2F%2Fgithub.com%2Ffluffysquirrels%2Fmqtt-client'...
[INFO] running `Command { std: "git" "rev-parse" "HEAD", kill_on_drop: false }`
[INFO] [stdout] f967bc4bf996c444b14d8022c16a7cae94455e3a
[INFO] testing fluffysquirrels/mqtt-client against 1.54.0 for beta-1.55-1
[INFO] running `Command { std: "git" "clone" "/workspace/cache/git-repos/https%3A%2F%2Fgithub.com%2Ffluffysquirrels%2Fmqtt-client" "/workspace/builds/worker-100/source", kill_on_drop: false }`
[INFO] [stderr] Cloning into '/workspace/builds/worker-100/source'...
[INFO] [stderr] done.
[INFO] validating manifest of git repo https://github.com/fluffysquirrels/mqtt-client on toolchain 1.54.0
[INFO] running `Command { std: "/workspace/cargo-home/bin/cargo" "+1.54.0" "metadata" "--manifest-path" "Cargo.toml" "--no-deps", kill_on_drop: false }`
[INFO] started tweaking git repo https://github.com/fluffysquirrels/mqtt-client
[INFO] finished tweaking git repo https://github.com/fluffysquirrels/mqtt-client
[INFO] tweaked toml for git repo https://github.com/fluffysquirrels/mqtt-client written to /workspace/builds/worker-100/source/Cargo.toml
[INFO] crate git repo https://github.com/fluffysquirrels/mqtt-client already has a lockfile, it will not be regenerated
[INFO] running `Command { std: "/workspace/cargo-home/bin/cargo" "+1.54.0" "fetch" "--manifest-path" "Cargo.toml", kill_on_drop: false }`
[INFO] [stderr]     Blocking waiting for file lock on package cache
[INFO] [stderr]     Blocking waiting for file lock on package cache
[INFO] running `Command { std: "docker" "create" "-v" "/var/lib/crater-agent-workspace/builds/worker-100/target:/opt/rustwide/target:rw,Z" "-v" "/var/lib/crater-agent-workspace/builds/worker-100/source:/opt/rustwide/workdir:ro,Z" "-v" "/var/lib/crater-agent-workspace/cargo-home:/opt/rustwide/cargo-home:ro,Z" "-v" "/var/lib/crater-agent-workspace/rustup-home:/opt/rustwide/rustup-home:ro,Z" "-e" "SOURCE_DIR=/opt/rustwide/workdir" "-e" "CARGO_TARGET_DIR=/opt/rustwide/target" "-e" "CARGO_HOME=/opt/rustwide/cargo-home" "-e" "RUSTUP_HOME=/opt/rustwide/rustup-home" "-w" "/opt/rustwide/workdir" "-m" "1610612736" "--user" "0:0" "--network" "none" "ghcr.io/rust-lang/crates-build-env/linux@sha256:34b6a614d2c27851fe6cbf88fbd1137609cefab8b10d0615aaeb6fd47975d74e" "/opt/rustwide/cargo-home/bin/cargo" "+1.54.0" "metadata" "--no-deps" "--format-version=1", kill_on_drop: false }`
[INFO] [stdout] ebf1c0104fa1149cc71c03360d1a795a9dede03d2fb69c607cd085309d7d7c8a
[INFO] running `Command { std: "docker" "start" "-a" "ebf1c0104fa1149cc71c03360d1a795a9dede03d2fb69c607cd085309d7d7c8a", kill_on_drop: false }`
[INFO] running `Command { std: "docker" "inspect" "ebf1c0104fa1149cc71c03360d1a795a9dede03d2fb69c607cd085309d7d7c8a", kill_on_drop: false }`
[INFO] running `Command { std: "docker" "rm" "-f" "ebf1c0104fa1149cc71c03360d1a795a9dede03d2fb69c607cd085309d7d7c8a", kill_on_drop: false }`
[INFO] [stdout] ebf1c0104fa1149cc71c03360d1a795a9dede03d2fb69c607cd085309d7d7c8a
[INFO] running `Command { std: "docker" "create" "-v" "/var/lib/crater-agent-workspace/builds/worker-100/target:/opt/rustwide/target:rw,Z" "-v" "/var/lib/crater-agent-workspace/builds/worker-100/source:/opt/rustwide/workdir:ro,Z" "-v" "/var/lib/crater-agent-workspace/cargo-home:/opt/rustwide/cargo-home:ro,Z" "-v" "/var/lib/crater-agent-workspace/rustup-home:/opt/rustwide/rustup-home:ro,Z" "-e" "SOURCE_DIR=/opt/rustwide/workdir" "-e" "CARGO_TARGET_DIR=/opt/rustwide/target" "-e" "CARGO_INCREMENTAL=0" "-e" "RUST_BACKTRACE=full" "-e" "RUSTFLAGS=--cap-lints=warn" "-e" "CARGO_HOME=/opt/rustwide/cargo-home" "-e" "RUSTUP_HOME=/opt/rustwide/rustup-home" "-w" "/opt/rustwide/workdir" "-m" "1610612736" "--user" "0:0" "--network" "none" "ghcr.io/rust-lang/crates-build-env/linux@sha256:34b6a614d2c27851fe6cbf88fbd1137609cefab8b10d0615aaeb6fd47975d74e" "/opt/rustwide/cargo-home/bin/cargo" "+1.54.0" "build" "--frozen" "--message-format=json", kill_on_drop: false }`
[INFO] [stdout] 332b8a3d9aa18aa99569037b2c12a8f15352fae89fee46050d4106a2d1acbc2a
[INFO] running `Command { std: "docker" "start" "-a" "332b8a3d9aa18aa99569037b2c12a8f15352fae89fee46050d4106a2d1acbc2a", kill_on_drop: false }`
[INFO] [stderr]     Blocking waiting for file lock on package cache
[INFO] [stderr]     Blocking waiting for file lock on package cache
[INFO] [stderr]    Compiling libc v0.2.86
[INFO] [stderr]    Compiling proc-macro2 v1.0.24
[INFO] [stderr]    Compiling once_cell v1.5.2
[INFO] [stderr]    Compiling cc v1.0.66
[INFO] [stderr]    Compiling syn v1.0.60
[INFO] [stderr]    Compiling log v0.4.14
[INFO] [stderr]    Compiling untrusted v0.7.1
[INFO] [stderr]    Compiling spin v0.5.2
[INFO] [stderr]    Compiling proc-macro-hack v0.5.19
[INFO] [stderr]    Compiling memchr v2.3.4
[INFO] [stderr]    Compiling pin-project-lite v0.2.4
[INFO] [stderr]    Compiling proc-macro-nested v0.1.7
[INFO] [stderr]    Compiling bytes v1.0.1
[INFO] [stderr]    Compiling base64 v0.13.0
[INFO] [stderr]    Compiling byteorder v1.4.2
[INFO] [stderr]    Compiling futures-core v0.3.12
[INFO] [stderr]    Compiling pin-utils v0.1.0
[INFO] [stderr]    Compiling maplit v1.0.2
[INFO] [stderr]    Compiling tokio v1.2.0
[INFO] [stderr]    Compiling futures-task v0.3.12
[INFO] [stderr]    Compiling quote v1.0.9
[INFO] [stderr]    Compiling ring v0.16.20
[INFO] [stderr]    Compiling iovec v0.1.4
[INFO] [stderr]    Compiling num_cpus v1.13.0
[INFO] [stderr]    Compiling mio v0.7.8
[INFO] [stderr]    Compiling bytes v0.4.12
[INFO] [stderr]    Compiling mqttrs v0.2.0
[INFO] [stderr]    Compiling webpki v0.21.4
[INFO] [stderr]    Compiling sct v0.6.0
[INFO] [stderr]    Compiling rustls v0.19.0
[INFO] [stderr]    Compiling tokio-macros v1.1.0
[INFO] [stderr]    Compiling futures-macro v0.3.12
[INFO] [stderr]    Compiling futures-util v0.3.12
[INFO] [stderr]    Compiling tokio-rustls v0.22.0
[INFO] [stderr]    Compiling mqtt-async-client v0.2.0 (/opt/rustwide/workdir)
[INFO] [stderr]     Finished dev [unoptimized + debuginfo] target(s) in 42.92s
[INFO] running `Command { std: "docker" "inspect" "332b8a3d9aa18aa99569037b2c12a8f15352fae89fee46050d4106a2d1acbc2a", kill_on_drop: false }`
[INFO] running `Command { std: "docker" "rm" "-f" "332b8a3d9aa18aa99569037b2c12a8f15352fae89fee46050d4106a2d1acbc2a", kill_on_drop: false }`
[INFO] [stdout] 332b8a3d9aa18aa99569037b2c12a8f15352fae89fee46050d4106a2d1acbc2a
[INFO] running `Command { std: "docker" "create" "-v" "/var/lib/crater-agent-workspace/builds/worker-100/target:/opt/rustwide/target:rw,Z" "-v" "/var/lib/crater-agent-workspace/builds/worker-100/source:/opt/rustwide/workdir:ro,Z" "-v" "/var/lib/crater-agent-workspace/cargo-home:/opt/rustwide/cargo-home:ro,Z" "-v" "/var/lib/crater-agent-workspace/rustup-home:/opt/rustwide/rustup-home:ro,Z" "-e" "SOURCE_DIR=/opt/rustwide/workdir" "-e" "CARGO_TARGET_DIR=/opt/rustwide/target" "-e" "CARGO_INCREMENTAL=0" "-e" "RUST_BACKTRACE=full" "-e" "RUSTFLAGS=--cap-lints=warn" "-e" "CARGO_HOME=/opt/rustwide/cargo-home" "-e" "RUSTUP_HOME=/opt/rustwide/rustup-home" "-w" "/opt/rustwide/workdir" "-m" "1610612736" "--user" "0:0" "--network" "none" "ghcr.io/rust-lang/crates-build-env/linux@sha256:34b6a614d2c27851fe6cbf88fbd1137609cefab8b10d0615aaeb6fd47975d74e" "/opt/rustwide/cargo-home/bin/cargo" "+1.54.0" "test" "--frozen" "--no-run" "--message-format=json", kill_on_drop: false }`
[INFO] [stdout] 2823d95b35a78d292c80e78fbbdc7064ebe3e520cc9198fc82380e8c9abeda0d
[INFO] running `Command { std: "docker" "start" "-a" "2823d95b35a78d292c80e78fbbdc7064ebe3e520cc9198fc82380e8c9abeda0d", kill_on_drop: false }`
[INFO] [stderr]     Blocking waiting for file lock on package cache
[INFO] [stderr]    Compiling version_check v0.9.2
[INFO] [stderr]    Compiling unicode-segmentation v1.7.1
[INFO] [stderr]    Compiling vec_map v0.8.2
[INFO] [stderr]    Compiling quick-error v1.2.3
[INFO] [stderr]    Compiling regex-syntax v0.6.22
[INFO] [stderr]    Compiling termcolor v1.1.2
[INFO] [stderr]    Compiling thread_local v1.1.3
[INFO] [stderr]    Compiling textwrap v0.11.0
[INFO] [stderr]    Compiling atty v0.2.14
[INFO] [stderr]    Compiling aho-corasick v0.7.15
[INFO] [stderr]    Compiling webpki-roots v0.18.0
[INFO] [stderr]    Compiling humantime v1.3.0
[INFO] [stderr]    Compiling clap v2.33.3
[INFO] [stderr]    Compiling proc-macro-error-attr v1.0.4
[INFO] [stderr]    Compiling proc-macro-error v1.0.4
[INFO] [stderr]    Compiling heck v0.3.2
[INFO] [stderr]    Compiling structopt-derive v0.4.14
[INFO] [stderr]    Compiling regex v1.4.3
[INFO] [stderr]    Compiling env_logger v0.7.1
[INFO] [stderr]    Compiling structopt v0.3.21
[INFO] [stderr]    Compiling mqtt-async-client v0.2.0 (/opt/rustwide/workdir)
[INFO] [stderr]     Finished test [unoptimized + debuginfo] target(s) in 26.61s
[INFO] running `Command { std: "docker" "inspect" "2823d95b35a78d292c80e78fbbdc7064ebe3e520cc9198fc82380e8c9abeda0d", kill_on_drop: false }`
[INFO] running `Command { std: "docker" "rm" "-f" "2823d95b35a78d292c80e78fbbdc7064ebe3e520cc9198fc82380e8c9abeda0d", kill_on_drop: false }`
[INFO] [stdout] 2823d95b35a78d292c80e78fbbdc7064ebe3e520cc9198fc82380e8c9abeda0d
[INFO] running `Command { std: "docker" "create" "-v" "/var/lib/crater-agent-workspace/builds/worker-100/target:/opt/rustwide/target:rw,Z" "-v" "/var/lib/crater-agent-workspace/builds/worker-100/source:/opt/rustwide/workdir:ro,Z" "-v" "/var/lib/crater-agent-workspace/cargo-home:/opt/rustwide/cargo-home:ro,Z" "-v" "/var/lib/crater-agent-workspace/rustup-home:/opt/rustwide/rustup-home:ro,Z" "-e" "SOURCE_DIR=/opt/rustwide/workdir" "-e" "CARGO_TARGET_DIR=/opt/rustwide/target" "-e" "CARGO_INCREMENTAL=0" "-e" "RUST_BACKTRACE=full" "-e" "RUSTFLAGS=--cap-lints=warn" "-e" "CARGO_HOME=/opt/rustwide/cargo-home" "-e" "RUSTUP_HOME=/opt/rustwide/rustup-home" "-w" "/opt/rustwide/workdir" "-m" "1610612736" "--user" "0:0" "--network" "none" "ghcr.io/rust-lang/crates-build-env/linux@sha256:34b6a614d2c27851fe6cbf88fbd1137609cefab8b10d0615aaeb6fd47975d74e" "/opt/rustwide/cargo-home/bin/cargo" "+1.54.0" "test" "--frozen", kill_on_drop: false }`
[INFO] [stdout] e1251c3825b6384cf044203b3e0ed1436010d38e5beac4eab27843a30e2b41f2
[INFO] running `Command { std: "docker" "start" "-a" "e1251c3825b6384cf044203b3e0ed1436010d38e5beac4eab27843a30e2b41f2", kill_on_drop: false }`
[INFO] [stderr]     Blocking waiting for file lock on package cache
[INFO] [stderr]     Blocking waiting for file lock on package cache
[INFO] [stderr]     Finished test [unoptimized + debuginfo] target(s) in 0.54s
[INFO] [stderr]      Running unittests (/opt/rustwide/target/debug/deps/mqtt_async_client-bae7564c6c5a5e30)
[INFO] [stdout] 
[INFO] [stdout] running 15 tests
[INFO] [stdout] test client::client::test::client_is_send ... ok
[INFO] [stdout] test util::free_pid_list::tests::bounds_ex ... ok
[INFO] [stdout] test util::free_pid_list::tests::clear ... ok
[INFO] [stdout] test util::free_pid_list::tests::free_case_new_range ... ok
[INFO] [stdout] test util::free_pid_list::tests::free_case_merge_below ... ok
[INFO] [stdout] test util::free_pid_list::tests::ex_1 ... ok
[INFO] [stdout] test util::free_pid_list::tests::free_case_merge_above_and_below ... ok
[INFO] [stdout] test util::free_pid_list::tests::free_case_merge_above ... ok
[INFO] [stdout] test util::free_pid_list::tests::bad_bounds_swapped - should panic ... ok
[INFO] [stdout] test util::free_pid_list::tests::double_free_lower_bound ... ok
[INFO] [stdout] test util::free_pid_list::tests::double_free_upper_bound ... ok
[INFO] [stdout] test util::free_pid_list::tests::bad_bounds_zero - should panic ... ok
[INFO] [stdout] test util::free_pid_list::tests::bounds_bad_free_ub - should panic ... ok
[INFO] [stdout] test util::free_pid_list::tests::bounds_bad_free_lb - should panic ... ok
[INFO] [stdout] test util::free_pid_list::tests::empty ... ok
[INFO] [stdout] 
[INFO] [stdout] test result: ok. 15 passed; 0 failed; 0 ignored; 0 measured; 0 filtered out; finished in 0.23s
[INFO] [stdout] 
[INFO] [stderr]      Running tests/integration_test.rs (/opt/rustwide/target/debug/deps/integration_test-6bbefe0c82bba357)
[INFO] [stdout] 
[INFO] [stdout] running 4 tests
[INFO] [stderr] [2021-08-08T05:44:29Z ERROR mqtt_async_client::client::client] IoTask: Error connecting: Cannot assign requested address (os error 99)
[INFO] [stderr] [2021-08-08T05:44:30Z ERROR mqtt_async_client::client::client] IoTask: Error connecting: Cannot assign requested address (os error 99)
[INFO] [stderr] [2021-08-08T05:44:30Z ERROR mqtt_async_client::client::client] IoTask: Error connecting: Cannot assign requested address (os error 99)
[INFO] [stderr] [2021-08-08T05:44:30Z ERROR mqtt_async_client::client::client] IoTask: Error connecting: Cannot assign requested address (os error 99)
[INFO] [stderr] [2021-08-08T05:44:30Z ERROR mqtt_async_client::client::client] IoTask: Error connecting: Cannot assign requested address (os error 99)
[INFO] [stderr] [2021-08-08T05:44:31Z ERROR mqtt_async_client::client::client] IoTask: Error connecting: Cannot assign requested address (os error 99)
[INFO] [stderr] [2021-08-08T05:44:31Z ERROR mqtt_async_client::client::client] IoTask: Error connecting: Cannot assign requested address (os error 99)
[INFO] [stderr] [2021-08-08T05:44:31Z ERROR mqtt_async_client::client::client] IoTask: Error connecting: Cannot assign requested address (os error 99)
[INFO] [stderr] [2021-08-08T05:44:31Z ERROR mqtt_async_client::client::client] IoTask: Error connecting: Cannot assign requested address (os error 99)
[INFO] [stderr] [2021-08-08T05:44:32Z ERROR mqtt_async_client::client::client] IoTask: Error connecting: Cannot assign requested address (os error 99)
[INFO] [stderr] [2021-08-08T05:44:32Z ERROR mqtt_async_client::client::client] IoTask: Error connecting: Cannot assign requested address (os error 99)
[INFO] [stderr] [2021-08-08T05:44:32Z ERROR mqtt_async_client::client::client] IoTask: Error connecting: Cannot assign requested address (os error 99)
[INFO] [stderr] [2021-08-08T05:44:32Z ERROR mqtt_async_client::client::client] IoTask: Error connecting: Cannot assign requested address (os error 99)
[INFO] [stderr] [2021-08-08T05:44:33Z ERROR mqtt_async_client::client::client] IoTask: Error connecting: Cannot assign requested address (os error 99)
[INFO] [stderr] [2021-08-08T05:44:33Z ERROR mqtt_async_client::client::client] IoTask: Error connecting: Cannot assign requested address (os error 99)
[INFO] [stderr] [2021-08-08T05:44:33Z ERROR mqtt_async_client::client::client] IoTask: Error connecting: Cannot assign requested address (os error 99)
[INFO] [stderr] [2021-08-08T05:44:33Z ERROR mqtt_async_client::client::client] IoTask: Error connecting: Cannot assign requested address (os error 99)
[INFO] [stderr] [2021-08-08T05:44:34Z ERROR mqtt_async_client::client::client] IoTask: Error connecting: Cannot assign requested address (os error 99)
[INFO] [stderr] [2021-08-08T05:44:34Z ERROR mqtt_async_client::client::client] IoTask: Error connecting: Cannot assign requested address (os error 99)
[INFO] [stderr] [2021-08-08T05:44:34Z ERROR mqtt_async_client::client::client] IoTask: Error connecting: Cannot assign requested address (os error 99)
[INFO] [stderr] [2021-08-08T05:44:35Z ERROR mqtt_async_client::client::client] IoTask: Error connecting: Cannot assign requested address (os error 99)
[INFO] [stderr] [2021-08-08T05:44:35Z ERROR mqtt_async_client::client::client] IoTask: Error connecting: Cannot assign requested address (os error 99)
[INFO] [stderr] [2021-08-08T05:44:35Z ERROR mqtt_async_client::client::client] IoTask: Error connecting: Cannot assign requested address (os error 99)
[INFO] [stderr] [2021-08-08T05:44:35Z ERROR mqtt_async_client::client::client] IoTask: Error connecting: Cannot assign requested address (os error 99)
[INFO] [stderr] [2021-08-08T05:44:36Z ERROR mqtt_async_client::client::client] IoTask: Error connecting: Cannot assign requested address (os error 99)
[INFO] [stderr] [2021-08-08T05:44:36Z ERROR mqtt_async_client::client::client] IoTask: Error connecting: Cannot assign requested address (os error 99)
[INFO] [stderr] [2021-08-08T05:44:36Z ERROR mqtt_async_client::client::client] IoTask: Error connecting: Cannot assign requested address (os error 99)
[INFO] [stderr] [2021-08-08T05:44:36Z ERROR mqtt_async_client::client::client] IoTask: Error connecting: Cannot assign requested address (os error 99)
[INFO] [stderr] [2021-08-08T05:44:37Z ERROR mqtt_async_client::client::client] IoTask: Error connecting: Cannot assign requested address (os error 99)
[INFO] [stderr] [2021-08-08T05:44:37Z ERROR mqtt_async_client::client::client] IoTask: Error connecting: Cannot assign requested address (os error 99)
[INFO] [stderr] [2021-08-08T05:44:37Z ERROR mqtt_async_client::client::client] IoTask: Error connecting: Cannot assign requested address (os error 99)
[INFO] [stderr] [2021-08-08T05:44:37Z ERROR mqtt_async_client::client::client] IoTask: Error connecting: Cannot assign requested address (os error 99)
[INFO] [stderr] [2021-08-08T05:44:38Z ERROR mqtt_async_client::client::client] IoTask: Error connecting: Cannot assign requested address (os error 99)
[INFO] [stderr] [2021-08-08T05:44:38Z ERROR mqtt_async_client::client::client] IoTask: Error connecting: Cannot assign requested address (os error 99)
[INFO] [stderr] [2021-08-08T05:44:38Z ERROR mqtt_async_client::client::client] IoTask: Error connecting: Cannot assign requested address (os error 99)
[INFO] [stderr] [2021-08-08T05:44:38Z ERROR mqtt_async_client::client::client] IoTask: Error connecting: Cannot assign requested address (os error 99)
[INFO] [stderr] [2021-08-08T05:44:39Z ERROR mqtt_async_client::client::client] IoTask: Error connecting: Cannot assign requested address (os error 99)
[INFO] [stderr] [2021-08-08T05:44:39Z ERROR mqtt_async_client::client::client] IoTask: Error connecting: Cannot assign requested address (os error 99)
[INFO] [stderr] [2021-08-08T05:44:39Z ERROR mqtt_async_client::client::client] IoTask: Error connecting: Cannot assign requested address (os error 99)
[INFO] [stderr] [2021-08-08T05:44:39Z ERROR mqtt_async_client::client::client] IoTask: Error connecting: Cannot assign requested address (os error 99)
[INFO] [stderr] [2021-08-08T05:44:40Z ERROR mqtt_async_client::client::client] IoTask: Error connecting: Cannot assign requested address (os error 99)
[INFO] [stderr] [2021-08-08T05:44:40Z ERROR mqtt_async_client::client::client] IoTask: Error connecting: Cannot assign requested address (os error 99)
[INFO] [stderr] [2021-08-08T05:44:40Z ERROR mqtt_async_client::client::client] IoTask: Error connecting: Cannot assign requested address (os error 99)
[INFO] [stderr] [2021-08-08T05:44:40Z ERROR mqtt_async_client::client::client] IoTask: Error connecting: Cannot assign requested address (os error 99)
[INFO] [stderr] [2021-08-08T05:44:41Z ERROR mqtt_async_client::client::client] IoTask: Error connecting: Cannot assign requested address (os error 99)
[INFO] [stderr] [2021-08-08T05:44:41Z ERROR mqtt_async_client::client::client] IoTask: Error connecting: Cannot assign requested address (os error 99)
[INFO] [stderr] [2021-08-08T05:44:41Z ERROR mqtt_async_client::client::client] IoTask: Error connecting: Cannot assign requested address (os error 99)
[INFO] [stderr] [2021-08-08T05:44:41Z ERROR mqtt_async_client::client::client] IoTask: Error connecting: Cannot assign requested address (os error 99)
[INFO] [stderr] [2021-08-08T05:44:42Z ERROR mqtt_async_client::client::client] IoTask: Error connecting: Cannot assign requested address (os error 99)
[INFO] [stderr] [2021-08-08T05:44:42Z ERROR mqtt_async_client::client::client] IoTask: Error connecting: Cannot assign requested address (os error 99)
[INFO] [stderr] [2021-08-08T05:44:42Z ERROR mqtt_async_client::client::client] IoTask: Error connecting: Cannot assign requested address (os error 99)
[INFO] [stderr] [2021-08-08T05:44:42Z ERROR mqtt_async_client::client::client] IoTask: Error connecting: Cannot assign requested address (os error 99)
[INFO] [stderr] [2021-08-08T05:44:43Z ERROR mqtt_async_client::client::client] IoTask: Error connecting: Cannot assign requested address (os error 99)
[INFO] [stderr] [2021-08-08T05:44:43Z ERROR mqtt_async_client::client::client] IoTask: Error connecting: Cannot assign requested address (os error 99)
[INFO] [stderr] [2021-08-08T05:44:43Z ERROR mqtt_async_client::client::client] IoTask: Error connecting: Cannot assign requested address (os error 99)
[INFO] [stderr] [2021-08-08T05:44:43Z ERROR mqtt_async_client::client::client] IoTask: Error connecting: Cannot assign requested address (os error 99)
[INFO] [stderr] [2021-08-08T05:44:44Z ERROR mqtt_async_client::client::client] IoTask: Error connecting: Cannot assign requested address (os error 99)
[INFO] [stderr] [2021-08-08T05:44:44Z ERROR mqtt_async_client::client::client] IoTask: Error connecting: Cannot assign requested address (os error 99)
[INFO] [stderr] [2021-08-08T05:44:44Z ERROR mqtt_async_client::client::client] IoTask: Error connecting: Cannot assign requested address (os error 99)
[INFO] [stderr] [2021-08-08T05:44:44Z ERROR mqtt_async_client::client::client] IoTask: Error connecting: Cannot assign requested address (os error 99)
[INFO] [stderr] [2021-08-08T05:44:45Z ERROR mqtt_async_client::client::client] IoTask: Error connecting: Cannot assign requested address (os error 99)
[INFO] [stderr] [2021-08-08T05:44:45Z ERROR mqtt_async_client::client::client] IoTask: Error connecting: Cannot assign requested address (os error 99)
[INFO] [stderr] [2021-08-08T05:44:45Z ERROR mqtt_async_client::client::client] IoTask: Error connecting: Cannot assign requested address (os error 99)
[INFO] [stderr] [2021-08-08T05:44:45Z ERROR mqtt_async_client::client::client] IoTask: Error connecting: Cannot assign requested address (os error 99)
[INFO] [stderr] [2021-08-08T05:44:46Z ERROR mqtt_async_client::client::client] IoTask: Error connecting: Cannot assign requested address (os error 99)
[INFO] [stderr] [2021-08-08T05:44:46Z ERROR mqtt_async_client::client::client] IoTask: Error connecting: Cannot assign requested address (os error 99)
[INFO] [stderr] [2021-08-08T05:44:46Z ERROR mqtt_async_client::client::client] IoTask: Error connecting: Cannot assign requested address (os error 99)
[INFO] [stderr] [2021-08-08T05:44:46Z ERROR mqtt_async_client::client::client] IoTask: Error connecting: Cannot assign requested address (os error 99)
[INFO] [stderr] [2021-08-08T05:44:47Z ERROR mqtt_async_client::client::client] IoTask: Error connecting: Cannot assign requested address (os error 99)
[INFO] [stderr] [2021-08-08T05:44:47Z ERROR mqtt_async_client::client::client] IoTask: Error connecting: Cannot assign requested address (os error 99)
[INFO] [stderr] [2021-08-08T05:44:47Z ERROR mqtt_async_client::client::client] IoTask: Error connecting: Cannot assign requested address (os error 99)
[INFO] [stderr] [2021-08-08T05:44:47Z ERROR mqtt_async_client::client::client] IoTask: Error connecting: Cannot assign requested address (os error 99)
[INFO] [stderr] [2021-08-08T05:44:48Z ERROR mqtt_async_client::client::client] IoTask: Error connecting: Cannot assign requested address (os error 99)
[INFO] [stderr] [2021-08-08T05:44:48Z ERROR mqtt_async_client::client::client] IoTask: Error connecting: Cannot assign requested address (os error 99)
[INFO] [stderr] [2021-08-08T05:44:48Z ERROR mqtt_async_client::client::client] IoTask: Error connecting: Cannot assign requested address (os error 99)
[INFO] [stderr] [2021-08-08T05:44:48Z ERROR mqtt_async_client::client::client] IoTask: Error connecting: Cannot assign requested address (os error 99)
[INFO] [stderr] [2021-08-08T05:44:49Z ERROR mqtt_async_client::client::client] IoTask: Error connecting: Cannot assign requested address (os error 99)
[INFO] [stderr] [2021-08-08T05:44:49Z ERROR mqtt_async_client::client::client] IoTask: Error connecting: Cannot assign requested address (os error 99)
[INFO] [stderr] [2021-08-08T05:44:49Z ERROR mqtt_async_client::client::client] IoTask: Error connecting: Cannot assign requested address (os error 99)
[INFO] [stderr] [2021-08-08T05:44:49Z ERROR mqtt_async_client::client::client] IoTask: Error connecting: Cannot assign requested address (os error 99)
[INFO] [stdout] test retain ... FAILED
[INFO] [stdout] test pub_and_sub_plain ... FAILED
[INFO] [stdout] test unsubscribe ... FAILED
[INFO] [stdout] test pub_and_sub_tls ... FAILED
[INFO] [stdout] 
[INFO] [stdout] failures:
[INFO] [stdout] 
[INFO] [stdout] ---- retain stdout ----
[INFO] [stdout] Error: String("Timeout writing publish after 20000ms")
[INFO] [stdout] thread 'retain' panicked at 'assertion failed: `(left == right)`
[INFO] [stdout]   left: `1`,
[INFO] [stdout]  right: `0`: the test returned a termination value with a non-zero status code (1) which indicates a failure', /rustc/a178d0322ce20e33eac124758e837cbd80a6f633/library/test/src/lib.rs:193:5
[INFO] [stdout] stack backtrace:
[INFO] [stdout]    0:     0x562a7efc2b80 - std::backtrace_rs::backtrace::libunwind::trace::h34055254b57d8e79
[INFO] [stdout]                                at /rustc/a178d0322ce20e33eac124758e837cbd80a6f633/library/std/src/../../backtrace/src/backtrace/libunwind.rs:90:5
[INFO] [stdout]    1:     0x562a7efc2b80 - std::backtrace_rs::backtrace::trace_unsynchronized::h8f1e3fbd9afff6ec
[INFO] [stdout]                                at /rustc/a178d0322ce20e33eac124758e837cbd80a6f633/library/std/src/../../backtrace/src/backtrace/mod.rs:66:5
[INFO] [stdout]    2:     0x562a7efc2b80 - std::sys_common::backtrace::_print_fmt::h3a99a796b770c360
[INFO] [stdout]                                at /rustc/a178d0322ce20e33eac124758e837cbd80a6f633/library/std/src/sys_common/backtrace.rs:67:5
[INFO] [stdout]    3:     0x562a7efc2b80 - <std::sys_common::backtrace::_print::DisplayBacktrace as core::fmt::Display>::fmt::h32d1f94a80615d18
[INFO] [stdout]                                at /rustc/a178d0322ce20e33eac124758e837cbd80a6f633/library/std/src/sys_common/backtrace.rs:46:22
[INFO] [stdout]    4:     0x562a7efe621c - core::fmt::write::h306731c068f7162c
[INFO] [stdout]                                at /rustc/a178d0322ce20e33eac124758e837cbd80a6f633/library/core/src/fmt/mod.rs:1110:17
[INFO] [stdout]    5:     0x562a7efbded5 - std::io::Write::write_fmt::h87f19b0a2cd190bc
[INFO] [stdout]                                at /rustc/a178d0322ce20e33eac124758e837cbd80a6f633/library/std/src/io/mod.rs:1588:15
[INFO] [stdout]    6:     0x562a7efc4d5b - std::sys_common::backtrace::_print::h5abaa2601a852287
[INFO] [stdout]                                at /rustc/a178d0322ce20e33eac124758e837cbd80a6f633/library/std/src/sys_common/backtrace.rs:49:5
[INFO] [stdout]    7:     0x562a7efc4d5b - std::sys_common::backtrace::print::h8d81445442bb638f
[INFO] [stdout]                                at /rustc/a178d0322ce20e33eac124758e837cbd80a6f633/library/std/src/sys_common/backtrace.rs:36:9
[INFO] [stdout]    8:     0x562a7efc4d5b - std::panicking::default_hook::{{closure}}::hcfe804496a9fa747
[INFO] [stdout]                                at /rustc/a178d0322ce20e33eac124758e837cbd80a6f633/library/std/src/panicking.rs:208:50
[INFO] [stdout]    9:     0x562a7efc486c - std::panicking::default_hook::hbea8e3ccf2ba8901
[INFO] [stdout]                                at /rustc/a178d0322ce20e33eac124758e837cbd80a6f633/library/std/src/panicking.rs:222:9
[INFO] [stdout]   10:     0x562a7efc5424 - std::panicking::rust_panic_with_hook::h7ee9e1a2d0f8975a
[INFO] [stdout]                                at /rustc/a178d0322ce20e33eac124758e837cbd80a6f633/library/std/src/panicking.rs:622:17
[INFO] [stdout]   11:     0x562a7efc4f07 - std::panicking::begin_panic_handler::{{closure}}::h8ab3b4491718b2c7
[INFO] [stdout]                                at /rustc/a178d0322ce20e33eac124758e837cbd80a6f633/library/std/src/panicking.rs:519:13
[INFO] [stdout]   12:     0x562a7efc307c - std::sys_common::backtrace::__rust_end_short_backtrace::hd489062ffa586a9f
[INFO] [stdout]                                at /rustc/a178d0322ce20e33eac124758e837cbd80a6f633/library/std/src/sys_common/backtrace.rs:141:18
[INFO] [stdout]   13:     0x562a7efc4e69 - rust_begin_unwind
[INFO] [stdout]                                at /rustc/a178d0322ce20e33eac124758e837cbd80a6f633/library/std/src/panicking.rs:515:5
[INFO] [stdout]   14:     0x562a7eadad31 - core::panicking::panic_fmt::hca6330e3e14086b4
[INFO] [stdout]                                at /rustc/a178d0322ce20e33eac124758e837cbd80a6f633/library/core/src/panicking.rs:92:14
[INFO] [stdout]   15:     0x562a7efe467e - core::panicking::assert_failed_inner::h33b45280069a80ed
[INFO] [stdout]   16:     0x562a7ef627fa - core::panicking::assert_failed::ha4aa7f5a9079892a
[INFO] [stdout]                                at /rustc/a178d0322ce20e33eac124758e837cbd80a6f633/library/core/src/panicking.rs:117:5
[INFO] [stdout]   17:     0x562a7eafa129 - test::assert_test_result::hec3babb42933436e
[INFO] [stdout]                                at /rustc/a178d0322ce20e33eac124758e837cbd80a6f633/library/test/src/lib.rs:193:5
[INFO] [stdout]   18:     0x562a7eaf7869 - integration_test::retain::{{closure}}::h817e4e146e1254b5
[INFO] [stdout]                                at /opt/rustwide/workdir/tests/integration_test.rs:138:1
[INFO] [stdout]   19:     0x562a7eaee56e - core::ops::function::FnOnce::call_once::h6b40d76fbbb17da5
[INFO] [stdout]                                at /rustc/a178d0322ce20e33eac124758e837cbd80a6f633/library/core/src/ops/function.rs:227:5
[INFO] [stdout]   20:     0x562a7ecdcee3 - core::ops::function::FnOnce::call_once::h152e7e439ff59e19
[INFO] [stdout]                                at /rustc/a178d0322ce20e33eac124758e837cbd80a6f633/library/core/src/ops/function.rs:227:5
[INFO] [stdout]   21:     0x562a7ecdcee3 - test::__rust_begin_short_backtrace::h0908f3b1fdbb72ab
[INFO] [stdout]                                at /rustc/a178d0322ce20e33eac124758e837cbd80a6f633/library/test/src/lib.rs:577:5
[INFO] [stdout]   22:     0x562a7ecdb9a0 - <alloc::boxed::Box<F,A> as core::ops::function::FnOnce<Args>>::call_once::hf6d2a51e5587546c
[INFO] [stdout]                                at /rustc/a178d0322ce20e33eac124758e837cbd80a6f633/library/alloc/src/boxed.rs:1575:9
[INFO] [stdout]   23:     0x562a7ecdb9a0 - <std::panic::AssertUnwindSafe<F> as core::ops::function::FnOnce<()>>::call_once::h8af660f3a89ef593
[INFO] [stdout]                                at /rustc/a178d0322ce20e33eac124758e837cbd80a6f633/library/std/src/panic.rs:347:9
[INFO] [stdout]   24:     0x562a7ecdb9a0 - std::panicking::try::do_call::hd36aef60f84b6d36
[INFO] [stdout]                                at /rustc/a178d0322ce20e33eac124758e837cbd80a6f633/library/std/src/panicking.rs:401:40
[INFO] [stdout]   25:     0x562a7ecdb9a0 - std::panicking::try::h9932b4480e69817c
[INFO] [stdout]                                at /rustc/a178d0322ce20e33eac124758e837cbd80a6f633/library/std/src/panicking.rs:365:19
[INFO] [stdout]   26:     0x562a7ecdb9a0 - std::panic::catch_unwind::h6aa177099cfff5f8
[INFO] [stdout]                                at /rustc/a178d0322ce20e33eac124758e837cbd80a6f633/library/std/src/panic.rs:434:14
[INFO] [stdout]   27:     0x562a7ecdb9a0 - test::run_test_in_process::h5884d6f2d99e20c3
[INFO] [stdout]                                at /rustc/a178d0322ce20e33eac124758e837cbd80a6f633/library/test/src/lib.rs:600:18
[INFO] [stdout]   28:     0x562a7ecdb9a0 - test::run_test::run_test_inner::{{closure}}::h6fdc58c6d5f5b6e3
[INFO] [stdout]                                at /rustc/a178d0322ce20e33eac124758e837cbd80a6f633/library/test/src/lib.rs:492:39
[INFO] [stdout]   29:     0x562a7ecb5052 - test::run_test::run_test_inner::{{closure}}::h408365d67a78ade8
[INFO] [stdout]                                at /rustc/a178d0322ce20e33eac124758e837cbd80a6f633/library/test/src/lib.rs:519:37
[INFO] [stdout]   30:     0x562a7ecb5052 - std::sys_common::backtrace::__rust_begin_short_backtrace::hb560b77c4f701523
[INFO] [stdout]                                at /rustc/a178d0322ce20e33eac124758e837cbd80a6f633/library/std/src/sys_common/backtrace.rs:125:18
[INFO] [stdout]   31:     0x562a7ecb8c08 - std::thread::Builder::spawn_unchecked::{{closure}}::{{closure}}::hf2e7831dad93c597
[INFO] [stdout]                                at /rustc/a178d0322ce20e33eac124758e837cbd80a6f633/library/std/src/thread/mod.rs:481:17
[INFO] [stdout]   32:     0x562a7ecb8c08 - <std::panic::AssertUnwindSafe<F> as core::ops::function::FnOnce<()>>::call_once::hd2e08783d8be4d02
[INFO] [stdout]                                at /rustc/a178d0322ce20e33eac124758e837cbd80a6f633/library/std/src/panic.rs:347:9
[INFO] [stdout]   33:     0x562a7ecb8c08 - std::panicking::try::do_call::h062597b7acfd6b82
[INFO] [stdout]                                at /rustc/a178d0322ce20e33eac124758e837cbd80a6f633/library/std/src/panicking.rs:401:40
[INFO] [stdout]   34:     0x562a7ecb8c08 - std::panicking::try::h0d7b79db04c14552
[INFO] [stdout]                                at /rustc/a178d0322ce20e33eac124758e837cbd80a6f633/library/std/src/panicking.rs:365:19
[INFO] [stdout]   35:     0x562a7ecb8c08 - std::panic::catch_unwind::hb01a0b5e7c8cd43b
[INFO] [stdout]                                at /rustc/a178d0322ce20e33eac124758e837cbd80a6f633/library/std/src/panic.rs:434:14
[INFO] [stdout]   36:     0x562a7ecb8c08 - std::thread::Builder::spawn_unchecked::{{closure}}::h5bde48cc887e0d1e
[INFO] [stdout]                                at /rustc/a178d0322ce20e33eac124758e837cbd80a6f633/library/std/src/thread/mod.rs:480:30
[INFO] [stdout]   37:     0x562a7ecb8c08 - core::ops::function::FnOnce::call_once{{vtable.shim}}::h745ea30807a29e55
[INFO] [stdout]                                at /rustc/a178d0322ce20e33eac124758e837cbd80a6f633/library/core/src/ops/function.rs:227:5
[INFO] [stdout]   38:     0x562a7efca5a7 - <alloc::boxed::Box<F,A> as core::ops::function::FnOnce<Args>>::call_once::h7ece6cfefaff1005
[INFO] [stdout]                                at /rustc/a178d0322ce20e33eac124758e837cbd80a6f633/library/alloc/src/boxed.rs:1575:9
[INFO] [stdout]   39:     0x562a7efca5a7 - <alloc::boxed::Box<F,A> as core::ops::function::FnOnce<Args>>::call_once::hb8b48e55c21f193e
[INFO] [stdout]                                at /rustc/a178d0322ce20e33eac124758e837cbd80a6f633/library/alloc/src/boxed.rs:1575:9
[INFO] [stdout]   40:     0x562a7efca5a7 - std::sys::unix::thread::Thread::new::thread_start::h8c7c4450dba62914
[INFO] [stdout]                                at /rustc/a178d0322ce20e33eac124758e837cbd80a6f633/library/std/src/sys/unix/thread.rs:71:17
[INFO] [stdout]   41:     0x7fa600f0e609 - start_thread
[INFO] [stdout]   42:     0x7fa600ce0293 - clone
[INFO] [stdout]   43:                0x0 - <unknown>
[INFO] [stdout] 
[INFO] [stdout] ---- pub_and_sub_plain stdout ----
[INFO] [stdout] Error: String("Timeout waiting for Suback after 20000ms")
[INFO] [stdout] thread 'pub_and_sub_plain' panicked at 'assertion failed: `(left == right)`
[INFO] [stdout]   left: `1`,
[INFO] [stdout]  right: `0`: the test returned a termination value with a non-zero status code (1) which indicates a failure', /rustc/a178d0322ce20e33eac124758e837cbd80a6f633/library/test/src/lib.rs:193:5
[INFO] [stdout] stack backtrace:
[INFO] [stdout]    0:     0x562a7efc2b80 - std::backtrace_rs::backtrace::libunwind::trace::h34055254b57d8e79
[INFO] [stdout]                                at /rustc/a178d0322ce20e33eac124758e837cbd80a6f633/library/std/src/../../backtrace/src/backtrace/libunwind.rs:90:5
[INFO] [stdout]    1:     0x562a7efc2b80 - std::backtrace_rs::backtrace::trace_unsynchronized::h8f1e3fbd9afff6ec
[INFO] [stdout]                                at /rustc/a178d0322ce20e33eac124758e837cbd80a6f633/library/std/src/../../backtrace/src/backtrace/mod.rs:66:5
[INFO] [stdout]    2:     0x562a7efc2b80 - std::sys_common::backtrace::_print_fmt::h3a99a796b770c360
[INFO] [stdout]                                at /rustc/a178d0322ce20e33eac124758e837cbd80a6f633/library/std/src/sys_common/backtrace.rs:67:5
[INFO] [stdout]    3:     0x562a7efc2b80 - <std::sys_common::backtrace::_print::DisplayBacktrace as core::fmt::Display>::fmt::h32d1f94a80615d18
[INFO] [stdout]                                at /rustc/a178d0322ce20e33eac124758e837cbd80a6f633/library/std/src/sys_common/backtrace.rs:46:22
[INFO] [stdout]    4:     0x562a7efe621c - core::fmt::write::h306731c068f7162c
[INFO] [stdout]                                at /rustc/a178d0322ce20e33eac124758e837cbd80a6f633/library/core/src/fmt/mod.rs:1110:17
[INFO] [stdout]    5:     0x562a7efbded5 - std::io::Write::write_fmt::h87f19b0a2cd190bc
[INFO] [stdout]                                at /rustc/a178d0322ce20e33eac124758e837cbd80a6f633/library/std/src/io/mod.rs:1588:15
[INFO] [stdout]    6:     0x562a7efc4d5b - std::sys_common::backtrace::_print::h5abaa2601a852287
[INFO] [stdout]                                at /rustc/a178d0322ce20e33eac124758e837cbd80a6f633/library/std/src/sys_common/backtrace.rs:49:5
[INFO] [stdout]    7:     0x562a7efc4d5b - std::sys_common::backtrace::print::h8d81445442bb638f
[INFO] [stdout]                                at /rustc/a178d0322ce20e33eac124758e837cbd80a6f633/library/std/src/sys_common/backtrace.rs:36:9
[INFO] [stdout]    8:     0x562a7efc4d5b - std::panicking::default_hook::{{closure}}::hcfe804496a9fa747
[INFO] [stdout]                                at /rustc/a178d0322ce20e33eac124758e837cbd80a6f633/library/std/src/panicking.rs:208:50
[INFO] [stdout]    9:     0x562a7efc486c - std::panicking::default_hook::hbea8e3ccf2ba8901
[INFO] [stdout]                                at /rustc/a178d0322ce20e33eac124758e837cbd80a6f633/library/std/src/panicking.rs:222:9
[INFO] [stdout]   10:     0x562a7efc5424 - std::panicking::rust_panic_with_hook::h7ee9e1a2d0f8975a
[INFO] [stdout]                                at /rustc/a178d0322ce20e33eac124758e837cbd80a6f633/library/std/src/panicking.rs:622:17
[INFO] [stdout]   11:     0x562a7efc4f07 - std::panicking::begin_panic_handler::{{closure}}::h8ab3b4491718b2c7
[INFO] [stdout]                                at /rustc/a178d0322ce20e33eac124758e837cbd80a6f633/library/std/src/panicking.rs:519:13
[INFO] [stdout]   12:     0x562a7efc307c - std::sys_common::backtrace::__rust_end_short_backtrace::hd489062ffa586a9f
[INFO] [stdout]                                at /rustc/a178d0322ce20e33eac124758e837cbd80a6f633/library/std/src/sys_common/backtrace.rs:141:18
[INFO] [stdout]   13:     0x562a7efc4e69 - rust_begin_unwind
[INFO] [stdout]                                at /rustc/a178d0322ce20e33eac124758e837cbd80a6f633/library/std/src/panicking.rs:515:5
[INFO] [stdout]   14:     0x562a7eadad31 - core::panicking::panic_fmt::hca6330e3e14086b4
[INFO] [stdout]                                at /rustc/a178d0322ce20e33eac124758e837cbd80a6f633/library/core/src/panicking.rs:92:14
[INFO] [stdout]   15:     0x562a7efe467e - core::panicking::assert_failed_inner::h33b45280069a80ed
[INFO] [stdout]   16:     0x562a7ef627fa - core::panicking::assert_failed::ha4aa7f5a9079892a
[INFO] [stdout]                                at /rustc/a178d0322ce20e33eac124758e837cbd80a6f633/library/core/src/panicking.rs:117:5
[INFO] [stdout]   17:     0x562a7eafa129 - test::assert_test_result::hec3babb42933436e
[INFO] [stdout]                                at /rustc/a178d0322ce20e33eac124758e837cbd80a6f633/library/test/src/lib.rs:193:5
[INFO] [stdout]   18:     0x562a7eaf33c9 - integration_test::pub_and_sub_plain::{{closure}}::hea6dee7591cf8261
[INFO] [stdout]                                at /opt/rustwide/workdir/tests/integration_test.rs:46:1
[INFO] [stdout]   19:     0x562a7eaee52e - core::ops::function::FnOnce::call_once::h55d5bfacc19796a6
[INFO] [stdout]                                at /rustc/a178d0322ce20e33eac124758e837cbd80a6f633/library/core/src/ops/function.rs:227:5
[INFO] [stdout]   20:     0x562a7ecdcee3 - core::ops::function::FnOnce::call_once::h152e7e439ff59e19
[INFO] [stdout]                                at /rustc/a178d0322ce20e33eac124758e837cbd80a6f633/library/core/src/ops/function.rs:227:5
[INFO] [stdout]   21:     0x562a7ecdcee3 - test::__rust_begin_short_backtrace::h0908f3b1fdbb72ab
[INFO] [stdout]                                at /rustc/a178d0322ce20e33eac124758e837cbd80a6f633/library/test/src/lib.rs:577:5
[INFO] [stdout]   22:     0x562a7ecdb9a0 - <alloc::boxed::Box<F,A> as core::ops::function::FnOnce<Args>>::call_once::hf6d2a51e5587546c
[INFO] [stdout]                                at /rustc/a178d0322ce20e33eac124758e837cbd80a6f633/library/alloc/src/boxed.rs:1575:9
[INFO] [stdout]   23:     0x562a7ecdb9a0 - <std::panic::AssertUnwindSafe<F> as core::ops::function::FnOnce<()>>::call_once::h8af660f3a89ef593
[INFO] [stdout]                                at /rustc/a178d0322ce20e33eac124758e837cbd80a6f633/library/std/src/panic.rs:347:9
[INFO] [stdout]   24:     0x562a7ecdb9a0 - std::panicking::try::do_call::hd36aef60f84b6d36
[INFO] [stdout]                                at /rustc/a178d0322ce20e33eac124758e837cbd80a6f633/library/std/src/panicking.rs:401:40
[INFO] [stdout]   25:     0x562a7ecdb9a0 - std::panicking::try::h9932b4480e69817c
[INFO] [stdout]                                at /rustc/a178d0322ce20e33eac124758e837cbd80a6f633/library/std/src/panicking.rs:365:19
[INFO] [stdout]   26:     0x562a7ecdb9a0 - std::panic::catch_unwind::h6aa177099cfff5f8
[INFO] [stdout]                                at /rustc/a178d0322ce20e33eac124758e837cbd80a6f633/library/std/src/panic.rs:434:14
[INFO] [stdout]   27:     0x562a7ecdb9a0 - test::run_test_in_process::h5884d6f2d99e20c3
[INFO] [stdout]                                at /rustc/a178d0322ce20e33eac124758e837cbd80a6f633/library/test/src/lib.rs:600:18
[INFO] [stdout]   28:     0x562a7ecdb9a0 - test::run_test::run_test_inner::{{closure}}::h6fdc58c6d5f5b6e3
[INFO] [stdout]                                at /rustc/a178d0322ce20e33eac124758e837cbd80a6f633/library/test/src/lib.rs:492:39
[INFO] [stdout]   29:     0x562a7ecb5052 - test::run_test::run_test_inner::{{closure}}::h408365d67a78ade8
[INFO] [stdout]                                at /rustc/a178d0322ce20e33eac124758e837cbd80a6f633/library/test/src/lib.rs:519:37
[INFO] [stdout]   30:     0x562a7ecb5052 - std::sys_common::backtrace::__rust_begin_short_backtrace::hb560b77c4f701523
[INFO] [stdout]                                at /rustc/a178d0322ce20e33eac124758e837cbd80a6f633/library/std/src/sys_common/backtrace.rs:125:18
[INFO] [stdout]   31:     0x562a7ecb8c08 - std::thread::Builder::spawn_unchecked::{{closure}}::{{closure}}::hf2e7831dad93c597
[INFO] [stdout]                                at /rustc/a178d0322ce20e33eac124758e837cbd80a6f633/library/std/src/thread/mod.rs:481:17
[INFO] [stdout]   32:     0x562a7ecb8c08 - <std::panic::AssertUnwindSafe<F> as core::ops::function::FnOnce<()>>::call_once::hd2e08783d8be4d02
[INFO] [stdout]                                at /rustc/a178d0322ce20e33eac124758e837cbd80a6f633/library/std/src/panic.rs:347:9
[INFO] [stdout]   33:     0x562a7ecb8c08 - std::panicking::try::do_call::h062597b7acfd6b82
[INFO] [stdout]                                at /rustc/a178d0322ce20e33eac124758e837cbd80a6f633/library/std/src/panicking.rs:401:40
[INFO] [stdout]   34:     0x562a7ecb8c08 - std::panicking::try::h0d7b79db04c14552
[INFO] [stdout]                                at /rustc/a178d0322ce20e33eac124758e837cbd80a6f633/library/std/src/panicking.rs:365:19
[INFO] [stdout]   35:     0x562a7ecb8c08 - std::panic::catch_unwind::hb01a0b5e7c8cd43b
[INFO] [stdout]                                at /rustc/a178d0322ce20e33eac124758e837cbd80a6f633/library/std/src/panic.rs:434:14
[INFO] [stdout]   36:     0x562a7ecb8c08 - std::thread::Builder::spawn_unchecked::{{closure}}::h5bde48cc887e0d1e
[INFO] [stdout]                                at /rustc/a178d0322ce20e33eac124758e837cbd80a6f633/library/std/src/thread/mod.rs:480:30
[INFO] [stdout]   37:     0x562a7ecb8c08 - core::ops::function::FnOnce::call_once{{vtable.shim}}::h745ea30807a29e55
[INFO] [stdout]                                at /rustc/a178d0322ce20e33eac124758e837cbd80a6f633/library/core/src/ops/function.rs:227:5
[INFO] [stdout]   38:     0x562a7efca5a7 - <alloc::boxed::Box<F,A> as core::ops::function::FnOnce<Args>>::call_once::h7ece6cfefaff1005
[INFO] [stdout]                                at /rustc/a178d0322ce20e33eac124758e837cbd80a6f633/library/alloc/src/boxed.rs:1575:9
[INFO] [stdout]   39:     0x562a7efca5a7 - <alloc::boxed::Box<F,A> as core::ops::function::FnOnce<Args>>::call_once::hb8b48e55c21f193e
[INFO] [stdout]                                at /rustc/a178d0322ce20e33eac124758e837cbd80a6f633/library/alloc/src/boxed.rs:1575:9
[INFO] [stdout]   40:     0x562a7efca5a7 - std::sys::unix::thread::Thread::new::thread_start::h8c7c4450dba62914
[INFO] [stdout]                                at /rustc/a178d0322ce20e33eac124758e837cbd80a6f633/library/std/src/sys/unix/thread.rs:71:17
[INFO] [stdout]   41:     0x7fa600f0e609 - start_thread
[INFO] [stdout]   42:     0x7fa600ce0293 - clone
[INFO] [stdout]   43:                0x0 - <unknown>
[INFO] [stdout] 
[INFO] [stdout] ---- unsubscribe stdout ----
[INFO] [stdout] Error: String("Timeout waiting for Suback after 20000ms")
[INFO] [stdout] thread 'unsubscribe' panicked at 'assertion failed: `(left == right)`
[INFO] [stdout]   left: `1`,
[INFO] [stdout]  right: `0`: the test returned a termination value with a non-zero status code (1) which indicates a failure', /rustc/a178d0322ce20e33eac124758e837cbd80a6f633/library/test/src/lib.rs:193:5
[INFO] [stdout] stack backtrace:
[INFO] [stdout]    0:     0x562a7efc2b80 - std::backtrace_rs::backtrace::libunwind::trace::h34055254b57d8e79
[INFO] [stdout]                                at /rustc/a178d0322ce20e33eac124758e837cbd80a6f633/library/std/src/../../backtrace/src/backtrace/libunwind.rs:90:5
[INFO] [stdout]    1:     0x562a7efc2b80 - std::backtrace_rs::backtrace::trace_unsynchronized::h8f1e3fbd9afff6ec
[INFO] [stdout]                                at /rustc/a178d0322ce20e33eac124758e837cbd80a6f633/library/std/src/../../backtrace/src/backtrace/mod.rs:66:5
[INFO] [stdout]    2:     0x562a7efc2b80 - std::sys_common::backtrace::_print_fmt::h3a99a796b770c360
[INFO] [stdout]                                at /rustc/a178d0322ce20e33eac124758e837cbd80a6f633/library/std/src/sys_common/backtrace.rs:67:5
[INFO] [stdout]    3:     0x562a7efc2b80 - <std::sys_common::backtrace::_print::DisplayBacktrace as core::fmt::Display>::fmt::h32d1f94a80615d18
[INFO] [stdout]                                at /rustc/a178d0322ce20e33eac124758e837cbd80a6f633/library/std/src/sys_common/backtrace.rs:46:22
[INFO] [stdout]    4:     0x562a7efe621c - core::fmt::write::h306731c068f7162c
[INFO] [stdout]                                at /rustc/a178d0322ce20e33eac124758e837cbd80a6f633/library/core/src/fmt/mod.rs:1110:17
[INFO] [stdout]    5:     0x562a7efbded5 - std::io::Write::write_fmt::h87f19b0a2cd190bc
[INFO] [stdout]                                at /rustc/a178d0322ce20e33eac124758e837cbd80a6f633/library/std/src/io/mod.rs:1588:15
[INFO] [stdout]    6:     0x562a7efc4d5b - std::sys_common::backtrace::_print::h5abaa2601a852287
[INFO] [stdout]                                at /rustc/a178d0322ce20e33eac124758e837cbd80a6f633/library/std/src/sys_common/backtrace.rs:49:5
[INFO] [stdout]    7:     0x562a7efc4d5b - std::sys_common::backtrace::print::h8d81445442bb638f
[INFO] [stdout]                                at /rustc/a178d0322ce20e33eac124758e837cbd80a6f633/library/std/src/sys_common/backtrace.rs:36:9
[INFO] [stdout]    8:     0x562a7efc4d5b - std::panicking::default_hook::{{closure}}::hcfe804496a9fa747
[INFO] [stdout]                                at /rustc/a178d0322ce20e33eac124758e837cbd80a6f633/library/std/src/panicking.rs:208:50
[INFO] [stdout]    9:     0x562a7efc486c - std::panicking::default_hook::hbea8e3ccf2ba8901
[INFO] [stdout]                                at /rustc/a178d0322ce20e33eac124758e837cbd80a6f633/library/std/src/panicking.rs:222:9
[INFO] [stdout]   10:     0x562a7efc5424 - std::panicking::rust_panic_with_hook::h7ee9e1a2d0f8975a
[INFO] [stdout]                                at /rustc/a178d0322ce20e33eac124758e837cbd80a6f633/library/std/src/panicking.rs:622:17
[INFO] [stdout]   11:     0x562a7efc4f07 - std::panicking::begin_panic_handler::{{closure}}::h8ab3b4491718b2c7
[INFO] [stdout]                                at /rustc/a178d0322ce20e33eac124758e837cbd80a6f633/library/std/src/panicking.rs:519:13
[INFO] [stdout]   12:     0x562a7efc307c - std::sys_common::backtrace::__rust_end_short_backtrace::hd489062ffa586a9f
[INFO] [stdout]                                at /rustc/a178d0322ce20e33eac124758e837cbd80a6f633/library/std/src/sys_common/backtrace.rs:141:18
[INFO] [stdout]   13:     0x562a7efc4e69 - rust_begin_unwind
[INFO] [stdout]                                at /rustc/a178d0322ce20e33eac124758e837cbd80a6f633/library/std/src/panicking.rs:515:5
[INFO] [stdout]   14:     0x562a7eadad31 - core::panicking::panic_fmt::hca6330e3e14086b4
[INFO] [stdout]                                at /rustc/a178d0322ce20e33eac124758e837cbd80a6f633/library/core/src/panicking.rs:92:14
[INFO] [stdout]   15:     0x562a7efe467e - core::panicking::assert_failed_inner::h33b45280069a80ed
[INFO] [stdout]   16:     0x562a7ef627fa - core::panicking::assert_failed::ha4aa7f5a9079892a
[INFO] [stdout]                                at /rustc/a178d0322ce20e33eac124758e837cbd80a6f633/library/core/src/panicking.rs:117:5
[INFO] [stdout]   17:     0x562a7eafa129 - test::assert_test_result::hec3babb42933436e
[INFO] [stdout]                                at /rustc/a178d0322ce20e33eac124758e837cbd80a6f633/library/test/src/lib.rs:193:5
[INFO] [stdout]   18:     0x562a7eaf6109 - integration_test::unsubscribe::{{closure}}::h9e659b5c911cf05b
[INFO] [stdout]                                at /opt/rustwide/workdir/tests/integration_test.rs:105:1
[INFO] [stdout]   19:     0x562a7eaee63e - core::ops::function::FnOnce::call_once::hc1a199b62523ecff
[INFO] [stdout]                                at /rustc/a178d0322ce20e33eac124758e837cbd80a6f633/library/core/src/ops/function.rs:227:5
[INFO] [stdout]   20:     0x562a7ecdcee3 - core::ops::function::FnOnce::call_once::h152e7e439ff59e19
[INFO] [stdout]                                at /rustc/a178d0322ce20e33eac124758e837cbd80a6f633/library/core/src/ops/function.rs:227:5
[INFO] [stdout]   21:     0x562a7ecdcee3 - test::__rust_begin_short_backtrace::h0908f3b1fdbb72ab
[INFO] [stdout]                                at /rustc/a178d0322ce20e33eac124758e837cbd80a6f633/library/test/src/lib.rs:577:5
[INFO] [stdout]   22:     0x562a7ecdb9a0 - <alloc::boxed::Box<F,A> as core::ops::function::FnOnce<Args>>::call_once::hf6d2a51e5587546c
[INFO] [stdout]                                at /rustc/a178d0322ce20e33eac124758e837cbd80a6f633/library/alloc/src/boxed.rs:1575:9
[INFO] [stdout]   23:     0x562a7ecdb9a0 - <std::panic::AssertUnwindSafe<F> as core::ops::function::FnOnce<()>>::call_once::h8af660f3a89ef593
[INFO] [stdout]                                at /rustc/a178d0322ce20e33eac124758e837cbd80a6f633/library/std/src/panic.rs:347:9
[INFO] [stdout]   24:     0x562a7ecdb9a0 - std::panicking::try::do_call::hd36aef60f84b6d36
[INFO] [stdout]                                at /rustc/a178d0322ce20e33eac124758e837cbd80a6f633/library/std/src/panicking.rs:401:40
[INFO] [stdout]   25:     0x562a7ecdb9a0 - std::panicking::try::h9932b4480e69817c
[INFO] [stdout]                                at /rustc/a178d0322ce20e33eac124758e837cbd80a6f633/library/std/src/panicking.rs:365:19
[INFO] [stdout]   26:     0x562a7ecdb9a0 - std::panic::catch_unwind::h6aa177099cfff5f8
[INFO] [stdout]                                at /rustc/a178d0322ce20e33eac124758e837cbd80a6f633/library/std/src/panic.rs:434:14
[INFO] [stdout]   27:     0x562a7ecdb9a0 - test::run_test_in_process::h5884d6f2d99e20c3
[INFO] [stdout]                                at /rustc/a178d0322ce20e33eac124758e837cbd80a6f633/library/test/src/lib.rs:600:18
[INFO] [stdout]   28:     0x562a7ecdb9a0 - test::run_test::run_test_inner::{{closure}}::h6fdc58c6d5f5b6e3
[INFO] [stdout]                                at /rustc/a178d0322ce20e33eac124758e837cbd80a6f633/library/test/src/lib.rs:492:39
[INFO] [stdout]   29:     0x562a7ecb5052 - test::run_test::run_test_inner::{{closure}}::h408365d67a78ade8
[INFO] [stdout]                                at /rustc/a178d0322ce20e33eac124758e837cbd80a6f633/library/test/src/lib.rs:519:37
[INFO] [stdout]   30:     0x562a7ecb5052 - std::sys_common::backtrace::__rust_begin_short_backtrace::hb560b77c4f701523
[INFO] [stdout]                                at /rustc/a178d0322ce20e33eac124758e837cbd80a6f633/library/std/src/sys_common/backtrace.rs:125:18
[INFO] [stdout]   31:     0x562a7ecb8c08 - std::thread::Builder::spawn_unchecked::{{closure}}::{{closure}}::hf2e7831dad93c597
[INFO] [stdout]                                at /rustc/a178d0322ce20e33eac124758e837cbd80a6f633/library/std/src/thread/mod.rs:481:17
[INFO] [stdout]   32:     0x562a7ecb8c08 - <std::panic::AssertUnwindSafe<F> as core::ops::function::FnOnce<()>>::call_once::hd2e08783d8be4d02
[INFO] [stdout]                                at /rustc/a178d0322ce20e33eac124758e837cbd80a6f633/library/std/src/panic.rs:347:9
[INFO] [stdout]   33:     0x562a7ecb8c08 - std::panicking::try::do_call::h062597b7acfd6b82
[INFO] [stdout]                                at /rustc/a178d0322ce20e33eac124758e837cbd80a6f633/library/std/src/panicking.rs:401:40
[INFO] [stdout]   34:     0x562a7ecb8c08 - std::panicking::try::h0d7b79db04c14552
[INFO] [stdout]                                at /rustc/a178d0322ce20e33eac124758e837cbd80a6f633/library/std/src/panicking.rs:365:19
[INFO] [stdout]   35:     0x562a7ecb8c08 - std::panic::catch_unwind::hb01a0b5e7c8cd43b
[INFO] [stdout]                                at /rustc/a178d0322ce20e33eac124758e837cbd80a6f633/library/std/src/panic.rs:434:14
[INFO] [stdout]   36:     0x562a7ecb8c08 - std::thread::Builder::spawn_unchecked::{{closure}}::h5bde48cc887e0d1e
[INFO] [stdout]                                at /rustc/a178d0322ce20e33eac124758e837cbd80a6f633/library/std/src/thread/mod.rs:480:30
[INFO] [stdout]   37:     0x562a7ecb8c08 - core::ops::function::FnOnce::call_once{{vtable.shim}}::h745ea30807a29e55
[INFO] [stdout]                                at /rustc/a178d0322ce20e33eac124758e837cbd80a6f633/library/core/src/ops/function.rs:227:5
[INFO] [stdout]   38:     0x562a7efca5a7 - <alloc::boxed::Box<F,A> as core::ops::function::FnOnce<Args>>::call_once::h7ece6cfefaff1005
[INFO] [stdout]                                at /rustc/a178d0322ce20e33eac124758e837cbd80a6f633/library/alloc/src/boxed.rs:1575:9
[INFO] [stdout]   39:     0x562a7efca5a7 - <alloc::boxed::Box<F,A> as core::ops::function::FnOnce<Args>>::call_once::hb8b48e55c21f193e
[INFO] [stdout]                                at /rustc/a178d0322ce20e33eac124758e837cbd80a6f633/library/alloc/src/boxed.rs:1575:9
[INFO] [stdout]   40:     0x562a7efca5a7 - std::sys::unix::thread::Thread::new::thread_start::h8c7c4450dba62914
[INFO] [stdout]                                at /rustc/a178d0322ce20e33eac124758e837cbd80a6f633/library/std/src/sys/unix/thread.rs:71:17
[INFO] [stdout]   41:     0x7fa600f0e609 - start_thread
[INFO] [stdout]   42:     0x7fa600ce0293 - clone
[INFO] [stdout]   43:                0x0 - <unknown>
[INFO] [stdout] 
[INFO] [stdout] ---- pub_and_sub_tls stdout ----
[INFO] [stdout] Error: String("Timeout waiting for Suback after 20000ms")
[INFO] [stdout] thread 'pub_and_sub_tls' panicked at 'assertion failed: `(left == right)`
[INFO] [stdout]   left: `1`,
[INFO] [stdout]  right: `0`: the test returned a termination value with a non-zero status code (1) which indicates a failure', /rustc/a178d0322ce20e33eac124758e837cbd80a6f633/library/test/src/lib.rs:193:5
[INFO] [stdout] stack backtrace:
[INFO] [stdout]    0:     0x562a7efc2b80 - std::backtrace_rs::backtrace::libunwind::trace::h34055254b57d8e79
[INFO] [stdout]                                at /rustc/a178d0322ce20e33eac124758e837cbd80a6f633/library/std/src/../../backtrace/src/backtrace/libunwind.rs:90:5
[INFO] [stdout]    1:     0x562a7efc2b80 - std::backtrace_rs::backtrace::trace_unsynchronized::h8f1e3fbd9afff6ec
[INFO] [stdout]                                at /rustc/a178d0322ce20e33eac124758e837cbd80a6f633/library/std/src/../../backtrace/src/backtrace/mod.rs:66:5
[INFO] [stdout]    2:     0x562a7efc2b80 - std::sys_common::backtrace::_print_fmt::h3a99a796b770c360
[INFO] [stdout]                                at /rustc/a178d0322ce20e33eac124758e837cbd80a6f633/library/std/src/sys_common/backtrace.rs:67:5
[INFO] [stdout]    3:     0x562a7efc2b80 - <std::sys_common::backtrace::_print::DisplayBacktrace as core::fmt::Display>::fmt::h32d1f94a80615d18
[INFO] [stdout]                                at /rustc/a178d0322ce20e33eac124758e837cbd80a6f633/library/std/src/sys_common/backtrace.rs:46:22
[INFO] [stdout]    4:     0x562a7efe621c - core::fmt::write::h306731c068f7162c
[INFO] [stdout]                                at /rustc/a178d0322ce20e33eac124758e837cbd80a6f633/library/core/src/fmt/mod.rs:1110:17
[INFO] [stdout]    5:     0x562a7efbded5 - std::io::Write::write_fmt::h87f19b0a2cd190bc
[INFO] [stdout]                                at /rustc/a178d0322ce20e33eac124758e837cbd80a6f633/library/std/src/io/mod.rs:1588:15
[INFO] [stdout]    6:     0x562a7efc4d5b - std::sys_common::backtrace::_print::h5abaa2601a852287
[INFO] [stdout]                                at /rustc/a178d0322ce20e33eac124758e837cbd80a6f633/library/std/src/sys_common/backtrace.rs:49:5
[INFO] [stdout]    7:     0x562a7efc4d5b - std::sys_common::backtrace::print::h8d81445442bb638f
[INFO] [stdout]                                at /rustc/a178d0322ce20e33eac124758e837cbd80a6f633/library/std/src/sys_common/backtrace.rs:36:9
[INFO] [stdout]    8:     0x562a7efc4d5b - std::panicking::default_hook::{{closure}}::hcfe804496a9fa747
[INFO] [stdout]                                at /rustc/a178d0322ce20e33eac124758e837cbd80a6f633/library/std/src/panicking.rs:208:50
[INFO] [stdout]    9:     0x562a7efc486c - std::panicking::default_hook::hbea8e3ccf2ba8901
[INFO] [stdout]                                at /rustc/a178d0322ce20e33eac124758e837cbd80a6f633/library/std/src/panicking.rs:222:9
[INFO] [stdout]   10:     0x562a7efc5424 - std::panicking::rust_panic_with_hook::h7ee9e1a2d0f8975a
[INFO] [stdout]                                at /rustc/a178d0322ce20e33eac124758e837cbd80a6f633/library/std/src/panicking.rs:622:17
[INFO] [stdout]   11:     0x562a7efc4f07 - std::panicking::begin_panic_handler::{{closure}}::h8ab3b4491718b2c7
[INFO] [stdout]                                at /rustc/a178d0322ce20e33eac124758e837cbd80a6f633/library/std/src/panicking.rs:519:13
[INFO] [stdout]   12:     0x562a7efc307c - std::sys_common::backtrace::__rust_end_short_backtrace::hd489062ffa586a9f
[INFO] [stdout]                                at /rustc/a178d0322ce20e33eac124758e837cbd80a6f633/library/std/src/sys_common/backtrace.rs:141:18
[INFO] [stdout]   13:     0x562a7efc4e69 - rust_begin_unwind
[INFO] [stdout]                                at /rustc/a178d0322ce20e33eac124758e837cbd80a6f633/library/std/src/panicking.rs:515:5
[INFO] [stdout]   14:     0x562a7eadad31 - core::panicking::panic_fmt::hca6330e3e14086b4
[INFO] [stdout]                                at /rustc/a178d0322ce20e33eac124758e837cbd80a6f633/library/core/src/panicking.rs:92:14
[INFO] [stdout]   15:     0x562a7efe467e - core::panicking::assert_failed_inner::h33b45280069a80ed
[INFO] [stdout]   16:     0x562a7ef627fa - core::panicking::assert_failed::ha4aa7f5a9079892a
[INFO] [stdout]                                at /rustc/a178d0322ce20e33eac124758e837cbd80a6f633/library/core/src/panicking.rs:117:5
[INFO] [stdout]   17:     0x562a7eafa129 - test::assert_test_result::hec3babb42933436e
[INFO] [stdout]                                at /rustc/a178d0322ce20e33eac124758e837cbd80a6f633/library/test/src/lib.rs:193:5
[INFO] [stdout]   18:     0x562a7eaf4a69 - integration_test::pub_and_sub_tls::{{closure}}::h9666d452d9f7274e
[INFO] [stdout]                                at /opt/rustwide/workdir/tests/integration_test.rs:76:1
[INFO] [stdout]   19:     0x562a7eaee5fe - core::ops::function::FnOnce::call_once::h91dd732e8f728ed9
[INFO] [stdout]                                at /rustc/a178d0322ce20e33eac124758e837cbd80a6f633/library/core/src/ops/function.rs:227:5
[INFO] [stdout]   20:     0x562a7ecdcee3 - core::ops::function::FnOnce::call_once::h152e7e439ff59e19
[INFO] [stdout]                                at /rustc/a178d0322ce20e33eac124758e837cbd80a6f633/library/core/src/ops/function.rs:227:5
[INFO] [stdout]   21:     0x562a7ecdcee3 - test::__rust_begin_short_backtrace::h0908f3b1fdbb72ab
[INFO] [stdout]                                at /rustc/a178d0322ce20e33eac124758e837cbd80a6f633/library/test/src/lib.rs:577:5
[INFO] [stdout]   22:     0x562a7ecdb9a0 - <alloc::boxed::Box<F,A> as core::ops::function::FnOnce<Args>>::call_once::hf6d2a51e5587546c
[INFO] [stdout]                                at /rustc/a178d0322ce20e33eac124758e837cbd80a6f633/library/alloc/src/boxed.rs:1575:9
[INFO] [stdout]   23:     0x562a7ecdb9a0 - <std::panic::AssertUnwindSafe<F> as core::ops::function::FnOnce<()>>::call_once::h8af660f3a89ef593
[INFO] [stdout]                                at /rustc/a178d0322ce20e33eac124758e837cbd80a6f633/library/std/src/panic.rs:347:9
[INFO] [stdout]   24:     0x562a7ecdb9a0 - std::panicking::try::do_call::hd36aef60f84b6d36
[INFO] [stdout]                                at /rustc/a178d0322ce20e33eac124758e837cbd80a6f633/library/std/src/panicking.rs:401:40
[INFO] [stdout]   25:     0x562a7ecdb9a0 - std::panicking::try::h9932b4480e69817c
[INFO] [stdout]                                at /rustc/a178d0322ce20e33eac124758e837cbd80a6f633/library/std/src/panicking.rs:365:19
[INFO] [stdout]   26:     0x562a7ecdb9a0 - std::panic::catch_unwind::h6aa177099cfff5f8
[INFO] [stdout]                                at /rustc/a178d0322ce20e33eac124758e837cbd80a6f633/library/std/src/panic.rs:434:14
[INFO] [stdout]   27:     0x562a7ecdb9a0 - test::run_test_in_process::h5884d6f2d99e20c3
[INFO] [stdout]                                at /rustc/a178d0322ce20e33eac124758e837cbd80a6f633/library/test/src/lib.rs:600:18
[INFO] [stdout]   28:     0x562a7ecdb9a0 - test::run_test::run_test_inner::{{closure}}::h6fdc58c6d5f5b6e3
[INFO] [stdout]                                at /rustc/a178d0322ce20e33eac124758e837cbd80a6f633/library/test/src/lib.rs:492:39
[INFO] [stdout]   29:     0x562a7ecb5052 - test::run_test::run_test_inner::{{closure}}::h408365d67a78ade8
[INFO] [stdout]                                at /rustc/a178d0322ce20e33eac124758e837cbd80a6f633/library/test/src/lib.rs:519:37
[INFO] [stdout]   30:     0x562a7ecb5052 - std::sys_common::backtrace::__rust_begin_short_backtrace::hb560b77c4f701523
[INFO] [stdout]                                at /rustc/a178d0322ce20e33eac124758e837cbd80a6f633/library/std/src/sys_common/backtrace.rs:125:18
[INFO] [stdout]   31:     0x562a7ecb8c08 - std::thread::Builder::spawn_unchecked::{{closure}}::{{closure}}::hf2e7831dad93c597
[INFO] [stdout]                                at /rustc/a178d0322ce20e33eac124758e837cbd80a6f633/library/std/src/thread/mod.rs:481:17
[INFO] [stdout]   32:     0x562a7ecb8c08 - <std::panic::AssertUnwindSafe<F> as core::ops::function::FnOnce<()>>::call_once::hd2e08783d8be4d02
[INFO] [stdout]                                at /rustc/a178d0322ce20e33eac124758e837cbd80a6f633/library/std/src/panic.rs:347:9
[INFO] [stdout]   33:     0x562a7ecb8c08 - std::panicking::try::do_call::h062597b7acfd6b82
[INFO] [stdout]                                at /rustc/a178d0322ce20e33eac124758e837cbd80a6f633/library/std/src/panicking.rs:401:40
[INFO] [stdout]   34:     0x562a7ecb8c08 - std::panicking::try::h0d7b79db04c14552
[INFO] [stdout]                                at /rustc/a178d0322ce20e33eac124758e837cbd80a6f633/library/std/src/panicking.rs:365:19
[INFO] [stdout]   35:     0x562a7ecb8c08 - std::panic::catch_unwind::hb01a0b5e7c8cd43b
[INFO] [stdout]                                at /rustc/a178d0322ce20e33eac124758e837cbd80a6f633/library/std/src/panic.rs:434:14
[INFO] [stdout]   36:     0x562a7ecb8c08 - std::thread::Builder::spawn_unchecked::{{closure}}::h5bde48cc887e0d1e
[INFO] [stdout]                                at /rustc/a178d0322ce20e33eac124758e837cbd80a6f633/library/std/src/thread/mod.rs:480:30
[INFO] [stdout]   37:     0x562a7ecb8c08 - core::ops::function::FnOnce::call_once{{vtable.shim}}::h745ea30807a29e55
[INFO] [stdout]                                at /rustc/a178d0322ce20e33eac124758e837cbd80a6f633/library/core/src/ops/function.rs:227:5
[INFO] [stdout]   38:     0x562a7efca5a7 - <alloc::boxed::Box<F,A> as core::ops::function::FnOnce<Args>>::call_once::h7ece6cfefaff1005
[INFO] [stdout]                                at /rustc/a178d0322ce20e33eac124758e837cbd80a6f633/library/alloc/src/boxed.rs:1575:9
[INFO] [stdout]   39:     0x562a7efca5a7 - <alloc::boxed::Box<F,A> as core::ops::function::FnOnce<Args>>::call_once::hb8b48e55c21f193e
[INFO] [stdout]                                at /rustc/a178d0322ce20e33eac124758e837cbd80a6f633/library/alloc/src/boxed.rs:1575:9
[INFO] [stdout]   40:     0x562a7efca5a7 - std::sys::unix::thread::Thread::new::thread_start::h8c7c4450dba62914
[INFO] [stdout]                                at /rustc/a178d0322ce20e33eac124758e837cbd80a6f633/library/std/src/sys/unix/thread.rs:71:17
[INFO] [stdout]   41:     0x7fa600f0e609 - start_thread
[INFO] [stdout]   42:     0x7fa600ce0293 - clone
[INFO] [stdout]   43:                0x0 - <unknown>
[INFO] [stdout] 
[INFO] [stdout] 
[INFO] [stdout] failures:
[INFO] [stdout]     pub_and_sub_plain
[INFO] [stdout]     pub_and_sub_tls
[INFO] [stdout]     retain
[INFO] [stdout]     unsubscribe
[INFO] [stdout] 
[INFO] [stdout] test result: FAILED. 0 passed; 4 failed; 0 ignored; 0 measured; 0 filtered out; finished in 20.89s
[INFO] [stdout] 
[INFO] [stderr] error: test failed, to rerun pass '--test integration_test'
[INFO] running `Command { std: "docker" "inspect" "e1251c3825b6384cf044203b3e0ed1436010d38e5beac4eab27843a30e2b41f2", kill_on_drop: false }`
[INFO] running `Command { std: "docker" "rm" "-f" "e1251c3825b6384cf044203b3e0ed1436010d38e5beac4eab27843a30e2b41f2", kill_on_drop: false }`
[INFO] [stdout] e1251c3825b6384cf044203b3e0ed1436010d38e5beac4eab27843a30e2b41f2
