[INFO] cloning repository https://github.com/feadoor/projecteuler-rs
[INFO] running `Command { std: "git" "-c" "credential.helper=" "-c" "credential.helper=/workspace/cargo-home/bin/git-credential-null" "clone" "--bare" "https://github.com/feadoor/projecteuler-rs" "/workspace/cache/git-repos/https%3A%2F%2Fgithub.com%2Ffeadoor%2Fprojecteuler-rs", kill_on_drop: false }`
[INFO] [stderr] Cloning into bare repository '/workspace/cache/git-repos/https%3A%2F%2Fgithub.com%2Ffeadoor%2Fprojecteuler-rs'...
[INFO] running `Command { std: "git" "rev-parse" "HEAD", kill_on_drop: false }`
[INFO] [stdout] 483b93800c46dde820c057b6628aa3284acbd7bf
[INFO] testing feadoor/projecteuler-rs against beta-2021-08-01 for beta-1.55-1
[INFO] running `Command { std: "git" "clone" "/workspace/cache/git-repos/https%3A%2F%2Fgithub.com%2Ffeadoor%2Fprojecteuler-rs" "/workspace/builds/worker-13/source", kill_on_drop: false }`
[INFO] [stderr] Cloning into '/workspace/builds/worker-13/source'...
[INFO] [stderr] done.
[INFO] validating manifest of git repo https://github.com/feadoor/projecteuler-rs on toolchain beta-2021-08-01
[INFO] running `Command { std: "/workspace/cargo-home/bin/cargo" "+beta-2021-08-01" "metadata" "--manifest-path" "Cargo.toml" "--no-deps", kill_on_drop: false }`
[INFO] started tweaking git repo https://github.com/feadoor/projecteuler-rs
[INFO] finished tweaking git repo https://github.com/feadoor/projecteuler-rs
[INFO] tweaked toml for git repo https://github.com/feadoor/projecteuler-rs written to /workspace/builds/worker-13/source/Cargo.toml
[INFO] crate git repo https://github.com/feadoor/projecteuler-rs already has a lockfile, it will not be regenerated
[INFO] running `Command { std: "/workspace/cargo-home/bin/cargo" "+beta-2021-08-01" "fetch" "--manifest-path" "Cargo.toml", kill_on_drop: false }`
[INFO] [stderr]     Blocking waiting for file lock on package cache
[INFO] running `Command { std: "docker" "create" "-v" "/var/lib/crater-agent-workspace/builds/worker-13/target:/opt/rustwide/target:rw,Z" "-v" "/var/lib/crater-agent-workspace/builds/worker-13/source:/opt/rustwide/workdir:ro,Z" "-v" "/var/lib/crater-agent-workspace/cargo-home:/opt/rustwide/cargo-home:ro,Z" "-v" "/var/lib/crater-agent-workspace/rustup-home:/opt/rustwide/rustup-home:ro,Z" "-e" "SOURCE_DIR=/opt/rustwide/workdir" "-e" "CARGO_TARGET_DIR=/opt/rustwide/target" "-e" "CARGO_HOME=/opt/rustwide/cargo-home" "-e" "RUSTUP_HOME=/opt/rustwide/rustup-home" "-w" "/opt/rustwide/workdir" "-m" "1610612736" "--user" "0:0" "--network" "none" "ghcr.io/rust-lang/crates-build-env/linux@sha256:34b6a614d2c27851fe6cbf88fbd1137609cefab8b10d0615aaeb6fd47975d74e" "/opt/rustwide/cargo-home/bin/cargo" "+beta-2021-08-01" "metadata" "--no-deps" "--format-version=1", kill_on_drop: false }`
[INFO] [stdout] 48800a8291fe51f6d037ed1dbd06d7ecdebbdda523abbb4509c72cd4961d7ce7
[INFO] running `Command { std: "docker" "start" "-a" "48800a8291fe51f6d037ed1dbd06d7ecdebbdda523abbb4509c72cd4961d7ce7", kill_on_drop: false }`
[INFO] running `Command { std: "docker" "inspect" "48800a8291fe51f6d037ed1dbd06d7ecdebbdda523abbb4509c72cd4961d7ce7", kill_on_drop: false }`
[INFO] running `Command { std: "docker" "rm" "-f" "48800a8291fe51f6d037ed1dbd06d7ecdebbdda523abbb4509c72cd4961d7ce7", kill_on_drop: false }`
[INFO] [stdout] 48800a8291fe51f6d037ed1dbd06d7ecdebbdda523abbb4509c72cd4961d7ce7
[INFO] running `Command { std: "docker" "create" "-v" "/var/lib/crater-agent-workspace/builds/worker-13/target:/opt/rustwide/target:rw,Z" "-v" "/var/lib/crater-agent-workspace/builds/worker-13/source:/opt/rustwide/workdir:ro,Z" "-v" "/var/lib/crater-agent-workspace/cargo-home:/opt/rustwide/cargo-home:ro,Z" "-v" "/var/lib/crater-agent-workspace/rustup-home:/opt/rustwide/rustup-home:ro,Z" "-e" "SOURCE_DIR=/opt/rustwide/workdir" "-e" "CARGO_TARGET_DIR=/opt/rustwide/target" "-e" "CARGO_INCREMENTAL=0" "-e" "RUST_BACKTRACE=full" "-e" "RUSTFLAGS=--cap-lints=warn" "-e" "CARGO_HOME=/opt/rustwide/cargo-home" "-e" "RUSTUP_HOME=/opt/rustwide/rustup-home" "-w" "/opt/rustwide/workdir" "-m" "1610612736" "--user" "0:0" "--network" "none" "ghcr.io/rust-lang/crates-build-env/linux@sha256:34b6a614d2c27851fe6cbf88fbd1137609cefab8b10d0615aaeb6fd47975d74e" "/opt/rustwide/cargo-home/bin/cargo" "+beta-2021-08-01" "build" "--frozen" "--message-format=json", kill_on_drop: false }`
[INFO] [stdout] 2b8daf6ae13bacf8c4c0e392c4c12a002fc984b3eb868d897518654a8445449f
[INFO] running `Command { std: "docker" "start" "-a" "2b8daf6ae13bacf8c4c0e392c4c12a002fc984b3eb868d897518654a8445449f", kill_on_drop: false }`
[INFO] [stderr]    Compiling libc v0.2.66
[INFO] [stderr]    Compiling getrandom v0.1.13
[INFO] [stderr]    Compiling numeric_traits v0.1.0 (/opt/rustwide/workdir/libs/numeric_traits)
[INFO] [stderr]    Compiling ordermap v0.3.5
[INFO] [stderr]    Compiling fixedbitset v0.1.9
[INFO] [stderr]    Compiling search v0.1.0 (/opt/rustwide/workdir/libs/search)
[INFO] [stderr]    Compiling interleave v1.0.1
[INFO] [stderr]    Compiling permutohedron v0.2.4
[INFO] [stderr]    Compiling num-traits v0.2.10
[INFO] [stderr]    Compiling num-integer v0.1.41
[INFO] [stderr]    Compiling num-bigint v0.2.3
[INFO] [stderr]    Compiling num-iter v0.1.39
[INFO] [stderr]    Compiling num-rational v0.2.2
[INFO] [stderr]    Compiling num-complex v0.2.3
[INFO] [stderr]    Compiling itertools v0.8.2
[INFO] [stderr]    Compiling modular_arithmetic v0.1.0 (/opt/rustwide/workdir/libs/modular_arithmetic)
[INFO] [stderr]    Compiling combinatorics v0.1.0 (/opt/rustwide/workdir/libs/combinatorics)
[INFO] [stderr]    Compiling number_theory v0.1.0 (/opt/rustwide/workdir/libs/number_theory)
[INFO] [stderr]    Compiling mertens_recurrence v0.1.0 (/opt/rustwide/workdir/libs/mertens_recurrence)
[INFO] [stderr]    Compiling primesieve v0.2.0 (/opt/rustwide/workdir/libs/primesieve)
[INFO] [stderr]    Compiling petgraph v0.4.13
[INFO] [stdout] warning: function is never used: `set_on`
[INFO] [stdout]    --> libs/primesieve/src/segment.rs:107:8
[INFO] [stdout]     |
[INFO] [stdout] 107 | pub fn set_on(segment: &mut [u64], idx: u64) {
[INFO] [stdout]     |        ^^^^^^
[INFO] [stdout]     |
[INFO] [stdout]     = note: `#[warn(dead_code)]` on by default
[INFO] [stdout] 
[INFO] [stdout] 
[INFO] [stdout] warning: variable `N` should have a snake case name
[INFO] [stdout]   --> libs/mertens_recurrence/src/lib.rs:45:38
[INFO] [stdout]    |
[INFO] [stdout] 45 |     pub fn calculate_value_at(&self, N: u64) -> i64 {
[INFO] [stdout]    |                                      ^ help: convert the identifier to snake case: `n`
[INFO] [stdout]    |
[INFO] [stdout]    = note: `#[warn(non_snake_case)]` on by default
[INFO] [stdout] 
[INFO] [stdout] 
[INFO] [stdout] warning: variable `K` should have a snake case name
[INFO] [stdout]   --> libs/mertens_recurrence/src/lib.rs:48:13
[INFO] [stdout]    |
[INFO] [stdout] 48 |         let K = integer_sqrt(N);
[INFO] [stdout]    |             ^ help: convert the identifier to snake case (notice the capitalization): `k`
[INFO] [stdout] 
[INFO] [stdout] 
[INFO] [stdout] warning: variable `M` should have a snake case name
[INFO] [stdout]   --> libs/mertens_recurrence/src/lib.rs:49:13
[INFO] [stdout]    |
[INFO] [stdout] 49 |         let M = N / K;
[INFO] [stdout]    |             ^ help: convert the identifier to snake case: `m`
[INFO] [stdout] 
[INFO] [stdout] 
[INFO] [stdout] warning: 3 warnings emitted
[INFO] [stdout] 
[INFO] [stdout] 
[INFO] [stdout] warning: 1 warning emitted
[INFO] [stdout] 
[INFO] [stdout] 
[INFO] [stderr]    Compiling rand_core v0.5.1
[INFO] [stderr]    Compiling rand_chacha v0.2.1
[INFO] [stderr]    Compiling rand v0.7.2
[INFO] [stderr]    Compiling num v0.2.0
[INFO] [stderr]    Compiling continued_fractions v0.1.0 (/opt/rustwide/workdir/libs/continued_fractions)
[INFO] [stdout] warning: unused return value of `std::mem::replace` that must be used
[INFO] [stdout]    --> libs/continued_fractions/src/lib.rs:180:17
[INFO] [stdout]     |
[INFO] [stdout] 180 |                 replace(&mut self.numers.0, replace(&mut self.numers.1, next_numer.clone()));
[INFO] [stdout]     |                 ^^^^^^^^^^^^^^^^^^^^^^^^^^^^^^^^^^^^^^^^^^^^^^^^^^^^^^^^^^^^^^^^^^^^^^^^^^^^^
[INFO] [stdout]     |
[INFO] [stdout]     = note: `#[warn(unused_must_use)]` on by default
[INFO] [stdout]     = note: if you don't need the old value, you can just assign the new value directly
[INFO] [stdout] 
[INFO] [stdout] 
[INFO] [stdout] warning: unused return value of `std::mem::replace` that must be used
[INFO] [stdout]    --> libs/continued_fractions/src/lib.rs:181:17
[INFO] [stdout]     |
[INFO] [stdout] 181 |                 replace(&mut self.denoms.0, replace(&mut self.denoms.1, next_denom.clone()));
[INFO] [stdout]     |                 ^^^^^^^^^^^^^^^^^^^^^^^^^^^^^^^^^^^^^^^^^^^^^^^^^^^^^^^^^^^^^^^^^^^^^^^^^^^^^
[INFO] [stdout]     |
[INFO] [stdout]     = note: if you don't need the old value, you can just assign the new value directly
[INFO] [stdout] 
[INFO] [stdout] 
[INFO] [stderr]    Compiling projecteuler-rs v0.1.0 (/opt/rustwide/workdir)
[INFO] [stdout] warning: 2 warnings emitted
[INFO] [stdout] 
[INFO] [stdout] 
[INFO] [stdout] warning: unnecessary trailing semicolon
[INFO] [stdout]    --> /opt/rustwide/cargo-home/registry/src/github.com-1ecc6299db9ec823/interleave-1.0.1/src/lib.rs:110:4
[INFO] [stdout]     |
[INFO] [stdout] 110 |         );*
[INFO] [stdout]     |          ^ help: remove this semicolon
[INFO] [stdout]     |
[INFO] [stdout]     = note: `#[warn(redundant_semicolons)]` on by default
[INFO] [stdout] 
[INFO] [stdout] 
[INFO] [stdout] warning: unnecessary trailing semicolon
[INFO] [stdout]    --> /opt/rustwide/cargo-home/registry/src/github.com-1ecc6299db9ec823/interleave-1.0.1/src/lib.rs:110:4
[INFO] [stdout]     |
[INFO] [stdout] 110 |         );*
[INFO] [stdout]     |          ^ help: remove this semicolon
[INFO] [stdout] 
[INFO] [stdout] 
[INFO] [stdout] warning: 2 warnings emitted
[INFO] [stdout] 
[INFO] [stdout] 
[INFO] [stderr]     Finished dev [unoptimized + debuginfo] target(s) in 25.90s
[INFO] running `Command { std: "docker" "inspect" "2b8daf6ae13bacf8c4c0e392c4c12a002fc984b3eb868d897518654a8445449f", kill_on_drop: false }`
[INFO] running `Command { std: "docker" "rm" "-f" "2b8daf6ae13bacf8c4c0e392c4c12a002fc984b3eb868d897518654a8445449f", kill_on_drop: false }`
[INFO] [stdout] 2b8daf6ae13bacf8c4c0e392c4c12a002fc984b3eb868d897518654a8445449f
[INFO] running `Command { std: "docker" "create" "-v" "/var/lib/crater-agent-workspace/builds/worker-13/target:/opt/rustwide/target:rw,Z" "-v" "/var/lib/crater-agent-workspace/builds/worker-13/source:/opt/rustwide/workdir:ro,Z" "-v" "/var/lib/crater-agent-workspace/cargo-home:/opt/rustwide/cargo-home:ro,Z" "-v" "/var/lib/crater-agent-workspace/rustup-home:/opt/rustwide/rustup-home:ro,Z" "-e" "SOURCE_DIR=/opt/rustwide/workdir" "-e" "CARGO_TARGET_DIR=/opt/rustwide/target" "-e" "CARGO_INCREMENTAL=0" "-e" "RUST_BACKTRACE=full" "-e" "RUSTFLAGS=--cap-lints=warn" "-e" "CARGO_HOME=/opt/rustwide/cargo-home" "-e" "RUSTUP_HOME=/opt/rustwide/rustup-home" "-w" "/opt/rustwide/workdir" "-m" "1610612736" "--user" "0:0" "--network" "none" "ghcr.io/rust-lang/crates-build-env/linux@sha256:34b6a614d2c27851fe6cbf88fbd1137609cefab8b10d0615aaeb6fd47975d74e" "/opt/rustwide/cargo-home/bin/cargo" "+beta-2021-08-01" "test" "--frozen" "--no-run" "--message-format=json", kill_on_drop: false }`
[INFO] [stdout] a7832e475420ec651fb79831f3c68ba7fe66d14d77cc9e1beb41efb4c6579d56
[INFO] running `Command { std: "docker" "start" "-a" "a7832e475420ec651fb79831f3c68ba7fe66d14d77cc9e1beb41efb4c6579d56", kill_on_drop: false }`
[INFO] [stdout] warning: variable `N` should have a snake case name
[INFO] [stdout]   --> libs/mertens_recurrence/src/lib.rs:45:38
[INFO] [stdout]    |
[INFO] [stdout] 45 |     pub fn calculate_value_at(&self, N: u64) -> i64 {
[INFO] [stdout]    |                                      ^ help: convert the identifier to snake case: `n`
[INFO] [stdout]    |
[INFO] [stdout]    = note: `#[warn(non_snake_case)]` on by default
[INFO] [stdout] 
[INFO] [stdout] 
[INFO] [stdout] warning: variable `K` should have a snake case name
[INFO] [stdout]   --> libs/mertens_recurrence/src/lib.rs:48:13
[INFO] [stdout]    |
[INFO] [stdout] 48 |         let K = integer_sqrt(N);
[INFO] [stdout]    |             ^ help: convert the identifier to snake case (notice the capitalization): `k`
[INFO] [stdout] 
[INFO] [stdout] 
[INFO] [stdout] warning: variable `M` should have a snake case name
[INFO] [stdout]   --> libs/mertens_recurrence/src/lib.rs:49:13
[INFO] [stdout]    |
[INFO] [stdout] 49 |         let M = N / K;
[INFO] [stdout]    |             ^ help: convert the identifier to snake case: `m`
[INFO] [stdout] 
[INFO] [stdout] 
[INFO] [stdout] warning: 3 warnings emitted
[INFO] [stdout] 
[INFO] [stdout] 
[INFO] [stderr]    Compiling projecteuler-rs v0.1.0 (/opt/rustwide/workdir)
[INFO] [stdout] warning: function is never used: `set_on`
[INFO] [stdout]    --> libs/primesieve/src/segment.rs:107:8
[INFO] [stdout]     |
[INFO] [stdout] 107 | pub fn set_on(segment: &mut [u64], idx: u64) {
[INFO] [stdout]     |        ^^^^^^
[INFO] [stdout]     |
[INFO] [stdout]     = note: `#[warn(dead_code)]` on by default
[INFO] [stdout] 
[INFO] [stdout] 
[INFO] [stdout] warning: 1 warning emitted
[INFO] [stdout] 
[INFO] [stdout] 
[INFO] [stdout] warning: unused return value of `std::mem::replace` that must be used
[INFO] [stdout]    --> libs/continued_fractions/src/lib.rs:180:17
[INFO] [stdout]     |
[INFO] [stdout] 180 |                 replace(&mut self.numers.0, replace(&mut self.numers.1, next_numer.clone()));
[INFO] [stdout]     |                 ^^^^^^^^^^^^^^^^^^^^^^^^^^^^^^^^^^^^^^^^^^^^^^^^^^^^^^^^^^^^^^^^^^^^^^^^^^^^^
[INFO] [stdout]     |
[INFO] [stdout]     = note: `#[warn(unused_must_use)]` on by default
[INFO] [stdout]     = note: if you don't need the old value, you can just assign the new value directly
[INFO] [stdout] 
[INFO] [stdout] 
[INFO] [stdout] warning: unused return value of `std::mem::replace` that must be used
[INFO] [stdout]    --> libs/continued_fractions/src/lib.rs:181:17
[INFO] [stdout]     |
[INFO] [stdout] 181 |                 replace(&mut self.denoms.0, replace(&mut self.denoms.1, next_denom.clone()));
[INFO] [stdout]     |                 ^^^^^^^^^^^^^^^^^^^^^^^^^^^^^^^^^^^^^^^^^^^^^^^^^^^^^^^^^^^^^^^^^^^^^^^^^^^^^
[INFO] [stdout]     |
[INFO] [stdout]     = note: if you don't need the old value, you can just assign the new value directly
[INFO] [stdout] 
[INFO] [stdout] 
[INFO] [stdout] warning: 2 warnings emitted
[INFO] [stdout] 
[INFO] [stdout] 
[INFO] [stdout] warning: unnecessary trailing semicolon
[INFO] [stdout]    --> /opt/rustwide/cargo-home/registry/src/github.com-1ecc6299db9ec823/interleave-1.0.1/src/lib.rs:110:4
[INFO] [stdout]     |
[INFO] [stdout] 110 |         );*
[INFO] [stdout]     |          ^ help: remove this semicolon
[INFO] [stdout]     |
[INFO] [stdout]     = note: `#[warn(redundant_semicolons)]` on by default
[INFO] [stdout] 
[INFO] [stdout] 
[INFO] [stdout] warning: unnecessary trailing semicolon
[INFO] [stdout]    --> /opt/rustwide/cargo-home/registry/src/github.com-1ecc6299db9ec823/interleave-1.0.1/src/lib.rs:110:4
[INFO] [stdout]     |
[INFO] [stdout] 110 |         );*
[INFO] [stdout]     |          ^ help: remove this semicolon
[INFO] [stdout] 
[INFO] [stdout] 
[INFO] [stdout] warning: 2 warnings emitted
[INFO] [stdout] 
[INFO] [stdout] 
[INFO] [stderr]     Finished test [unoptimized + debuginfo] target(s) in 14.64s
[INFO] running `Command { std: "docker" "inspect" "a7832e475420ec651fb79831f3c68ba7fe66d14d77cc9e1beb41efb4c6579d56", kill_on_drop: false }`
[INFO] running `Command { std: "docker" "rm" "-f" "a7832e475420ec651fb79831f3c68ba7fe66d14d77cc9e1beb41efb4c6579d56", kill_on_drop: false }`
[INFO] [stdout] a7832e475420ec651fb79831f3c68ba7fe66d14d77cc9e1beb41efb4c6579d56
[INFO] running `Command { std: "docker" "create" "-v" "/var/lib/crater-agent-workspace/builds/worker-13/target:/opt/rustwide/target:rw,Z" "-v" "/var/lib/crater-agent-workspace/builds/worker-13/source:/opt/rustwide/workdir:ro,Z" "-v" "/var/lib/crater-agent-workspace/cargo-home:/opt/rustwide/cargo-home:ro,Z" "-v" "/var/lib/crater-agent-workspace/rustup-home:/opt/rustwide/rustup-home:ro,Z" "-e" "SOURCE_DIR=/opt/rustwide/workdir" "-e" "CARGO_TARGET_DIR=/opt/rustwide/target" "-e" "CARGO_INCREMENTAL=0" "-e" "RUST_BACKTRACE=full" "-e" "RUSTFLAGS=--cap-lints=warn" "-e" "CARGO_HOME=/opt/rustwide/cargo-home" "-e" "RUSTUP_HOME=/opt/rustwide/rustup-home" "-w" "/opt/rustwide/workdir" "-m" "1610612736" "--user" "0:0" "--network" "none" "ghcr.io/rust-lang/crates-build-env/linux@sha256:34b6a614d2c27851fe6cbf88fbd1137609cefab8b10d0615aaeb6fd47975d74e" "/opt/rustwide/cargo-home/bin/cargo" "+beta-2021-08-01" "test" "--frozen", kill_on_drop: false }`
[INFO] [stdout] 4bf947840ce4cb5dad0084b39f6d494924cdb6227a76c61888d02228c2b639cc
[INFO] running `Command { std: "docker" "start" "-a" "4bf947840ce4cb5dad0084b39f6d494924cdb6227a76c61888d02228c2b639cc", kill_on_drop: false }`
[INFO] [stderr] warning: function is never used: `set_on`
[INFO] [stderr]    --> libs/primesieve/src/segment.rs:107:8
[INFO] [stderr]     |
[INFO] [stderr] 107 | pub fn set_on(segment: &mut [u64], idx: u64) {
[INFO] [stderr]     |        ^^^^^^
[INFO] [stderr]     |
[INFO] [stderr]     = note: `#[warn(dead_code)]` on by default
[INFO] [stderr] 
[INFO] [stderr] warning: variable `N` should have a snake case name
[INFO] [stderr]   --> libs/mertens_recurrence/src/lib.rs:45:38
[INFO] [stderr]    |
[INFO] [stderr] 45 |     pub fn calculate_value_at(&self, N: u64) -> i64 {
[INFO] [stderr]    |                                      ^ help: convert the identifier to snake case: `n`
[INFO] [stderr]    |
[INFO] [stderr]    = note: `#[warn(non_snake_case)]` on by default
[INFO] [stderr] 
[INFO] [stderr] warning: variable `K` should have a snake case name
[INFO] [stderr]   --> libs/mertens_recurrence/src/lib.rs:48:13
[INFO] [stderr]    |
[INFO] [stderr] 48 |         let K = integer_sqrt(N);
[INFO] [stderr]    |             ^ help: convert the identifier to snake case (notice the capitalization): `k`
[INFO] [stderr] 
[INFO] [stderr] warning: variable `M` should have a snake case name
[INFO] [stderr]   --> libs/mertens_recurrence/src/lib.rs:49:13
[INFO] [stderr]    |
[INFO] [stderr] 49 |         let M = N / K;
[INFO] [stderr]    |             ^ help: convert the identifier to snake case: `m`
[INFO] [stderr] 
[INFO] [stderr] warning: `primesieve` (lib) generated 1 warning
[INFO] [stderr] warning: `mertens_recurrence` (lib) generated 3 warnings
[INFO] [stderr] warning: unused return value of `std::mem::replace` that must be used
[INFO] [stderr]    --> libs/continued_fractions/src/lib.rs:180:17
[INFO] [stderr]     |
[INFO] [stderr] 180 |                 replace(&mut self.numers.0, replace(&mut self.numers.1, next_numer.clone()));
[INFO] [stderr]     |                 ^^^^^^^^^^^^^^^^^^^^^^^^^^^^^^^^^^^^^^^^^^^^^^^^^^^^^^^^^^^^^^^^^^^^^^^^^^^^^
[INFO] [stderr]     |
[INFO] [stderr]     = note: `#[warn(unused_must_use)]` on by default
[INFO] [stderr]     = note: if you don't need the old value, you can just assign the new value directly
[INFO] [stderr] 
[INFO] [stderr] warning: unused return value of `std::mem::replace` that must be used
[INFO] [stderr]    --> libs/continued_fractions/src/lib.rs:181:17
[INFO] [stderr]     |
[INFO] [stderr] 181 |                 replace(&mut self.denoms.0, replace(&mut self.denoms.1, next_denom.clone()));
[INFO] [stderr]     |                 ^^^^^^^^^^^^^^^^^^^^^^^^^^^^^^^^^^^^^^^^^^^^^^^^^^^^^^^^^^^^^^^^^^^^^^^^^^^^^
[INFO] [stderr]     |
[INFO] [stderr]     = note: if you don't need the old value, you can just assign the new value directly
[INFO] [stderr] 
[INFO] [stderr] warning: `continued_fractions` (lib) generated 2 warnings
[INFO] [stderr] warning: unnecessary trailing semicolon
[INFO] [stderr]    --> /opt/rustwide/cargo-home/registry/src/github.com-1ecc6299db9ec823/interleave-1.0.1/src/lib.rs:110:4
[INFO] [stderr]     |
[INFO] [stderr] 110 |         );*
[INFO] [stderr]     |          ^ help: remove this semicolon
[INFO] [stderr]     |
[INFO] [stderr]     = note: `#[warn(redundant_semicolons)]` on by default
[INFO] [stderr] 
[INFO] [stderr] warning: unnecessary trailing semicolon
[INFO] [stderr]    --> /opt/rustwide/cargo-home/registry/src/github.com-1ecc6299db9ec823/interleave-1.0.1/src/lib.rs:110:4
[INFO] [stderr]     |
[INFO] [stderr] 110 |         );*
[INFO] [stderr]     |          ^ help: remove this semicolon
[INFO] [stderr] 
[INFO] [stderr] warning: `projecteuler-rs` (bin "problem065" test) generated 2 warnings
[INFO] [stderr]     Finished test [unoptimized + debuginfo] target(s) in 0.31s
[INFO] [stderr]      Running unittests (/opt/rustwide/target/debug/deps/projecteuler_rs-c451306fcafc781c)
[INFO] [stdout] 
[INFO] [stdout] running 0 tests
[INFO] [stdout] 
[INFO] [stdout] test result: ok. 0 passed; 0 failed; 0 ignored; 0 measured; 0 filtered out; finished in 0.00s
[INFO] [stdout] 
[INFO] [stderr]      Running unittests (/opt/rustwide/target/debug/deps/problem001-523ef8032ce64c39)
[INFO] [stdout] 
[INFO] [stdout] running 1 test
[INFO] [stdout] test tests::test ... ok
[INFO] [stdout] 
[INFO] [stdout] test result: ok. 1 passed; 0 failed; 0 ignored; 0 measured; 0 filtered out; finished in 0.00s
[INFO] [stdout] 
[INFO] [stderr]      Running unittests (/opt/rustwide/target/debug/deps/problem002-bb143b4c03d7a08a)
[INFO] [stdout] 
[INFO] [stdout] running 1 test
[INFO] [stdout] test tests::test ... ok
[INFO] [stdout] 
[INFO] [stdout] test result: ok. 1 passed; 0 failed; 0 ignored; 0 measured; 0 filtered out; finished in 0.00s
[INFO] [stdout] 
[INFO] [stderr]      Running unittests (/opt/rustwide/target/debug/deps/problem003-0faa78b7ff74d0cb)
[INFO] [stdout] 
[INFO] [stdout] running 1 test
[INFO] [stdout] test tests::test ... ok
[INFO] [stdout] 
[INFO] [stdout] test result: ok. 1 passed; 0 failed; 0 ignored; 0 measured; 0 filtered out; finished in 0.01s
[INFO] [stdout] 
[INFO] [stderr]      Running unittests (/opt/rustwide/target/debug/deps/problem004-17d70825b02f91f2)
[INFO] [stdout] 
[INFO] [stdout] running 1 test
[INFO] [stdout] test tests::test ... ok
[INFO] [stdout] 
[INFO] [stdout] test result: ok. 1 passed; 0 failed; 0 ignored; 0 measured; 0 filtered out; finished in 0.01s
[INFO] [stdout] 
[INFO] [stderr]      Running unittests (/opt/rustwide/target/debug/deps/problem005-31ac322b74dfcc06)
[INFO] [stdout] 
[INFO] [stdout] running 1 test
[INFO] [stdout] test tests::test ... ok
[INFO] [stdout] 
[INFO] [stdout] test result: ok. 1 passed; 0 failed; 0 ignored; 0 measured; 0 filtered out; finished in 0.00s
[INFO] [stdout] 
[INFO] [stderr]      Running unittests (/opt/rustwide/target/debug/deps/problem006-4355099c17b51a46)
[INFO] [stdout] 
[INFO] [stdout] running 1 test
[INFO] [stdout] test tests::test ... ok
[INFO] [stdout] 
[INFO] [stdout] test result: ok. 1 passed; 0 failed; 0 ignored; 0 measured; 0 filtered out; finished in 0.00s
[INFO] [stdout] 
[INFO] [stderr]      Running unittests (/opt/rustwide/target/debug/deps/problem007-f616152227649d42)
[INFO] [stdout] 
[INFO] [stdout] running 1 test
[INFO] [stdout] test tests::test ... ok
[INFO] [stdout] 
[INFO] [stdout] test result: ok. 1 passed; 0 failed; 0 ignored; 0 measured; 0 filtered out; finished in 0.00s
[INFO] [stdout] 
[INFO] [stderr]      Running unittests (/opt/rustwide/target/debug/deps/problem008-f0a8b7696c845563)
[INFO] [stdout] 
[INFO] [stdout] running 1 test
[INFO] [stdout] test tests::test ... ok
[INFO] [stdout] 
[INFO] [stdout] test result: ok. 1 passed; 0 failed; 0 ignored; 0 measured; 0 filtered out; finished in 0.00s
[INFO] [stdout] 
[INFO] [stderr]      Running unittests (/opt/rustwide/target/debug/deps/problem009-a8e3378125cb750f)
[INFO] [stdout] 
[INFO] [stdout] running 1 test
[INFO] [stdout] test tests::test ... ok
[INFO] [stdout] 
[INFO] [stdout] test result: ok. 1 passed; 0 failed; 0 ignored; 0 measured; 0 filtered out; finished in 0.01s
[INFO] [stdout] 
[INFO] [stderr]      Running unittests (/opt/rustwide/target/debug/deps/problem010-60bace8b9f80a114)
[INFO] [stdout] 
[INFO] [stdout] running 1 test
[INFO] [stdout] test tests::test ... ok
[INFO] [stdout] 
[INFO] [stdout] test result: ok. 1 passed; 0 failed; 0 ignored; 0 measured; 0 filtered out; finished in 0.03s
[INFO] [stdout] 
[INFO] [stderr]      Running unittests (/opt/rustwide/target/debug/deps/problem011-239e7d34aac41619)
[INFO] [stdout] 
[INFO] [stdout] running 1 test
[INFO] [stdout] test tests::test ... ok
[INFO] [stdout] 
[INFO] [stdout] test result: ok. 1 passed; 0 failed; 0 ignored; 0 measured; 0 filtered out; finished in 0.00s
[INFO] [stdout] 
[INFO] [stderr]      Running unittests (/opt/rustwide/target/debug/deps/problem012-fb0f0e7aed596181)
[INFO] [stdout] 
[INFO] [stdout] running 1 test
[INFO] [stdout] test tests::test ... ok
[INFO] [stdout] 
[INFO] [stdout] test result: ok. 1 passed; 0 failed; 0 ignored; 0 measured; 0 filtered out; finished in 0.05s
[INFO] [stdout] 
[INFO] [stderr]      Running unittests (/opt/rustwide/target/debug/deps/problem013-db64f8079a5c3d85)
[INFO] [stdout] 
[INFO] [stdout] running 1 test
[INFO] [stdout] test tests::test ... ok
[INFO] [stdout] 
[INFO] [stdout] test result: ok. 1 passed; 0 failed; 0 ignored; 0 measured; 0 filtered out; finished in 0.01s
[INFO] [stdout] 
[INFO] [stderr]      Running unittests (/opt/rustwide/target/debug/deps/problem014-4024306642c18044)
[INFO] [stdout] 
[INFO] [stdout] running 1 test
[INFO] [stdout] test tests::test ... ok
[INFO] [stdout] 
[INFO] [stdout] test result: ok. 1 passed; 0 failed; 0 ignored; 0 measured; 0 filtered out; finished in 0.60s
[INFO] [stdout] 
[INFO] [stderr]      Running unittests (/opt/rustwide/target/debug/deps/problem015-eb50dc2c9f497e26)
[INFO] [stdout] 
[INFO] [stderr]      Running unittests (/opt/rustwide/target/debug/deps/problem016-cdd198b38f765f40)
[INFO] [stdout] running 1 test
[INFO] [stdout] test tests::test ... ok
[INFO] [stdout] 
[INFO] [stdout] test result: ok. 1 passed; 0 failed; 0 ignored; 0 measured; 0 filtered out; finished in 0.00s
[INFO] [stdout] 
[INFO] [stdout] 
[INFO] [stdout] running 1 test
[INFO] [stdout] test tests::test ... ok
[INFO] [stdout] 
[INFO] [stdout] test result: ok. 1 passed; 0 failed; 0 ignored; 0 measured; 0 filtered out; finished in 0.00s
[INFO] [stdout] 
[INFO] [stderr]      Running unittests (/opt/rustwide/target/debug/deps/problem017-de822a443f3e5d76)
[INFO] [stdout] 
[INFO] [stdout] running 1 test
[INFO] [stdout] test tests::test ... ok
[INFO] [stdout] 
[INFO] [stdout] test result: ok. 1 passed; 0 failed; 0 ignored; 0 measured; 0 filtered out; finished in 0.00s
[INFO] [stdout] 
[INFO] [stderr]      Running unittests (/opt/rustwide/target/debug/deps/problem018-028bec4e93ddef35)
[INFO] [stdout] 
[INFO] [stderr]      Running unittests (/opt/rustwide/target/debug/deps/problem019-b974f3eeaa09d592)
[INFO] [stdout] running 1 test
[INFO] [stdout] test tests::test ... ok
[INFO] [stdout] 
[INFO] [stdout] test result: ok. 1 passed; 0 failed; 0 ignored; 0 measured; 0 filtered out; finished in 0.00s
[INFO] [stdout] 
[INFO] [stdout] 
[INFO] [stdout] running 1 test
[INFO] [stderr]      Running unittests (/opt/rustwide/target/debug/deps/problem020-0a4fafa93b6f673b)
[INFO] [stdout] test tests::test ... ok
[INFO] [stdout] 
[INFO] [stdout] test result: ok. 1 passed; 0 failed; 0 ignored; 0 measured; 0 filtered out; finished in 0.00s
[INFO] [stdout] 
[INFO] [stdout] 
[INFO] [stdout] running 1 test
[INFO] [stderr]      Running unittests (/opt/rustwide/target/debug/deps/problem021-3b0c270d6ae789b9)
[INFO] [stdout] test tests::test ... ok
[INFO] [stdout] 
[INFO] [stdout] test result: ok. 1 passed; 0 failed; 0 ignored; 0 measured; 0 filtered out; finished in 0.00s
[INFO] [stdout] 
[INFO] [stdout] 
[INFO] [stdout] running 1 test
[INFO] [stderr]      Running unittests (/opt/rustwide/target/debug/deps/problem022-ab78edf8f00263b0)
[INFO] [stdout] test tests::test ... ok
[INFO] [stdout] 
[INFO] [stdout] test result: ok. 1 passed; 0 failed; 0 ignored; 0 measured; 0 filtered out; finished in 0.04s
[INFO] [stdout] 
[INFO] [stdout] 
[INFO] [stdout] running 1 test
[INFO] [stderr]      Running unittests (/opt/rustwide/target/debug/deps/problem023-1f0d2695b4ac112f)
[INFO] [stdout] test tests::test ... ok
[INFO] [stdout] 
[INFO] [stdout] test result: ok. 1 passed; 0 failed; 0 ignored; 0 measured; 0 filtered out; finished in 0.03s
[INFO] [stdout] 
[INFO] [stdout] 
[INFO] [stdout] running 1 test
[INFO] [stdout] test tests::test ... ok
[INFO] [stdout] 
[INFO] [stdout] test result: ok. 1 passed; 0 failed; 0 ignored; 0 measured; 0 filtered out; finished in 0.71s
[INFO] [stdout] 
[INFO] [stderr]      Running unittests (/opt/rustwide/target/debug/deps/problem024-0be067bba9b926d4)
[INFO] [stdout] 
[INFO] [stdout] running 1 test
[INFO] [stdout] test tests::test ... ok
[INFO] [stdout] 
[INFO] [stdout] test result: ok. 1 passed; 0 failed; 0 ignored; 0 measured; 0 filtered out; finished in 0.00s
[INFO] [stdout] 
[INFO] [stderr]      Running unittests (/opt/rustwide/target/debug/deps/problem025-1a250a5ca2e58652)
[INFO] [stdout] 
[INFO] [stdout] running 1 test
[INFO] [stdout] test tests::test ... ok
[INFO] [stdout] 
[INFO] [stdout] test result: ok. 1 passed; 0 failed; 0 ignored; 0 measured; 0 filtered out; finished in 0.00s
[INFO] [stdout] 
[INFO] [stderr]      Running unittests (/opt/rustwide/target/debug/deps/problem026-11b06ece4f29fefb)
[INFO] [stdout] 
[INFO] [stdout] running 1 test
[INFO] [stderr]      Running unittests (/opt/rustwide/target/debug/deps/problem027-cc9b3fb06d345521)
[INFO] [stdout] test tests::test ... ok
[INFO] [stdout] 
[INFO] [stdout] test result: ok. 1 passed; 0 failed; 0 ignored; 0 measured; 0 filtered out; finished in 0.00s
[INFO] [stdout] 
[INFO] [stdout] 
[INFO] [stdout] running 1 test
[INFO] [stderr]      Running unittests (/opt/rustwide/target/debug/deps/problem028-08078c22dc766d6f)
[INFO] [stdout] test tests::test ... ok
[INFO] [stdout] 
[INFO] [stdout] test result: ok. 1 passed; 0 failed; 0 ignored; 0 measured; 0 filtered out; finished in 0.22s
[INFO] [stdout] 
[INFO] [stderr]      Running unittests (/opt/rustwide/target/debug/deps/problem029-627c37264f72398d)
[INFO] [stdout] 
[INFO] [stdout] running 1 test
[INFO] [stdout] test tests::test ... ok
[INFO] [stdout] 
[INFO] [stdout] test result: ok. 1 passed; 0 failed; 0 ignored; 0 measured; 0 filtered out; finished in 0.00s
[INFO] [stdout] 
[INFO] [stdout] 
[INFO] [stdout] running 1 test
[INFO] [stderr]      Running unittests (/opt/rustwide/target/debug/deps/problem030-7de15a3b20bb3439)
[INFO] [stdout] test tests::test ... ok
[INFO] [stdout] 
[INFO] [stdout] test result: ok. 1 passed; 0 failed; 0 ignored; 0 measured; 0 filtered out; finished in 0.06s
[INFO] [stdout] 
[INFO] [stdout] 
[INFO] [stdout] running 1 test
[INFO] [stderr]      Running unittests (/opt/rustwide/target/debug/deps/problem031-bbbd92f6d04247f8)
[INFO] [stdout] test tests::test ... ok
[INFO] [stdout] 
[INFO] [stdout] test result: ok. 1 passed; 0 failed; 0 ignored; 0 measured; 0 filtered out; finished in 0.04s
[INFO] [stdout] 
[INFO] [stdout] 
[INFO] [stdout] running 1 test
[INFO] [stdout] test tests::test ... ok
[INFO] [stdout] 
[INFO] [stdout] test result: ok. 1 passed; 0 failed; 0 ignored; 0 measured; 0 filtered out; finished in 0.00s
[INFO] [stdout] 
[INFO] [stderr]      Running unittests (/opt/rustwide/target/debug/deps/problem032-1872ae43ec53cf5c)
[INFO] [stdout] 
[INFO] [stdout] running 1 test
[INFO] [stdout] test tests::test ... ok
[INFO] [stderr]      Running unittests (/opt/rustwide/target/debug/deps/problem033-ab8bdd33cf1d1ac2)
[INFO] [stdout] 
[INFO] [stdout] test result: ok. 1 passed; 0 failed; 0 ignored; 0 measured; 0 filtered out; finished in 0.19s
[INFO] [stdout] 
[INFO] [stderr]      Running unittests (/opt/rustwide/target/debug/deps/problem034-92360e1df4922b0e)
[INFO] [stdout] 
[INFO] [stdout] running 1 test
[INFO] [stdout] test tests::test ... ok
[INFO] [stdout] 
[INFO] [stdout] test result: ok. 1 passed; 0 failed; 0 ignored; 0 measured; 0 filtered out; finished in 0.00s
[INFO] [stdout] 
[INFO] [stdout] 
[INFO] [stdout] running 1 test
[INFO] [stderr]      Running unittests (/opt/rustwide/target/debug/deps/problem035-10aaa162801f6816)
[INFO] [stdout] test tests::test ... ok
[INFO] [stdout] 
[INFO] [stdout] test result: ok. 1 passed; 0 failed; 0 ignored; 0 measured; 0 filtered out; finished in 0.24s
[INFO] [stdout] 
[INFO] [stdout] 
[INFO] [stdout] running 1 test
[INFO] [stdout] test tests::test ... ok
[INFO] [stdout] 
[INFO] [stdout] test result: ok. 1 passed; 0 failed; 0 ignored; 0 measured; 0 filtered out; finished in 0.03s
[INFO] [stdout] 
[INFO] [stderr]      Running unittests (/opt/rustwide/target/debug/deps/problem036-3eeb26a287dfad12)
[INFO] [stdout] 
[INFO] [stdout] running 1 test
[INFO] [stderr]      Running unittests (/opt/rustwide/target/debug/deps/problem037-ab979d5dabeb517c)
[INFO] [stdout] test tests::test ... ok
[INFO] [stdout] 
[INFO] [stdout] test result: ok. 1 passed; 0 failed; 0 ignored; 0 measured; 0 filtered out; finished in 0.01s
[INFO] [stdout] 
[INFO] [stdout] 
[INFO] [stdout] running 1 test
[INFO] [stderr]      Running unittests (/opt/rustwide/target/debug/deps/problem038-3eaa9ea04559db9e)
[INFO] [stdout] test tests::test ... ok
[INFO] [stdout] 
[INFO] [stdout] test result: ok. 1 passed; 0 failed; 0 ignored; 0 measured; 0 filtered out; finished in 0.01s
[INFO] [stdout] 
[INFO] [stdout] 
[INFO] [stdout] running 1 test
[INFO] [stderr]      Running unittests (/opt/rustwide/target/debug/deps/problem039-67b6379a64450057)
[INFO] [stdout] test tests::test ... ok
[INFO] [stdout] 
[INFO] [stdout] test result: ok. 1 passed; 0 failed; 0 ignored; 0 measured; 0 filtered out; finished in 0.03s
[INFO] [stdout] 
[INFO] [stdout] 
[INFO] [stdout] running 1 test
[INFO] [stderr]      Running unittests (/opt/rustwide/target/debug/deps/problem040-50efa3848c973237)
[INFO] [stdout] test tests::test ... ok
[INFO] [stdout] 
[INFO] [stdout] test result: ok. 1 passed; 0 failed; 0 ignored; 0 measured; 0 filtered out; finished in 0.00s
[INFO] [stdout] 
[INFO] [stdout] 
[INFO] [stdout] running 1 test
[INFO] [stderr]      Running unittests (/opt/rustwide/target/debug/deps/problem041-d22b66f973f0edc8)
[INFO] [stdout] test tests::test ... ok
[INFO] [stderr]      Running unittests (/opt/rustwide/target/debug/deps/problem042-c75eb871b9a793c4)
[INFO] [stdout] 
[INFO] [stdout] test result: ok. 1 passed; 0 failed; 0 ignored; 0 measured; 0 filtered out; finished in 0.00s
[INFO] [stdout] 
[INFO] [stdout] 
[INFO] [stdout] running 1 test
[INFO] [stdout] test tests::test ... ok
[INFO] [stdout] 
[INFO] [stdout] test result: ok. 1 passed; 0 failed; 0 ignored; 0 measured; 0 filtered out; finished in 0.00s
[INFO] [stdout] 
[INFO] [stdout] 
[INFO] [stdout] running 1 test
[INFO] [stderr]      Running unittests (/opt/rustwide/target/debug/deps/problem043-252a4aa1e563bb7b)
[INFO] [stdout] test tests::test ... ok
[INFO] [stdout] 
[INFO] [stdout] test result: ok. 1 passed; 0 failed; 0 ignored; 0 measured; 0 filtered out; finished in 0.01s
[INFO] [stdout] 
[INFO] [stdout] 
[INFO] [stdout] running 1 test
[INFO] [stderr]      Running unittests (/opt/rustwide/target/debug/deps/problem044-e3cfb7edb9d7308d)
[INFO] [stdout] test tests::test ... ok
[INFO] [stdout] 
[INFO] [stdout] test result: ok. 1 passed; 0 failed; 0 ignored; 0 measured; 0 filtered out; finished in 0.13s
[INFO] [stdout] 
[INFO] [stdout] 
[INFO] [stdout] running 1 test
[INFO] [stdout] test tests::test ... ok
[INFO] [stdout] 
[INFO] [stdout] test result: ok. 1 passed; 0 failed; 0 ignored; 0 measured; 0 filtered out; finished in 2.89s
[INFO] [stdout] 
[INFO] [stderr]      Running unittests (/opt/rustwide/target/debug/deps/problem045-556a984e32f1c646)
[INFO] [stdout] 
[INFO] [stdout] running 1 test
[INFO] [stdout] test tests::test ... ok
[INFO] [stdout] 
[INFO] [stdout] test result: ok. 1 passed; 0 failed; 0 ignored; 0 measured; 0 filtered out; finished in 0.00s
[INFO] [stdout] 
[INFO] [stderr]      Running unittests (/opt/rustwide/target/debug/deps/problem046-c95d7ce824bb9572)
[INFO] [stdout] 
[INFO] [stdout] running 1 test
[INFO] [stdout] test tests::test ... ok
[INFO] [stdout] 
[INFO] [stdout] test result: ok. 1 passed; 0 failed; 0 ignored; 0 measured; 0 filtered out; finished in 0.09s
[INFO] [stdout] 
[INFO] [stderr]      Running unittests (/opt/rustwide/target/debug/deps/problem047-24f58627d1816447)
[INFO] [stdout] 
[INFO] [stdout] running 1 test
[INFO] [stdout] test tests::test ... ok
[INFO] [stdout] 
[INFO] [stdout] test result: ok. 1 passed; 0 failed; 0 ignored; 0 measured; 0 filtered out; finished in 0.28s
[INFO] [stdout] 
[INFO] [stderr]      Running unittests (/opt/rustwide/target/debug/deps/problem048-36ed8c294a5cccd2)
[INFO] [stdout] 
[INFO] [stdout] running 1 test
[INFO] [stdout] test tests::test ... ok
[INFO] [stdout] 
[INFO] [stdout] test result: ok. 1 passed; 0 failed; 0 ignored; 0 measured; 0 filtered out; finished in 0.00s
[INFO] [stdout] 
[INFO] [stderr]      Running unittests (/opt/rustwide/target/debug/deps/problem049-8cf2efd56d50c562)
[INFO] [stdout] 
[INFO] [stdout] running 1 test
[INFO] [stderr]      Running unittests (/opt/rustwide/target/debug/deps/problem050-22104292fba4fa5a)
[INFO] [stdout] test tests::test ... ok
[INFO] [stdout] 
[INFO] [stdout] test result: ok. 1 passed; 0 failed; 0 ignored; 0 measured; 0 filtered out; finished in 0.08s
[INFO] [stdout] 
[INFO] [stdout] 
[INFO] [stdout] running 1 test
[INFO] [stdout] test tests::test ... ok
[INFO] [stdout] 
[INFO] [stdout] test result: ok. 1 passed; 0 failed; 0 ignored; 0 measured; 0 filtered out; finished in 0.06s
[INFO] [stdout] 
[INFO] [stderr]      Running unittests (/opt/rustwide/target/debug/deps/problem051-f63ebb6a579197e7)
[INFO] [stdout] 
[INFO] [stdout] running 1 test
[INFO] [stdout] test tests::test ... ok
[INFO] [stdout] 
[INFO] [stdout] test result: ok. 1 passed; 0 failed; 0 ignored; 0 measured; 0 filtered out; finished in 1.15s
[INFO] [stdout] 
[INFO] [stderr]      Running unittests (/opt/rustwide/target/debug/deps/problem052-1fe2997edb4df2b1)
[INFO] [stdout] 
[INFO] [stdout] running 1 test
[INFO] [stderr]      Running unittests (/opt/rustwide/target/debug/deps/problem053-760e766e97a155ec)
[INFO] [stdout] test tests::test ... ok
[INFO] [stdout] 
[INFO] [stdout] test result: ok. 1 passed; 0 failed; 0 ignored; 0 measured; 0 filtered out; finished in 0.01s
[INFO] [stdout] 
[INFO] [stdout] 
[INFO] [stdout] running 1 test
[INFO] [stdout] test tests::test ... ok
[INFO] [stdout] 
[INFO] [stdout] test result: ok. 1 passed; 0 failed; 0 ignored; 0 measured; 0 filtered out; finished in 0.00s
[INFO] [stdout] 
[INFO] [stderr]      Running unittests (/opt/rustwide/target/debug/deps/problem054-b11597e5f9f3ac8d)
[INFO] [stdout] 
[INFO] [stdout] running 1 test
[INFO] [stdout] test tests::test ... ok
[INFO] [stdout] 
[INFO] [stdout] test result: ok. 1 passed; 0 failed; 0 ignored; 0 measured; 0 filtered out; finished in 0.07s
[INFO] [stdout] 
[INFO] [stderr]      Running unittests (/opt/rustwide/target/debug/deps/problem055-31252dc0f84af0f5)
[INFO] [stdout] 
[INFO] [stdout] running 1 test
[INFO] [stdout] test tests::test ... ok
[INFO] [stdout] 
[INFO] [stdout] test result: ok. 1 passed; 0 failed; 0 ignored; 0 measured; 0 filtered out; finished in 0.51s
[INFO] [stdout] 
[INFO] [stderr]      Running unittests (/opt/rustwide/target/debug/deps/problem056-7e5d1720fc036674)
[INFO] [stdout] 
[INFO] [stdout] running 1 test
[INFO] [stderr]      Running unittests (/opt/rustwide/target/debug/deps/problem057-c257b8e05ff6d9ce)
[INFO] [stdout] test tests::test ... ok
[INFO] [stdout] 
[INFO] [stdout] test result: ok. 1 passed; 0 failed; 0 ignored; 0 measured; 0 filtered out; finished in 0.45s
[INFO] [stdout] 
[INFO] [stdout] 
[INFO] [stdout] running 1 test
[INFO] [stderr]      Running unittests (/opt/rustwide/target/debug/deps/problem058-5fb36ee79e5151f4)
[INFO] [stdout] test tests::test ... ok
[INFO] [stdout] 
[INFO] [stdout] test result: ok. 1 passed; 0 failed; 0 ignored; 0 measured; 0 filtered out; finished in 0.12s
[INFO] [stdout] 
[INFO] [stdout] 
[INFO] [stdout] running 1 test
[INFO] [stderr]      Running unittests (/opt/rustwide/target/debug/deps/problem059-9e7717f0a91a0aa0)
[INFO] [stdout] test tests::test ... ok
[INFO] [stdout] 
[INFO] [stdout] test result: ok. 1 passed; 0 failed; 0 ignored; 0 measured; 0 filtered out; finished in 0.65s
[INFO] [stdout] 
[INFO] [stdout] 
[INFO] [stdout] running 1 test
[INFO] [stdout] test tests::test ... ok
[INFO] [stdout] 
[INFO] [stdout] test result: ok. 1 passed; 0 failed; 0 ignored; 0 measured; 0 filtered out; finished in 0.00s
[INFO] [stdout] 
[INFO] [stderr]      Running unittests (/opt/rustwide/target/debug/deps/problem060-3f5bec15f9d09917)
[INFO] [stdout] 
[INFO] [stdout] running 1 test
[INFO] [stdout] test tests::test ... ok
[INFO] [stdout] 
[INFO] [stdout] test result: ok. 1 passed; 0 failed; 0 ignored; 0 measured; 0 filtered out; finished in 4.48s
[INFO] [stdout] 
[INFO] [stderr]      Running unittests (/opt/rustwide/target/debug/deps/problem061-9eb287b6b3a8f9a8)
[INFO] [stdout] 
[INFO] [stdout] running 1 test
[INFO] [stderr]      Running unittests (/opt/rustwide/target/debug/deps/problem062-d20303cf71a17e57)
[INFO] [stdout] test tests::test ... ok
[INFO] [stdout] 
[INFO] [stdout] test result: ok. 1 passed; 0 failed; 0 ignored; 0 measured; 0 filtered out; finished in 0.02s
[INFO] [stdout] 
[INFO] [stdout] 
[INFO] [stdout] running 1 test
[INFO] [stdout] test tests::test ... ok
[INFO] [stderr]      Running unittests (/opt/rustwide/target/debug/deps/problem063-4f3428f5a2343fdf)
[INFO] [stdout] 
[INFO] [stdout] test result: ok. 1 passed; 0 failed; 0 ignored; 0 measured; 0 filtered out; finished in 0.08s
[INFO] [stdout] 
[INFO] [stdout] 
[INFO] [stdout] running 1 test
[INFO] [stdout] test tests::test ... ok
[INFO] [stdout] 
[INFO] [stdout] test result: ok. 1 passed; 0 failed; 0 ignored; 0 measured; 0 filtered out; finished in 0.00s
[INFO] [stdout] 
[INFO] [stderr]      Running unittests (/opt/rustwide/target/debug/deps/problem064-5faa909a905cef0b)
[INFO] [stdout] 
[INFO] [stdout] running 1 test
[INFO] [stdout] test tests::test ... ok
[INFO] [stdout] 
[INFO] [stdout] test result: ok. 1 passed; 0 failed; 0 ignored; 0 measured; 0 filtered out; finished in 0.05s
[INFO] [stdout] 
[INFO] [stderr]      Running unittests (/opt/rustwide/target/debug/deps/problem065-a9caa354b664315a)
[INFO] [stdout] 
[INFO] [stdout] running 1 test
[INFO] [stdout] test tests::test ... ok
[INFO] [stdout] 
[INFO] [stdout] test result: ok. 1 passed; 0 failed; 0 ignored; 0 measured; 0 filtered out; finished in 0.00s
[INFO] [stdout] 
[INFO] [stderr]      Running unittests (/opt/rustwide/target/debug/deps/problem066-e96c499dd0db10eb)
[INFO] [stdout] 
[INFO] [stdout] running 1 test
[INFO] [stdout] test tests::test ... ok
[INFO] [stdout] 
[INFO] [stdout] test result: ok. 1 passed; 0 failed; 0 ignored; 0 measured; 0 filtered out; finished in 0.06s
[INFO] [stdout] 
[INFO] [stderr]      Running unittests (/opt/rustwide/target/debug/deps/problem067-0500a1f759c1bd1e)
[INFO] [stdout] 
[INFO] [stdout] running 1 test
[INFO] [stdout] test tests::test ... ok
[INFO] [stdout] 
[INFO] [stdout] test result: ok. 1 passed; 0 failed; 0 ignored; 0 measured; 0 filtered out; finished in 0.01s
[INFO] [stdout] 
[INFO] [stderr]      Running unittests (/opt/rustwide/target/debug/deps/problem068-f7df7cab53821fcf)
[INFO] [stdout] 
[INFO] [stdout] running 1 test
[INFO] [stderr]      Running unittests (/opt/rustwide/target/debug/deps/problem069-03eeed3ebccb7d73)
[INFO] [stdout] test tests::test ... ok
[INFO] [stderr]      Running unittests (/opt/rustwide/target/debug/deps/problem070-c05a48b0c5a0571d)
[INFO] [stdout] 
[INFO] [stdout] test result: ok. 1 passed; 0 failed; 0 ignored; 0 measured; 0 filtered out; finished in 0.00s
[INFO] [stdout] 
[INFO] [stdout] 
[INFO] [stdout] running 1 test
[INFO] [stdout] test tests::test ... ok
[INFO] [stdout] 
[INFO] [stdout] test result: ok. 1 passed; 0 failed; 0 ignored; 0 measured; 0 filtered out; finished in 0.00s
[INFO] [stdout] 
[INFO] [stdout] 
[INFO] [stdout] running 1 test
[INFO] [stderr]      Running unittests (/opt/rustwide/target/debug/deps/problem071-e23ff3fd76052910)
[INFO] [stdout] test tests::test ... ok
[INFO] [stdout] 
[INFO] [stdout] test result: ok. 1 passed; 0 failed; 0 ignored; 0 measured; 0 filtered out; finished in 8.55s
[INFO] [stdout] 
[INFO] [stdout] 
[INFO] [stdout] running 1 test
[INFO] [stdout] test tests::test ... ok
[INFO] [stdout] 
[INFO] [stdout] test result: ok. 1 passed; 0 failed; 0 ignored; 0 measured; 0 filtered out; finished in 0.06s
[INFO] [stdout] 
[INFO] [stderr]      Running unittests (/opt/rustwide/target/debug/deps/problem072-e380745439c70061)
[INFO] [stdout] 
[INFO] [stdout] running 1 test
[INFO] [stderr]      Running unittests (/opt/rustwide/target/debug/deps/problem073-b4bd1224cd926a7f)
[INFO] [stdout] test tests::test ... ok
[INFO] [stderr]      Running unittests (/opt/rustwide/target/debug/deps/problem074-4a28e89b6522bfc4)
[INFO] [stdout] 
[INFO] [stdout] test result: ok. 1 passed; 0 failed; 0 ignored; 0 measured; 0 filtered out; finished in 0.01s
[INFO] [stdout] 
[INFO] [stdout] 
[INFO] [stdout] running 1 test
[INFO] [stdout] test tests::test ... ok
[INFO] [stdout] 
[INFO] [stdout] test result: ok. 1 passed; 0 failed; 0 ignored; 0 measured; 0 filtered out; finished in 0.00s
[INFO] [stdout] 
[INFO] [stdout] 
[INFO] [stdout] running 1 test
[INFO] [stdout] test tests::test ... ok
[INFO] [stderr]      Running unittests (/opt/rustwide/target/debug/deps/problem075-a8f5d147b7484b91)
[INFO] [stdout] 
[INFO] [stdout] test result: ok. 1 passed; 0 failed; 0 ignored; 0 measured; 0 filtered out; finished in 4.88s
[INFO] [stdout] 
[INFO] [stdout] 
[INFO] [stdout] running 1 test
[INFO] [stdout] test tests::test ... ok
[INFO] [stdout] 
[INFO] [stdout] test result: ok. 1 passed; 0 failed; 0 ignored; 0 measured; 0 filtered out; finished in 0.33s
[INFO] [stdout] 
[INFO] [stderr]      Running unittests (/opt/rustwide/target/debug/deps/problem076-35dae11bd049a6b4)
[INFO] [stdout] 
[INFO] [stdout] running 1 test
[INFO] [stdout] test tests::test ... ok
[INFO] [stdout] 
[INFO] [stdout] test result: ok. 1 passed; 0 failed; 0 ignored; 0 measured; 0 filtered out; finished in 0.00s
[INFO] [stdout] 
[INFO] [stderr]      Running unittests (/opt/rustwide/target/debug/deps/problem077-c98b4bfc3cad75bc)
[INFO] [stdout] 
[INFO] [stdout] running 1 test
[INFO] [stdout] test tests::test ... ok
[INFO] [stdout] 
[INFO] [stdout] test result: ok. 1 passed; 0 failed; 0 ignored; 0 measured; 0 filtered out; finished in 0.01s
[INFO] [stdout] 
[INFO] [stderr]      Running unittests (/opt/rustwide/target/debug/deps/problem078-83140f204ec443b1)
[INFO] [stdout] 
[INFO] [stdout] running 1 test
[INFO] [stdout] test tests::test ... ok
[INFO] [stdout] 
[INFO] [stdout] test result: ok. 1 passed; 0 failed; 0 ignored; 0 measured; 0 filtered out; finished in 3.38s
[INFO] [stdout] 
[INFO] [stderr]      Running unittests (/opt/rustwide/target/debug/deps/problem079-9329775d4ddbd9e3)
[INFO] [stdout] 
[INFO] [stderr]      Running unittests (/opt/rustwide/target/debug/deps/problem080-50643ed5281372c5)
[INFO] [stdout] running 1 test
[INFO] [stdout] test tests::test ... ok
[INFO] [stdout] 
[INFO] [stdout] test result: ok. 1 passed; 0 failed; 0 ignored; 0 measured; 0 filtered out; finished in 0.00s
[INFO] [stdout] 
[INFO] [stdout] 
[INFO] [stdout] running 1 test
[INFO] [stderr]      Running unittests (/opt/rustwide/target/debug/deps/problem081-a0deef8b15125ec0)
[INFO] [stdout] test tests::test ... ok
[INFO] [stdout] 
[INFO] [stdout] test result: ok. 1 passed; 0 failed; 0 ignored; 0 measured; 0 filtered out; finished in 0.15s
[INFO] [stdout] 
[INFO] [stdout] 
[INFO] [stdout] running 1 test
[INFO] [stdout] test tests::test ... ok
[INFO] [stdout] 
[INFO] [stdout] test result: ok. 1 passed; 0 failed; 0 ignored; 0 measured; 0 filtered out; finished in 0.05s
[INFO] [stdout] 
[INFO] [stdout] 
[INFO] [stdout] running 1 test
[INFO] [stderr]      Running unittests (/opt/rustwide/target/debug/deps/problem082-a9a51e72a036b19d)
[INFO] [stdout] test tests::test ... ok
[INFO] [stdout] 
[INFO] [stdout] test result: ok. 1 passed; 0 failed; 0 ignored; 0 measured; 0 filtered out; finished in 0.07s
[INFO] [stdout] 
[INFO] [stdout] 
[INFO] [stdout] running 1 test
[INFO] [stderr]      Running unittests (/opt/rustwide/target/debug/deps/problem083-366f75d6c1ae6107)
[INFO] [stdout] test tests::test ... ok
[INFO] [stdout] 
[INFO] [stdout] test result: ok. 1 passed; 0 failed; 0 ignored; 0 measured; 0 filtered out; finished in 0.07s
[INFO] [stdout] 
[INFO] [stderr]      Running unittests (/opt/rustwide/target/debug/deps/problem084-88e7ddb6e786b758)
[INFO] [stdout] 
[INFO] [stdout] running 1 test
[INFO] [stdout] test tests::test ... ok
[INFO] [stdout] 
[INFO] [stdout] test result: ok. 1 passed; 0 failed; 0 ignored; 0 measured; 0 filtered out; finished in 4.85s
[INFO] [stdout] 
[INFO] [stderr]      Running unittests (/opt/rustwide/target/debug/deps/problem085-e891ee1e85fb3daf)
[INFO] [stdout] 
[INFO] [stdout] running 1 test
[INFO] [stdout] test tests::test ... ok
[INFO] [stdout] 
[INFO] [stdout] test result: ok. 1 passed; 0 failed; 0 ignored; 0 measured; 0 filtered out; finished in 0.00s
[INFO] [stdout] 
[INFO] [stderr]      Running unittests (/opt/rustwide/target/debug/deps/problem086-db30186f28651af9)
[INFO] [stdout] 
[INFO] [stdout] running 1 test
[INFO] [stdout] test tests::test ... ok
[INFO] [stdout] 
[INFO] [stdout] test result: ok. 1 passed; 0 failed; 0 ignored; 0 measured; 0 filtered out; finished in 0.57s
[INFO] [stdout] 
[INFO] [stderr]      Running unittests (/opt/rustwide/target/debug/deps/problem087-d7e144e24bc7b029)
[INFO] [stdout] 
[INFO] [stdout] running 1 test
[INFO] [stderr]      Running unittests (/opt/rustwide/target/debug/deps/problem088-d3ea2b829360dfa8)
[INFO] [stdout] test tests::test ... ok
[INFO] [stdout] 
[INFO] [stdout] test result: ok. 1 passed; 0 failed; 0 ignored; 0 measured; 0 filtered out; finished in 3.13s
[INFO] [stdout] 
[INFO] [stdout] 
[INFO] [stdout] running 1 test
[INFO] [stderr]      Running unittests (/opt/rustwide/target/debug/deps/problem089-a1f0b7c6e07dce41)
[INFO] [stdout] test tests::test ... ok
[INFO] [stdout] 
[INFO] [stdout] test result: ok. 1 passed; 0 failed; 0 ignored; 0 measured; 0 filtered out; finished in 0.72s
[INFO] [stdout] 
[INFO] [stdout] 
[INFO] [stdout] running 1 test
[INFO] [stdout] test tests::test ... FAILED
[INFO] [stdout] 
[INFO] [stdout] failures:
[INFO] [stdout] 
[INFO] [stdout] ---- tests::test stdout ----
[INFO] [stdout] thread 'tests::test' panicked at 'attempt to subtract with overflow', src/bin/problem089.rs:33:13
[INFO] [stdout] stack backtrace:
[INFO] [stdout]    0:     0x55776945ef70 - std::backtrace_rs::backtrace::libunwind::trace::hff4d1766e93f64f1
[INFO] [stdout]                                at /rustc/53fd98ca776cb875bc9e5514f56b52eb74f9e7a9/library/std/src/../../backtrace/src/backtrace/libunwind.rs:90:5
[INFO] [stdout]    1:     0x55776945ef70 - std::backtrace_rs::backtrace::trace_unsynchronized::h56bbc8eb78770bcb
[INFO] [stdout]                                at /rustc/53fd98ca776cb875bc9e5514f56b52eb74f9e7a9/library/std/src/../../backtrace/src/backtrace/mod.rs:66:5
[INFO] [stdout]    2:     0x55776945ef70 - std::sys_common::backtrace::_print_fmt::h5c8e75464faca780
[INFO] [stdout]                                at /rustc/53fd98ca776cb875bc9e5514f56b52eb74f9e7a9/library/std/src/sys_common/backtrace.rs:67:5
[INFO] [stdout]    3:     0x55776945ef70 - <std::sys_common::backtrace::_print::DisplayBacktrace as core::fmt::Display>::fmt::h48b88277def8b362
[INFO] [stdout]                                at /rustc/53fd98ca776cb875bc9e5514f56b52eb74f9e7a9/library/std/src/sys_common/backtrace.rs:46:22
[INFO] [stdout]    4:     0x55776948176c - core::fmt::write::h3381b3176fe2b3d3
[INFO] [stdout]                                at /rustc/53fd98ca776cb875bc9e5514f56b52eb74f9e7a9/library/core/src/fmt/mod.rs:1115:17
[INFO] [stdout]    5:     0x55776945bed5 - std::io::Write::write_fmt::h5f34a676f60246b5
[INFO] [stdout]                                at /rustc/53fd98ca776cb875bc9e5514f56b52eb74f9e7a9/library/std/src/io/mod.rs:1665:15
[INFO] [stdout]    6:     0x5577694610eb - std::sys_common::backtrace::_print::ha537687d6c17dd0d
[INFO] [stdout]                                at /rustc/53fd98ca776cb875bc9e5514f56b52eb74f9e7a9/library/std/src/sys_common/backtrace.rs:49:5
[INFO] [stdout]    7:     0x5577694610eb - std::sys_common::backtrace::print::h61376ae57d131d72
[INFO] [stdout]                                at /rustc/53fd98ca776cb875bc9e5514f56b52eb74f9e7a9/library/std/src/sys_common/backtrace.rs:36:9
[INFO] [stdout]    8:     0x5577694610eb - std::panicking::default_hook::{{closure}}::h0f7208c0b9644a54
[INFO] [stdout]                                at /rustc/53fd98ca776cb875bc9e5514f56b52eb74f9e7a9/library/std/src/panicking.rs:208:50
[INFO] [stdout]    9:     0x557769460bfc - std::panicking::default_hook::hdac7fc06578c14ce
[INFO] [stdout]                                at /rustc/53fd98ca776cb875bc9e5514f56b52eb74f9e7a9/library/std/src/panicking.rs:222:9
[INFO] [stdout]   10:     0x5577694617b4 - std::panicking::rust_panic_with_hook::h72b21c283da3d1ef
[INFO] [stdout]                                at /rustc/53fd98ca776cb875bc9e5514f56b52eb74f9e7a9/library/std/src/panicking.rs:622:17
[INFO] [stdout]   11:     0x557769461267 - std::panicking::begin_panic_handler::{{closure}}::he5778f1729cff84a
[INFO] [stdout]                                at /rustc/53fd98ca776cb875bc9e5514f56b52eb74f9e7a9/library/std/src/panicking.rs:517:13
[INFO] [stdout]   12:     0x55776945f44c - std::sys_common::backtrace::__rust_end_short_backtrace::h2d11ca8b453b4b1d
[INFO] [stdout]                                at /rustc/53fd98ca776cb875bc9e5514f56b52eb74f9e7a9/library/std/src/sys_common/backtrace.rs:141:18
[INFO] [stdout]   13:     0x5577694611f9 - rust_begin_unwind
[INFO] [stdout]                                at /rustc/53fd98ca776cb875bc9e5514f56b52eb74f9e7a9/library/std/src/panicking.rs:515:5
[INFO] [stdout]   14:     0x5577694013b1 - core::panicking::panic_fmt::hf9de31d4acbce4db
[INFO] [stdout]                                at /rustc/53fd98ca776cb875bc9e5514f56b52eb74f9e7a9/library/core/src/panicking.rs:92:14
[INFO] [stdout]   15:     0x5577694012fd - core::panicking::panic::h8a6bc58a21c6c095
[INFO] [stdout]                                at /rustc/53fd98ca776cb875bc9e5514f56b52eb74f9e7a9/library/core/src/panicking.rs:50:5
[INFO] [stdout]   16:     0x557769407102 - problem089::read_numeral::hb31ec028fb89ece6
[INFO] [stdout]                                at /opt/rustwide/workdir/src/bin/problem089.rs:33:13
[INFO] [stdout]   17:     0x557769407a63 - problem089::solve::{{closure}}::haf08b027c1009a0d
[INFO] [stdout]                                at /opt/rustwide/workdir/src/bin/problem089.rs:64:72
[INFO] [stdout]   18:     0x557769407db0 - <core::iter::adapters::map::Map<I,F> as core::iter::traits::iterator::Iterator>::__iterator_get_unchecked::hf176fa13c1ddd950
[INFO] [stdout]                                at /rustc/53fd98ca776cb875bc9e5514f56b52eb74f9e7a9/library/core/src/iter/adapters/map.rs:132:18
[INFO] [stdout]   19:     0x557769405355 - <core::iter::adapters::zip::Zip<A,B> as core::iter::adapters::zip::ZipImpl<A,B>>::next::h75e3d18391d7c9ad
[INFO] [stdout]                                at /rustc/53fd98ca776cb875bc9e5514f56b52eb74f9e7a9/library/core/src/iter/adapters/zip.rs:235:59
[INFO] [stdout]   20:     0x5577694051f6 - <core::iter::adapters::zip::Zip<A,B> as core::iter::traits::iterator::Iterator>::next::h6ecd749b7d19c8e2
[INFO] [stdout]                                at /rustc/53fd98ca776cb875bc9e5514f56b52eb74f9e7a9/library/core/src/iter/adapters/zip.rs:77:9
[INFO] [stdout]   21:     0x5577694056d8 - core::iter::traits::iterator::Iterator::fold::h786a46b6adbede6c
[INFO] [stdout]                                at /rustc/53fd98ca776cb875bc9e5514f56b52eb74f9e7a9/library/core/src/iter/traits/iterator.rs:2173:29
[INFO] [stdout]   22:     0x557769407e25 - <core::iter::adapters::map::Map<I,F> as core::iter::traits::iterator::Iterator>::fold::h952fada2aeaea447
[INFO] [stdout]                                at /rustc/53fd98ca776cb875bc9e5514f56b52eb74f9e7a9/library/core/src/iter/adapters/map.rs:122:9
[INFO] [stdout]   23:     0x5577694096e4 - <usize as core::iter::traits::accum::Sum>::sum::h3e75471b701aadc0
[INFO] [stdout]                                at /rustc/53fd98ca776cb875bc9e5514f56b52eb74f9e7a9/library/core/src/iter/traits/accum.rs:42:17
[INFO] [stdout]   24:     0x557769408100 - core::iter::traits::iterator::Iterator::sum::h6f8cd4d077ab90b2
[INFO] [stdout]                                at /rustc/53fd98ca776cb875bc9e5514f56b52eb74f9e7a9/library/core/src/iter/traits/iterator.rs:3000:9
[INFO] [stdout]   25:     0x557769407a09 - problem089::solve::hec0ada01150e4479
[INFO] [stdout]                                at /opt/rustwide/workdir/src/bin/problem089.rs:66:5
[INFO] [stdout]   26:     0x557769407c39 - problem089::answer::h8019b0ccad6079e7
[INFO] [stdout]                                at /opt/rustwide/workdir/src/bin/problem089.rs:75:5
[INFO] [stdout]   27:     0x55776940a741 - problem089::tests::test::hfa8c256fc40aaa87
[INFO] [stdout]                                at /opt/rustwide/workdir/src/lib.rs:29:28
[INFO] [stdout]   28:     0x55776940a71a - problem089::tests::test::{{closure}}::hbbeb696a3e044f9e
[INFO] [stdout]                                at /opt/rustwide/workdir/src/lib.rs:28:13
[INFO] [stdout]   29:     0x557769409ebe - core::ops::function::FnOnce::call_once::h37eb20e258ba5743
[INFO] [stdout]                                at /rustc/53fd98ca776cb875bc9e5514f56b52eb74f9e7a9/library/core/src/ops/function.rs:227:5
[INFO] [stdout]   30:     0x557769440353 - core::ops::function::FnOnce::call_once::hbb52c4519d3137b0
[INFO] [stdout]                                at /rustc/53fd98ca776cb875bc9e5514f56b52eb74f9e7a9/library/core/src/ops/function.rs:227:5
[INFO] [stdout]   31:     0x557769440353 - test::__rust_begin_short_backtrace::h86fe3a2a5a5121af
[INFO] [stdout]                                at /rustc/53fd98ca776cb875bc9e5514f56b52eb74f9e7a9/library/test/src/lib.rs:578:5
[INFO] [stdout]   32:     0x55776943ee08 - <alloc::boxed::Box<F,A> as core::ops::function::FnOnce<Args>>::call_once::hfd956bc3d57399be
[INFO] [stdout]                                at /rustc/53fd98ca776cb875bc9e5514f56b52eb74f9e7a9/library/alloc/src/boxed.rs:1572:9
[INFO] [stdout]   33:     0x55776943ee08 - <std::panic::AssertUnwindSafe<F> as core::ops::function::FnOnce<()>>::call_once::h40dc93e0ddb5938a
[INFO] [stdout]                                at /rustc/53fd98ca776cb875bc9e5514f56b52eb74f9e7a9/library/std/src/panic.rs:347:9
[INFO] [stdout]   34:     0x55776943ee08 - std::panicking::try::do_call::h90d07750cb47c562
[INFO] [stdout]                                at /rustc/53fd98ca776cb875bc9e5514f56b52eb74f9e7a9/library/std/src/panicking.rs:401:40
[INFO] [stdout]   35:     0x55776943ee08 - std::panicking::try::h063c84733ad2a629
[INFO] [stdout]                                at /rustc/53fd98ca776cb875bc9e5514f56b52eb74f9e7a9/library/std/src/panicking.rs:365:19
[INFO] [stdout]   36:     0x55776943ee08 - std::panic::catch_unwind::h0c464836a84e7c08
[INFO] [stdout]                                at /rustc/53fd98ca776cb875bc9e5514f56b52eb74f9e7a9/library/std/src/panic.rs:434:14
[INFO] [stdout]   37:     0x55776943ee08 - test::run_test_in_process::h5cb06ef620b157fc
[INFO] [stdout]                                at /rustc/53fd98ca776cb875bc9e5514f56b52eb74f9e7a9/library/test/src/lib.rs:601:18
[INFO] [stdout]   38:     0x55776943ee08 - test::run_test::run_test_inner::{{closure}}::h76f677f4b93f9828
[INFO] [stdout]                                at /rustc/53fd98ca776cb875bc9e5514f56b52eb74f9e7a9/library/test/src/lib.rs:493:39
[INFO] [stdout]   39:     0x55776940d59d - test::run_test::run_test_inner::{{closure}}::h366d01fe04f4d67a
[INFO] [stdout]                                at /rustc/53fd98ca776cb875bc9e5514f56b52eb74f9e7a9/library/test/src/lib.rs:520:37
[INFO] [stdout]   40:     0x55776940d59d - std::sys_common::backtrace::__rust_begin_short_backtrace::h7dfa0de4eb395af2
[INFO] [stdout]                                at /rustc/53fd98ca776cb875bc9e5514f56b52eb74f9e7a9/library/std/src/sys_common/backtrace.rs:125:18
[INFO] [stdout]   41:     0x557769411d68 - std::thread::Builder::spawn_unchecked::{{closure}}::{{closure}}::hf0a74bb58798037f
[INFO] [stdout]                                at /rustc/53fd98ca776cb875bc9e5514f56b52eb74f9e7a9/library/std/src/thread/mod.rs:476:17
[INFO] [stdout]   42:     0x557769411d68 - <std::panic::AssertUnwindSafe<F> as core::ops::function::FnOnce<()>>::call_once::hb024e854818586ac
[INFO] [stdout]                                at /rustc/53fd98ca776cb875bc9e5514f56b52eb74f9e7a9/library/std/src/panic.rs:347:9
[INFO] [stdout]   43:     0x557769411d68 - std::panicking::try::do_call::hb2dd9f1d0d48e41d
[INFO] [stdout]                                at /rustc/53fd98ca776cb875bc9e5514f56b52eb74f9e7a9/library/std/src/panicking.rs:401:40
[INFO] [stdout]   44:     0x557769411d68 - std::panicking::try::h4717ae7bac8b2bf3
[INFO] [stdout]                                at /rustc/53fd98ca776cb875bc9e5514f56b52eb74f9e7a9/library/std/src/panicking.rs:365:19
[INFO] [stdout]   45:     0x557769411d68 - std::panic::catch_unwind::h0dc8a061326ce8d8
[INFO] [stdout]                                at /rustc/53fd98ca776cb875bc9e5514f56b52eb74f9e7a9/library/std/src/panic.rs:434:14
[INFO] [stdout]   46:     0x557769411d68 - std::thread::Builder::spawn_unchecked::{{closure}}::haa369e2d6fd00aa1
[INFO] [stdout]                                at /rustc/53fd98ca776cb875bc9e5514f56b52eb74f9e7a9/library/std/src/thread/mod.rs:475:30
[INFO] [stdout]   47:     0x557769411d68 - core::ops::function::FnOnce::call_once{{vtable.shim}}::h36dcf3de8b056f17
[INFO] [stdout]                                at /rustc/53fd98ca776cb875bc9e5514f56b52eb74f9e7a9/library/core/src/ops/function.rs:227:5
[INFO] [stdout]   48:     0x557769466357 - <alloc::boxed::Box<F,A> as core::ops::function::FnOnce<Args>>::call_once::h65c29e4642be2358
[INFO] [stdout]                                at /rustc/53fd98ca776cb875bc9e5514f56b52eb74f9e7a9/library/alloc/src/boxed.rs:1572:9
[INFO] [stdout]   49:     0x557769466357 - <alloc::boxed::Box<F,A> as core::ops::function::FnOnce<Args>>::call_once::hd0f8f7fbbd9fffbf
[INFO] [stdout]                                at /rustc/53fd98ca776cb875bc9e5514f56b52eb74f9e7a9/library/alloc/src/boxed.rs:1572:9
[INFO] [stdout]   50:     0x557769466357 - std::sys::unix::thread::Thread::new::thread_start::h2fd22fee3ca77b65
[INFO] [stdout]                                at /rustc/53fd98ca776cb875bc9e5514f56b52eb74f9e7a9/library/std/src/sys/unix/thread.rs:74:17
[INFO] [stdout]   51:     0x7f556e4a8609 - start_thread
[INFO] [stdout]   52:     0x7f556e27a293 - clone
[INFO] [stdout]   53:                0x0 - <unknown>
[INFO] [stdout] 
[INFO] [stdout] 
[INFO] [stdout] failures:
[INFO] [stdout]     tests::test
[INFO] [stdout] 
[INFO] [stdout] test result: FAILED. 0 passed; 1 failed; 0 ignored; 0 measured; 0 filtered out; finished in 0.03s
[INFO] [stdout] 
[INFO] [stderr] error: test failed, to rerun pass '--bin problem089'
[INFO] running `Command { std: "docker" "inspect" "4bf947840ce4cb5dad0084b39f6d494924cdb6227a76c61888d02228c2b639cc", kill_on_drop: false }`
[INFO] running `Command { std: "docker" "rm" "-f" "4bf947840ce4cb5dad0084b39f6d494924cdb6227a76c61888d02228c2b639cc", kill_on_drop: false }`
[INFO] [stdout] 4bf947840ce4cb5dad0084b39f6d494924cdb6227a76c61888d02228c2b639cc
