[INFO] cloning repository https://github.com/fdeantoni/ph-quakes
[INFO] running `Command { std: "git" "-c" "credential.helper=" "-c" "credential.helper=/workspace/cargo-home/bin/git-credential-null" "clone" "--bare" "https://github.com/fdeantoni/ph-quakes" "/workspace/cache/git-repos/https%3A%2F%2Fgithub.com%2Ffdeantoni%2Fph-quakes", kill_on_drop: false }`
[INFO] [stderr] Cloning into bare repository '/workspace/cache/git-repos/https%3A%2F%2Fgithub.com%2Ffdeantoni%2Fph-quakes'...
[INFO] running `Command { std: "git" "rev-parse" "HEAD", kill_on_drop: false }`
[INFO] [stdout] a29bb52efe7d35dfc87e66367498ccb84f4c9803
[INFO] testing fdeantoni/ph-quakes against beta-2021-08-01 for beta-1.55-1
[INFO] running `Command { std: "git" "clone" "/workspace/cache/git-repos/https%3A%2F%2Fgithub.com%2Ffdeantoni%2Fph-quakes" "/workspace/builds/worker-4/source", kill_on_drop: false }`
[INFO] [stderr] Cloning into '/workspace/builds/worker-4/source'...
[INFO] [stderr] done.
[INFO] validating manifest of git repo https://github.com/fdeantoni/ph-quakes on toolchain beta-2021-08-01
[INFO] running `Command { std: "/workspace/cargo-home/bin/cargo" "+beta-2021-08-01" "metadata" "--manifest-path" "Cargo.toml" "--no-deps", kill_on_drop: false }`
[INFO] started tweaking git repo https://github.com/fdeantoni/ph-quakes
[INFO] finished tweaking git repo https://github.com/fdeantoni/ph-quakes
[INFO] tweaked toml for git repo https://github.com/fdeantoni/ph-quakes written to /workspace/builds/worker-4/source/Cargo.toml
[INFO] crate git repo https://github.com/fdeantoni/ph-quakes already has a lockfile, it will not be regenerated
[INFO] running `Command { std: "/workspace/cargo-home/bin/cargo" "+beta-2021-08-01" "fetch" "--manifest-path" "Cargo.toml", kill_on_drop: false }`
[INFO] [stderr]     Blocking waiting for file lock on package cache
[INFO] [stderr]  Downloading crates ...
[INFO] [stderr]   Downloaded askama_derive v0.9.0
[INFO] [stderr]   Downloaded tracing-core v0.1.14
[INFO] [stderr]   Downloaded askama_escape v0.3.0
[INFO] [stderr]   Downloaded askama v0.9.0
[INFO] [stderr]   Downloaded async-trait v0.1.38
[INFO] [stderr]   Downloaded path-slash v0.1.3
[INFO] [stderr]   Downloaded geojson v0.17.0
[INFO] [stderr]   Downloaded actix-files v0.2.2
[INFO] [stderr]   Downloaded askama_shared v0.9.1
[INFO] [stderr]   Downloaded actix-web-static-files v2.0.2
[INFO] running `Command { std: "docker" "create" "-v" "/var/lib/crater-agent-workspace/builds/worker-4/target:/opt/rustwide/target:rw,Z" "-v" "/var/lib/crater-agent-workspace/builds/worker-4/source:/opt/rustwide/workdir:ro,Z" "-v" "/var/lib/crater-agent-workspace/cargo-home:/opt/rustwide/cargo-home:ro,Z" "-v" "/var/lib/crater-agent-workspace/rustup-home:/opt/rustwide/rustup-home:ro,Z" "-e" "SOURCE_DIR=/opt/rustwide/workdir" "-e" "CARGO_TARGET_DIR=/opt/rustwide/target" "-e" "CARGO_HOME=/opt/rustwide/cargo-home" "-e" "RUSTUP_HOME=/opt/rustwide/rustup-home" "-w" "/opt/rustwide/workdir" "-m" "1610612736" "--user" "0:0" "--network" "none" "ghcr.io/rust-lang/crates-build-env/linux@sha256:34b6a614d2c27851fe6cbf88fbd1137609cefab8b10d0615aaeb6fd47975d74e" "/opt/rustwide/cargo-home/bin/cargo" "+beta-2021-08-01" "metadata" "--no-deps" "--format-version=1", kill_on_drop: false }`
[INFO] [stdout] 86a15427c06c3dafc44a87a3ea86c8004fc42f48b5dd7314c59d5c31104b2709
[INFO] running `Command { std: "docker" "start" "-a" "86a15427c06c3dafc44a87a3ea86c8004fc42f48b5dd7314c59d5c31104b2709", kill_on_drop: false }`
[INFO] running `Command { std: "docker" "inspect" "86a15427c06c3dafc44a87a3ea86c8004fc42f48b5dd7314c59d5c31104b2709", kill_on_drop: false }`
[INFO] running `Command { std: "docker" "rm" "-f" "86a15427c06c3dafc44a87a3ea86c8004fc42f48b5dd7314c59d5c31104b2709", kill_on_drop: false }`
[INFO] [stdout] 86a15427c06c3dafc44a87a3ea86c8004fc42f48b5dd7314c59d5c31104b2709
[INFO] running `Command { std: "docker" "create" "-v" "/var/lib/crater-agent-workspace/builds/worker-4/target:/opt/rustwide/target:rw,Z" "-v" "/var/lib/crater-agent-workspace/builds/worker-4/source:/opt/rustwide/workdir:ro,Z" "-v" "/var/lib/crater-agent-workspace/cargo-home:/opt/rustwide/cargo-home:ro,Z" "-v" "/var/lib/crater-agent-workspace/rustup-home:/opt/rustwide/rustup-home:ro,Z" "-e" "SOURCE_DIR=/opt/rustwide/workdir" "-e" "CARGO_TARGET_DIR=/opt/rustwide/target" "-e" "CARGO_INCREMENTAL=0" "-e" "RUST_BACKTRACE=full" "-e" "RUSTFLAGS=--cap-lints=warn" "-e" "CARGO_HOME=/opt/rustwide/cargo-home" "-e" "RUSTUP_HOME=/opt/rustwide/rustup-home" "-w" "/opt/rustwide/workdir" "-m" "1610612736" "--user" "0:0" "--network" "none" "ghcr.io/rust-lang/crates-build-env/linux@sha256:34b6a614d2c27851fe6cbf88fbd1137609cefab8b10d0615aaeb6fd47975d74e" "/opt/rustwide/cargo-home/bin/cargo" "+beta-2021-08-01" "build" "--frozen" "--message-format=json", kill_on_drop: false }`
[INFO] [stdout] d5d2c34c077c72a382bb02fc4f09e52c1da49499024dfae429bebc4c8282fd2a
[INFO] running `Command { std: "docker" "start" "-a" "d5d2c34c077c72a382bb02fc4f09e52c1da49499024dfae429bebc4c8282fd2a", kill_on_drop: false }`
[INFO] [stderr]     Blocking waiting for file lock on package cache
[INFO] [stderr]    Compiling libc v0.2.76
[INFO] [stderr]    Compiling proc-macro2 v1.0.19
[INFO] [stderr]    Compiling syn v1.0.38
[INFO] [stderr]    Compiling serde_derive v1.0.115
[INFO] [stderr]    Compiling serde v1.0.115
[INFO] [stderr]    Compiling pin-project-internal v0.4.23
[INFO] [stderr]    Compiling proc-macro-hack v0.5.18
[INFO] [stderr]    Compiling once_cell v1.4.1
[INFO] [stderr]    Compiling smallvec v1.4.2
[INFO] [stderr]    Compiling cc v1.0.59
[INFO] [stderr]    Compiling instant v0.1.6
[INFO] [stderr]    Compiling serde_json v1.0.57
[INFO] [stderr]    Compiling either v1.6.0
[INFO] [stderr]    Compiling ppv-lite86 v0.2.9
[INFO] [stderr]    Compiling path-slash v0.1.3
[INFO] [stderr]    Compiling procedural-masquerade v0.1.7
[INFO] [stderr]    Compiling stable_deref_trait v1.2.0
[INFO] [stderr]    Compiling askama_escape v0.3.0
[INFO] [stderr]    Compiling v_htmlescape v0.4.5
[INFO] [stderr]    Compiling num-traits v0.2.12
[INFO] [stderr]    Compiling lock_api v0.4.1
[INFO] [stderr]    Compiling num-integer v0.1.43
[INFO] [stderr]    Compiling hashbrown v0.8.2
[INFO] [stderr]    Compiling indexmap v1.5.1
[INFO] [stderr]    Compiling tracing-core v0.1.14
[INFO] [stderr]    Compiling crossbeam-utils v0.7.2
[INFO] [stderr]    Compiling dtoa-short v0.3.2
[INFO] [stderr]    Compiling rand v0.6.5
[INFO] [stderr]    Compiling phf v0.7.24
[INFO] [stderr]    Compiling rand_chacha v0.1.1
[INFO] [stderr]    Compiling nom v4.2.3
[INFO] [stderr]    Compiling nom v5.1.2
[INFO] [stderr]    Compiling servo_arc v0.1.1
[INFO] [stderr]    Compiling futures-task v0.3.5
[INFO] [stderr]    Compiling tracing v0.1.19
[INFO] [stderr]    Compiling openssl-sys v0.9.58
[INFO] [stderr]    Compiling brotli-sys v0.3.2
[INFO] [stderr]    Compiling quote v1.0.7
[INFO] [stderr]    Compiling net2 v0.2.34
[INFO] [stderr]    Compiling iovec v0.1.4
[INFO] [stderr]    Compiling signal-hook-registry v1.2.1
[INFO] [stderr]    Compiling parking_lot_core v0.8.0
[INFO] [stderr]    Compiling num_cpus v1.13.0
[INFO] [stderr]    Compiling getrandom v0.1.14
[INFO] [stderr]    Compiling socket2 v0.3.12
[INFO] [stderr]    Compiling rand_os v0.1.3
[INFO] [stderr]    Compiling backtrace v0.3.50
[INFO] [stderr]    Compiling hostname v0.3.1
[INFO] [stderr]    Compiling time v0.1.43
[INFO] [stderr]    Compiling flate2 v1.0.17
[INFO] [stderr]    Compiling parking_lot_core v0.7.2
[INFO] [stderr]    Compiling atty v0.2.14
[INFO] [stderr]    Compiling crossbeam-channel v0.4.3
[INFO] [stderr]    Compiling resolv-conf v0.6.3
[INFO] [stderr]    Compiling env_logger v0.7.1
[INFO] [stderr]    Compiling threadpool v1.8.1
[INFO] [stderr]    Compiling rand_core v0.5.1
[INFO] [stderr]    Compiling mio v0.6.22
[INFO] [stderr]    Compiling openssl v0.10.30
[INFO] [stderr]    Compiling parking_lot v0.11.0
[INFO] [stderr]    Compiling parking_lot v0.10.2
[INFO] [stderr]    Compiling rand_chacha v0.2.2
[INFO] [stderr]    Compiling mio-uds v0.6.8
[INFO] [stderr]    Compiling rand v0.7.3
[INFO] [stderr]    Compiling phf_generator v0.7.24
[INFO] [stderr]    Compiling tokio v0.2.22
[INFO] [stderr]    Compiling phf_codegen v0.7.24
[INFO] [stderr]    Compiling string_cache_codegen v0.4.4
[INFO] [stderr]    Compiling selectors v0.21.0
[INFO] [stderr]    Compiling string_cache v0.7.5
[INFO] [stderr]    Compiling tokio-util v0.2.0
[INFO] [stderr]    Compiling tokio-openssl v0.4.0
[INFO] [stderr]    Compiling tokio-util v0.3.1
[INFO] [stderr]    Compiling actix-codec v0.2.0
[INFO] [stderr]    Compiling synstructure v0.12.4
[INFO] [stderr]    Compiling brotli2 v0.3.2
[INFO] [stderr]    Compiling futures-macro v0.3.5
[INFO] [stderr]    Compiling derive_more v0.99.9
[INFO] [stderr]    Compiling actix-macros v0.1.2
[INFO] [stderr]    Compiling failure_derive v0.1.8
[INFO] [stderr]    Compiling async-trait v0.1.38
[INFO] [stderr]    Compiling enum-as-inner v0.3.3
[INFO] [stderr]    Compiling actix-web-codegen v0.2.2
[INFO] [stderr]    Compiling cssparser v0.25.9
[INFO] [stderr]    Compiling html5ever v0.24.1
[INFO] [stderr]    Compiling cssparser-macros v0.3.6
[INFO] [stderr]    Compiling v_escape_derive v0.5.6
[INFO] [stderr]    Compiling actix_derive v0.5.0
[INFO] [stderr]    Compiling failure v0.1.8
[INFO] [stderr]    Compiling v_escape v0.7.4
[INFO] [stderr]    Compiling pin-project v0.4.23
[INFO] [stderr]    Compiling futures-util v0.3.5
[INFO] [stderr]    Compiling actix-threadpool v0.3.3
[INFO] [stderr]    Compiling futures-executor v0.3.5
[INFO] [stderr]    Compiling actix-rt v1.1.1
[INFO] [stderr]    Compiling actix-service v1.0.6
[INFO] [stderr]    Compiling h2 v0.2.6
[INFO] [stderr]    Compiling futures v0.3.5
[INFO] [stderr]    Compiling trust-dns-proto v0.18.0-alpha.2
[INFO] [stderr]    Compiling actix-utils v1.0.6
[INFO] [stderr]    Compiling actix-tls v1.0.0
[INFO] [stderr]    Compiling actix-server v1.0.3
[INFO] [stderr]    Compiling actix-testing v1.0.1
[INFO] [stderr]    Compiling chrono v0.4.15
[INFO] [stderr]    Compiling serde_urlencoded v0.6.1
[INFO] [stderr]    Compiling actix-router v0.2.4
[INFO] [stderr]    Compiling toml v0.5.6
[INFO] [stderr]    Compiling trust-dns-resolver v0.18.0-alpha.2
[INFO] [stderr]    Compiling geojson v0.17.0
[INFO] [stderr]    Compiling askama_shared v0.9.1
[INFO] [stderr]    Compiling quakes-api v0.1.0 (/opt/rustwide/workdir/api)
[INFO] [stderr]    Compiling markup5ever v0.9.0
[INFO] [stderr]    Compiling actix-connect v1.0.2
[INFO] [stderr]    Compiling actix-http v1.0.1
[INFO] [stderr]    Compiling askama_derive v0.9.0
[INFO] [stderr]    Compiling awc v1.0.1
[INFO] [stderr]    Compiling actix v0.9.0
[INFO] [stderr]    Compiling scraper v0.11.0
[INFO] [stderr]    Compiling askama v0.9.0
[INFO] [stderr]    Compiling actix-web v2.0.0
[INFO] [stderr]    Compiling quakes-twitter v0.1.0 (/opt/rustwide/workdir/twitter)
[INFO] [stderr]    Compiling quakes-scraper v0.1.0 (/opt/rustwide/workdir/scraper)
[INFO] [stderr]    Compiling actix-files v0.2.2
[INFO] [stderr]    Compiling actix-web-actors v2.0.0
[INFO] [stderr]    Compiling actix-web-static-files v2.0.2
[INFO] [stderr]    Compiling quakes-server v0.1.0 (/opt/rustwide/workdir/server)
[INFO] [stderr]     Finished dev [unoptimized + debuginfo] target(s) in 2m 09s
[INFO] running `Command { std: "docker" "inspect" "d5d2c34c077c72a382bb02fc4f09e52c1da49499024dfae429bebc4c8282fd2a", kill_on_drop: false }`
[INFO] running `Command { std: "docker" "rm" "-f" "d5d2c34c077c72a382bb02fc4f09e52c1da49499024dfae429bebc4c8282fd2a", kill_on_drop: false }`
[INFO] [stdout] d5d2c34c077c72a382bb02fc4f09e52c1da49499024dfae429bebc4c8282fd2a
[INFO] running `Command { std: "docker" "create" "-v" "/var/lib/crater-agent-workspace/builds/worker-4/target:/opt/rustwide/target:rw,Z" "-v" "/var/lib/crater-agent-workspace/builds/worker-4/source:/opt/rustwide/workdir:ro,Z" "-v" "/var/lib/crater-agent-workspace/cargo-home:/opt/rustwide/cargo-home:ro,Z" "-v" "/var/lib/crater-agent-workspace/rustup-home:/opt/rustwide/rustup-home:ro,Z" "-e" "SOURCE_DIR=/opt/rustwide/workdir" "-e" "CARGO_TARGET_DIR=/opt/rustwide/target" "-e" "CARGO_INCREMENTAL=0" "-e" "RUST_BACKTRACE=full" "-e" "RUSTFLAGS=--cap-lints=warn" "-e" "CARGO_HOME=/opt/rustwide/cargo-home" "-e" "RUSTUP_HOME=/opt/rustwide/rustup-home" "-w" "/opt/rustwide/workdir" "-m" "1610612736" "--user" "0:0" "--network" "none" "ghcr.io/rust-lang/crates-build-env/linux@sha256:34b6a614d2c27851fe6cbf88fbd1137609cefab8b10d0615aaeb6fd47975d74e" "/opt/rustwide/cargo-home/bin/cargo" "+beta-2021-08-01" "test" "--frozen" "--no-run" "--message-format=json", kill_on_drop: false }`
[INFO] [stdout] cb2e59a7a440c940fecf947590e3e3bfea2f57c0877369e9e2411b56fce9b824
[INFO] running `Command { std: "docker" "start" "-a" "cb2e59a7a440c940fecf947590e3e3bfea2f57c0877369e9e2411b56fce9b824", kill_on_drop: false }`
[INFO] [stderr]    Compiling quakes-api v0.1.0 (/opt/rustwide/workdir/api)
[INFO] [stderr]    Compiling quakes-twitter v0.1.0 (/opt/rustwide/workdir/twitter)
[INFO] [stderr]    Compiling quakes-scraper v0.1.0 (/opt/rustwide/workdir/scraper)
[INFO] [stderr]    Compiling quakes-server v0.1.0 (/opt/rustwide/workdir/server)
[INFO] [stderr]     Finished test [unoptimized + debuginfo] target(s) in 10.84s
[INFO] running `Command { std: "docker" "inspect" "cb2e59a7a440c940fecf947590e3e3bfea2f57c0877369e9e2411b56fce9b824", kill_on_drop: false }`
[INFO] running `Command { std: "docker" "rm" "-f" "cb2e59a7a440c940fecf947590e3e3bfea2f57c0877369e9e2411b56fce9b824", kill_on_drop: false }`
[INFO] [stdout] cb2e59a7a440c940fecf947590e3e3bfea2f57c0877369e9e2411b56fce9b824
[INFO] running `Command { std: "docker" "create" "-v" "/var/lib/crater-agent-workspace/builds/worker-4/target:/opt/rustwide/target:rw,Z" "-v" "/var/lib/crater-agent-workspace/builds/worker-4/source:/opt/rustwide/workdir:ro,Z" "-v" "/var/lib/crater-agent-workspace/cargo-home:/opt/rustwide/cargo-home:ro,Z" "-v" "/var/lib/crater-agent-workspace/rustup-home:/opt/rustwide/rustup-home:ro,Z" "-e" "SOURCE_DIR=/opt/rustwide/workdir" "-e" "CARGO_TARGET_DIR=/opt/rustwide/target" "-e" "CARGO_INCREMENTAL=0" "-e" "RUST_BACKTRACE=full" "-e" "RUSTFLAGS=--cap-lints=warn" "-e" "CARGO_HOME=/opt/rustwide/cargo-home" "-e" "RUSTUP_HOME=/opt/rustwide/rustup-home" "-w" "/opt/rustwide/workdir" "-m" "1610612736" "--user" "0:0" "--network" "none" "ghcr.io/rust-lang/crates-build-env/linux@sha256:34b6a614d2c27851fe6cbf88fbd1137609cefab8b10d0615aaeb6fd47975d74e" "/opt/rustwide/cargo-home/bin/cargo" "+beta-2021-08-01" "test" "--frozen", kill_on_drop: false }`
[INFO] [stdout] e5d20a4f5c749b1b2c62068804048e2d3643a437f09fec61b946cf5ae3493002
[INFO] running `Command { std: "docker" "start" "-a" "e5d20a4f5c749b1b2c62068804048e2d3643a437f09fec61b946cf5ae3493002", kill_on_drop: false }`
[INFO] [stderr]     Finished test [unoptimized + debuginfo] target(s) in 0.19s
[INFO] [stderr]      Running unittests (/opt/rustwide/target/debug/deps/quakes_api-dc71ddf3e9a14d1d)
[INFO] [stdout] 
[INFO] [stderr]      Running unittests (/opt/rustwide/target/debug/deps/quakes_scraper-c049416e069b9d68)
[INFO] [stdout] running 4 tests
[INFO] [stdout] test tests::compare_quakes ... ok
[INFO] [stdout] test tests::compare_quakes_set ... ok
[INFO] [stdout] test tests::geojson_conversion ... ok
[INFO] [stdout] test tests::retrieve_philvolcs_quakes ... ok
[INFO] [stdout] 
[INFO] [stdout] test result: ok. 4 passed; 0 failed; 0 ignored; 0 measured; 0 filtered out; finished in 0.00s
[INFO] [stdout] 
[INFO] [stdout] 
[INFO] [stdout] running 5 tests
[INFO] [stdout] test tests::retrieve_phivolcs_quakes ... ignored
[INFO] [stdout] test parser::tests::datetime_parsing ... ok
[INFO] [stdout] test parser::tests::parse_province ... ok
[INFO] [stdout] test parser::tests::parse_html ... ok
[INFO] [stderr] error: test failed, to rerun pass '-p quakes-scraper --lib'
[INFO] [stdout] test client::tests::retrieve_url ... FAILED
[INFO] [stdout] 
[INFO] [stdout] failures:
[INFO] [stdout] 
[INFO] [stdout] ---- client::tests::retrieve_url stdout ----
[INFO] [stdout] thread 'client::tests::retrieve_url' panicked at 'called `Result::unwrap()` on an `Err` value: ScraperError { description: "Scraper send error: Failed to connect to host: Failed resolving hostname: proto error" }', scraper/src/client.rs:52:76
[INFO] [stdout] stack backtrace:
[INFO] [stdout]    0:     0x5580f08bfd60 - std::backtrace_rs::backtrace::libunwind::trace::hff4d1766e93f64f1
[INFO] [stdout]                                at /rustc/53fd98ca776cb875bc9e5514f56b52eb74f9e7a9/library/std/src/../../backtrace/src/backtrace/libunwind.rs:90:5
[INFO] [stdout]    1:     0x5580f08bfd60 - std::backtrace_rs::backtrace::trace_unsynchronized::h56bbc8eb78770bcb
[INFO] [stdout]                                at /rustc/53fd98ca776cb875bc9e5514f56b52eb74f9e7a9/library/std/src/../../backtrace/src/backtrace/mod.rs:66:5
[INFO] [stdout]    2:     0x5580f08bfd60 - std::sys_common::backtrace::_print_fmt::h5c8e75464faca780
[INFO] [stdout]                                at /rustc/53fd98ca776cb875bc9e5514f56b52eb74f9e7a9/library/std/src/sys_common/backtrace.rs:67:5
[INFO] [stdout]    3:     0x5580f08bfd60 - <std::sys_common::backtrace::_print::DisplayBacktrace as core::fmt::Display>::fmt::h48b88277def8b362
[INFO] [stdout]                                at /rustc/53fd98ca776cb875bc9e5514f56b52eb74f9e7a9/library/std/src/sys_common/backtrace.rs:46:22
[INFO] [stdout]    4:     0x5580f08e532c - core::fmt::write::h3381b3176fe2b3d3
[INFO] [stdout]                                at /rustc/53fd98ca776cb875bc9e5514f56b52eb74f9e7a9/library/core/src/fmt/mod.rs:1115:17
[INFO] [stdout]    5:     0x5580f08b9ca5 - std::io::Write::write_fmt::h5f34a676f60246b5
[INFO] [stdout]                                at /rustc/53fd98ca776cb875bc9e5514f56b52eb74f9e7a9/library/std/src/io/mod.rs:1665:15
[INFO] [stdout]    6:     0x5580f08c20bb - std::sys_common::backtrace::_print::ha537687d6c17dd0d
[INFO] [stdout]                                at /rustc/53fd98ca776cb875bc9e5514f56b52eb74f9e7a9/library/std/src/sys_common/backtrace.rs:49:5
[INFO] [stdout]    7:     0x5580f08c20bb - std::sys_common::backtrace::print::h61376ae57d131d72
[INFO] [stdout]                                at /rustc/53fd98ca776cb875bc9e5514f56b52eb74f9e7a9/library/std/src/sys_common/backtrace.rs:36:9
[INFO] [stdout]    8:     0x5580f08c20bb - std::panicking::default_hook::{{closure}}::h0f7208c0b9644a54
[INFO] [stdout]                                at /rustc/53fd98ca776cb875bc9e5514f56b52eb74f9e7a9/library/std/src/panicking.rs:208:50
[INFO] [stdout]    9:     0x5580f08c1bcc - std::panicking::default_hook::hdac7fc06578c14ce
[INFO] [stdout]                                at /rustc/53fd98ca776cb875bc9e5514f56b52eb74f9e7a9/library/std/src/panicking.rs:222:9
[INFO] [stdout]   10:     0x5580f08c2784 - std::panicking::rust_panic_with_hook::h72b21c283da3d1ef
[INFO] [stdout]                                at /rustc/53fd98ca776cb875bc9e5514f56b52eb74f9e7a9/library/std/src/panicking.rs:622:17
[INFO] [stdout]   11:     0x5580f08c2267 - std::panicking::begin_panic_handler::{{closure}}::he5778f1729cff84a
[INFO] [stdout]                                at /rustc/53fd98ca776cb875bc9e5514f56b52eb74f9e7a9/library/std/src/panicking.rs:519:13
[INFO] [stdout]   12:     0x5580f08c023c - std::sys_common::backtrace::__rust_end_short_backtrace::h2d11ca8b453b4b1d
[INFO] [stdout]                                at /rustc/53fd98ca776cb875bc9e5514f56b52eb74f9e7a9/library/std/src/sys_common/backtrace.rs:141:18
[INFO] [stdout]   13:     0x5580f08c21c9 - rust_begin_unwind
[INFO] [stdout]                                at /rustc/53fd98ca776cb875bc9e5514f56b52eb74f9e7a9/library/std/src/panicking.rs:515:5
[INFO] [stdout]   14:     0x5580efec89f1 - core::panicking::panic_fmt::hf9de31d4acbce4db
[INFO] [stdout]                                at /rustc/53fd98ca776cb875bc9e5514f56b52eb74f9e7a9/library/core/src/panicking.rs:92:14
[INFO] [stdout]   15:     0x5580efec8ae3 - core::result::unwrap_failed::ha0c84e81219e5878
[INFO] [stdout]                                at /rustc/53fd98ca776cb875bc9e5514f56b52eb74f9e7a9/library/core/src/result.rs:1599:5
[INFO] [stdout]   16:     0x5580eff090ed - core::result::Result<T,E>::unwrap::h5ed2732e47b02bf0
[INFO] [stdout]                                at /rustc/53fd98ca776cb875bc9e5514f56b52eb74f9e7a9/library/core/src/result.rs:1281:23
[INFO] [stdout]   17:     0x5580efeeb63d - quakes_scraper::client::tests::retrieve_url::{{closure}}::h9edc4bf2ae15fbdf
[INFO] [stdout]                                at /opt/rustwide/workdir/scraper/src/client.rs:52:20
[INFO] [stdout]   18:     0x5580efed420b - <core::future::from_generator::GenFuture<T> as core::future::future::Future>::poll::hc211186d74fb5895
[INFO] [stdout]                                at /rustc/53fd98ca776cb875bc9e5514f56b52eb74f9e7a9/library/core/src/future/mod.rs:80:19
[INFO] [stdout]   19:     0x5580efee5dd6 - <tokio::task::local::RunUntil<T> as core::future::future::Future>::poll::{{closure}}::{{closure}}::h1828c6cff15246eb
[INFO] [stdout]                                at /opt/rustwide/cargo-home/registry/src/github.com-1ecc6299db9ec823/tokio-0.2.22/src/task/local.rs:528:65
[INFO] [stdout]   20:     0x5580efefebbc - tokio::coop::with_budget::{{closure}}::h064c49a95d50e855
[INFO] [stdout]                                at /opt/rustwide/cargo-home/registry/src/github.com-1ecc6299db9ec823/tokio-0.2.22/src/coop.rs:127:9
[INFO] [stdout]   21:     0x5580efedb121 - std::thread::local::LocalKey<T>::try_with::hd696842822fbb48b
[INFO] [stdout]                                at /rustc/53fd98ca776cb875bc9e5514f56b52eb74f9e7a9/library/std/src/thread/local.rs:399:16
[INFO] [stdout]   22:     0x5580efed976d - std::thread::local::LocalKey<T>::with::hd55c0712a406eb8b
[INFO] [stdout]                                at /rustc/53fd98ca776cb875bc9e5514f56b52eb74f9e7a9/library/std/src/thread/local.rs:375:9
[INFO] [stdout]   23:     0x5580efee5c8b - tokio::coop::with_budget::h3b2f8d7d2165fe79
[INFO] [stdout]                                at /opt/rustwide/cargo-home/registry/src/github.com-1ecc6299db9ec823/tokio-0.2.22/src/coop.rs:120:5
[INFO] [stdout]   24:     0x5580efee5c8b - tokio::coop::budget::hdea466d3142a00db
[INFO] [stdout]                                at /opt/rustwide/cargo-home/registry/src/github.com-1ecc6299db9ec823/tokio-0.2.22/src/coop.rs:96:5
[INFO] [stdout]   25:     0x5580efee5c8b - <tokio::task::local::RunUntil<T> as core::future::future::Future>::poll::{{closure}}::h989918d4323c00a0
[INFO] [stdout]                                at /opt/rustwide/cargo-home/registry/src/github.com-1ecc6299db9ec823/tokio-0.2.22/src/task/local.rs:528:42
[INFO] [stdout]   26:     0x5580efee4bbd - tokio::macros::scoped_tls::ScopedKey<T>::set::h5cf490193e18bce9
[INFO] [stdout]                                at /opt/rustwide/cargo-home/registry/src/github.com-1ecc6299db9ec823/tokio-0.2.22/src/macros/scoped_tls.rs:63:9
[INFO] [stdout]   27:     0x5580efee3f1a - tokio::task::local::LocalSet::with::h55c265fb411719a8
[INFO] [stdout]                                at /opt/rustwide/cargo-home/registry/src/github.com-1ecc6299db9ec823/tokio-0.2.22/src/task/local.rs:442:9
[INFO] [stdout]   28:     0x5580efee5572 - <tokio::task::local::RunUntil<T> as core::future::future::Future>::poll::h079c20052351c2c1
[INFO] [stdout]                                at /opt/rustwide/cargo-home/registry/src/github.com-1ecc6299db9ec823/tokio-0.2.22/src/task/local.rs:518:9
[INFO] [stdout]   29:     0x5580efee485d - tokio::task::local::LocalSet::run_until::{{closure}}::hd8b0aea899629439
[INFO] [stdout]                                at /opt/rustwide/cargo-home/registry/src/github.com-1ecc6299db9ec823/tokio-0.2.22/src/task/local.rs:392:9
[INFO] [stdout]   30:     0x5580efed3acb - <core::future::from_generator::GenFuture<T> as core::future::future::Future>::poll::h1b0e83f07d8fe857
[INFO] [stdout]                                at /rustc/53fd98ca776cb875bc9e5514f56b52eb74f9e7a9/library/core/src/future/mod.rs:80:19
[INFO] [stdout]   31:     0x5580efef8b10 - tokio::runtime::basic_scheduler::BasicScheduler<P>::block_on::{{closure}}::{{closure}}::h74bacb486080c6df
[INFO] [stdout]                                at /opt/rustwide/cargo-home/registry/src/github.com-1ecc6299db9ec823/tokio-0.2.22/src/runtime/basic_scheduler.rs:131:58
[INFO] [stdout]   32:     0x5580efeff07c - tokio::coop::with_budget::{{closure}}::h48b6f309d100fae6
[INFO] [stdout]                                at /opt/rustwide/cargo-home/registry/src/github.com-1ecc6299db9ec823/tokio-0.2.22/src/coop.rs:127:9
[INFO] [stdout]   33:     0x5580efeda481 - std::thread::local::LocalKey<T>::try_with::h6e2b5efc71a30f4b
[INFO] [stdout]                                at /rustc/53fd98ca776cb875bc9e5514f56b52eb74f9e7a9/library/std/src/thread/local.rs:399:16
[INFO] [stdout]   34:     0x5580efed94ed - std::thread::local::LocalKey<T>::with::h93ccdaf4734dc306
[INFO] [stdout]                                at /rustc/53fd98ca776cb875bc9e5514f56b52eb74f9e7a9/library/std/src/thread/local.rs:375:9
[INFO] [stdout]   35:     0x5580efef7aeb - tokio::coop::with_budget::h514d9c9a4130913a
[INFO] [stdout]                                at /opt/rustwide/cargo-home/registry/src/github.com-1ecc6299db9ec823/tokio-0.2.22/src/coop.rs:120:5
[INFO] [stdout]   36:     0x5580efef7aeb - tokio::coop::budget::h72a467cc793079f1
[INFO] [stdout]                                at /opt/rustwide/cargo-home/registry/src/github.com-1ecc6299db9ec823/tokio-0.2.22/src/coop.rs:96:5
[INFO] [stdout]   37:     0x5580efef7aeb - tokio::runtime::basic_scheduler::BasicScheduler<P>::block_on::{{closure}}::h84a00ffe352a752d
[INFO] [stdout]                                at /opt/rustwide/cargo-home/registry/src/github.com-1ecc6299db9ec823/tokio-0.2.22/src/runtime/basic_scheduler.rs:131:35
[INFO] [stdout]   38:     0x5580efef97f1 - tokio::runtime::basic_scheduler::enter::{{closure}}::ha1883593cd874bf6
[INFO] [stdout]                                at /opt/rustwide/cargo-home/registry/src/github.com-1ecc6299db9ec823/tokio-0.2.22/src/runtime/basic_scheduler.rs:213:29
[INFO] [stdout]   39:     0x5580efee4ab0 - tokio::macros::scoped_tls::ScopedKey<T>::set::h1b57e5595bad08fc
[INFO] [stdout]                                at /opt/rustwide/cargo-home/registry/src/github.com-1ecc6299db9ec823/tokio-0.2.22/src/macros/scoped_tls.rs:63:9
[INFO] [stdout]   40:     0x5580efef934e - tokio::runtime::basic_scheduler::enter::h7030e7c406d5c183
[INFO] [stdout]                                at /opt/rustwide/cargo-home/registry/src/github.com-1ecc6299db9ec823/tokio-0.2.22/src/runtime/basic_scheduler.rs:213:5
[INFO] [stdout]   41:     0x5580efef6fb0 - tokio::runtime::basic_scheduler::BasicScheduler<P>::block_on::h8a67c4dbfac47d0c
[INFO] [stdout]                                at /opt/rustwide/cargo-home/registry/src/github.com-1ecc6299db9ec823/tokio-0.2.22/src/runtime/basic_scheduler.rs:123:9
[INFO] [stdout]   42:     0x5580eff02c72 - tokio::runtime::Runtime::block_on::{{closure}}::haa0f76711ea573b0
[INFO] [stdout]                                at /opt/rustwide/cargo-home/registry/src/github.com-1ecc6299db9ec823/tokio-0.2.22/src/runtime/mod.rs:444:34
[INFO] [stdout]   43:     0x5580efed6e72 - tokio::runtime::context::enter::h7fe9a3adbb972fd2
[INFO] [stdout]                                at /opt/rustwide/cargo-home/registry/src/github.com-1ecc6299db9ec823/tokio-0.2.22/src/runtime/context.rs:72:5
[INFO] [stdout]   44:     0x5580efeffb18 - tokio::runtime::handle::Handle::enter::hdd858aeefa99e72d
[INFO] [stdout]                                at /opt/rustwide/cargo-home/registry/src/github.com-1ecc6299db9ec823/tokio-0.2.22/src/runtime/handle.rs:76:9
[INFO] [stdout]   45:     0x5580eff02afd - tokio::runtime::Runtime::block_on::h5c9d481bed10f90c
[INFO] [stdout]                                at /opt/rustwide/cargo-home/registry/src/github.com-1ecc6299db9ec823/tokio-0.2.22/src/runtime/mod.rs:441:9
[INFO] [stdout]   46:     0x5580efee40c6 - tokio::task::local::LocalSet::block_on::h8d32215c7eb4fc61
[INFO] [stdout]                                at /opt/rustwide/cargo-home/registry/src/github.com-1ecc6299db9ec823/tokio-0.2.22/src/task/local.rs:353:9
[INFO] [stdout]   47:     0x5580efeeb2a1 - actix_rt::runtime::Runtime::block_on::h7deebca4f3bc46c5
[INFO] [stdout]                                at /opt/rustwide/cargo-home/registry/src/github.com-1ecc6299db9ec823/actix-rt-1.1.1/src/runtime.rs:89:9
[INFO] [stdout]   48:     0x5580efeffed0 - actix_rt::builder::SystemRunner::block_on::h2186046d2632fedc
[INFO] [stdout]                                at /opt/rustwide/cargo-home/registry/src/github.com-1ecc6299db9ec823/actix-rt-1.1.1/src/builder.rs:187:19
[INFO] [stdout]   49:     0x5580efeeb31e - quakes_scraper::client::tests::retrieve_url::hb1b33d17f1136dbd
[INFO] [stdout]                                at /opt/rustwide/workdir/scraper/src/client.rs:49:5
[INFO] [stdout]   50:     0x5580efeeb2ba - quakes_scraper::client::tests::retrieve_url::{{closure}}::h648461cd3f4970fe
[INFO] [stdout]                                at /opt/rustwide/workdir/scraper/src/client.rs:49:5
[INFO] [stdout]   51:     0x5580efefc68e - core::ops::function::FnOnce::call_once::h5bb40910a7763528
[INFO] [stdout]                                at /rustc/53fd98ca776cb875bc9e5514f56b52eb74f9e7a9/library/core/src/ops/function.rs:227:5
[INFO] [stdout]   52:     0x5580eff64493 - core::ops::function::FnOnce::call_once::hbb52c4519d3137b0
[INFO] [stdout]                                at /rustc/53fd98ca776cb875bc9e5514f56b52eb74f9e7a9/library/core/src/ops/function.rs:227:5
[INFO] [stdout]   53:     0x5580eff64493 - test::__rust_begin_short_backtrace::h86fe3a2a5a5121af
[INFO] [stdout]                                at /rustc/53fd98ca776cb875bc9e5514f56b52eb74f9e7a9/library/test/src/lib.rs:578:5
[INFO] [stdout]   54:     0x5580eff62f48 - <alloc::boxed::Box<F,A> as core::ops::function::FnOnce<Args>>::call_once::hfd956bc3d57399be
[INFO] [stdout]                                at /rustc/53fd98ca776cb875bc9e5514f56b52eb74f9e7a9/library/alloc/src/boxed.rs:1572:9
[INFO] [stdout]   55:     0x5580eff62f48 - <std::panic::AssertUnwindSafe<F> as core::ops::function::FnOnce<()>>::call_once::h40dc93e0ddb5938a
[INFO] [stdout]                                at /rustc/53fd98ca776cb875bc9e5514f56b52eb74f9e7a9/library/std/src/panic.rs:347:9
[INFO] [stdout]   56:     0x5580eff62f48 - std::panicking::try::do_call::h90d07750cb47c562
[INFO] [stdout]                                at /rustc/53fd98ca776cb875bc9e5514f56b52eb74f9e7a9/library/std/src/panicking.rs:401:40
[INFO] [stdout]   57:     0x5580eff62f48 - std::panicking::try::h063c84733ad2a629
[INFO] [stdout]                                at /rustc/53fd98ca776cb875bc9e5514f56b52eb74f9e7a9/library/std/src/panicking.rs:365:19
[INFO] [stdout]   58:     0x5580eff62f48 - std::panic::catch_unwind::h0c464836a84e7c08
[INFO] [stdout]                                at /rustc/53fd98ca776cb875bc9e5514f56b52eb74f9e7a9/library/std/src/panic.rs:434:14
[INFO] [stdout]   59:     0x5580eff62f48 - test::run_test_in_process::h5cb06ef620b157fc
[INFO] [stdout]                                at /rustc/53fd98ca776cb875bc9e5514f56b52eb74f9e7a9/library/test/src/lib.rs:601:18
[INFO] [stdout]   60:     0x5580eff62f48 - test::run_test::run_test_inner::{{closure}}::h76f677f4b93f9828
[INFO] [stdout]                                at /rustc/53fd98ca776cb875bc9e5514f56b52eb74f9e7a9/library/test/src/lib.rs:493:39
[INFO] [stdout]   61:     0x5580eff316dd - test::run_test::run_test_inner::{{closure}}::h366d01fe04f4d67a
[INFO] [stdout]                                at /rustc/53fd98ca776cb875bc9e5514f56b52eb74f9e7a9/library/test/src/lib.rs:520:37
[INFO] [stdout]   62:     0x5580eff316dd - std::sys_common::backtrace::__rust_begin_short_backtrace::h7dfa0de4eb395af2
[INFO] [stdout]                                at /rustc/53fd98ca776cb875bc9e5514f56b52eb74f9e7a9/library/std/src/sys_common/backtrace.rs:125:18
[INFO] [stdout]   63:     0x5580eff35ea8 - std::thread::Builder::spawn_unchecked::{{closure}}::{{closure}}::hf0a74bb58798037f
[INFO] [stdout]                                at /rustc/53fd98ca776cb875bc9e5514f56b52eb74f9e7a9/library/std/src/thread/mod.rs:476:17
[INFO] [stdout]   64:     0x5580eff35ea8 - <std::panic::AssertUnwindSafe<F> as core::ops::function::FnOnce<()>>::call_once::hb024e854818586ac
[INFO] [stdout]                                at /rustc/53fd98ca776cb875bc9e5514f56b52eb74f9e7a9/library/std/src/panic.rs:347:9
[INFO] [stdout]   65:     0x5580eff35ea8 - std::panicking::try::do_call::hb2dd9f1d0d48e41d
[INFO] [stdout]                                at /rustc/53fd98ca776cb875bc9e5514f56b52eb74f9e7a9/library/std/src/panicking.rs:401:40
[INFO] [stdout]   66:     0x5580eff35ea8 - std::panicking::try::h4717ae7bac8b2bf3
[INFO] [stdout]                                at /rustc/53fd98ca776cb875bc9e5514f56b52eb74f9e7a9/library/std/src/panicking.rs:365:19
[INFO] [stdout]   67:     0x5580eff35ea8 - std::panic::catch_unwind::h0dc8a061326ce8d8
[INFO] [stdout]                                at /rustc/53fd98ca776cb875bc9e5514f56b52eb74f9e7a9/library/std/src/panic.rs:434:14
[INFO] [stdout]   68:     0x5580eff35ea8 - std::thread::Builder::spawn_unchecked::{{closure}}::haa369e2d6fd00aa1
[INFO] [stdout]                                at /rustc/53fd98ca776cb875bc9e5514f56b52eb74f9e7a9/library/std/src/thread/mod.rs:475:30
[INFO] [stdout]   69:     0x5580eff35ea8 - core::ops::function::FnOnce::call_once{{vtable.shim}}::h36dcf3de8b056f17
[INFO] [stdout]                                at /rustc/53fd98ca776cb875bc9e5514f56b52eb74f9e7a9/library/core/src/ops/function.rs:227:5
[INFO] [stdout]   70:     0x5580f08c7dc7 - <alloc::boxed::Box<F,A> as core::ops::function::FnOnce<Args>>::call_once::h65c29e4642be2358
[INFO] [stdout]                                at /rustc/53fd98ca776cb875bc9e5514f56b52eb74f9e7a9/library/alloc/src/boxed.rs:1572:9
[INFO] [stdout]   71:     0x5580f08c7dc7 - <alloc::boxed::Box<F,A> as core::ops::function::FnOnce<Args>>::call_once::hd0f8f7fbbd9fffbf
[INFO] [stdout]                                at /rustc/53fd98ca776cb875bc9e5514f56b52eb74f9e7a9/library/alloc/src/boxed.rs:1572:9
[INFO] [stdout]   72:     0x5580f08c7dc7 - std::sys::unix::thread::Thread::new::thread_start::h2fd22fee3ca77b65
[INFO] [stdout]                                at /rustc/53fd98ca776cb875bc9e5514f56b52eb74f9e7a9/library/std/src/sys/unix/thread.rs:74:17
[INFO] [stdout]   73:     0x7ffa4057e609 - start_thread
[INFO] [stdout]   74:     0x7ffa40354293 - clone
[INFO] [stdout]   75:                0x0 - <unknown>
[INFO] [stdout] Panic in Arbiter thread.
[INFO] [stdout] 
[INFO] [stdout] 
[INFO] [stdout] failures:
[INFO] [stdout]     client::tests::retrieve_url
[INFO] [stdout] 
[INFO] [stdout] test result: FAILED. 3 passed; 1 failed; 1 ignored; 0 measured; 0 filtered out; finished in 0.10s
[INFO] [stdout] 
[INFO] running `Command { std: "docker" "inspect" "e5d20a4f5c749b1b2c62068804048e2d3643a437f09fec61b946cf5ae3493002", kill_on_drop: false }`
[INFO] running `Command { std: "docker" "rm" "-f" "e5d20a4f5c749b1b2c62068804048e2d3643a437f09fec61b946cf5ae3493002", kill_on_drop: false }`
[INFO] [stdout] e5d20a4f5c749b1b2c62068804048e2d3643a437f09fec61b946cf5ae3493002
