[INFO] cloning repository https://github.com/eugenewyj/rustetl
[INFO] running `Command { std: "git" "-c" "credential.helper=" "-c" "credential.helper=/workspace/cargo-home/bin/git-credential-null" "clone" "--bare" "https://github.com/eugenewyj/rustetl" "/workspace/cache/git-repos/https%3A%2F%2Fgithub.com%2Feugenewyj%2Frustetl", kill_on_drop: false }`
[INFO] [stderr] Cloning into bare repository '/workspace/cache/git-repos/https%3A%2F%2Fgithub.com%2Feugenewyj%2Frustetl'...
[INFO] running `Command { std: "git" "rev-parse" "HEAD", kill_on_drop: false }`
[INFO] [stdout] d3905880325a8c93974ba6a94ccdf3e313b0de11
[INFO] testing eugenewyj/rustetl against 1.54.0 for beta-1.55-1
[INFO] running `Command { std: "git" "clone" "/workspace/cache/git-repos/https%3A%2F%2Fgithub.com%2Feugenewyj%2Frustetl" "/workspace/builds/worker-118/source", kill_on_drop: false }`
[INFO] [stderr] Cloning into '/workspace/builds/worker-118/source'...
[INFO] [stderr] done.
[INFO] validating manifest of git repo https://github.com/eugenewyj/rustetl on toolchain 1.54.0
[INFO] running `Command { std: "/workspace/cargo-home/bin/cargo" "+1.54.0" "metadata" "--manifest-path" "Cargo.toml" "--no-deps", kill_on_drop: false }`
[INFO] started tweaking git repo https://github.com/eugenewyj/rustetl
[INFO] finished tweaking git repo https://github.com/eugenewyj/rustetl
[INFO] tweaked toml for git repo https://github.com/eugenewyj/rustetl written to /workspace/builds/worker-118/source/Cargo.toml
[INFO] crate git repo https://github.com/eugenewyj/rustetl already has a lockfile, it will not be regenerated
[INFO] running `Command { std: "/workspace/cargo-home/bin/cargo" "+1.54.0" "fetch" "--manifest-path" "Cargo.toml", kill_on_drop: false }`
[INFO] [stderr]     Blocking waiting for file lock on package cache
[INFO] [stderr]     Blocking waiting for file lock on package cache
[INFO] [stderr]  Downloading crates ...
[INFO] [stderr]   Downloaded term_size v0.3.1
[INFO] [stderr]   Downloaded yaml-rust v0.3.5
[INFO] [stderr]   Downloaded bitflags v1.1.0
[INFO] [stderr]   Downloaded linked-hash-map v0.5.2
[INFO] [stderr]   Downloaded libc v0.2.60
[INFO] [stderr]   Downloaded yaml-rust v0.4.3
[INFO] running `Command { std: "docker" "create" "-v" "/var/lib/crater-agent-workspace/builds/worker-118/target:/opt/rustwide/target:rw,Z" "-v" "/var/lib/crater-agent-workspace/builds/worker-118/source:/opt/rustwide/workdir:ro,Z" "-v" "/var/lib/crater-agent-workspace/cargo-home:/opt/rustwide/cargo-home:ro,Z" "-v" "/var/lib/crater-agent-workspace/rustup-home:/opt/rustwide/rustup-home:ro,Z" "-e" "SOURCE_DIR=/opt/rustwide/workdir" "-e" "CARGO_TARGET_DIR=/opt/rustwide/target" "-e" "CARGO_HOME=/opt/rustwide/cargo-home" "-e" "RUSTUP_HOME=/opt/rustwide/rustup-home" "-w" "/opt/rustwide/workdir" "-m" "1610612736" "--user" "0:0" "--network" "none" "ghcr.io/rust-lang/crates-build-env/linux@sha256:34b6a614d2c27851fe6cbf88fbd1137609cefab8b10d0615aaeb6fd47975d74e" "/opt/rustwide/cargo-home/bin/cargo" "+1.54.0" "metadata" "--no-deps" "--format-version=1", kill_on_drop: false }`
[INFO] [stdout] 20e90fd4281e67603249eab85fe76ccc0486319802743d4e402e6cecd731050b
[INFO] running `Command { std: "docker" "start" "-a" "20e90fd4281e67603249eab85fe76ccc0486319802743d4e402e6cecd731050b", kill_on_drop: false }`
[INFO] running `Command { std: "docker" "inspect" "20e90fd4281e67603249eab85fe76ccc0486319802743d4e402e6cecd731050b", kill_on_drop: false }`
[INFO] running `Command { std: "docker" "rm" "-f" "20e90fd4281e67603249eab85fe76ccc0486319802743d4e402e6cecd731050b", kill_on_drop: false }`
[INFO] [stdout] 20e90fd4281e67603249eab85fe76ccc0486319802743d4e402e6cecd731050b
[INFO] running `Command { std: "docker" "create" "-v" "/var/lib/crater-agent-workspace/builds/worker-118/target:/opt/rustwide/target:rw,Z" "-v" "/var/lib/crater-agent-workspace/builds/worker-118/source:/opt/rustwide/workdir:ro,Z" "-v" "/var/lib/crater-agent-workspace/cargo-home:/opt/rustwide/cargo-home:ro,Z" "-v" "/var/lib/crater-agent-workspace/rustup-home:/opt/rustwide/rustup-home:ro,Z" "-e" "SOURCE_DIR=/opt/rustwide/workdir" "-e" "CARGO_TARGET_DIR=/opt/rustwide/target" "-e" "CARGO_INCREMENTAL=0" "-e" "RUST_BACKTRACE=full" "-e" "RUSTFLAGS=--cap-lints=warn" "-e" "CARGO_HOME=/opt/rustwide/cargo-home" "-e" "RUSTUP_HOME=/opt/rustwide/rustup-home" "-w" "/opt/rustwide/workdir" "-m" "1610612736" "--user" "0:0" "--network" "none" "ghcr.io/rust-lang/crates-build-env/linux@sha256:34b6a614d2c27851fe6cbf88fbd1137609cefab8b10d0615aaeb6fd47975d74e" "/opt/rustwide/cargo-home/bin/cargo" "+1.54.0" "build" "--frozen" "--message-format=json", kill_on_drop: false }`
[INFO] [stdout] e70402e003813c931344a8a2a5a28b652c62a55dbd02a9499960a1d1d8c65871
[INFO] running `Command { std: "docker" "start" "-a" "e70402e003813c931344a8a2a5a28b652c62a55dbd02a9499960a1d1d8c65871", kill_on_drop: false }`
[INFO] [stderr]     Blocking waiting for file lock on package cache
[INFO] [stderr]    Compiling libc v0.2.60
[INFO] [stderr]    Compiling linked-hash-map v0.5.2
[INFO] [stderr]    Compiling yaml-rust v0.3.5
[INFO] [stderr]    Compiling yaml-rust v0.4.3
[INFO] [stderr]    Compiling term_size v0.3.1
[INFO] [stderr]    Compiling atty v0.2.13
[INFO] [stderr]    Compiling textwrap v0.11.0
[INFO] [stderr]    Compiling clap v2.33.0
[INFO] [stderr]    Compiling rustetl v0.1.0 (/opt/rustwide/workdir)
[INFO] [stderr]     Finished dev [unoptimized + debuginfo] target(s) in 17.08s
[INFO] running `Command { std: "docker" "inspect" "e70402e003813c931344a8a2a5a28b652c62a55dbd02a9499960a1d1d8c65871", kill_on_drop: false }`
[INFO] running `Command { std: "docker" "rm" "-f" "e70402e003813c931344a8a2a5a28b652c62a55dbd02a9499960a1d1d8c65871", kill_on_drop: false }`
[INFO] [stdout] e70402e003813c931344a8a2a5a28b652c62a55dbd02a9499960a1d1d8c65871
[INFO] running `Command { std: "docker" "create" "-v" "/var/lib/crater-agent-workspace/builds/worker-118/target:/opt/rustwide/target:rw,Z" "-v" "/var/lib/crater-agent-workspace/builds/worker-118/source:/opt/rustwide/workdir:ro,Z" "-v" "/var/lib/crater-agent-workspace/cargo-home:/opt/rustwide/cargo-home:ro,Z" "-v" "/var/lib/crater-agent-workspace/rustup-home:/opt/rustwide/rustup-home:ro,Z" "-e" "SOURCE_DIR=/opt/rustwide/workdir" "-e" "CARGO_TARGET_DIR=/opt/rustwide/target" "-e" "CARGO_INCREMENTAL=0" "-e" "RUST_BACKTRACE=full" "-e" "RUSTFLAGS=--cap-lints=warn" "-e" "CARGO_HOME=/opt/rustwide/cargo-home" "-e" "RUSTUP_HOME=/opt/rustwide/rustup-home" "-w" "/opt/rustwide/workdir" "-m" "1610612736" "--user" "0:0" "--network" "none" "ghcr.io/rust-lang/crates-build-env/linux@sha256:34b6a614d2c27851fe6cbf88fbd1137609cefab8b10d0615aaeb6fd47975d74e" "/opt/rustwide/cargo-home/bin/cargo" "+1.54.0" "test" "--frozen" "--no-run" "--message-format=json", kill_on_drop: false }`
[INFO] [stdout] 128c6e10d8e2d809810cf78e46c0d3968b8ed9ed3db9e327a732d1645799baac
[INFO] running `Command { std: "docker" "start" "-a" "128c6e10d8e2d809810cf78e46c0d3968b8ed9ed3db9e327a732d1645799baac", kill_on_drop: false }`
[INFO] [stderr]     Blocking waiting for file lock on package cache
[INFO] [stderr]    Compiling rustetl v0.1.0 (/opt/rustwide/workdir)
[INFO] [stderr]     Finished test [unoptimized + debuginfo] target(s) in 1.91s
[INFO] running `Command { std: "docker" "inspect" "128c6e10d8e2d809810cf78e46c0d3968b8ed9ed3db9e327a732d1645799baac", kill_on_drop: false }`
[INFO] running `Command { std: "docker" "rm" "-f" "128c6e10d8e2d809810cf78e46c0d3968b8ed9ed3db9e327a732d1645799baac", kill_on_drop: false }`
[INFO] [stdout] 128c6e10d8e2d809810cf78e46c0d3968b8ed9ed3db9e327a732d1645799baac
[INFO] running `Command { std: "docker" "create" "-v" "/var/lib/crater-agent-workspace/builds/worker-118/target:/opt/rustwide/target:rw,Z" "-v" "/var/lib/crater-agent-workspace/builds/worker-118/source:/opt/rustwide/workdir:ro,Z" "-v" "/var/lib/crater-agent-workspace/cargo-home:/opt/rustwide/cargo-home:ro,Z" "-v" "/var/lib/crater-agent-workspace/rustup-home:/opt/rustwide/rustup-home:ro,Z" "-e" "SOURCE_DIR=/opt/rustwide/workdir" "-e" "CARGO_TARGET_DIR=/opt/rustwide/target" "-e" "CARGO_INCREMENTAL=0" "-e" "RUST_BACKTRACE=full" "-e" "RUSTFLAGS=--cap-lints=warn" "-e" "CARGO_HOME=/opt/rustwide/cargo-home" "-e" "RUSTUP_HOME=/opt/rustwide/rustup-home" "-w" "/opt/rustwide/workdir" "-m" "1610612736" "--user" "0:0" "--network" "none" "ghcr.io/rust-lang/crates-build-env/linux@sha256:34b6a614d2c27851fe6cbf88fbd1137609cefab8b10d0615aaeb6fd47975d74e" "/opt/rustwide/cargo-home/bin/cargo" "+1.54.0" "test" "--frozen", kill_on_drop: false }`
[INFO] [stdout] 9dbd935e2d7576b4d623ee330ec0a1fd4c0506ad09b08e5d9da194ebafabd4f9
[INFO] running `Command { std: "docker" "start" "-a" "9dbd935e2d7576b4d623ee330ec0a1fd4c0506ad09b08e5d9da194ebafabd4f9", kill_on_drop: false }`
[INFO] [stderr]     Blocking waiting for file lock on package cache
[INFO] [stderr]     Finished test [unoptimized + debuginfo] target(s) in 0.88s
[INFO] [stderr]      Running unittests (/opt/rustwide/target/debug/deps/rustetl-6615563b5af48430)
[INFO] [stdout] 
[INFO] [stdout] running 1 test
[INFO] [stdout] test tests::test_job_yaml_parse ... FAILED
[INFO] [stdout] 
[INFO] [stdout] failures:
[INFO] [stdout] 
[INFO] [stdout] ---- tests::test_job_yaml_parse stdout ----
[INFO] [stdout] thread 'tests::test_job_yaml_parse' panicked at 'attempted to leave type `linked_hash_map::Node<yaml::Yaml, yaml::Yaml>` uninitialized, which is invalid', /rustc/a178d0322ce20e33eac124758e837cbd80a6f633/library/core/src/mem/mod.rs:660:9
[INFO] [stdout] stack backtrace:
[INFO] [stdout]    0:     0x559eb061bb20 - std::backtrace_rs::backtrace::libunwind::trace::h34055254b57d8e79
[INFO] [stdout]                                at /rustc/a178d0322ce20e33eac124758e837cbd80a6f633/library/std/src/../../backtrace/src/backtrace/libunwind.rs:90:5
[INFO] [stdout]    1:     0x559eb061bb20 - std::backtrace_rs::backtrace::trace_unsynchronized::h8f1e3fbd9afff6ec
[INFO] [stdout]                                at /rustc/a178d0322ce20e33eac124758e837cbd80a6f633/library/std/src/../../backtrace/src/backtrace/mod.rs:66:5
[INFO] [stdout]    2:     0x559eb061bb20 - std::sys_common::backtrace::_print_fmt::h3a99a796b770c360
[INFO] [stdout]                                at /rustc/a178d0322ce20e33eac124758e837cbd80a6f633/library/std/src/sys_common/backtrace.rs:67:5
[INFO] [stdout]    3:     0x559eb061bb20 - <std::sys_common::backtrace::_print::DisplayBacktrace as core::fmt::Display>::fmt::h32d1f94a80615d18
[INFO] [stdout]                                at /rustc/a178d0322ce20e33eac124758e837cbd80a6f633/library/std/src/sys_common/backtrace.rs:46:22
[INFO] [stdout]    4:     0x559eb063f6ec - core::fmt::write::h306731c068f7162c
[INFO] [stdout]                                at /rustc/a178d0322ce20e33eac124758e837cbd80a6f633/library/core/src/fmt/mod.rs:1110:17
[INFO] [stdout]    5:     0x559eb0618a45 - std::io::Write::write_fmt::h87f19b0a2cd190bc
[INFO] [stdout]                                at /rustc/a178d0322ce20e33eac124758e837cbd80a6f633/library/std/src/io/mod.rs:1588:15
[INFO] [stdout]    6:     0x559eb061dc8b - std::sys_common::backtrace::_print::h5abaa2601a852287
[INFO] [stdout]                                at /rustc/a178d0322ce20e33eac124758e837cbd80a6f633/library/std/src/sys_common/backtrace.rs:49:5
[INFO] [stdout]    7:     0x559eb061dc8b - std::sys_common::backtrace::print::h8d81445442bb638f
[INFO] [stdout]                                at /rustc/a178d0322ce20e33eac124758e837cbd80a6f633/library/std/src/sys_common/backtrace.rs:36:9
[INFO] [stdout]    8:     0x559eb061dc8b - std::panicking::default_hook::{{closure}}::hcfe804496a9fa747
[INFO] [stdout]                                at /rustc/a178d0322ce20e33eac124758e837cbd80a6f633/library/std/src/panicking.rs:208:50
[INFO] [stdout]    9:     0x559eb061d79c - std::panicking::default_hook::hbea8e3ccf2ba8901
[INFO] [stdout]                                at /rustc/a178d0322ce20e33eac124758e837cbd80a6f633/library/std/src/panicking.rs:222:9
[INFO] [stdout]   10:     0x559eb061e354 - std::panicking::rust_panic_with_hook::h7ee9e1a2d0f8975a
[INFO] [stdout]                                at /rustc/a178d0322ce20e33eac124758e837cbd80a6f633/library/std/src/panicking.rs:622:17
[INFO] [stdout]   11:     0x559eb061de07 - std::panicking::begin_panic_handler::{{closure}}::h8ab3b4491718b2c7
[INFO] [stdout]                                at /rustc/a178d0322ce20e33eac124758e837cbd80a6f633/library/std/src/panicking.rs:517:13
[INFO] [stdout]   12:     0x559eb061c01c - std::sys_common::backtrace::__rust_end_short_backtrace::hd489062ffa586a9f
[INFO] [stdout]                                at /rustc/a178d0322ce20e33eac124758e837cbd80a6f633/library/std/src/sys_common/backtrace.rs:141:18
[INFO] [stdout]   13:     0x559eb061dd99 - rust_begin_unwind
[INFO] [stdout]                                at /rustc/a178d0322ce20e33eac124758e837cbd80a6f633/library/std/src/panicking.rs:515:5
[INFO] [stdout]   14:     0x559eb0576651 - core::panicking::panic_fmt::hca6330e3e14086b4
[INFO] [stdout]                                at /rustc/a178d0322ce20e33eac124758e837cbd80a6f633/library/core/src/panicking.rs:92:14
[INFO] [stdout]   15:     0x559eb057659d - core::panicking::panic::h1a48d878ff3dcd40
[INFO] [stdout]                                at /rustc/a178d0322ce20e33eac124758e837cbd80a6f633/library/core/src/panicking.rs:50:5
[INFO] [stdout]   16:     0x559eb05be40a - core::mem::uninitialized::h32818301dbfb5861
[INFO] [stdout]                                at /rustc/a178d0322ce20e33eac124758e837cbd80a6f633/library/core/src/mem/mod.rs:660:9
[INFO] [stdout]   17:     0x559eb05be40a - linked_hash_map::LinkedHashMap<K,V,S>::ensure_guard_node::ha6610ce41106ad21
[INFO] [stdout]                                at /opt/rustwide/cargo-home/registry/src/github.com-1ecc6299db9ec823/linked-hash-map-0.5.2/src/lib.rs:174:52
[INFO] [stdout]   18:     0x559eb05be6bc - linked_hash_map::LinkedHashMap<K,V,S>::insert::haa458d324b13468a
[INFO] [stdout]                                at /opt/rustwide/cargo-home/registry/src/github.com-1ecc6299db9ec823/linked-hash-map-0.5.2/src/lib.rs:304:9
[INFO] [stdout]   19:     0x559eb05e9dd6 - yaml_rust::yaml::YamlLoader::insert_new_node::h6a8a152727b71eb3
[INFO] [stdout]                                at /opt/rustwide/cargo-home/registry/src/github.com-1ecc6299db9ec823/yaml-rust-0.4.3/src/yaml.rs:181:25
[INFO] [stdout]   20:     0x559eb05e90f2 - <yaml_rust::yaml::YamlLoader as yaml_rust::parser::MarkedEventReceiver>::on_event::hc66694092dda7830
[INFO] [stdout]                                at /opt/rustwide/cargo-home/registry/src/github.com-1ecc6299db9ec823/yaml-rust-0.4.3/src/yaml.rs:145:17
[INFO] [stdout]   21:     0x559eb05fd44f - yaml_rust::parser::Parser<T>::load_node::h619b1e2ad48e47af
[INFO] [stdout]                                at /opt/rustwide/cargo-home/registry/src/github.com-1ecc6299db9ec823/yaml-rust-0.4.3/src/parser.rs:233:17
[INFO] [stdout]   22:     0x559eb05fdcd3 - yaml_rust::parser::Parser<T>::load_mapping::h6fa3582c5e816350
[INFO] [stdout]                                at /opt/rustwide/cargo-home/registry/src/github.com-1ecc6299db9ec823/yaml-rust-0.4.3/src/parser.rs:259:13
[INFO] [stdout]   23:     0x559eb05fd631 - yaml_rust::parser::Parser<T>::load_node::h619b1e2ad48e47af
[INFO] [stdout]                                at /opt/rustwide/cargo-home/registry/src/github.com-1ecc6299db9ec823/yaml-rust-0.4.3/src/parser.rs:242:17
[INFO] [stdout]   24:     0x559eb05fcd22 - yaml_rust::parser::Parser<T>::load_document::h1ea3635511558856
[INFO] [stdout]                                at /opt/rustwide/cargo-home/registry/src/github.com-1ecc6299db9ec823/yaml-rust-0.4.3/src/parser.rs:215:9
[INFO] [stdout]   25:     0x559eb05fc7df - yaml_rust::parser::Parser<T>::load::h0df52950fbdaad74
[INFO] [stdout]                                at /opt/rustwide/cargo-home/registry/src/github.com-1ecc6299db9ec823/yaml-rust-0.4.3/src/parser.rs:197:13
[INFO] [stdout]   26:     0x559eb05ea05d - yaml_rust::yaml::YamlLoader::load_from_str::h262ac63580878362
[INFO] [stdout]                                at /opt/rustwide/cargo-home/registry/src/github.com-1ecc6299db9ec823/yaml-rust-0.4.3/src/yaml.rs:197:9
[INFO] [stdout]   27:     0x559eb057a35e - rustetl::tests::test_job_yaml_parse::h65aea0fb7a336f66
[INFO] [stdout]                                at /opt/rustwide/workdir/src/lib.rs:103:20
[INFO] [stdout]   28:     0x559eb057a32a - rustetl::tests::test_job_yaml_parse::{{closure}}::h82571eeaef51716b
[INFO] [stdout]                                at /opt/rustwide/workdir/src/lib.rs:102:5
[INFO] [stdout]   29:     0x559eb05789be - core::ops::function::FnOnce::call_once::hc11c47b8622daf26
[INFO] [stdout]                                at /rustc/a178d0322ce20e33eac124758e837cbd80a6f633/library/core/src/ops/function.rs:227:5
[INFO] [stdout]   30:     0x559eb05a2903 - core::ops::function::FnOnce::call_once::h152e7e439ff59e19
[INFO] [stdout]                                at /rustc/a178d0322ce20e33eac124758e837cbd80a6f633/library/core/src/ops/function.rs:227:5
[INFO] [stdout]   31:     0x559eb05a2903 - test::__rust_begin_short_backtrace::h0908f3b1fdbb72ab
[INFO] [stdout]                                at /rustc/a178d0322ce20e33eac124758e837cbd80a6f633/library/test/src/lib.rs:577:5
[INFO] [stdout]   32:     0x559eb05a13c0 - <alloc::boxed::Box<F,A> as core::ops::function::FnOnce<Args>>::call_once::hf6d2a51e5587546c
[INFO] [stdout]                                at /rustc/a178d0322ce20e33eac124758e837cbd80a6f633/library/alloc/src/boxed.rs:1575:9
[INFO] [stdout]   33:     0x559eb05a13c0 - <std::panic::AssertUnwindSafe<F> as core::ops::function::FnOnce<()>>::call_once::h8af660f3a89ef593
[INFO] [stdout]                                at /rustc/a178d0322ce20e33eac124758e837cbd80a6f633/library/std/src/panic.rs:347:9
[INFO] [stdout]   34:     0x559eb05a13c0 - std::panicking::try::do_call::hd36aef60f84b6d36
[INFO] [stdout]                                at /rustc/a178d0322ce20e33eac124758e837cbd80a6f633/library/std/src/panicking.rs:401:40
[INFO] [stdout]   35:     0x559eb05a13c0 - std::panicking::try::h9932b4480e69817c
[INFO] [stdout]                                at /rustc/a178d0322ce20e33eac124758e837cbd80a6f633/library/std/src/panicking.rs:365:19
[INFO] [stdout]   36:     0x559eb05a13c0 - std::panic::catch_unwind::h6aa177099cfff5f8
[INFO] [stdout]                                at /rustc/a178d0322ce20e33eac124758e837cbd80a6f633/library/std/src/panic.rs:434:14
[INFO] [stdout]   37:     0x559eb05a13c0 - test::run_test_in_process::h5884d6f2d99e20c3
[INFO] [stdout]                                at /rustc/a178d0322ce20e33eac124758e837cbd80a6f633/library/test/src/lib.rs:600:18
[INFO] [stdout]   38:     0x559eb05a13c0 - test::run_test::run_test_inner::{{closure}}::h6fdc58c6d5f5b6e3
[INFO] [stdout]                                at /rustc/a178d0322ce20e33eac124758e837cbd80a6f633/library/test/src/lib.rs:492:39
[INFO] [stdout]   39:     0x559eb057aa72 - test::run_test::run_test_inner::{{closure}}::h408365d67a78ade8
[INFO] [stdout]                                at /rustc/a178d0322ce20e33eac124758e837cbd80a6f633/library/test/src/lib.rs:519:37
[INFO] [stdout]   40:     0x559eb057aa72 - std::sys_common::backtrace::__rust_begin_short_backtrace::hb560b77c4f701523
[INFO] [stdout]                                at /rustc/a178d0322ce20e33eac124758e837cbd80a6f633/library/std/src/sys_common/backtrace.rs:125:18
[INFO] [stdout]   41:     0x559eb057e628 - std::thread::Builder::spawn_unchecked::{{closure}}::{{closure}}::hf2e7831dad93c597
[INFO] [stdout]                                at /rustc/a178d0322ce20e33eac124758e837cbd80a6f633/library/std/src/thread/mod.rs:481:17
[INFO] [stdout]   42:     0x559eb057e628 - <std::panic::AssertUnwindSafe<F> as core::ops::function::FnOnce<()>>::call_once::hd2e08783d8be4d02
[INFO] [stdout]                                at /rustc/a178d0322ce20e33eac124758e837cbd80a6f633/library/std/src/panic.rs:347:9
[INFO] [stdout]   43:     0x559eb057e628 - std::panicking::try::do_call::h062597b7acfd6b82
[INFO] [stdout]                                at /rustc/a178d0322ce20e33eac124758e837cbd80a6f633/library/std/src/panicking.rs:401:40
[INFO] [stdout]   44:     0x559eb057e628 - std::panicking::try::h0d7b79db04c14552
[INFO] [stdout]                                at /rustc/a178d0322ce20e33eac124758e837cbd80a6f633/library/std/src/panicking.rs:365:19
[INFO] [stdout]   45:     0x559eb057e628 - std::panic::catch_unwind::hb01a0b5e7c8cd43b
[INFO] [stdout]                                at /rustc/a178d0322ce20e33eac124758e837cbd80a6f633/library/std/src/panic.rs:434:14
[INFO] [stdout]   46:     0x559eb057e628 - std::thread::Builder::spawn_unchecked::{{closure}}::h5bde48cc887e0d1e
[INFO] [stdout]                                at /rustc/a178d0322ce20e33eac124758e837cbd80a6f633/library/std/src/thread/mod.rs:480:30
[INFO] [stdout]   47:     0x559eb057e628 - core::ops::function::FnOnce::call_once{{vtable.shim}}::h745ea30807a29e55
[INFO] [stdout]                                at /rustc/a178d0322ce20e33eac124758e837cbd80a6f633/library/core/src/ops/function.rs:227:5
[INFO] [stdout]   48:     0x559eb0622e17 - <alloc::boxed::Box<F,A> as core::ops::function::FnOnce<Args>>::call_once::h7ece6cfefaff1005
[INFO] [stdout]                                at /rustc/a178d0322ce20e33eac124758e837cbd80a6f633/library/alloc/src/boxed.rs:1575:9
[INFO] [stdout]   49:     0x559eb0622e17 - <alloc::boxed::Box<F,A> as core::ops::function::FnOnce<Args>>::call_once::hb8b48e55c21f193e
[INFO] [stdout]                                at /rustc/a178d0322ce20e33eac124758e837cbd80a6f633/library/alloc/src/boxed.rs:1575:9
[INFO] [stdout]   50:     0x559eb0622e17 - std::sys::unix::thread::Thread::new::thread_start::h8c7c4450dba62914
[INFO] [stdout]                                at /rustc/a178d0322ce20e33eac124758e837cbd80a6f633/library/std/src/sys/unix/thread.rs:71:17
[INFO] [stdout]   51:     0x7f1dbb8d4609 - start_thread
[INFO] [stdout]   52:     0x7f1dbb6a6293 - clone
[INFO] [stdout]   53:                0x0 - <unknown>
[INFO] [stdout] 
[INFO] [stdout] 
[INFO] [stdout] failures:
[INFO] [stdout]     tests::test_job_yaml_parse
[INFO] [stdout] 
[INFO] [stdout] test result: FAILED. 0 passed; 1 failed; 0 ignored; 0 measured; 0 filtered out; finished in 0.01s
[INFO] [stdout] 
[INFO] [stderr] error: test failed, to rerun pass '--lib'
[INFO] running `Command { std: "docker" "inspect" "9dbd935e2d7576b4d623ee330ec0a1fd4c0506ad09b08e5d9da194ebafabd4f9", kill_on_drop: false }`
[INFO] running `Command { std: "docker" "rm" "-f" "9dbd935e2d7576b4d623ee330ec0a1fd4c0506ad09b08e5d9da194ebafabd4f9", kill_on_drop: false }`
[INFO] [stdout] 9dbd935e2d7576b4d623ee330ec0a1fd4c0506ad09b08e5d9da194ebafabd4f9
