[INFO] cloning repository https://github.com/etoal83/etoal.com
[INFO] running `Command { std: "git" "-c" "credential.helper=" "-c" "credential.helper=/workspace/cargo-home/bin/git-credential-null" "clone" "--bare" "https://github.com/etoal83/etoal.com" "/workspace/cache/git-repos/https%3A%2F%2Fgithub.com%2Fetoal83%2Fetoal.com", kill_on_drop: false }`
[INFO] [stderr] Cloning into bare repository '/workspace/cache/git-repos/https%3A%2F%2Fgithub.com%2Fetoal83%2Fetoal.com'...
[INFO] running `Command { std: "git" "rev-parse" "HEAD", kill_on_drop: false }`
[INFO] [stdout] b3138bfaa3ef88d43a1b764aa8d822d9af83e537
[INFO] testing etoal83/etoal.com against beta-2021-08-01 for beta-1.55-1
[INFO] running `Command { std: "git" "clone" "/workspace/cache/git-repos/https%3A%2F%2Fgithub.com%2Fetoal83%2Fetoal.com" "/workspace/builds/worker-74/source", kill_on_drop: false }`
[INFO] [stderr] Cloning into '/workspace/builds/worker-74/source'...
[INFO] [stderr] done.
[INFO] validating manifest of git repo https://github.com/etoal83/etoal.com on toolchain beta-2021-08-01
[INFO] running `Command { std: "/workspace/cargo-home/bin/cargo" "+beta-2021-08-01" "metadata" "--manifest-path" "Cargo.toml" "--no-deps", kill_on_drop: false }`
[INFO] started tweaking git repo https://github.com/etoal83/etoal.com
[INFO] finished tweaking git repo https://github.com/etoal83/etoal.com
[INFO] tweaked toml for git repo https://github.com/etoal83/etoal.com written to /workspace/builds/worker-74/source/Cargo.toml
[INFO] crate git repo https://github.com/etoal83/etoal.com already has a lockfile, it will not be regenerated
[INFO] running `Command { std: "/workspace/cargo-home/bin/cargo" "+beta-2021-08-01" "fetch" "--manifest-path" "Cargo.toml", kill_on_drop: false }`
[INFO] [stderr]     Blocking waiting for file lock on package cache
[INFO] [stderr]     Updating git repository `https://github.com/seed-rs/seed`
[INFO] [stderr]     Updating git repository `https://github.com/seed-rs/styles_hooks`
[INFO] [stderr]     Blocking waiting for file lock on package cache
[INFO] [stderr]  Downloading crates ...
[INFO] [stderr]   Downloaded wasm-bindgen-futures v0.4.22
[INFO] [stderr]   Downloaded futures-channel v0.3.13
[INFO] [stderr]   Downloaded js-sys v0.3.49
[INFO] [stderr]   Downloaded syn v1.0.69
[INFO] [stderr]   Downloaded objekt v0.1.2
[INFO] [stderr]   Downloaded redox_syscall v0.2.7
[INFO] [stderr]   Downloaded derive_more v0.99.13
[INFO] [stderr]   Downloaded time v0.2.26
[INFO] [stderr]   Downloaded futures-executor v0.3.13
[INFO] [stderr]   Downloaded futures-core v0.3.13
[INFO] [stderr]   Downloaded hash_hasher v2.0.3
[INFO] [stderr]   Downloaded dyn-cache v0.12.2
[INFO] [stderr]   Downloaded illicit v1.1.2
[INFO] [stderr]   Downloaded illicit-macro v1.0.0
[INFO] [stderr]   Downloaded futures-macro v0.3.13
[INFO] [stderr]   Downloaded dbg v1.0.4
[INFO] [stderr]   Downloaded enclose v1.1.8
[INFO] [stderr]   Downloaded futures-task v0.3.13
[INFO] [stderr]   Downloaded harsh v0.1.7
[INFO] [stderr]   Downloaded ahash v0.7.2
[INFO] [stderr]   Downloaded futures v0.3.13
[INFO] [stderr]   Downloaded web-sys v0.3.49
[INFO] [stderr]   Downloaded futures-io v0.3.13
[INFO] [stderr]   Downloaded futures-util v0.3.13
[INFO] [stderr]   Downloaded topo-macro v0.10.0
[INFO] [stderr]   Downloaded futures-sink v0.3.13
[INFO] [stderr]   Downloaded wasm-bindgen-test-macro v0.3.22
[INFO] [stderr]   Downloaded libc v0.2.90
[INFO] [stderr]   Downloaded wasm-bindgen-test v0.3.22
[INFO] [stderr]   Downloaded objekt-clonable-impl v0.2.2
[INFO] [stderr]   Downloaded eager v0.1.0
[INFO] [stderr]   Downloaded topo v0.13.2
[INFO] [stderr]   Downloaded objekt-clonable v0.2.2
[INFO] [stderr]   Downloaded rust-hsluv v0.1.4
[INFO] running `Command { std: "docker" "create" "-v" "/var/lib/crater-agent-workspace/builds/worker-74/target:/opt/rustwide/target:rw,Z" "-v" "/var/lib/crater-agent-workspace/builds/worker-74/source:/opt/rustwide/workdir:ro,Z" "-v" "/var/lib/crater-agent-workspace/cargo-home:/opt/rustwide/cargo-home:ro,Z" "-v" "/var/lib/crater-agent-workspace/rustup-home:/opt/rustwide/rustup-home:ro,Z" "-e" "SOURCE_DIR=/opt/rustwide/workdir" "-e" "CARGO_TARGET_DIR=/opt/rustwide/target" "-e" "CARGO_HOME=/opt/rustwide/cargo-home" "-e" "RUSTUP_HOME=/opt/rustwide/rustup-home" "-w" "/opt/rustwide/workdir" "-m" "1610612736" "--user" "0:0" "--network" "none" "ghcr.io/rust-lang/crates-build-env/linux@sha256:34b6a614d2c27851fe6cbf88fbd1137609cefab8b10d0615aaeb6fd47975d74e" "/opt/rustwide/cargo-home/bin/cargo" "+beta-2021-08-01" "metadata" "--no-deps" "--format-version=1", kill_on_drop: false }`
[INFO] [stdout] 71e0a73f32d987df58c12296a9e60e38dd73194dcfc2bc17eb3558ce4e7daa39
[INFO] running `Command { std: "docker" "start" "-a" "71e0a73f32d987df58c12296a9e60e38dd73194dcfc2bc17eb3558ce4e7daa39", kill_on_drop: false }`
[INFO] running `Command { std: "docker" "inspect" "71e0a73f32d987df58c12296a9e60e38dd73194dcfc2bc17eb3558ce4e7daa39", kill_on_drop: false }`
[INFO] running `Command { std: "docker" "rm" "-f" "71e0a73f32d987df58c12296a9e60e38dd73194dcfc2bc17eb3558ce4e7daa39", kill_on_drop: false }`
[INFO] [stdout] 71e0a73f32d987df58c12296a9e60e38dd73194dcfc2bc17eb3558ce4e7daa39
[INFO] running `Command { std: "docker" "create" "-v" "/var/lib/crater-agent-workspace/builds/worker-74/target:/opt/rustwide/target:rw,Z" "-v" "/var/lib/crater-agent-workspace/builds/worker-74/source:/opt/rustwide/workdir:ro,Z" "-v" "/var/lib/crater-agent-workspace/cargo-home:/opt/rustwide/cargo-home:ro,Z" "-v" "/var/lib/crater-agent-workspace/rustup-home:/opt/rustwide/rustup-home:ro,Z" "-e" "SOURCE_DIR=/opt/rustwide/workdir" "-e" "CARGO_TARGET_DIR=/opt/rustwide/target" "-e" "CARGO_INCREMENTAL=0" "-e" "RUST_BACKTRACE=full" "-e" "RUSTFLAGS=--cap-lints=warn" "-e" "CARGO_HOME=/opt/rustwide/cargo-home" "-e" "RUSTUP_HOME=/opt/rustwide/rustup-home" "-w" "/opt/rustwide/workdir" "-m" "1610612736" "--user" "0:0" "--network" "none" "ghcr.io/rust-lang/crates-build-env/linux@sha256:34b6a614d2c27851fe6cbf88fbd1137609cefab8b10d0615aaeb6fd47975d74e" "/opt/rustwide/cargo-home/bin/cargo" "+beta-2021-08-01" "build" "--frozen" "--message-format=json", kill_on_drop: false }`
[INFO] [stdout] 1af4339eb7b1110e6f9d891d0d4b4f902addb8d32cef22ee3ceebb8dac5450b9
[INFO] running `Command { std: "docker" "start" "-a" "1af4339eb7b1110e6f9d891d0d4b4f902addb8d32cef22ee3ceebb8dac5450b9", kill_on_drop: false }`
[INFO] [stderr]     Blocking waiting for file lock on package cache
[INFO] [stderr]    Compiling syn v1.0.69
[INFO] [stderr]    Compiling version_check v0.9.3
[INFO] [stderr]    Compiling libc v0.2.90
[INFO] [stderr]    Compiling log v0.4.14
[INFO] [stderr]    Compiling wasm-bindgen-shared v0.2.73
[INFO] [stderr]    Compiling serde_derive v1.0.124
[INFO] [stderr]    Compiling bumpalo v3.6.1
[INFO] [stderr]    Compiling ryu v1.0.5
[INFO] [stderr]    Compiling serde v1.0.124
[INFO] [stderr]    Compiling getrandom v0.2.2
[INFO] [stderr]    Compiling serde_json v1.0.64
[INFO] [stderr]    Compiling proc-macro-hack v0.5.19
[INFO] [stderr]    Compiling wasm-bindgen v0.2.73
[INFO] [stderr]    Compiling itoa v0.4.7
[INFO] [stderr]    Compiling futures-core v0.3.13
[INFO] [stderr]    Compiling scopeguard v1.1.0
[INFO] [stderr]    Compiling futures-sink v0.3.13
[INFO] [stderr]    Compiling stable_deref_trait v1.2.0
[INFO] [stderr]    Compiling memchr v2.3.4
[INFO] [stderr]    Compiling proc-macro-nested v0.1.7
[INFO] [stderr]    Compiling const_fn v0.4.5
[INFO] [stderr]    Compiling fnv v1.0.7
[INFO] [stderr]    Compiling once_cell v1.7.2
[INFO] [stderr]    Compiling ident_case v1.0.1
[INFO] [stderr]    Compiling strsim v0.9.3
[INFO] [stderr]    Compiling futures-task v0.3.13
[INFO] [stderr]    Compiling pin-utils v0.1.0
[INFO] [stderr]    Compiling pin-project-lite v0.2.6
[INFO] [stderr]    Compiling futures-io v0.3.13
[INFO] [stderr]    Compiling ppv-lite86 v0.2.10
[INFO] [stderr]    Compiling paste v1.0.5
[INFO] [stderr]    Compiling downcast-rs v1.2.0
[INFO] [stderr]    Compiling hash_hasher v2.0.3
[INFO] [stderr]    Compiling syn v0.15.44
[INFO] [stderr]    Compiling slotmap v0.4.0
[INFO] [stderr]    Compiling anymap v0.12.1
[INFO] [stderr]    Compiling enclose v1.1.8
[INFO] [stderr]    Compiling convert_case v0.4.0
[INFO] [stderr]    Compiling unicode-segmentation v1.7.1
[INFO] [stderr]    Compiling objekt v0.1.2
[INFO] [stderr]    Compiling eager v0.1.0
[INFO] [stderr]    Compiling harsh v0.1.7
[INFO] [stderr]    Compiling rust-hsluv v0.1.4
[INFO] [stderr]    Compiling instant v0.1.9
[INFO] [stderr]    Compiling dbg v1.0.4
[INFO] [stderr]    Compiling num-traits v0.2.14
[INFO] [stderr]    Compiling num-integer v0.1.44
[INFO] [stderr]    Compiling quote v0.6.13
[INFO] [stderr]    Compiling owning_ref v0.4.1
[INFO] [stderr]    Compiling proc-macro-error-attr v1.0.4
[INFO] [stderr]    Compiling proc-macro-error v1.0.4
[INFO] [stderr]    Compiling standback v0.2.17
[INFO] [stderr]    Compiling ahash v0.7.2
[INFO] [stderr]    Compiling time v0.2.26
[INFO] [stderr]    Compiling cookie v0.14.4
[INFO] [stderr]    Compiling seed v0.8.0 (https://github.com/seed-rs/seed?branch=master#938d71b6)
[INFO] [stderr]    Compiling futures-channel v0.3.13
[INFO] [stderr]    Compiling heck v0.3.2
[INFO] [stderr]    Compiling lock_api v0.4.3
[INFO] [stderr]    Compiling parking_lot_core v0.8.3
[INFO] [stderr]    Compiling time v0.1.43
[INFO] [stderr]    Compiling parking_lot v0.11.1
[INFO] [stderr]    Compiling rand_core v0.6.2
[INFO] [stderr]    Compiling uuid v0.8.2
[INFO] [stderr]    Compiling hashbrown v0.11.2
[INFO] [stderr]    Compiling ordered-float v1.1.1
[INFO] [stderr]    Compiling rand_chacha v0.3.0
[INFO] [stderr]    Compiling rand v0.8.3
[INFO] [stderr]    Compiling chrono v0.4.19
[INFO] [stderr]    Compiling wasm-bindgen-backend v0.2.73
[INFO] [stderr]    Compiling darling_core v0.10.2
[INFO] [stderr]    Compiling wasm-bindgen-macro-support v0.2.73
[INFO] [stderr]    Compiling objekt-clonable-impl v0.2.2
[INFO] [stderr]    Compiling wasm-bindgen-macro v0.2.73
[INFO] [stderr]    Compiling illicit-macro v1.0.0
[INFO] [stderr]    Compiling futures-macro v0.3.13
[INFO] [stderr]    Compiling time-macros-impl v0.1.1
[INFO] [stderr]    Compiling topo-macro v0.10.0
[INFO] [stderr]    Compiling derive_more v0.99.13
[INFO] [stderr]    Compiling darling_macro v0.10.2
[INFO] [stderr]    Compiling objekt-clonable v0.2.2
[INFO] [stderr]    Compiling time-macros v0.1.1
[INFO] [stderr]    Compiling illicit v1.1.2
[INFO] [stderr]    Compiling darling v0.10.2
[INFO] [stderr]    Compiling futures-util v0.3.13
[INFO] [stderr]    Compiling dyn-cache v0.12.2
[INFO] [stderr]    Compiling atomic_hooks_macros v0.1.6 (https://github.com/seed-rs/styles_hooks?branch=main#35432509)
[INFO] [stderr]    Compiling topo v0.13.2
[INFO] [stderr]    Compiling atomic_hooks v0.1.6 (https://github.com/seed-rs/styles_hooks?branch=main#35432509)
[INFO] [stderr]    Compiling futures-executor v0.3.13
[INFO] [stderr]    Compiling futures v0.3.13
[INFO] [stderr]    Compiling js-sys v0.3.49
[INFO] [stderr]    Compiling console_error_panic_hook v0.1.6
[INFO] [stderr]    Compiling web-sys v0.3.49
[INFO] [stderr]    Compiling wasm-bindgen-futures v0.4.22
[INFO] [stderr]    Compiling gloo-events v0.1.1
[INFO] [stderr]    Compiling gloo-timers v0.2.1
[INFO] [stderr]    Compiling gloo-file v0.1.0
[INFO] [stderr]    Compiling seed_hooks v0.1.5 (https://github.com/seed-rs/styles_hooks?branch=main#35432509)
[INFO] [stderr]    Compiling seed_style_macros v0.1.4 (https://github.com/seed-rs/styles_hooks?branch=main#35432509)
[INFO] [stderr]    Compiling seed_styles v0.1.9 (https://github.com/seed-rs/styles_hooks?branch=main#35432509)
[INFO] [stderr]    Compiling etoal_com v0.1.0 (/opt/rustwide/workdir)
[INFO] [stdout] warning: variant is never constructed: `NotFound`
[INFO] [stdout]   --> src/contents/works.rs:35:5
[INFO] [stdout]    |
[INFO] [stdout] 35 |     NotFound,
[INFO] [stdout]    |     ^^^^^^^^
[INFO] [stdout]    |
[INFO] [stdout]    = note: `#[warn(dead_code)]` on by default
[INFO] [stdout] 
[INFO] [stdout] 
[INFO] [stdout] warning: 1 warning emitted
[INFO] [stdout] 
[INFO] [stdout] 
[INFO] [stdout] warning: unused import: `seed_styles`
[INFO] [stdout]  --> src/main.rs:9:5
[INFO] [stdout]   |
[INFO] [stdout] 9 | use seed_styles::*;
[INFO] [stdout]   |     ^^^^^^^^^^^
[INFO] [stdout]   |
[INFO] [stdout]   = note: `#[warn(unused_imports)]` on by default
[INFO] [stdout] 
[INFO] [stdout] 
[INFO] [stdout] warning: 1 warning emitted
[INFO] [stdout] 
[INFO] [stdout] 
[INFO] [stderr]     Finished dev [unoptimized + debuginfo] target(s) in 2m 24s
[INFO] running `Command { std: "docker" "inspect" "1af4339eb7b1110e6f9d891d0d4b4f902addb8d32cef22ee3ceebb8dac5450b9", kill_on_drop: false }`
[INFO] running `Command { std: "docker" "rm" "-f" "1af4339eb7b1110e6f9d891d0d4b4f902addb8d32cef22ee3ceebb8dac5450b9", kill_on_drop: false }`
[INFO] [stdout] 1af4339eb7b1110e6f9d891d0d4b4f902addb8d32cef22ee3ceebb8dac5450b9
[INFO] running `Command { std: "docker" "create" "-v" "/var/lib/crater-agent-workspace/builds/worker-74/target:/opt/rustwide/target:rw,Z" "-v" "/var/lib/crater-agent-workspace/builds/worker-74/source:/opt/rustwide/workdir:ro,Z" "-v" "/var/lib/crater-agent-workspace/cargo-home:/opt/rustwide/cargo-home:ro,Z" "-v" "/var/lib/crater-agent-workspace/rustup-home:/opt/rustwide/rustup-home:ro,Z" "-e" "SOURCE_DIR=/opt/rustwide/workdir" "-e" "CARGO_TARGET_DIR=/opt/rustwide/target" "-e" "CARGO_INCREMENTAL=0" "-e" "RUST_BACKTRACE=full" "-e" "RUSTFLAGS=--cap-lints=warn" "-e" "CARGO_HOME=/opt/rustwide/cargo-home" "-e" "RUSTUP_HOME=/opt/rustwide/rustup-home" "-w" "/opt/rustwide/workdir" "-m" "1610612736" "--user" "0:0" "--network" "none" "ghcr.io/rust-lang/crates-build-env/linux@sha256:34b6a614d2c27851fe6cbf88fbd1137609cefab8b10d0615aaeb6fd47975d74e" "/opt/rustwide/cargo-home/bin/cargo" "+beta-2021-08-01" "test" "--frozen" "--no-run" "--message-format=json", kill_on_drop: false }`
[INFO] [stdout] 52613c0d8815ec85089a4f2479244d6ea2e94a66618f45327de6b3e9ec73cce1
[INFO] running `Command { std: "docker" "start" "-a" "52613c0d8815ec85089a4f2479244d6ea2e94a66618f45327de6b3e9ec73cce1", kill_on_drop: false }`
[INFO] [stderr]    Compiling scoped-tls v1.0.0
[INFO] [stderr]    Compiling wasm-bindgen-test-macro v0.3.22
[INFO] [stdout] warning: variant is never constructed: `NotFound`
[INFO] [stdout]   --> src/contents/works.rs:35:5
[INFO] [stdout]    |
[INFO] [stdout] 35 |     NotFound,
[INFO] [stdout]    |     ^^^^^^^^
[INFO] [stdout]    |
[INFO] [stdout]    = note: `#[warn(dead_code)]` on by default
[INFO] [stdout] 
[INFO] [stdout] 
[INFO] [stdout] warning: 1 warning emitted
[INFO] [stdout] 
[INFO] [stdout] 
[INFO] [stderr]    Compiling wasm-bindgen-test v0.3.22
[INFO] [stderr]    Compiling etoal_com v0.1.0 (/opt/rustwide/workdir)
[INFO] [stdout] warning: unused import: `seed_styles`
[INFO] [stdout]  --> src/main.rs:9:5
[INFO] [stdout]   |
[INFO] [stdout] 9 | use seed_styles::*;
[INFO] [stdout]   |     ^^^^^^^^^^^
[INFO] [stdout]   |
[INFO] [stdout]   = note: `#[warn(unused_imports)]` on by default
[INFO] [stdout] 
[INFO] [stdout] 
[INFO] [stdout] warning: variant is never constructed: `NotFound`
[INFO] [stdout]   --> src/contents/works.rs:35:5
[INFO] [stdout]    |
[INFO] [stdout] 35 |     NotFound,
[INFO] [stdout]    |     ^^^^^^^^
[INFO] [stdout]    |
[INFO] [stdout]    = note: `#[warn(dead_code)]` on by default
[INFO] [stdout] 
[INFO] [stdout] 
[INFO] [stdout] warning: 1 warning emitted
[INFO] [stdout] 
[INFO] [stdout] 
[INFO] [stdout] warning: 1 warning emitted
[INFO] [stdout] 
[INFO] [stdout] 
[INFO] [stderr]     Finished test [unoptimized + debuginfo] target(s) in 1.65s
[INFO] running `Command { std: "docker" "inspect" "52613c0d8815ec85089a4f2479244d6ea2e94a66618f45327de6b3e9ec73cce1", kill_on_drop: false }`
[INFO] running `Command { std: "docker" "rm" "-f" "52613c0d8815ec85089a4f2479244d6ea2e94a66618f45327de6b3e9ec73cce1", kill_on_drop: false }`
[INFO] [stdout] 52613c0d8815ec85089a4f2479244d6ea2e94a66618f45327de6b3e9ec73cce1
[INFO] running `Command { std: "docker" "create" "-v" "/var/lib/crater-agent-workspace/builds/worker-74/target:/opt/rustwide/target:rw,Z" "-v" "/var/lib/crater-agent-workspace/builds/worker-74/source:/opt/rustwide/workdir:ro,Z" "-v" "/var/lib/crater-agent-workspace/cargo-home:/opt/rustwide/cargo-home:ro,Z" "-v" "/var/lib/crater-agent-workspace/rustup-home:/opt/rustwide/rustup-home:ro,Z" "-e" "SOURCE_DIR=/opt/rustwide/workdir" "-e" "CARGO_TARGET_DIR=/opt/rustwide/target" "-e" "CARGO_INCREMENTAL=0" "-e" "RUST_BACKTRACE=full" "-e" "RUSTFLAGS=--cap-lints=warn" "-e" "CARGO_HOME=/opt/rustwide/cargo-home" "-e" "RUSTUP_HOME=/opt/rustwide/rustup-home" "-w" "/opt/rustwide/workdir" "-m" "1610612736" "--user" "0:0" "--network" "none" "ghcr.io/rust-lang/crates-build-env/linux@sha256:34b6a614d2c27851fe6cbf88fbd1137609cefab8b10d0615aaeb6fd47975d74e" "/opt/rustwide/cargo-home/bin/cargo" "+beta-2021-08-01" "test" "--frozen", kill_on_drop: false }`
[INFO] [stdout] ea95ce431ea92594482dbe08f0bb33eb714d8a47e4c945b50ca0a9fc60cf8da0
[INFO] running `Command { std: "docker" "start" "-a" "ea95ce431ea92594482dbe08f0bb33eb714d8a47e4c945b50ca0a9fc60cf8da0", kill_on_drop: false }`
[INFO] [stderr] warning: variant is never constructed: `NotFound`
[INFO] [stderr]   --> src/contents/works.rs:35:5
[INFO] [stderr]    |
[INFO] [stderr] 35 |     NotFound,
[INFO] [stderr]    |     ^^^^^^^^
[INFO] [stderr]    |
[INFO] [stderr]    = note: `#[warn(dead_code)]` on by default
[INFO] [stderr] 
[INFO] [stderr] warning: `etoal_com` (lib) generated 1 warning
[INFO] [stderr] warning: `etoal_com` (lib test) generated 1 warning (1 duplicate)
[INFO] [stderr] warning: unused import: `seed_styles`
[INFO] [stderr]  --> src/main.rs:9:5
[INFO] [stderr]   |
[INFO] [stderr] 9 | use seed_styles::*;
[INFO] [stderr]   |     ^^^^^^^^^^^
[INFO] [stderr]   |
[INFO] [stderr]   = note: `#[warn(unused_imports)]` on by default
[INFO] [stderr] 
[INFO] [stderr] warning: `etoal_com` (bin "etoal_com" test) generated 1 warning
[INFO] [stderr]     Finished test [unoptimized + debuginfo] target(s) in 0.08s
[INFO] [stderr]      Running unittests (/opt/rustwide/target/debug/deps/etoal_com-e458683758aecea5)
[INFO] [stdout] 
[INFO] [stdout] running 0 tests
[INFO] [stdout] 
[INFO] [stdout] test result: ok. 0 passed; 0 failed; 0 ignored; 0 measured; 0 filtered out; finished in 0.00s
[INFO] [stdout] 
[INFO] [stderr]      Running unittests (/opt/rustwide/target/debug/deps/etoal_com-aa38726ad95dc0ad)
[INFO] [stdout] 
[INFO] [stdout] running 0 tests
[INFO] [stdout] 
[INFO] [stdout] test result: ok. 0 passed; 0 failed; 0 ignored; 0 measured; 0 filtered out; finished in 0.00s
[INFO] [stdout] 
[INFO] [stderr]    Doc-tests etoal_com
[INFO] [stdout] 
[INFO] [stdout] running 2 tests
[INFO] [stdout] test src/contents/works.rs - contents::works::Urls::new (line 47) - compile ... FAILED
[INFO] [stdout] test src/contents/works.rs - contents::works::Urls::base_url (line 47) - compile ... FAILED
[INFO] [stdout] 
[INFO] [stdout] failures:
[INFO] [stdout] 
[INFO] [stdout] ---- src/contents/works.rs - contents::works::Urls::new (line 47) stdout ----
[INFO] [stdout] error[E0433]: failed to resolve: use of undeclared type `Urls`
[INFO] [stdout]  --> src/contents/works.rs:48:1
[INFO] [stdout]   |
[INFO] [stdout] 3 | Urls::new(base_url).home()
[INFO] [stdout]   | ^^^^ not found in this scope
[INFO] [stdout]   |
[INFO] [stdout] help: consider importing this struct
[INFO] [stdout]   |
[INFO] [stdout] 2 | use etoal_com::contents::works::Urls;
[INFO] [stdout]   |
[INFO] [stdout] 
[INFO] [stdout] error[E0425]: cannot find value `base_url` in this scope
[INFO] [stdout]  --> src/contents/works.rs:48:11
[INFO] [stdout]   |
[INFO] [stdout] 3 | Urls::new(base_url).home()
[INFO] [stdout]   |           ^^^^^^^^ not found in this scope
[INFO] [stdout] 
[INFO] [stdout] error: aborting due to 2 previous errors
[INFO] [stdout] 
[INFO] [stdout] Some errors have detailed explanations: E0425, E0433.
[INFO] [stdout] For more information about an error, try `rustc --explain E0425`.
[INFO] [stdout] Couldn't compile the test.
[INFO] [stdout] ---- src/contents/works.rs - contents::works::Urls::base_url (line 47) stdout ----
[INFO] [stdout] error: `self` parameter is only allowed in associated functions
[INFO] [stdout]  --> src/contents/works.rs:48:19
[INFO] [stdout]   |
[INFO] [stdout] 3 | pub fn admin_urls(self) -> page::admin::Urls<'a> {
[INFO] [stdout]   |                   ^^^^ not semantically valid as function parameter
[INFO] [stdout]   |
[INFO] [stdout]   = note: associated functions are those in `impl` or `trait` definitions
[INFO] [stdout] 
[INFO] [stdout] error[E0433]: failed to resolve: use of undeclared crate or module `page`
[INFO] [stdout]  --> src/contents/works.rs:48:28
[INFO] [stdout]   |
[INFO] [stdout] 3 | pub fn admin_urls(self) -> page::admin::Urls<'a> {
[INFO] [stdout]   |                            ^^^^ use of undeclared crate or module `page`
[INFO] [stdout] 
[INFO] [stdout] error[E0433]: failed to resolve: use of undeclared crate or module `page`
[INFO] [stdout]  --> src/contents/works.rs:49:18
[INFO] [stdout]   |
[INFO] [stdout] 4 |     page::admin::Urls::new(self.base_url().add_path_part(ADMIN))
[INFO] [stdout]   |                  ^^^^ not found in `page::admin`
[INFO] [stdout]   |
[INFO] [stdout] help: consider importing this struct
[INFO] [stdout]   |
[INFO] [stdout] 2 | use etoal_com::contents::works::Urls;
[INFO] [stdout]   |
[INFO] [stdout] 
[INFO] [stdout] error[E0425]: cannot find value `ADMIN` in this scope
[INFO] [stdout]  --> src/contents/works.rs:49:58
[INFO] [stdout]   |
[INFO] [stdout] 4 |     page::admin::Urls::new(self.base_url().add_path_part(ADMIN))
[INFO] [stdout]   |                                                          ^^^^^ not found in this scope
[INFO] [stdout] 
[INFO] [stdout] error[E0261]: use of undeclared lifetime name `'a`
[INFO] [stdout]  --> src/contents/works.rs:48:46
[INFO] [stdout]   |
[INFO] [stdout] 3 | pub fn admin_urls(self) -> page::admin::Urls<'a> {
[INFO] [stdout]   |                  -                           ^^ undeclared lifetime
[INFO] [stdout]   |                  |
[INFO] [stdout]   |                  help: consider introducing lifetime `'a` here: `<'a>`
[INFO] [stdout] 
[INFO] [stdout] error: aborting due to 5 previous errors
[INFO] [stdout] 
[INFO] [stdout] Some errors have detailed explanations: E0261, E0425, E0433.
[INFO] [stdout] For more information about an error, try `rustc --explain E0261`.
[INFO] [stdout] Couldn't compile the test.
[INFO] [stdout] 
[INFO] [stdout] failures:
[INFO] [stdout]     src/contents/works.rs - contents::works::Urls::base_url (line 47)
[INFO] [stdout]     src/contents/works.rs - contents::works::Urls::new (line 47)
[INFO] [stdout] 
[INFO] [stdout] test result: FAILED. 0 passed; 2 failed; 0 ignored; 0 measured; 0 filtered out; finished in 0.21s
[INFO] [stdout] 
[INFO] [stderr] error: test failed, to rerun pass '--doc'
[INFO] running `Command { std: "docker" "inspect" "ea95ce431ea92594482dbe08f0bb33eb714d8a47e4c945b50ca0a9fc60cf8da0", kill_on_drop: false }`
[INFO] running `Command { std: "docker" "rm" "-f" "ea95ce431ea92594482dbe08f0bb33eb714d8a47e4c945b50ca0a9fc60cf8da0", kill_on_drop: false }`
[INFO] [stdout] ea95ce431ea92594482dbe08f0bb33eb714d8a47e4c945b50ca0a9fc60cf8da0
