[INFO] cloning repository https://github.com/eonm-abes/pdf-shape
[INFO] running `Command { std: "git" "-c" "credential.helper=" "-c" "credential.helper=/workspace/cargo-home/bin/git-credential-null" "clone" "--bare" "https://github.com/eonm-abes/pdf-shape" "/workspace/cache/git-repos/https%3A%2F%2Fgithub.com%2Feonm-abes%2Fpdf-shape", kill_on_drop: false }`
[INFO] [stderr] Cloning into bare repository '/workspace/cache/git-repos/https%3A%2F%2Fgithub.com%2Feonm-abes%2Fpdf-shape'...
[INFO] running `Command { std: "git" "rev-parse" "HEAD", kill_on_drop: false }`
[INFO] [stdout] 3c7b16ae933c2cba75a4c028526820a8daf5f200
[INFO] testing eonm-abes/pdf-shape against 1.54.0 for beta-1.55-1
[INFO] running `Command { std: "git" "clone" "/workspace/cache/git-repos/https%3A%2F%2Fgithub.com%2Feonm-abes%2Fpdf-shape" "/workspace/builds/worker-99/source", kill_on_drop: false }`
[INFO] [stderr] Cloning into '/workspace/builds/worker-99/source'...
[INFO] [stderr] done.
[INFO] validating manifest of git repo https://github.com/eonm-abes/pdf-shape on toolchain 1.54.0
[INFO] running `Command { std: "/workspace/cargo-home/bin/cargo" "+1.54.0" "metadata" "--manifest-path" "Cargo.toml" "--no-deps", kill_on_drop: false }`
[INFO] started tweaking git repo https://github.com/eonm-abes/pdf-shape
[INFO] finished tweaking git repo https://github.com/eonm-abes/pdf-shape
[INFO] tweaked toml for git repo https://github.com/eonm-abes/pdf-shape written to /workspace/builds/worker-99/source/Cargo.toml
[INFO] crate git repo https://github.com/eonm-abes/pdf-shape already has a lockfile, it will not be regenerated
[INFO] running `Command { std: "/workspace/cargo-home/bin/cargo" "+1.54.0" "fetch" "--manifest-path" "Cargo.toml", kill_on_drop: false }`
[INFO] [stderr]     Blocking waiting for file lock on package cache
[INFO] [stderr]     Blocking waiting for file lock on package cache
[INFO] [stderr]  Downloading crates ...
[INFO] [stderr]   Downloaded proc-macro2 v1.0.23
[INFO] [stderr]   Downloaded quick-xml v0.19.0
[INFO] [stderr]   Downloaded indextree v4.3.1
[INFO] [stderr]   Downloaded streaming-stats v0.2.3
[INFO] running `Command { std: "docker" "create" "-v" "/var/lib/crater-agent-workspace/builds/worker-99/target:/opt/rustwide/target:rw,Z" "-v" "/var/lib/crater-agent-workspace/builds/worker-99/source:/opt/rustwide/workdir:ro,Z" "-v" "/var/lib/crater-agent-workspace/cargo-home:/opt/rustwide/cargo-home:ro,Z" "-v" "/var/lib/crater-agent-workspace/rustup-home:/opt/rustwide/rustup-home:ro,Z" "-e" "SOURCE_DIR=/opt/rustwide/workdir" "-e" "CARGO_TARGET_DIR=/opt/rustwide/target" "-e" "CARGO_HOME=/opt/rustwide/cargo-home" "-e" "RUSTUP_HOME=/opt/rustwide/rustup-home" "-w" "/opt/rustwide/workdir" "-m" "1610612736" "--user" "0:0" "--network" "none" "ghcr.io/rust-lang/crates-build-env/linux@sha256:34b6a614d2c27851fe6cbf88fbd1137609cefab8b10d0615aaeb6fd47975d74e" "/opt/rustwide/cargo-home/bin/cargo" "+1.54.0" "metadata" "--no-deps" "--format-version=1", kill_on_drop: false }`
[INFO] [stdout] 3332bb2aa71eaeca8cb6df501221ed18cb614177d005348ee3c167e750f80de2
[INFO] running `Command { std: "docker" "start" "-a" "3332bb2aa71eaeca8cb6df501221ed18cb614177d005348ee3c167e750f80de2", kill_on_drop: false }`
[INFO] running `Command { std: "docker" "inspect" "3332bb2aa71eaeca8cb6df501221ed18cb614177d005348ee3c167e750f80de2", kill_on_drop: false }`
[INFO] running `Command { std: "docker" "rm" "-f" "3332bb2aa71eaeca8cb6df501221ed18cb614177d005348ee3c167e750f80de2", kill_on_drop: false }`
[INFO] [stdout] 3332bb2aa71eaeca8cb6df501221ed18cb614177d005348ee3c167e750f80de2
[INFO] running `Command { std: "docker" "create" "-v" "/var/lib/crater-agent-workspace/builds/worker-99/target:/opt/rustwide/target:rw,Z" "-v" "/var/lib/crater-agent-workspace/builds/worker-99/source:/opt/rustwide/workdir:ro,Z" "-v" "/var/lib/crater-agent-workspace/cargo-home:/opt/rustwide/cargo-home:ro,Z" "-v" "/var/lib/crater-agent-workspace/rustup-home:/opt/rustwide/rustup-home:ro,Z" "-e" "SOURCE_DIR=/opt/rustwide/workdir" "-e" "CARGO_TARGET_DIR=/opt/rustwide/target" "-e" "CARGO_INCREMENTAL=0" "-e" "RUST_BACKTRACE=full" "-e" "RUSTFLAGS=--cap-lints=warn" "-e" "CARGO_HOME=/opt/rustwide/cargo-home" "-e" "RUSTUP_HOME=/opt/rustwide/rustup-home" "-w" "/opt/rustwide/workdir" "-m" "1610612736" "--user" "0:0" "--network" "none" "ghcr.io/rust-lang/crates-build-env/linux@sha256:34b6a614d2c27851fe6cbf88fbd1137609cefab8b10d0615aaeb6fd47975d74e" "/opt/rustwide/cargo-home/bin/cargo" "+1.54.0" "build" "--frozen" "--message-format=json", kill_on_drop: false }`
[INFO] [stdout] f1abc07d1bd71f56f7df1aabf65e969e9b4d922f33ae90f7213bc0a596eef673
[INFO] running `Command { std: "docker" "start" "-a" "f1abc07d1bd71f56f7df1aabf65e969e9b4d922f33ae90f7213bc0a596eef673", kill_on_drop: false }`
[INFO] [stderr]     Blocking waiting for file lock on package cache
[INFO] [stderr]    Compiling proc-macro2 v1.0.23
[INFO] [stderr]    Compiling unicode-xid v0.2.1
[INFO] [stderr]    Compiling syn v1.0.42
[INFO] [stderr]    Compiling serde_derive v1.0.116
[INFO] [stderr]    Compiling autocfg v1.0.1
[INFO] [stderr]    Compiling memchr v2.3.3
[INFO] [stderr]    Compiling serde v1.0.116
[INFO] [stderr]    Compiling indextree v4.3.1
[INFO] [stderr]    Compiling num-traits v0.2.12
[INFO] [stderr]    Compiling quote v1.0.7
[INFO] [stderr]    Compiling streaming-stats v0.2.3
[INFO] [stderr]    Compiling quick-xml v0.19.0
[INFO] [stderr]    Compiling pdf-shape v0.1.0 (/opt/rustwide/workdir)
[INFO] [stdout] warning: associated function is never used: `last_token`
[INFO] [stdout]    --> src/raw_document/mod.rs:216:8
[INFO] [stdout]     |
[INFO] [stdout] 216 |     fn last_token(&self) -> Option<&Token> {
[INFO] [stdout]     |        ^^^^^^^^^^
[INFO] [stdout]     |
[INFO] [stdout]     = note: `#[warn(dead_code)]` on by default
[INFO] [stdout] 
[INFO] [stdout] 
[INFO] [stdout] warning: associated function is never used: `widest_token`
[INFO] [stdout]    --> src/raw_document/mod.rs:220:8
[INFO] [stdout]     |
[INFO] [stdout] 220 |     fn widest_token(&self) -> Option<&Token> {
[INFO] [stdout]     |        ^^^^^^^^^^^^
[INFO] [stdout] 
[INFO] [stdout] 
[INFO] [stdout] warning: 2 warnings emitted
[INFO] [stdout] 
[INFO] [stdout] 
[INFO] [stderr]     Finished dev [unoptimized + debuginfo] target(s) in 37.22s
[INFO] running `Command { std: "docker" "inspect" "f1abc07d1bd71f56f7df1aabf65e969e9b4d922f33ae90f7213bc0a596eef673", kill_on_drop: false }`
[INFO] running `Command { std: "docker" "rm" "-f" "f1abc07d1bd71f56f7df1aabf65e969e9b4d922f33ae90f7213bc0a596eef673", kill_on_drop: false }`
[INFO] [stdout] f1abc07d1bd71f56f7df1aabf65e969e9b4d922f33ae90f7213bc0a596eef673
[INFO] running `Command { std: "docker" "create" "-v" "/var/lib/crater-agent-workspace/builds/worker-99/target:/opt/rustwide/target:rw,Z" "-v" "/var/lib/crater-agent-workspace/builds/worker-99/source:/opt/rustwide/workdir:ro,Z" "-v" "/var/lib/crater-agent-workspace/cargo-home:/opt/rustwide/cargo-home:ro,Z" "-v" "/var/lib/crater-agent-workspace/rustup-home:/opt/rustwide/rustup-home:ro,Z" "-e" "SOURCE_DIR=/opt/rustwide/workdir" "-e" "CARGO_TARGET_DIR=/opt/rustwide/target" "-e" "CARGO_INCREMENTAL=0" "-e" "RUST_BACKTRACE=full" "-e" "RUSTFLAGS=--cap-lints=warn" "-e" "CARGO_HOME=/opt/rustwide/cargo-home" "-e" "RUSTUP_HOME=/opt/rustwide/rustup-home" "-w" "/opt/rustwide/workdir" "-m" "1610612736" "--user" "0:0" "--network" "none" "ghcr.io/rust-lang/crates-build-env/linux@sha256:34b6a614d2c27851fe6cbf88fbd1137609cefab8b10d0615aaeb6fd47975d74e" "/opt/rustwide/cargo-home/bin/cargo" "+1.54.0" "test" "--frozen" "--no-run" "--message-format=json", kill_on_drop: false }`
[INFO] [stdout] b3c563f53b77462919ee8ed62c784d9b257072a310976071c25fd2b658711f1b
[INFO] running `Command { std: "docker" "start" "-a" "b3c563f53b77462919ee8ed62c784d9b257072a310976071c25fd2b658711f1b", kill_on_drop: false }`
[INFO] [stderr]     Blocking waiting for file lock on package cache
[INFO] [stderr]    Compiling pdf-shape v0.1.0 (/opt/rustwide/workdir)
[INFO] [stdout] warning: associated function is never used: `last_token`
[INFO] [stdout]    --> src/raw_document/mod.rs:216:8
[INFO] [stdout]     |
[INFO] [stdout] 216 |     fn last_token(&self) -> Option<&Token> {
[INFO] [stdout]     |        ^^^^^^^^^^
[INFO] [stdout]     |
[INFO] [stdout]     = note: `#[warn(dead_code)]` on by default
[INFO] [stdout] 
[INFO] [stdout] 
[INFO] [stdout] warning: associated function is never used: `widest_token`
[INFO] [stdout]    --> src/raw_document/mod.rs:220:8
[INFO] [stdout]     |
[INFO] [stdout] 220 |     fn widest_token(&self) -> Option<&Token> {
[INFO] [stdout]     |        ^^^^^^^^^^^^
[INFO] [stdout] 
[INFO] [stdout] 
[INFO] [stdout] warning: 2 warnings emitted
[INFO] [stdout] 
[INFO] [stdout] 
[INFO] [stdout] warning: associated function is never used: `last_token`
[INFO] [stdout]    --> src/raw_document/mod.rs:216:8
[INFO] [stdout]     |
[INFO] [stdout] 216 |     fn last_token(&self) -> Option<&Token> {
[INFO] [stdout]     |        ^^^^^^^^^^
[INFO] [stdout]     |
[INFO] [stdout]     = note: `#[warn(dead_code)]` on by default
[INFO] [stdout] 
[INFO] [stdout] 
[INFO] [stdout] warning: associated function is never used: `widest_token`
[INFO] [stdout]    --> src/raw_document/mod.rs:220:8
[INFO] [stdout]     |
[INFO] [stdout] 220 |     fn widest_token(&self) -> Option<&Token> {
[INFO] [stdout]     |        ^^^^^^^^^^^^
[INFO] [stdout] 
[INFO] [stdout] 
[INFO] [stdout] warning: 2 warnings emitted
[INFO] [stdout] 
[INFO] [stdout] 
[INFO] [stderr]     Finished test [unoptimized + debuginfo] target(s) in 1.91s
[INFO] running `Command { std: "docker" "inspect" "b3c563f53b77462919ee8ed62c784d9b257072a310976071c25fd2b658711f1b", kill_on_drop: false }`
[INFO] running `Command { std: "docker" "rm" "-f" "b3c563f53b77462919ee8ed62c784d9b257072a310976071c25fd2b658711f1b", kill_on_drop: false }`
[INFO] [stdout] b3c563f53b77462919ee8ed62c784d9b257072a310976071c25fd2b658711f1b
[INFO] running `Command { std: "docker" "create" "-v" "/var/lib/crater-agent-workspace/builds/worker-99/target:/opt/rustwide/target:rw,Z" "-v" "/var/lib/crater-agent-workspace/builds/worker-99/source:/opt/rustwide/workdir:ro,Z" "-v" "/var/lib/crater-agent-workspace/cargo-home:/opt/rustwide/cargo-home:ro,Z" "-v" "/var/lib/crater-agent-workspace/rustup-home:/opt/rustwide/rustup-home:ro,Z" "-e" "SOURCE_DIR=/opt/rustwide/workdir" "-e" "CARGO_TARGET_DIR=/opt/rustwide/target" "-e" "CARGO_INCREMENTAL=0" "-e" "RUST_BACKTRACE=full" "-e" "RUSTFLAGS=--cap-lints=warn" "-e" "CARGO_HOME=/opt/rustwide/cargo-home" "-e" "RUSTUP_HOME=/opt/rustwide/rustup-home" "-w" "/opt/rustwide/workdir" "-m" "1610612736" "--user" "0:0" "--network" "none" "ghcr.io/rust-lang/crates-build-env/linux@sha256:34b6a614d2c27851fe6cbf88fbd1137609cefab8b10d0615aaeb6fd47975d74e" "/opt/rustwide/cargo-home/bin/cargo" "+1.54.0" "test" "--frozen", kill_on_drop: false }`
[INFO] [stdout] 5865845a8c655ccc4f893b738a094a1f0896e2e92065a7c46b0560a70804b355
[INFO] running `Command { std: "docker" "start" "-a" "5865845a8c655ccc4f893b738a094a1f0896e2e92065a7c46b0560a70804b355", kill_on_drop: false }`
[INFO] [stderr]     Blocking waiting for file lock on package cache
[INFO] [stderr] warning: associated function is never used: `last_token`
[INFO] [stderr]    --> src/raw_document/mod.rs:216:8
[INFO] [stderr]     |
[INFO] [stderr] 216 |     fn last_token(&self) -> Option<&Token> {
[INFO] [stderr]     |        ^^^^^^^^^^
[INFO] [stderr]     |
[INFO] [stderr]     = note: `#[warn(dead_code)]` on by default
[INFO] [stderr] 
[INFO] [stderr] warning: associated function is never used: `widest_token`
[INFO] [stderr]    --> src/raw_document/mod.rs:220:8
[INFO] [stderr]     |
[INFO] [stderr] 220 |     fn widest_token(&self) -> Option<&Token> {
[INFO] [stderr]     |        ^^^^^^^^^^^^
[INFO] [stderr] 
[INFO] [stderr] warning: 2 warnings emitted
[INFO] [stderr] 
[INFO] [stderr] warning: associated function is never used: `last_token`
[INFO] [stderr]    --> src/raw_document/mod.rs:216:8
[INFO] [stderr]     |
[INFO] [stderr] 216 |     fn last_token(&self) -> Option<&Token> {
[INFO] [stderr]     |        ^^^^^^^^^^
[INFO] [stderr]     |
[INFO] [stderr]     = note: `#[warn(dead_code)]` on by default
[INFO] [stderr] 
[INFO] [stderr] warning: associated function is never used: `widest_token`
[INFO] [stderr]    --> src/raw_document/mod.rs:220:8
[INFO] [stderr]     |
[INFO] [stderr] 220 |     fn widest_token(&self) -> Option<&Token> {
[INFO] [stderr]     |        ^^^^^^^^^^^^
[INFO] [stderr] 
[INFO] [stderr] warning: 2 warnings emitted
[INFO] [stderr] 
[INFO] [stderr]     Finished test [unoptimized + debuginfo] target(s) in 0.84s
[INFO] [stderr]      Running unittests (/opt/rustwide/target/debug/deps/pdf_shape-bd9bcea16ef341ff)
[INFO] [stdout] 
[INFO] [stderr]    Doc-tests pdf_shape
[INFO] [stdout] running 0 tests
[INFO] [stdout] 
[INFO] [stdout] test result: ok. 0 passed; 0 failed; 0 ignored; 0 measured; 0 filtered out; finished in 0.00s
[INFO] [stdout] 
[INFO] [stdout] 
[INFO] [stdout] running 5 tests
[INFO] [stdout] test src/traits.rs - traits::ObjectAlignement::VerticalCenterAlgined (line 266) ... FAILED
[INFO] [stdout] test src/traits.rs - traits::ObjectAlignement::HorizontalAligned (line 238) ... FAILED
[INFO] [stdout] test src/traits.rs - traits::ObjectAlignement::VerticalRightAlgined (line 279) ... FAILED
[INFO] [stdout] test src/traits.rs - traits::ObjectAlignement::HorizontalCenterAligned (line 245) ... FAILED
[INFO] [stdout] test src/traits.rs - traits::ObjectAlignement::VerticalLeftAligned (line 254) ... FAILED
[INFO] [stdout] 
[INFO] [stdout] failures:
[INFO] [stdout] 
[INFO] [stdout] ---- src/traits.rs - traits::ObjectAlignement::VerticalCenterAlgined (line 266) stdout ----
[INFO] [stdout] error: unknown start of token: \u{2193}
[INFO] [stdout]  --> src/traits.rs:267:1
[INFO] [stdout]   |
[INFO] [stdout] 3 | ↓
[INFO] [stdout]   | ^
[INFO] [stdout] 
[INFO] [stdout] error: unknown start of token: \u{2193}
[INFO] [stdout]  --> src/traits.rs:271:9
[INFO] [stdout]   |
[INFO] [stdout] 7 |         ↓
[INFO] [stdout]   |         ^
[INFO] [stdout] 
[INFO] [stdout] error: expected expression, found `+`
[INFO] [stdout]  --> src/traits.rs:268:2
[INFO] [stdout]   |
[INFO] [stdout] 4 |  +------------+
[INFO] [stdout]   |  ^ expected expression
[INFO] [stdout] 
[INFO] [stdout] error: aborting due to 3 previous errors
[INFO] [stdout] 
[INFO] [stdout] Couldn't compile the test.
[INFO] [stdout] ---- src/traits.rs - traits::ObjectAlignement::HorizontalAligned (line 238) stdout ----
[INFO] [stdout] error: unknown start of token: \u{2192}
[INFO] [stdout]  --> src/traits.rs:241:1
[INFO] [stdout]   |
[INFO] [stdout] 5 | →+--------+ →+---------+
[INFO] [stdout]   | ^
[INFO] [stdout] 
[INFO] [stdout] error: unknown start of token: \u{2192}
[INFO] [stdout]  --> src/traits.rs:241:13
[INFO] [stdout]   |
[INFO] [stdout] 5 | →+--------+ →+---------+
[INFO] [stdout]   |             ^
[INFO] [stdout] 
[INFO] [stdout] error: expected expression, found `+`
[INFO] [stdout]  --> src/traits.rs:239:1
[INFO] [stdout]   |
[INFO] [stdout] 3 | +--------+  +---------+
[INFO] [stdout]   | ^ expected expression
[INFO] [stdout] 
[INFO] [stdout] error: aborting due to 3 previous errors
[INFO] [stdout] 
[INFO] [stdout] Couldn't compile the test.
[INFO] [stdout] ---- src/traits.rs - traits::ObjectAlignement::VerticalRightAlgined (line 279) stdout ----
[INFO] [stdout] error: unknown start of token: \u{2193}
[INFO] [stdout]  --> src/traits.rs:280:1
[INFO] [stdout]   |
[INFO] [stdout] 3 | ↓
[INFO] [stdout]   | ^
[INFO] [stdout] 
[INFO] [stdout] error: unknown start of token: \u{2193}
[INFO] [stdout]  --> src/traits.rs:284:12
[INFO] [stdout]   |
[INFO] [stdout] 7 |            ↓
[INFO] [stdout]   |            ^
[INFO] [stdout] 
[INFO] [stdout] error: expected expression, found `+`
[INFO] [stdout]  --> src/traits.rs:281:2
[INFO] [stdout]   |
[INFO] [stdout] 4 |  +---------+
[INFO] [stdout]   |  ^ expected expression
[INFO] [stdout] 
[INFO] [stdout] error: aborting due to 3 previous errors
[INFO] [stdout] 
[INFO] [stdout] Couldn't compile the test.
[INFO] [stdout] ---- src/traits.rs - traits::ObjectAlignement::HorizontalCenterAligned (line 245) stdout ----
[INFO] [stdout] error: unknown start of token: \u{2192}
[INFO] [stdout]  --> src/traits.rs:248:1
[INFO] [stdout]   |
[INFO] [stdout] 5 | →|    +   | →|      +      |
[INFO] [stdout]   | ^
[INFO] [stdout] 
[INFO] [stdout] error: unknown start of token: \u{2192}
[INFO] [stdout]  --> src/traits.rs:248:13
[INFO] [stdout]   |
[INFO] [stdout] 5 | →|    +   | →|      +      |
[INFO] [stdout]   |             ^
[INFO] [stdout] 
[INFO] [stdout] error: expected expression, found `+`
[INFO] [stdout]  --> src/traits.rs:246:1
[INFO] [stdout]   |
[INFO] [stdout] 3 | +-------------+
[INFO] [stdout]   | ^ expected expression
[INFO] [stdout] 
[INFO] [stdout] error: aborting due to 3 previous errors
[INFO] [stdout] 
[INFO] [stdout] Couldn't compile the test.
[INFO] [stdout] ---- src/traits.rs - traits::ObjectAlignement::VerticalLeftAligned (line 254) stdout ----
[INFO] [stdout] error: unknown start of token: \u{2193}
[INFO] [stdout]  --> src/traits.rs:255:1
[INFO] [stdout]   |
[INFO] [stdout] 3 | ↓
[INFO] [stdout]   | ^
[INFO] [stdout] 
[INFO] [stdout] error: unknown start of token: \u{2193}
[INFO] [stdout]  --> src/traits.rs:259:2
[INFO] [stdout]   |
[INFO] [stdout] 7 |  ↓
[INFO] [stdout]   |  ^
[INFO] [stdout] 
[INFO] [stdout] error: expected expression, found `+`
[INFO] [stdout]  --> src/traits.rs:256:2
[INFO] [stdout]   |
[INFO] [stdout] 4 |  +---------+
[INFO] [stdout]   |  ^ expected expression
[INFO] [stdout] 
[INFO] [stdout] error: aborting due to 3 previous errors
[INFO] [stdout] 
[INFO] [stdout] Couldn't compile the test.
[INFO] [stdout] 
[INFO] [stdout] failures:
[INFO] [stdout]     src/traits.rs - traits::ObjectAlignement::HorizontalAligned (line 238)
[INFO] [stdout]     src/traits.rs - traits::ObjectAlignement::HorizontalCenterAligned (line 245)
[INFO] [stdout]     src/traits.rs - traits::ObjectAlignement::VerticalCenterAlgined (line 266)
[INFO] [stdout]     src/traits.rs - traits::ObjectAlignement::VerticalLeftAligned (line 254)
[INFO] [stdout]     src/traits.rs - traits::ObjectAlignement::VerticalRightAlgined (line 279)
[INFO] [stdout] 
[INFO] [stdout] test result: FAILED. 0 passed; 5 failed; 0 ignored; 0 measured; 0 filtered out; finished in 0.18s
[INFO] [stdout] 
[INFO] [stderr] error: test failed, to rerun pass '--doc'
[INFO] running `Command { std: "docker" "inspect" "5865845a8c655ccc4f893b738a094a1f0896e2e92065a7c46b0560a70804b355", kill_on_drop: false }`
[INFO] running `Command { std: "docker" "rm" "-f" "5865845a8c655ccc4f893b738a094a1f0896e2e92065a7c46b0560a70804b355", kill_on_drop: false }`
[INFO] [stdout] 5865845a8c655ccc4f893b738a094a1f0896e2e92065a7c46b0560a70804b355
