[INFO] cloning repository https://github.com/emreyalvac/firebase-rs
[INFO] running `Command { std: "git" "-c" "credential.helper=" "-c" "credential.helper=/workspace/cargo-home/bin/git-credential-null" "clone" "--bare" "https://github.com/emreyalvac/firebase-rs" "/workspace/cache/git-repos/https%3A%2F%2Fgithub.com%2Femreyalvac%2Ffirebase-rs", kill_on_drop: false }`
[INFO] [stderr] Cloning into bare repository '/workspace/cache/git-repos/https%3A%2F%2Fgithub.com%2Femreyalvac%2Ffirebase-rs'...
[INFO] running `Command { std: "git" "rev-parse" "HEAD", kill_on_drop: false }`
[INFO] [stdout] a85756ea94201e4543cc3b8c5d2ae8c4e36912dd
[INFO] testing emreyalvac/firebase-rs against 1.54.0 for beta-1.55-1
[INFO] running `Command { std: "git" "clone" "/workspace/cache/git-repos/https%3A%2F%2Fgithub.com%2Femreyalvac%2Ffirebase-rs" "/workspace/builds/worker-59/source", kill_on_drop: false }`
[INFO] [stderr] Cloning into '/workspace/builds/worker-59/source'...
[INFO] [stderr] done.
[INFO] validating manifest of git repo https://github.com/emreyalvac/firebase-rs on toolchain 1.54.0
[INFO] running `Command { std: "/workspace/cargo-home/bin/cargo" "+1.54.0" "metadata" "--manifest-path" "Cargo.toml" "--no-deps", kill_on_drop: false }`
[INFO] started tweaking git repo https://github.com/emreyalvac/firebase-rs
[INFO] finished tweaking git repo https://github.com/emreyalvac/firebase-rs
[INFO] tweaked toml for git repo https://github.com/emreyalvac/firebase-rs written to /workspace/builds/worker-59/source/Cargo.toml
[INFO] crate git repo https://github.com/emreyalvac/firebase-rs already has a lockfile, it will not be regenerated
[INFO] running `Command { std: "/workspace/cargo-home/bin/cargo" "+1.54.0" "fetch" "--manifest-path" "Cargo.toml", kill_on_drop: false }`
[INFO] running `Command { std: "docker" "create" "-v" "/var/lib/crater-agent-workspace/builds/worker-59/target:/opt/rustwide/target:rw,Z" "-v" "/var/lib/crater-agent-workspace/builds/worker-59/source:/opt/rustwide/workdir:ro,Z" "-v" "/var/lib/crater-agent-workspace/cargo-home:/opt/rustwide/cargo-home:ro,Z" "-v" "/var/lib/crater-agent-workspace/rustup-home:/opt/rustwide/rustup-home:ro,Z" "-e" "SOURCE_DIR=/opt/rustwide/workdir" "-e" "CARGO_TARGET_DIR=/opt/rustwide/target" "-e" "CARGO_HOME=/opt/rustwide/cargo-home" "-e" "RUSTUP_HOME=/opt/rustwide/rustup-home" "-w" "/opt/rustwide/workdir" "-m" "1610612736" "--user" "0:0" "--network" "none" "ghcr.io/rust-lang/crates-build-env/linux@sha256:34b6a614d2c27851fe6cbf88fbd1137609cefab8b10d0615aaeb6fd47975d74e" "/opt/rustwide/cargo-home/bin/cargo" "+1.54.0" "metadata" "--no-deps" "--format-version=1", kill_on_drop: false }`
[INFO] [stdout] 5d17e2bf04c7640ebac045e4c1ea1a08cb239dff4077a5eb8456a3729594e5c1
[INFO] running `Command { std: "docker" "start" "-a" "5d17e2bf04c7640ebac045e4c1ea1a08cb239dff4077a5eb8456a3729594e5c1", kill_on_drop: false }`
[INFO] running `Command { std: "docker" "inspect" "5d17e2bf04c7640ebac045e4c1ea1a08cb239dff4077a5eb8456a3729594e5c1", kill_on_drop: false }`
[INFO] running `Command { std: "docker" "rm" "-f" "5d17e2bf04c7640ebac045e4c1ea1a08cb239dff4077a5eb8456a3729594e5c1", kill_on_drop: false }`
[INFO] [stdout] 5d17e2bf04c7640ebac045e4c1ea1a08cb239dff4077a5eb8456a3729594e5c1
[INFO] running `Command { std: "docker" "create" "-v" "/var/lib/crater-agent-workspace/builds/worker-59/target:/opt/rustwide/target:rw,Z" "-v" "/var/lib/crater-agent-workspace/builds/worker-59/source:/opt/rustwide/workdir:ro,Z" "-v" "/var/lib/crater-agent-workspace/cargo-home:/opt/rustwide/cargo-home:ro,Z" "-v" "/var/lib/crater-agent-workspace/rustup-home:/opt/rustwide/rustup-home:ro,Z" "-e" "SOURCE_DIR=/opt/rustwide/workdir" "-e" "CARGO_TARGET_DIR=/opt/rustwide/target" "-e" "CARGO_INCREMENTAL=0" "-e" "RUST_BACKTRACE=full" "-e" "RUSTFLAGS=--cap-lints=warn" "-e" "CARGO_HOME=/opt/rustwide/cargo-home" "-e" "RUSTUP_HOME=/opt/rustwide/rustup-home" "-w" "/opt/rustwide/workdir" "-m" "1610612736" "--user" "0:0" "--network" "none" "ghcr.io/rust-lang/crates-build-env/linux@sha256:34b6a614d2c27851fe6cbf88fbd1137609cefab8b10d0615aaeb6fd47975d74e" "/opt/rustwide/cargo-home/bin/cargo" "+1.54.0" "build" "--frozen" "--message-format=json", kill_on_drop: false }`
[INFO] [stdout] c1a6b727544792af3e260c53253e20b2b765bfa3316f1655e5fb8d9450d028be
[INFO] running `Command { std: "docker" "start" "-a" "c1a6b727544792af3e260c53253e20b2b765bfa3316f1655e5fb8d9450d028be", kill_on_drop: false }`
[INFO] [stderr]     Blocking waiting for file lock on package cache
[INFO] [stderr]    Compiling cc v1.0.52
[INFO] [stderr]    Compiling pkg-config v0.3.17
[INFO] [stderr]    Compiling autocfg v1.0.0
[INFO] [stderr]    Compiling libc v0.2.69
[INFO] [stderr]    Compiling proc-macro2 v1.0.10
[INFO] [stderr]    Compiling unicode-xid v0.2.0
[INFO] [stderr]    Compiling syn v1.0.18
[INFO] [stderr]    Compiling serde v1.0.106
[INFO] [stderr]    Compiling smallvec v1.3.0
[INFO] [stderr]    Compiling ryu v1.0.4
[INFO] [stderr]    Compiling curl v0.4.28
[INFO] [stderr]    Compiling openssl-probe v0.1.2
[INFO] [stderr]    Compiling itoa v0.4.5
[INFO] [stderr]    Compiling unicode-normalization v0.1.12
[INFO] [stderr]    Compiling openssl-sys v0.9.55
[INFO] [stderr]    Compiling libz-sys v1.0.25
[INFO] [stderr]    Compiling curl-sys v0.4.30+curl-7.69.1
[INFO] [stderr]    Compiling quote v1.0.3
[INFO] [stderr]    Compiling idna v0.2.0
[INFO] [stderr]    Compiling socket2 v0.3.12
[INFO] [stderr]    Compiling url v2.1.1
[INFO] [stderr]    Compiling serde_derive v1.0.106
[INFO] [stderr]    Compiling serde_json v1.0.51
[INFO] [stderr]    Compiling firebase-rs v1.0.3 (/opt/rustwide/workdir)
[INFO] [stderr]     Finished dev [unoptimized + debuginfo] target(s) in 28.93s
[INFO] running `Command { std: "docker" "inspect" "c1a6b727544792af3e260c53253e20b2b765bfa3316f1655e5fb8d9450d028be", kill_on_drop: false }`
[INFO] running `Command { std: "docker" "rm" "-f" "c1a6b727544792af3e260c53253e20b2b765bfa3316f1655e5fb8d9450d028be", kill_on_drop: false }`
[INFO] [stdout] c1a6b727544792af3e260c53253e20b2b765bfa3316f1655e5fb8d9450d028be
[INFO] running `Command { std: "docker" "create" "-v" "/var/lib/crater-agent-workspace/builds/worker-59/target:/opt/rustwide/target:rw,Z" "-v" "/var/lib/crater-agent-workspace/builds/worker-59/source:/opt/rustwide/workdir:ro,Z" "-v" "/var/lib/crater-agent-workspace/cargo-home:/opt/rustwide/cargo-home:ro,Z" "-v" "/var/lib/crater-agent-workspace/rustup-home:/opt/rustwide/rustup-home:ro,Z" "-e" "SOURCE_DIR=/opt/rustwide/workdir" "-e" "CARGO_TARGET_DIR=/opt/rustwide/target" "-e" "CARGO_INCREMENTAL=0" "-e" "RUST_BACKTRACE=full" "-e" "RUSTFLAGS=--cap-lints=warn" "-e" "CARGO_HOME=/opt/rustwide/cargo-home" "-e" "RUSTUP_HOME=/opt/rustwide/rustup-home" "-w" "/opt/rustwide/workdir" "-m" "1610612736" "--user" "0:0" "--network" "none" "ghcr.io/rust-lang/crates-build-env/linux@sha256:34b6a614d2c27851fe6cbf88fbd1137609cefab8b10d0615aaeb6fd47975d74e" "/opt/rustwide/cargo-home/bin/cargo" "+1.54.0" "test" "--frozen" "--no-run" "--message-format=json", kill_on_drop: false }`
[INFO] [stdout] 5b4b2783df7934cde439f94023e079aa496aaa2619daee5f919588d31c5e485e
[INFO] running `Command { std: "docker" "start" "-a" "5b4b2783df7934cde439f94023e079aa496aaa2619daee5f919588d31c5e485e", kill_on_drop: false }`
[INFO] [stderr]     Blocking waiting for file lock on package cache
[INFO] [stderr]    Compiling firebase-rs v1.0.3 (/opt/rustwide/workdir)
[INFO] [stderr]     Finished test [unoptimized + debuginfo] target(s) in 4.49s
[INFO] running `Command { std: "docker" "inspect" "5b4b2783df7934cde439f94023e079aa496aaa2619daee5f919588d31c5e485e", kill_on_drop: false }`
[INFO] running `Command { std: "docker" "rm" "-f" "5b4b2783df7934cde439f94023e079aa496aaa2619daee5f919588d31c5e485e", kill_on_drop: false }`
[INFO] [stdout] 5b4b2783df7934cde439f94023e079aa496aaa2619daee5f919588d31c5e485e
[INFO] running `Command { std: "docker" "create" "-v" "/var/lib/crater-agent-workspace/builds/worker-59/target:/opt/rustwide/target:rw,Z" "-v" "/var/lib/crater-agent-workspace/builds/worker-59/source:/opt/rustwide/workdir:ro,Z" "-v" "/var/lib/crater-agent-workspace/cargo-home:/opt/rustwide/cargo-home:ro,Z" "-v" "/var/lib/crater-agent-workspace/rustup-home:/opt/rustwide/rustup-home:ro,Z" "-e" "SOURCE_DIR=/opt/rustwide/workdir" "-e" "CARGO_TARGET_DIR=/opt/rustwide/target" "-e" "CARGO_INCREMENTAL=0" "-e" "RUST_BACKTRACE=full" "-e" "RUSTFLAGS=--cap-lints=warn" "-e" "CARGO_HOME=/opt/rustwide/cargo-home" "-e" "RUSTUP_HOME=/opt/rustwide/rustup-home" "-w" "/opt/rustwide/workdir" "-m" "1610612736" "--user" "0:0" "--network" "none" "ghcr.io/rust-lang/crates-build-env/linux@sha256:34b6a614d2c27851fe6cbf88fbd1137609cefab8b10d0615aaeb6fd47975d74e" "/opt/rustwide/cargo-home/bin/cargo" "+1.54.0" "test" "--frozen", kill_on_drop: false }`
[INFO] [stdout] d8f79645b41b1bc2e20f672b219d2b35ee8f247f1cde5a7868f6dd1aae1e36ef
[INFO] running `Command { std: "docker" "start" "-a" "d8f79645b41b1bc2e20f672b219d2b35ee8f247f1cde5a7868f6dd1aae1e36ef", kill_on_drop: false }`
[INFO] [stderr]     Finished test [unoptimized + debuginfo] target(s) in 0.13s
[INFO] [stderr]      Running unittests (/opt/rustwide/target/debug/deps/firebase_rs-f9514233cb8bfadc)
[INFO] [stdout] 
[INFO] [stdout] running 1 test
[INFO] [stdout] test tests::not_http_test ... ok
[INFO] [stdout] 
[INFO] [stdout] test result: ok. 1 passed; 0 failed; 0 ignored; 0 measured; 0 filtered out; finished in 0.02s
[INFO] [stdout] 
[INFO] [stderr]    Doc-tests firebase-rs
[INFO] [stdout] 
[INFO] [stdout] running 16 tests
[INFO] [stdout] test src/lib.rs - Firebase::push (line 376) ... FAILED
[INFO] [stdout] test src/lib.rs - Firebase::auth (line 223) ... FAILED
[INFO] [stdout] test src/lib.rs - Firebase::at (line 245) ... FAILED
[INFO] [stdout] test src/lib.rs - Firebase::get_async (line 359) ... FAILED
[INFO] [stdout] test src/lib.rs - Firebase::with_params (line 462) ... FAILED
[INFO] [stdout] test src/lib.rs - Firebase::get (line 348) ... FAILED
[INFO] [stdout] test src/lib.rs - Firebase::update (line 433) ... FAILED
[INFO] [stdout] test src/lib.rs - Firebase::delete (line 405) ... FAILED
[INFO] [stdout] test src/lib.rs - Firebase::get_generic (line 322) ... FAILED
[INFO] [stdout] test src/lib.rs - Firebase::update_async (line 444) ... FAILED
[INFO] [stdout] test src/lib.rs - Firebase::new (line 205) ... FAILED
[INFO] [stdout] test src/lib.rs - Firebase::push_async (line 387) ... FAILED
[INFO] [stdout] test src/lib.rs - Firebase::set_async (line 278) ... FAILED
[INFO] [stdout] test src/lib.rs - Firebase::delete_async (line 416) ... FAILED
[INFO] [stdout] test src/lib.rs - Firebase::set (line 267) ... FAILED
[INFO] [stdout] test src/lib.rs - Firebase::set_generic (line 297) ... FAILED
[INFO] [stdout] 
[INFO] [stdout] failures:
[INFO] [stdout] 
[INFO] [stdout] ---- src/lib.rs - Firebase::push (line 376) stdout ----
[INFO] [stdout] error[E0433]: failed to resolve: use of undeclared type `Firebase`
[INFO] [stdout]  --> src/lib.rs:377:17
[INFO] [stdout]   |
[INFO] [stdout] 3 | let _firebase = Firebase::new("https://myfirebase.firebaseio.com").unwrap();
[INFO] [stdout]   |                 ^^^^^^^^ use of undeclared type `Firebase`
[INFO] [stdout] 
[INFO] [stdout] error: aborting due to previous error
[INFO] [stdout] 
[INFO] [stdout] For more information about this error, try `rustc --explain E0433`.
[INFO] [stdout] Couldn't compile the test.
[INFO] [stdout] ---- src/lib.rs - Firebase::auth (line 223) stdout ----
[INFO] [stdout] error: expected one of `!`, `.`, `::`, `;`, `?`, `{`, `}`, or an operator, found `url`
[INFO] [stdout]  --> src/lib.rs:225:5
[INFO] [stdout]   |
[INFO] [stdout] 4 | The url will be https://myfirebase.firebaseio.com/?auth=AUTH_KEY
[INFO] [stdout]   |     ^^^ expected one of 8 possible tokens
[INFO] [stdout] 
[INFO] [stdout] error[E0433]: failed to resolve: use of undeclared type `Firebase`
[INFO] [stdout]  --> src/lib.rs:224:21
[INFO] [stdout]   |
[INFO] [stdout] 3 | let mut _firebase = Firebase::auth("https://myfirebase.firebaseio.com", "AUTH_KEY").unwrap();
[INFO] [stdout]   |                     ^^^^^^^^ use of undeclared type `Firebase`
[INFO] [stdout] 
[INFO] [stdout] error: aborting due to 2 previous errors
[INFO] [stdout] 
[INFO] [stdout] For more information about this error, try `rustc --explain E0433`.
[INFO] [stdout] Couldn't compile the test.
[INFO] [stdout] ---- src/lib.rs - Firebase::at (line 245) stdout ----
[INFO] [stdout] error: expected one of `!`, `.`, `::`, `;`, `?`, `{`, `}`, or an operator, found keyword `let`
[INFO] [stdout]  --> src/lib.rs:250:1
[INFO] [stdout]   |
[INFO] [stdout] 6 | OR
[INFO] [stdout]   |   - expected one of 8 possible tokens
[INFO] [stdout] 7 | let movies = _firebase.at("movies/movie1").unwrap();
[INFO] [stdout]   | ^^^ unexpected token
[INFO] [stdout] 
[INFO] [stdout] error[E0433]: failed to resolve: use of undeclared type `Firebase`
[INFO] [stdout]  --> src/lib.rs:246:21
[INFO] [stdout]   |
[INFO] [stdout] 3 | let mut _firebase = Firebase::new("https://myfirebase.firebaseio.com").unwrap();
[INFO] [stdout]   |                     ^^^^^^^^ use of undeclared type `Firebase`
[INFO] [stdout] 
[INFO] [stdout] error: aborting due to 2 previous errors
[INFO] [stdout] 
[INFO] [stdout] For more information about this error, try `rustc --explain E0433`.
[INFO] [stdout] Couldn't compile the test.
[INFO] [stdout] ---- src/lib.rs - Firebase::get_async (line 359) stdout ----
[INFO] [stdout] error[E0433]: failed to resolve: use of undeclared type `Firebase`
[INFO] [stdout]  --> src/lib.rs:360:17
[INFO] [stdout]   |
[INFO] [stdout] 3 | let _firebase = Firebase::new("https://myfirebase.firebaseio.com").unwrap();
[INFO] [stdout]   |                 ^^^^^^^^ use of undeclared type `Firebase`
[INFO] [stdout] 
[INFO] [stdout] error: aborting due to previous error
[INFO] [stdout] 
[INFO] [stdout] For more information about this error, try `rustc --explain E0433`.
[INFO] [stdout] Couldn't compile the test.
[INFO] [stdout] ---- src/lib.rs - Firebase::with_params (line 462) stdout ----
[INFO] [stdout] error[E0433]: failed to resolve: use of undeclared type `Firebase`
[INFO] [stdout]  --> src/lib.rs:463:17
[INFO] [stdout]   |
[INFO] [stdout] 3 | let _firebase = Firebase::new("https://myfirebase.firebaseio.com").unwrap();
[INFO] [stdout]   |                 ^^^^^^^^ use of undeclared type `Firebase`
[INFO] [stdout] 
[INFO] [stdout] error: aborting due to previous error
[INFO] [stdout] 
[INFO] [stdout] For more information about this error, try `rustc --explain E0433`.
[INFO] [stdout] Couldn't compile the test.
[INFO] [stdout] ---- src/lib.rs - Firebase::get (line 348) stdout ----
[INFO] [stdout] error[E0433]: failed to resolve: use of undeclared type `Firebase`
[INFO] [stdout]  --> src/lib.rs:349:17
[INFO] [stdout]   |
[INFO] [stdout] 3 | let _firebase = Firebase::new("https://myfirebase.firebaseio.com").unwrap();
[INFO] [stdout]   |                 ^^^^^^^^ use of undeclared type `Firebase`
[INFO] [stdout] 
[INFO] [stdout] error: aborting due to previous error
[INFO] [stdout] 
[INFO] [stdout] For more information about this error, try `rustc --explain E0433`.
[INFO] [stdout] Couldn't compile the test.
[INFO] [stdout] ---- src/lib.rs - Firebase::update (line 433) stdout ----
[INFO] [stdout] error[E0433]: failed to resolve: use of undeclared type `Firebase`
[INFO] [stdout]  --> src/lib.rs:434:17
[INFO] [stdout]   |
[INFO] [stdout] 3 | let _firebase = Firebase::new("https://myfirebase.firebaseio.com").unwrap();
[INFO] [stdout]   |                 ^^^^^^^^ use of undeclared type `Firebase`
[INFO] [stdout] 
[INFO] [stdout] error: aborting due to previous error
[INFO] [stdout] 
[INFO] [stdout] For more information about this error, try `rustc --explain E0433`.
[INFO] [stdout] Couldn't compile the test.
[INFO] [stdout] ---- src/lib.rs - Firebase::delete (line 405) stdout ----
[INFO] [stdout] error[E0433]: failed to resolve: use of undeclared type `Firebase`
[INFO] [stdout]  --> src/lib.rs:406:17
[INFO] [stdout]   |
[INFO] [stdout] 3 | let _firebase = Firebase::new("https://myfirebase.firebaseio.com").unwrap();
[INFO] [stdout]   |                 ^^^^^^^^ use of undeclared type `Firebase`
[INFO] [stdout] 
[INFO] [stdout] error: aborting due to previous error
[INFO] [stdout] 
[INFO] [stdout] For more information about this error, try `rustc --explain E0433`.
[INFO] [stdout] Couldn't compile the test.
[INFO] [stdout] ---- src/lib.rs - Firebase::get_generic (line 322) stdout ----
[INFO] [stdout] error: expected one of `!`, `+`, `,`, `::`, `:`, `=`, or `>`, found `(`
[INFO] [stdout]   --> src/lib.rs:333:52
[INFO] [stdout]    |
[INFO] [stdout] 13 | let res = users.get_generic::<HashMap<String, User>().unwrap();
[INFO] [stdout]    |                                                    ^ expected one of 7 possible tokens
[INFO] [stdout] 
[INFO] [stdout] error[E0432]: unresolved import `serde`
[INFO] [stdout]  --> src/lib.rs:323:5
[INFO] [stdout]   |
[INFO] [stdout] 3 | use serde::{Serialize, Deserialize};
[INFO] [stdout]   |     ^^^^^ maybe a missing crate `serde`?
[INFO] [stdout] 
[INFO] [stdout] error: cannot determine resolution for the derive macro `Serialize`
[INFO] [stdout]  --> src/lib.rs:324:17
[INFO] [stdout]   |
[INFO] [stdout] 4 | #[derive(Debug, Serialize, Deserialize)]
[INFO] [stdout]   |                 ^^^^^^^^^
[INFO] [stdout]   |
[INFO] [stdout]   = note: import resolution is stuck, try simplifying macro imports
[INFO] [stdout] 
[INFO] [stdout] error: cannot determine resolution for the derive macro `Deserialize`
[INFO] [stdout]  --> src/lib.rs:324:28
[INFO] [stdout]   |
[INFO] [stdout] 4 | #[derive(Debug, Serialize, Deserialize)]
[INFO] [stdout]   |                            ^^^^^^^^^^^
[INFO] [stdout]   |
[INFO] [stdout]   = note: import resolution is stuck, try simplifying macro imports
[INFO] [stdout] 
[INFO] [stdout] error[E0433]: failed to resolve: use of undeclared type `Firebase`
[INFO] [stdout]  --> src/lib.rs:328:17
[INFO] [stdout]   |
[INFO] [stdout] 8 | let _firebase = Firebase::new("https://myfirebase.firebaseio.com").unwrap();
[INFO] [stdout]   |                 ^^^^^^^^ use of undeclared type `Firebase`
[INFO] [stdout] 
[INFO] [stdout] error: aborting due to 5 previous errors
[INFO] [stdout] 
[INFO] [stdout] Some errors have detailed explanations: E0432, E0433.
[INFO] [stdout] For more information about an error, try `rustc --explain E0432`.
[INFO] [stdout] Couldn't compile the test.
[INFO] [stdout] ---- src/lib.rs - Firebase::update_async (line 444) stdout ----
[INFO] [stdout] error[E0433]: failed to resolve: use of undeclared type `Firebase`
[INFO] [stdout]  --> src/lib.rs:445:17
[INFO] [stdout]   |
[INFO] [stdout] 3 | let _firebase = Firebase::new("https://myfirebase.firebaseio.com").unwrap();
[INFO] [stdout]   |                 ^^^^^^^^ use of undeclared type `Firebase`
[INFO] [stdout] 
[INFO] [stdout] error: aborting due to previous error
[INFO] [stdout] 
[INFO] [stdout] For more information about this error, try `rustc --explain E0433`.
[INFO] [stdout] Couldn't compile the test.
[INFO] [stdout] ---- src/lib.rs - Firebase::new (line 205) stdout ----
[INFO] [stdout] error[E0433]: failed to resolve: use of undeclared type `Firebase`
[INFO] [stdout]  --> src/lib.rs:206:21
[INFO] [stdout]   |
[INFO] [stdout] 3 | let mut _firebase = Firebase::new("https://myfirebase.firebaseio.com").unwrap();
[INFO] [stdout]   |                     ^^^^^^^^ use of undeclared type `Firebase`
[INFO] [stdout] 
[INFO] [stdout] error: aborting due to previous error
[INFO] [stdout] 
[INFO] [stdout] For more information about this error, try `rustc --explain E0433`.
[INFO] [stdout] Couldn't compile the test.
[INFO] [stdout] ---- src/lib.rs - Firebase::push_async (line 387) stdout ----
[INFO] [stdout] error[E0433]: failed to resolve: use of undeclared type `Firebase`
[INFO] [stdout]  --> src/lib.rs:388:17
[INFO] [stdout]   |
[INFO] [stdout] 3 | let _firebase = Firebase::new("https://myfirebase.firebaseio.com").unwrap();
[INFO] [stdout]   |                 ^^^^^^^^ use of undeclared type `Firebase`
[INFO] [stdout] 
[INFO] [stdout] error: aborting due to previous error
[INFO] [stdout] 
[INFO] [stdout] For more information about this error, try `rustc --explain E0433`.
[INFO] [stdout] Couldn't compile the test.
[INFO] [stdout] ---- src/lib.rs - Firebase::set_async (line 278) stdout ----
[INFO] [stdout] error[E0433]: failed to resolve: use of undeclared type `Firebase`
[INFO] [stdout]  --> src/lib.rs:279:17
[INFO] [stdout]   |
[INFO] [stdout] 3 | let _firebase = Firebase::new("https://myfirebase.firebaseio.com").unwrap();
[INFO] [stdout]   |                 ^^^^^^^^ use of undeclared type `Firebase`
[INFO] [stdout] 
[INFO] [stdout] error: aborting due to previous error
[INFO] [stdout] 
[INFO] [stdout] For more information about this error, try `rustc --explain E0433`.
[INFO] [stdout] Couldn't compile the test.
[INFO] [stdout] ---- src/lib.rs - Firebase::delete_async (line 416) stdout ----
[INFO] [stdout] error[E0433]: failed to resolve: use of undeclared type `Firebase`
[INFO] [stdout]  --> src/lib.rs:417:17
[INFO] [stdout]   |
[INFO] [stdout] 3 | let _firebase = Firebase::new("https://myfirebase.firebaseio.com").unwrap();
[INFO] [stdout]   |                 ^^^^^^^^ use of undeclared type `Firebase`
[INFO] [stdout] 
[INFO] [stdout] error: aborting due to previous error
[INFO] [stdout] 
[INFO] [stdout] For more information about this error, try `rustc --explain E0433`.
[INFO] [stdout] Couldn't compile the test.
[INFO] [stdout] ---- src/lib.rs - Firebase::set (line 267) stdout ----
[INFO] [stdout] error[E0433]: failed to resolve: use of undeclared type `Firebase`
[INFO] [stdout]  --> src/lib.rs:268:17
[INFO] [stdout]   |
[INFO] [stdout] 3 | let _firebase = Firebase::new("https://myfirebase.firebaseio.com").unwrap();
[INFO] [stdout]   |                 ^^^^^^^^ use of undeclared type `Firebase`
[INFO] [stdout] 
[INFO] [stdout] error: aborting due to previous error
[INFO] [stdout] 
[INFO] [stdout] For more information about this error, try `rustc --explain E0433`.
[INFO] [stdout] Couldn't compile the test.
[INFO] [stdout] ---- src/lib.rs - Firebase::set_generic (line 297) stdout ----
[INFO] [stdout] error[E0432]: unresolved import `serde`
[INFO] [stdout]  --> src/lib.rs:298:5
[INFO] [stdout]   |
[INFO] [stdout] 3 | use serde::{Serialize, Deserialize};
[INFO] [stdout]   |     ^^^^^ maybe a missing crate `serde`?
[INFO] [stdout] 
[INFO] [stdout] error: cannot determine resolution for the derive macro `Serialize`
[INFO] [stdout]  --> src/lib.rs:299:17
[INFO] [stdout]   |
[INFO] [stdout] 4 | #[derive(Debug, Serialize, Deserialize)]
[INFO] [stdout]   |                 ^^^^^^^^^
[INFO] [stdout]   |
[INFO] [stdout]   = note: import resolution is stuck, try simplifying macro imports
[INFO] [stdout] 
[INFO] [stdout] error: cannot determine resolution for the derive macro `Deserialize`
[INFO] [stdout]  --> src/lib.rs:299:28
[INFO] [stdout]   |
[INFO] [stdout] 4 | #[derive(Debug, Serialize, Deserialize)]
[INFO] [stdout]   |                            ^^^^^^^^^^^
[INFO] [stdout]   |
[INFO] [stdout]   = note: import resolution is stuck, try simplifying macro imports
[INFO] [stdout] 
[INFO] [stdout] error[E0433]: failed to resolve: use of undeclared type `Firebase`
[INFO] [stdout]  --> src/lib.rs:303:17
[INFO] [stdout]   |
[INFO] [stdout] 8 | let _firebase = Firebase::new("https://myfirebase.firebaseio.com").unwrap();
[INFO] [stdout]   |                 ^^^^^^^^ use of undeclared type `Firebase`
[INFO] [stdout] 
[INFO] [stdout] error: aborting due to 4 previous errors
[INFO] [stdout] 
[INFO] [stdout] Some errors have detailed explanations: E0432, E0433.
[INFO] [stdout] For more information about an error, try `rustc --explain E0432`.
[INFO] [stdout] Couldn't compile the test.
[INFO] [stdout] 
[INFO] [stdout] failures:
[INFO] [stdout]     src/lib.rs - Firebase::at (line 245)
[INFO] [stdout]     src/lib.rs - Firebase::auth (line 223)
[INFO] [stdout]     src/lib.rs - Firebase::delete (line 405)
[INFO] [stdout]     src/lib.rs - Firebase::delete_async (line 416)
[INFO] [stdout]     src/lib.rs - Firebase::get (line 348)
[INFO] [stdout]     src/lib.rs - Firebase::get_async (line 359)
[INFO] [stdout]     src/lib.rs - Firebase::get_generic (line 322)
[INFO] [stdout]     src/lib.rs - Firebase::new (line 205)
[INFO] [stdout]     src/lib.rs - Firebase::push (line 376)
[INFO] [stdout]     src/lib.rs - Firebase::push_async (line 387)
[INFO] [stdout]     src/lib.rs - Firebase::set (line 267)
[INFO] [stdout]     src/lib.rs - Firebase::set_async (line 278)
[INFO] [stdout]     src/lib.rs - Firebase::set_generic (line 297)
[INFO] [stdout]     src/lib.rs - Firebase::update (line 433)
[INFO] [stdout]     src/lib.rs - Firebase::update_async (line 444)
[INFO] [stdout]     src/lib.rs - Firebase::with_params (line 462)
[INFO] [stdout] 
[INFO] [stdout] test result: FAILED. 0 passed; 16 failed; 0 ignored; 0 measured; 0 filtered out; finished in 0.16s
[INFO] [stdout] 
[INFO] [stderr] error: test failed, to rerun pass '--doc'
[INFO] running `Command { std: "docker" "inspect" "d8f79645b41b1bc2e20f672b219d2b35ee8f247f1cde5a7868f6dd1aae1e36ef", kill_on_drop: false }`
[INFO] running `Command { std: "docker" "rm" "-f" "d8f79645b41b1bc2e20f672b219d2b35ee8f247f1cde5a7868f6dd1aae1e36ef", kill_on_drop: false }`
[INFO] [stdout] d8f79645b41b1bc2e20f672b219d2b35ee8f247f1cde5a7868f6dd1aae1e36ef
