[INFO] cloning repository https://github.com/emilio/aemet-visualizer
[INFO] running `Command { std: "git" "-c" "credential.helper=" "-c" "credential.helper=/workspace/cargo-home/bin/git-credential-null" "clone" "--bare" "https://github.com/emilio/aemet-visualizer" "/workspace/cache/git-repos/https%3A%2F%2Fgithub.com%2Femilio%2Faemet-visualizer", kill_on_drop: false }`
[INFO] [stderr] Cloning into bare repository '/workspace/cache/git-repos/https%3A%2F%2Fgithub.com%2Femilio%2Faemet-visualizer'...
[INFO] running `Command { std: "git" "rev-parse" "HEAD", kill_on_drop: false }`
[INFO] [stdout] e93cf229db7f88956e7f2743e03264eea1ce1f21
[INFO] testing emilio/aemet-visualizer against 1.54.0 for beta-1.55-1
[INFO] running `Command { std: "git" "clone" "/workspace/cache/git-repos/https%3A%2F%2Fgithub.com%2Femilio%2Faemet-visualizer" "/workspace/builds/worker-94/source", kill_on_drop: false }`
[INFO] [stderr] Cloning into '/workspace/builds/worker-94/source'...
[INFO] [stderr] done.
[INFO] validating manifest of git repo https://github.com/emilio/aemet-visualizer on toolchain 1.54.0
[INFO] running `Command { std: "/workspace/cargo-home/bin/cargo" "+1.54.0" "metadata" "--manifest-path" "Cargo.toml" "--no-deps", kill_on_drop: false }`
[INFO] started tweaking git repo https://github.com/emilio/aemet-visualizer
[INFO] finished tweaking git repo https://github.com/emilio/aemet-visualizer
[INFO] tweaked toml for git repo https://github.com/emilio/aemet-visualizer written to /workspace/builds/worker-94/source/Cargo.toml
[INFO] crate git repo https://github.com/emilio/aemet-visualizer already has a lockfile, it will not be regenerated
[INFO] running `Command { std: "/workspace/cargo-home/bin/cargo" "+1.54.0" "fetch" "--manifest-path" "Cargo.toml", kill_on_drop: false }`
[INFO] [stderr]     Blocking waiting for file lock on package cache
[INFO] [stderr] warning: Patch `serde v1.0.90 (https://github.com/emilio/serde?branch=flat-alias#dc6e2f9f)` was not used in the crate graph.
[INFO] [stderr] Patch `serde_derive v1.0.90 (https://github.com/emilio/serde?branch=flat-alias#dc6e2f9f)` was not used in the crate graph.
[INFO] [stderr] Check that the patched package version and available features are compatible
[INFO] [stderr] with the dependency requirements. If the patch has a different version from
[INFO] [stderr] what is locked in the Cargo.lock file, run `cargo update` to use the new
[INFO] [stderr] version. This may also occur with an optional dependency that is not enabled.
[INFO] [stderr]     Blocking waiting for file lock on package cache
[INFO] running `Command { std: "docker" "create" "-v" "/var/lib/crater-agent-workspace/builds/worker-94/target:/opt/rustwide/target:rw,Z" "-v" "/var/lib/crater-agent-workspace/builds/worker-94/source:/opt/rustwide/workdir:ro,Z" "-v" "/var/lib/crater-agent-workspace/cargo-home:/opt/rustwide/cargo-home:ro,Z" "-v" "/var/lib/crater-agent-workspace/rustup-home:/opt/rustwide/rustup-home:ro,Z" "-e" "SOURCE_DIR=/opt/rustwide/workdir" "-e" "CARGO_TARGET_DIR=/opt/rustwide/target" "-e" "CARGO_HOME=/opt/rustwide/cargo-home" "-e" "RUSTUP_HOME=/opt/rustwide/rustup-home" "-w" "/opt/rustwide/workdir" "-m" "1610612736" "--user" "0:0" "--network" "none" "ghcr.io/rust-lang/crates-build-env/linux@sha256:34b6a614d2c27851fe6cbf88fbd1137609cefab8b10d0615aaeb6fd47975d74e" "/opt/rustwide/cargo-home/bin/cargo" "+1.54.0" "metadata" "--no-deps" "--format-version=1", kill_on_drop: false }`
[INFO] [stdout] b889a66980f3cd68b615430a3c1b181bc59b36658d40d9d83a319ac49646b2c1
[INFO] running `Command { std: "docker" "start" "-a" "b889a66980f3cd68b615430a3c1b181bc59b36658d40d9d83a319ac49646b2c1", kill_on_drop: false }`
[INFO] running `Command { std: "docker" "inspect" "b889a66980f3cd68b615430a3c1b181bc59b36658d40d9d83a319ac49646b2c1", kill_on_drop: false }`
[INFO] running `Command { std: "docker" "rm" "-f" "b889a66980f3cd68b615430a3c1b181bc59b36658d40d9d83a319ac49646b2c1", kill_on_drop: false }`
[INFO] [stdout] b889a66980f3cd68b615430a3c1b181bc59b36658d40d9d83a319ac49646b2c1
[INFO] running `Command { std: "docker" "create" "-v" "/var/lib/crater-agent-workspace/builds/worker-94/target:/opt/rustwide/target:rw,Z" "-v" "/var/lib/crater-agent-workspace/builds/worker-94/source:/opt/rustwide/workdir:ro,Z" "-v" "/var/lib/crater-agent-workspace/cargo-home:/opt/rustwide/cargo-home:ro,Z" "-v" "/var/lib/crater-agent-workspace/rustup-home:/opt/rustwide/rustup-home:ro,Z" "-e" "SOURCE_DIR=/opt/rustwide/workdir" "-e" "CARGO_TARGET_DIR=/opt/rustwide/target" "-e" "CARGO_INCREMENTAL=0" "-e" "RUST_BACKTRACE=full" "-e" "RUSTFLAGS=--cap-lints=warn" "-e" "CARGO_HOME=/opt/rustwide/cargo-home" "-e" "RUSTUP_HOME=/opt/rustwide/rustup-home" "-w" "/opt/rustwide/workdir" "-m" "1610612736" "--user" "0:0" "--network" "none" "ghcr.io/rust-lang/crates-build-env/linux@sha256:34b6a614d2c27851fe6cbf88fbd1137609cefab8b10d0615aaeb6fd47975d74e" "/opt/rustwide/cargo-home/bin/cargo" "+1.54.0" "build" "--frozen" "--message-format=json", kill_on_drop: false }`
[INFO] [stdout] 85d5526da51ec4e21c9a02c71d77c1bfc90600883aeefd04067788fb1d6881eb
[INFO] running `Command { std: "docker" "start" "-a" "85d5526da51ec4e21c9a02c71d77c1bfc90600883aeefd04067788fb1d6881eb", kill_on_drop: false }`
[INFO] [stderr] warning: Patch `serde v1.0.90 (https://github.com/emilio/serde?branch=flat-alias#dc6e2f9f)` was not used in the crate graph.
[INFO] [stderr] Patch `serde_derive v1.0.90 (https://github.com/emilio/serde?branch=flat-alias#dc6e2f9f)` was not used in the crate graph.
[INFO] [stderr] Check that the patched package version and available features are compatible
[INFO] [stderr] with the dependency requirements. If the patch has a different version from
[INFO] [stderr] what is locked in the Cargo.lock file, run `cargo update` to use the new
[INFO] [stderr] version. This may also occur with an optional dependency that is not enabled.
[INFO] [stderr]    Compiling proc-macro2 v0.4.30
[INFO] [stderr]    Compiling libc v0.2.58
[INFO] [stderr]    Compiling memchr v2.2.0
[INFO] [stderr]    Compiling serde v1.0.92
[INFO] [stderr]    Compiling ryu v0.2.8
[INFO] [stderr]    Compiling unicode-xid v0.1.0
[INFO] [stderr]    Compiling syn v0.15.34
[INFO] [stderr]    Compiling itoa v0.4.4
[INFO] [stderr]    Compiling quote v0.6.12
[INFO] [stderr]    Compiling csv-core v0.1.5
[INFO] [stderr]    Compiling serde_json v1.0.39
[INFO] [stderr]    Compiling csv v1.0.7
[INFO] [stderr]    Compiling serde_derive v1.0.92
[INFO] [stderr]    Compiling aemet-data v0.1.0 (/opt/rustwide/workdir)
[INFO] [stdout] warning: unnecessary trailing semicolon
[INFO] [stdout]    --> src/formats.rs:562:10
[INFO] [stdout]     |
[INFO] [stdout] 562 |         };
[INFO] [stdout]     |          ^ help: remove this semicolon
[INFO] [stdout]     |
[INFO] [stdout]     = note: `#[warn(redundant_semicolons)]` on by default
[INFO] [stdout] 
[INFO] [stdout] 
[INFO] [stdout] warning: 1 warning emitted
[INFO] [stdout] 
[INFO] [stdout] 
[INFO] [stderr]     Finished dev [unoptimized + debuginfo] target(s) in 19.52s
[INFO] running `Command { std: "docker" "inspect" "85d5526da51ec4e21c9a02c71d77c1bfc90600883aeefd04067788fb1d6881eb", kill_on_drop: false }`
[INFO] running `Command { std: "docker" "rm" "-f" "85d5526da51ec4e21c9a02c71d77c1bfc90600883aeefd04067788fb1d6881eb", kill_on_drop: false }`
[INFO] [stdout] 85d5526da51ec4e21c9a02c71d77c1bfc90600883aeefd04067788fb1d6881eb
[INFO] running `Command { std: "docker" "create" "-v" "/var/lib/crater-agent-workspace/builds/worker-94/target:/opt/rustwide/target:rw,Z" "-v" "/var/lib/crater-agent-workspace/builds/worker-94/source:/opt/rustwide/workdir:ro,Z" "-v" "/var/lib/crater-agent-workspace/cargo-home:/opt/rustwide/cargo-home:ro,Z" "-v" "/var/lib/crater-agent-workspace/rustup-home:/opt/rustwide/rustup-home:ro,Z" "-e" "SOURCE_DIR=/opt/rustwide/workdir" "-e" "CARGO_TARGET_DIR=/opt/rustwide/target" "-e" "CARGO_INCREMENTAL=0" "-e" "RUST_BACKTRACE=full" "-e" "RUSTFLAGS=--cap-lints=warn" "-e" "CARGO_HOME=/opt/rustwide/cargo-home" "-e" "RUSTUP_HOME=/opt/rustwide/rustup-home" "-w" "/opt/rustwide/workdir" "-m" "1610612736" "--user" "0:0" "--network" "none" "ghcr.io/rust-lang/crates-build-env/linux@sha256:34b6a614d2c27851fe6cbf88fbd1137609cefab8b10d0615aaeb6fd47975d74e" "/opt/rustwide/cargo-home/bin/cargo" "+1.54.0" "test" "--frozen" "--no-run" "--message-format=json", kill_on_drop: false }`
[INFO] [stdout] cdca200e88f6186371828f3d022e198da1f40f90b9f5cca2f3ce77c114ff7e82
[INFO] running `Command { std: "docker" "start" "-a" "cdca200e88f6186371828f3d022e198da1f40f90b9f5cca2f3ce77c114ff7e82", kill_on_drop: false }`
[INFO] [stderr] warning: Patch `serde v1.0.90 (https://github.com/emilio/serde?branch=flat-alias#dc6e2f9f)` was not used in the crate graph.
[INFO] [stderr] Patch `serde_derive v1.0.90 (https://github.com/emilio/serde?branch=flat-alias#dc6e2f9f)` was not used in the crate graph.
[INFO] [stderr] Check that the patched package version and available features are compatible
[INFO] [stderr] with the dependency requirements. If the patch has a different version from
[INFO] [stderr] what is locked in the Cargo.lock file, run `cargo update` to use the new
[INFO] [stderr] version. This may also occur with an optional dependency that is not enabled.
[INFO] [stderr]    Compiling aemet-data v0.1.0 (/opt/rustwide/workdir)
[INFO] [stdout] warning: unnecessary trailing semicolon
[INFO] [stdout]    --> src/formats.rs:562:10
[INFO] [stdout]     |
[INFO] [stdout] 562 |         };
[INFO] [stdout]     |          ^ help: remove this semicolon
[INFO] [stdout]     |
[INFO] [stdout]     = note: `#[warn(redundant_semicolons)]` on by default
[INFO] [stdout] 
[INFO] [stdout] 
[INFO] [stdout] warning: 1 warning emitted
[INFO] [stdout] 
[INFO] [stdout] 
[INFO] [stderr]     Finished test [unoptimized + debuginfo] target(s) in 3.15s
[INFO] running `Command { std: "docker" "inspect" "cdca200e88f6186371828f3d022e198da1f40f90b9f5cca2f3ce77c114ff7e82", kill_on_drop: false }`
[INFO] running `Command { std: "docker" "rm" "-f" "cdca200e88f6186371828f3d022e198da1f40f90b9f5cca2f3ce77c114ff7e82", kill_on_drop: false }`
[INFO] [stdout] cdca200e88f6186371828f3d022e198da1f40f90b9f5cca2f3ce77c114ff7e82
[INFO] running `Command { std: "docker" "create" "-v" "/var/lib/crater-agent-workspace/builds/worker-94/target:/opt/rustwide/target:rw,Z" "-v" "/var/lib/crater-agent-workspace/builds/worker-94/source:/opt/rustwide/workdir:ro,Z" "-v" "/var/lib/crater-agent-workspace/cargo-home:/opt/rustwide/cargo-home:ro,Z" "-v" "/var/lib/crater-agent-workspace/rustup-home:/opt/rustwide/rustup-home:ro,Z" "-e" "SOURCE_DIR=/opt/rustwide/workdir" "-e" "CARGO_TARGET_DIR=/opt/rustwide/target" "-e" "CARGO_INCREMENTAL=0" "-e" "RUST_BACKTRACE=full" "-e" "RUSTFLAGS=--cap-lints=warn" "-e" "CARGO_HOME=/opt/rustwide/cargo-home" "-e" "RUSTUP_HOME=/opt/rustwide/rustup-home" "-w" "/opt/rustwide/workdir" "-m" "1610612736" "--user" "0:0" "--network" "none" "ghcr.io/rust-lang/crates-build-env/linux@sha256:34b6a614d2c27851fe6cbf88fbd1137609cefab8b10d0615aaeb6fd47975d74e" "/opt/rustwide/cargo-home/bin/cargo" "+1.54.0" "test" "--frozen", kill_on_drop: false }`
[INFO] [stdout] ffd2adffdd0962a62414005e84251ac54860c9592c61fce8e807fc61bb03cca4
[INFO] running `Command { std: "docker" "start" "-a" "ffd2adffdd0962a62414005e84251ac54860c9592c61fce8e807fc61bb03cca4", kill_on_drop: false }`
[INFO] [stderr] warning: Patch `serde v1.0.90 (https://github.com/emilio/serde?branch=flat-alias#dc6e2f9f)` was not used in the crate graph.
[INFO] [stderr] Patch `serde_derive v1.0.90 (https://github.com/emilio/serde?branch=flat-alias#dc6e2f9f)` was not used in the crate graph.
[INFO] [stderr] Check that the patched package version and available features are compatible
[INFO] [stderr] with the dependency requirements. If the patch has a different version from
[INFO] [stderr] what is locked in the Cargo.lock file, run `cargo update` to use the new
[INFO] [stderr] version. This may also occur with an optional dependency that is not enabled.
[INFO] [stderr] warning: unnecessary trailing semicolon
[INFO] [stderr]    --> src/formats.rs:562:10
[INFO] [stderr]     |
[INFO] [stderr] 562 |         };
[INFO] [stderr]     |          ^ help: remove this semicolon
[INFO] [stderr]     |
[INFO] [stderr]     = note: `#[warn(redundant_semicolons)]` on by default
[INFO] [stderr] 
[INFO] [stderr] warning: 1 warning emitted
[INFO] [stderr] 
[INFO] [stderr]     Finished test [unoptimized + debuginfo] target(s) in 0.02s
[INFO] [stderr]      Running unittests (/opt/rustwide/target/debug/deps/aemet_data-da6e698cbe181e44)
[INFO] [stdout] 
[INFO] [stdout] running 1 test
[INFO] [stdout] test formats::tests::it_works ... FAILED
[INFO] [stdout] 
[INFO] [stdout] failures:
[INFO] [stdout] 
[INFO] [stdout] ---- formats::tests::it_works stdout ----
[INFO] [stdout] thread 'formats::tests::it_works' panicked at 'Errored while parsing /opt/rustwide/workdir/data/2016/mensuales/TM_MES_2016.csv: Error(Deserialize { pos: Some(Position { byte: 106, line: 2, record: 1 }), err: DeserializeError { field: None, kind: Message("missing field `january`") } })', src/formats.rs:524:31
[INFO] [stdout] stack backtrace:
[INFO] [stdout]    0:     0x5623a74c2ca0 - std::backtrace_rs::backtrace::libunwind::trace::h34055254b57d8e79
[INFO] [stdout]                                at /rustc/a178d0322ce20e33eac124758e837cbd80a6f633/library/std/src/../../backtrace/src/backtrace/libunwind.rs:90:5
[INFO] [stdout]    1:     0x5623a74c2ca0 - std::backtrace_rs::backtrace::trace_unsynchronized::h8f1e3fbd9afff6ec
[INFO] [stdout]                                at /rustc/a178d0322ce20e33eac124758e837cbd80a6f633/library/std/src/../../backtrace/src/backtrace/mod.rs:66:5
[INFO] [stdout]    2:     0x5623a74c2ca0 - std::sys_common::backtrace::_print_fmt::h3a99a796b770c360
[INFO] [stdout]                                at /rustc/a178d0322ce20e33eac124758e837cbd80a6f633/library/std/src/sys_common/backtrace.rs:67:5
[INFO] [stdout]    3:     0x5623a74c2ca0 - <std::sys_common::backtrace::_print::DisplayBacktrace as core::fmt::Display>::fmt::h32d1f94a80615d18
[INFO] [stdout]                                at /rustc/a178d0322ce20e33eac124758e837cbd80a6f633/library/std/src/sys_common/backtrace.rs:46:22
[INFO] [stdout]    4:     0x5623a74e66fc - core::fmt::write::h306731c068f7162c
[INFO] [stdout]                                at /rustc/a178d0322ce20e33eac124758e837cbd80a6f633/library/core/src/fmt/mod.rs:1110:17
[INFO] [stdout]    5:     0x5623a74bfa45 - std::io::Write::write_fmt::h87f19b0a2cd190bc
[INFO] [stdout]                                at /rustc/a178d0322ce20e33eac124758e837cbd80a6f633/library/std/src/io/mod.rs:1588:15
[INFO] [stdout]    6:     0x5623a74c4e0b - std::sys_common::backtrace::_print::h5abaa2601a852287
[INFO] [stdout]                                at /rustc/a178d0322ce20e33eac124758e837cbd80a6f633/library/std/src/sys_common/backtrace.rs:49:5
[INFO] [stdout]    7:     0x5623a74c4e0b - std::sys_common::backtrace::print::h8d81445442bb638f
[INFO] [stdout]                                at /rustc/a178d0322ce20e33eac124758e837cbd80a6f633/library/std/src/sys_common/backtrace.rs:36:9
[INFO] [stdout]    8:     0x5623a74c4e0b - std::panicking::default_hook::{{closure}}::hcfe804496a9fa747
[INFO] [stdout]                                at /rustc/a178d0322ce20e33eac124758e837cbd80a6f633/library/std/src/panicking.rs:208:50
[INFO] [stdout]    9:     0x5623a74c491c - std::panicking::default_hook::hbea8e3ccf2ba8901
[INFO] [stdout]                                at /rustc/a178d0322ce20e33eac124758e837cbd80a6f633/library/std/src/panicking.rs:222:9
[INFO] [stdout]   10:     0x5623a74c54d4 - std::panicking::rust_panic_with_hook::h7ee9e1a2d0f8975a
[INFO] [stdout]                                at /rustc/a178d0322ce20e33eac124758e837cbd80a6f633/library/std/src/panicking.rs:622:17
[INFO] [stdout]   11:     0x5623a74c4fb7 - std::panicking::begin_panic_handler::{{closure}}::h8ab3b4491718b2c7
[INFO] [stdout]                                at /rustc/a178d0322ce20e33eac124758e837cbd80a6f633/library/std/src/panicking.rs:519:13
[INFO] [stdout]   12:     0x5623a74c319c - std::sys_common::backtrace::__rust_end_short_backtrace::hd489062ffa586a9f
[INFO] [stdout]                                at /rustc/a178d0322ce20e33eac124758e837cbd80a6f633/library/std/src/sys_common/backtrace.rs:141:18
[INFO] [stdout]   13:     0x5623a74c4f19 - rust_begin_unwind
[INFO] [stdout]                                at /rustc/a178d0322ce20e33eac124758e837cbd80a6f633/library/std/src/panicking.rs:515:5
[INFO] [stdout]   14:     0x5623a7374f2b - std::panicking::begin_panic_fmt::h5479575e112541f8
[INFO] [stdout]                                at /rustc/a178d0322ce20e33eac124758e837cbd80a6f633/library/std/src/panicking.rs:457:5
[INFO] [stdout]   15:     0x5623a7391b4c - aemet_data::formats::YearlyData::from_csv::read_csv_file::{{closure}}::hb40f69476c42d4a3
[INFO] [stdout]                                at /opt/rustwide/workdir/src/formats.rs:524:31
[INFO] [stdout]   16:     0x5623a7376e0b - core::ops::function::impls::<impl core::ops::function::FnOnce<A> for &mut F>::call_once::hc547e3adeff56d93
[INFO] [stdout]                                at /rustc/a178d0322ce20e33eac124758e837cbd80a6f633/library/core/src/ops/function.rs:280:13
[INFO] [stdout]   17:     0x5623a744619b - core::option::Option<T>::map::h183d6d5a21c52280
[INFO] [stdout]                                at /rustc/a178d0322ce20e33eac124758e837cbd80a6f633/library/core/src/option.rs:489:29
[INFO] [stdout]   18:     0x5623a73feb7e - <core::iter::adapters::map::Map<I,F> as core::iter::traits::iterator::Iterator>::next::he3650b672f46c37d
[INFO] [stdout]                                at /rustc/a178d0322ce20e33eac124758e837cbd80a6f633/library/core/src/iter/adapters/map.rs:101:9
[INFO] [stdout]   19:     0x5623a7412d48 - <alloc::vec::Vec<T> as alloc::vec::spec_from_iter_nested::SpecFromIterNested<T,I>>::from_iter::h7a092c2727986548
[INFO] [stdout]                                at /rustc/a178d0322ce20e33eac124758e837cbd80a6f633/library/alloc/src/vec/spec_from_iter_nested.rs:23:32
[INFO] [stdout]   20:     0x5623a7422028 - <alloc::vec::Vec<T> as alloc::vec::spec_from_iter::SpecFromIter<T,I>>::from_iter::ha370fe6fa57435a5
[INFO] [stdout]                                at /rustc/a178d0322ce20e33eac124758e837cbd80a6f633/library/alloc/src/vec/spec_from_iter.rs:33:9
[INFO] [stdout]   21:     0x5623a742107f - <alloc::vec::Vec<T> as core::iter::traits::collect::FromIterator<T>>::from_iter::h7ff2686499245c76
[INFO] [stdout]                                at /rustc/a178d0322ce20e33eac124758e837cbd80a6f633/library/alloc/src/vec/mod.rs:2449:9
[INFO] [stdout]   22:     0x5623a74002a8 - core::iter::traits::iterator::Iterator::collect::h85279badc1bb2c17
[INFO] [stdout]                                at /rustc/a178d0322ce20e33eac124758e837cbd80a6f633/library/core/src/iter/traits/iterator.rs:1748:9
[INFO] [stdout]   23:     0x5623a738f16f - aemet_data::formats::YearlyData::from_csv::read_csv_file::hdf683e722aae2c8e
[INFO] [stdout]                                at /opt/rustwide/workdir/src/formats.rs:521:13
[INFO] [stdout]   24:     0x5623a737b523 - aemet_data::formats::YearlyData::from_csv::hff01ba2e23dba818
[INFO] [stdout]                                at /opt/rustwide/workdir/src/formats.rs:564:9
[INFO] [stdout]   25:     0x5623a739298f - aemet_data::formats::YearlyData::all_from_manifest_dir::h6a56a059ee862939
[INFO] [stdout]                                at /opt/rustwide/workdir/src/formats.rs:588:13
[INFO] [stdout]   26:     0x5623a74510b8 - aemet_data::formats::tests::it_works::ha59cd6c6dfdd4286
[INFO] [stdout]                                at /opt/rustwide/workdir/src/formats.rs:624:9
[INFO] [stdout]   27:     0x5623a745108a - aemet_data::formats::tests::it_works::{{closure}}::h4851ac018e1cba86
[INFO] [stdout]                                at /opt/rustwide/workdir/src/formats.rs:623:5
[INFO] [stdout]   28:     0x5623a73f526e - core::ops::function::FnOnce::call_once::hd62831ad400c6b7e
[INFO] [stdout]                                at /rustc/a178d0322ce20e33eac124758e837cbd80a6f633/library/core/src/ops/function.rs:227:5
[INFO] [stdout]   29:     0x5623a7479263 - core::ops::function::FnOnce::call_once::h152e7e439ff59e19
[INFO] [stdout]                                at /rustc/a178d0322ce20e33eac124758e837cbd80a6f633/library/core/src/ops/function.rs:227:5
[INFO] [stdout]   30:     0x5623a7479263 - test::__rust_begin_short_backtrace::h0908f3b1fdbb72ab
[INFO] [stdout]                                at /rustc/a178d0322ce20e33eac124758e837cbd80a6f633/library/test/src/lib.rs:577:5
[INFO] [stdout]   31:     0x5623a7477d20 - <alloc::boxed::Box<F,A> as core::ops::function::FnOnce<Args>>::call_once::hf6d2a51e5587546c
[INFO] [stdout]                                at /rustc/a178d0322ce20e33eac124758e837cbd80a6f633/library/alloc/src/boxed.rs:1575:9
[INFO] [stdout]   32:     0x5623a7477d20 - <std::panic::AssertUnwindSafe<F> as core::ops::function::FnOnce<()>>::call_once::h8af660f3a89ef593
[INFO] [stdout]                                at /rustc/a178d0322ce20e33eac124758e837cbd80a6f633/library/std/src/panic.rs:347:9
[INFO] [stdout]   33:     0x5623a7477d20 - std::panicking::try::do_call::hd36aef60f84b6d36
[INFO] [stdout]                                at /rustc/a178d0322ce20e33eac124758e837cbd80a6f633/library/std/src/panicking.rs:401:40
[INFO] [stdout]   34:     0x5623a7477d20 - std::panicking::try::h9932b4480e69817c
[INFO] [stdout]                                at /rustc/a178d0322ce20e33eac124758e837cbd80a6f633/library/std/src/panicking.rs:365:19
[INFO] [stdout]   35:     0x5623a7477d20 - std::panic::catch_unwind::h6aa177099cfff5f8
[INFO] [stdout]                                at /rustc/a178d0322ce20e33eac124758e837cbd80a6f633/library/std/src/panic.rs:434:14
[INFO] [stdout]   36:     0x5623a7477d20 - test::run_test_in_process::h5884d6f2d99e20c3
[INFO] [stdout]                                at /rustc/a178d0322ce20e33eac124758e837cbd80a6f633/library/test/src/lib.rs:600:18
[INFO] [stdout]   37:     0x5623a7477d20 - test::run_test::run_test_inner::{{closure}}::h6fdc58c6d5f5b6e3
[INFO] [stdout]                                at /rustc/a178d0322ce20e33eac124758e837cbd80a6f633/library/test/src/lib.rs:492:39
[INFO] [stdout]   38:     0x5623a74513d2 - test::run_test::run_test_inner::{{closure}}::h408365d67a78ade8
[INFO] [stdout]                                at /rustc/a178d0322ce20e33eac124758e837cbd80a6f633/library/test/src/lib.rs:519:37
[INFO] [stdout]   39:     0x5623a74513d2 - std::sys_common::backtrace::__rust_begin_short_backtrace::hb560b77c4f701523
[INFO] [stdout]                                at /rustc/a178d0322ce20e33eac124758e837cbd80a6f633/library/std/src/sys_common/backtrace.rs:125:18
[INFO] [stdout]   40:     0x5623a7454f88 - std::thread::Builder::spawn_unchecked::{{closure}}::{{closure}}::hf2e7831dad93c597
[INFO] [stdout]                                at /rustc/a178d0322ce20e33eac124758e837cbd80a6f633/library/std/src/thread/mod.rs:481:17
[INFO] [stdout]   41:     0x5623a7454f88 - <std::panic::AssertUnwindSafe<F> as core::ops::function::FnOnce<()>>::call_once::hd2e08783d8be4d02
[INFO] [stdout]                                at /rustc/a178d0322ce20e33eac124758e837cbd80a6f633/library/std/src/panic.rs:347:9
[INFO] [stdout]   42:     0x5623a7454f88 - std::panicking::try::do_call::h062597b7acfd6b82
[INFO] [stdout]                                at /rustc/a178d0322ce20e33eac124758e837cbd80a6f633/library/std/src/panicking.rs:401:40
[INFO] [stdout]   43:     0x5623a7454f88 - std::panicking::try::h0d7b79db04c14552
[INFO] [stdout]                                at /rustc/a178d0322ce20e33eac124758e837cbd80a6f633/library/std/src/panicking.rs:365:19
[INFO] [stdout]   44:     0x5623a7454f88 - std::panic::catch_unwind::hb01a0b5e7c8cd43b
[INFO] [stdout]                                at /rustc/a178d0322ce20e33eac124758e837cbd80a6f633/library/std/src/panic.rs:434:14
[INFO] [stdout]   45:     0x5623a7454f88 - std::thread::Builder::spawn_unchecked::{{closure}}::h5bde48cc887e0d1e
[INFO] [stdout]                                at /rustc/a178d0322ce20e33eac124758e837cbd80a6f633/library/std/src/thread/mod.rs:480:30
[INFO] [stdout]   46:     0x5623a7454f88 - core::ops::function::FnOnce::call_once{{vtable.shim}}::h745ea30807a29e55
[INFO] [stdout]                                at /rustc/a178d0322ce20e33eac124758e837cbd80a6f633/library/core/src/ops/function.rs:227:5
[INFO] [stdout]   47:     0x5623a74c9f97 - <alloc::boxed::Box<F,A> as core::ops::function::FnOnce<Args>>::call_once::h7ece6cfefaff1005
[INFO] [stdout]                                at /rustc/a178d0322ce20e33eac124758e837cbd80a6f633/library/alloc/src/boxed.rs:1575:9
[INFO] [stdout]   48:     0x5623a74c9f97 - <alloc::boxed::Box<F,A> as core::ops::function::FnOnce<Args>>::call_once::hb8b48e55c21f193e
[INFO] [stdout]                                at /rustc/a178d0322ce20e33eac124758e837cbd80a6f633/library/alloc/src/boxed.rs:1575:9
[INFO] [stdout]   49:     0x5623a74c9f97 - std::sys::unix::thread::Thread::new::thread_start::h8c7c4450dba62914
[INFO] [stdout]                                at /rustc/a178d0322ce20e33eac124758e837cbd80a6f633/library/std/src/sys/unix/thread.rs:71:17
[INFO] [stdout]   50:     0x7fbc9dc34609 - start_thread
[INFO] [stdout]   51:     0x7fbc9debf293 - clone
[INFO] [stdout]   52:                0x0 - <unknown>
[INFO] [stdout] 
[INFO] [stdout] 
[INFO] [stdout] failures:
[INFO] [stdout]     formats::tests::it_works
[INFO] [stdout] 
[INFO] [stdout] test result: FAILED. 0 passed; 1 failed; 0 ignored; 0 measured; 0 filtered out; finished in 0.02s
[INFO] [stdout] 
[INFO] [stderr] error: test failed, to rerun pass '--bin aemet-data'
[INFO] running `Command { std: "docker" "inspect" "ffd2adffdd0962a62414005e84251ac54860c9592c61fce8e807fc61bb03cca4", kill_on_drop: false }`
[INFO] running `Command { std: "docker" "rm" "-f" "ffd2adffdd0962a62414005e84251ac54860c9592c61fce8e807fc61bb03cca4", kill_on_drop: false }`
[INFO] [stdout] ffd2adffdd0962a62414005e84251ac54860c9592c61fce8e807fc61bb03cca4
