[INFO] cloning repository https://github.com/emigr2k1/mejoranime
[INFO] running `Command { std: "git" "-c" "credential.helper=" "-c" "credential.helper=/workspace/cargo-home/bin/git-credential-null" "clone" "--bare" "https://github.com/emigr2k1/mejoranime" "/workspace/cache/git-repos/https%3A%2F%2Fgithub.com%2Femigr2k1%2Fmejoranime", kill_on_drop: false }`
[INFO] [stderr] Cloning into bare repository '/workspace/cache/git-repos/https%3A%2F%2Fgithub.com%2Femigr2k1%2Fmejoranime'...
[INFO] running `Command { std: "git" "rev-parse" "HEAD", kill_on_drop: false }`
[INFO] [stdout] 319c870c0927a25734759e11f40a5175629ebef1
[INFO] testing emigr2k1/mejoranime against beta-2021-08-01 for beta-1.55-1
[INFO] running `Command { std: "git" "clone" "/workspace/cache/git-repos/https%3A%2F%2Fgithub.com%2Femigr2k1%2Fmejoranime" "/workspace/builds/worker-65/source", kill_on_drop: false }`
[INFO] [stderr] Cloning into '/workspace/builds/worker-65/source'...
[INFO] [stderr] done.
[INFO] validating manifest of git repo https://github.com/emigr2k1/mejoranime on toolchain beta-2021-08-01
[INFO] running `Command { std: "/workspace/cargo-home/bin/cargo" "+beta-2021-08-01" "metadata" "--manifest-path" "Cargo.toml" "--no-deps", kill_on_drop: false }`
[INFO] started tweaking git repo https://github.com/emigr2k1/mejoranime
[INFO] finished tweaking git repo https://github.com/emigr2k1/mejoranime
[INFO] tweaked toml for git repo https://github.com/emigr2k1/mejoranime written to /workspace/builds/worker-65/source/Cargo.toml
[INFO] crate git repo https://github.com/emigr2k1/mejoranime already has a lockfile, it will not be regenerated
[INFO] running `Command { std: "/workspace/cargo-home/bin/cargo" "+beta-2021-08-01" "fetch" "--manifest-path" "Cargo.toml", kill_on_drop: false }`
[INFO] [stderr]     Blocking waiting for file lock on package cache
[INFO] [stderr]     Blocking waiting for file lock on package cache
[INFO] [stderr]  Downloading crates ...
[INFO] [stderr]   Downloaded string_cache v0.7.4
[INFO] [stderr]   Downloaded tokio-timer v0.3.0-alpha.6
[INFO] [stderr]   Downloaded cssparser-macros v0.3.6
[INFO] [stderr]   Downloaded tracing-core v0.1.6
[INFO] [stderr]   Downloaded tokio-net v0.2.0-alpha.6
[INFO] [stderr]   Downloaded hyper-tls v0.4.0-alpha.4
[INFO] [stderr]   Downloaded markup5ever v0.9.0
[INFO] [stderr]   Downloaded html5ever v0.24.1
[INFO] [stderr]   Downloaded tokio-fs v0.2.0-alpha.6
[INFO] [stderr]   Downloaded tokio-macros v0.2.0-alpha.6
[INFO] [stderr]   Downloaded tokio-io v0.2.0-alpha.6
[INFO] [stderr]   Downloaded tokio v0.2.0-alpha.6
[INFO] [stderr]   Downloaded tokio-codec v0.2.0-alpha.6
[INFO] [stderr]   Downloaded scraper v0.11.0
[INFO] [stderr]   Downloaded openssl-sys v0.9.51
[INFO] [stderr]   Downloaded procedural-masquerade v0.1.6
[INFO] [stderr]   Downloaded selectors v0.21.0
[INFO] [stderr]   Downloaded cssparser v0.25.9
[INFO] [stderr]   Downloaded tracing-attributes v0.1.4
[INFO] [stderr]   Downloaded reqwest v0.10.0-alpha.1
[INFO] [stderr]   Downloaded tower-make v0.3.0-alpha.2a
[INFO] [stderr]   Downloaded pin-project-internal v0.4.4
[INFO] [stderr]   Downloaded http-body v0.2.0-alpha.3
[INFO] [stderr]   Downloaded pin-project v0.4.4
[INFO] [stderr]   Downloaded h2 v0.2.0-alpha.3
[INFO] [stderr]   Downloaded hyper v0.13.0-alpha.4
[INFO] [stderr]   Downloaded tower-service v0.3.0-alpha.2
[INFO] [stderr]   Downloaded tokio-tls v0.3.0-alpha.6
[INFO] [stderr]   Downloaded tracing v0.1.9
[INFO] running `Command { std: "docker" "create" "-v" "/var/lib/crater-agent-workspace/builds/worker-65/target:/opt/rustwide/target:rw,Z" "-v" "/var/lib/crater-agent-workspace/builds/worker-65/source:/opt/rustwide/workdir:ro,Z" "-v" "/var/lib/crater-agent-workspace/cargo-home:/opt/rustwide/cargo-home:ro,Z" "-v" "/var/lib/crater-agent-workspace/rustup-home:/opt/rustwide/rustup-home:ro,Z" "-e" "SOURCE_DIR=/opt/rustwide/workdir" "-e" "CARGO_TARGET_DIR=/opt/rustwide/target" "-e" "CARGO_HOME=/opt/rustwide/cargo-home" "-e" "RUSTUP_HOME=/opt/rustwide/rustup-home" "-w" "/opt/rustwide/workdir" "-m" "1610612736" "--user" "0:0" "--network" "none" "ghcr.io/rust-lang/crates-build-env/linux@sha256:34b6a614d2c27851fe6cbf88fbd1137609cefab8b10d0615aaeb6fd47975d74e" "/opt/rustwide/cargo-home/bin/cargo" "+beta-2021-08-01" "metadata" "--no-deps" "--format-version=1", kill_on_drop: false }`
[INFO] [stdout] 6943652b453051298348fef52c1860391698518d7006afd8fb2189aaeffd2bbf
[INFO] running `Command { std: "docker" "start" "-a" "6943652b453051298348fef52c1860391698518d7006afd8fb2189aaeffd2bbf", kill_on_drop: false }`
[INFO] running `Command { std: "docker" "inspect" "6943652b453051298348fef52c1860391698518d7006afd8fb2189aaeffd2bbf", kill_on_drop: false }`
[INFO] running `Command { std: "docker" "rm" "-f" "6943652b453051298348fef52c1860391698518d7006afd8fb2189aaeffd2bbf", kill_on_drop: false }`
[INFO] [stdout] 6943652b453051298348fef52c1860391698518d7006afd8fb2189aaeffd2bbf
[INFO] running `Command { std: "docker" "create" "-v" "/var/lib/crater-agent-workspace/builds/worker-65/target:/opt/rustwide/target:rw,Z" "-v" "/var/lib/crater-agent-workspace/builds/worker-65/source:/opt/rustwide/workdir:ro,Z" "-v" "/var/lib/crater-agent-workspace/cargo-home:/opt/rustwide/cargo-home:ro,Z" "-v" "/var/lib/crater-agent-workspace/rustup-home:/opt/rustwide/rustup-home:ro,Z" "-e" "SOURCE_DIR=/opt/rustwide/workdir" "-e" "CARGO_TARGET_DIR=/opt/rustwide/target" "-e" "CARGO_INCREMENTAL=0" "-e" "RUST_BACKTRACE=full" "-e" "RUSTFLAGS=--cap-lints=warn" "-e" "CARGO_HOME=/opt/rustwide/cargo-home" "-e" "RUSTUP_HOME=/opt/rustwide/rustup-home" "-w" "/opt/rustwide/workdir" "-m" "1610612736" "--user" "0:0" "--network" "none" "ghcr.io/rust-lang/crates-build-env/linux@sha256:34b6a614d2c27851fe6cbf88fbd1137609cefab8b10d0615aaeb6fd47975d74e" "/opt/rustwide/cargo-home/bin/cargo" "+beta-2021-08-01" "build" "--frozen" "--message-format=json", kill_on_drop: false }`
[INFO] [stdout] 3055adb8dd73fecf3682b959dc34e3667f658dfb6a9103ee4bb2185fa548b3de
[INFO] running `Command { std: "docker" "start" "-a" "3055adb8dd73fecf3682b959dc34e3667f658dfb6a9103ee4bb2185fa548b3de", kill_on_drop: false }`
[INFO] [stderr]    Compiling libc v0.2.65
[INFO] [stderr]    Compiling proc-macro2 v1.0.5
[INFO] [stderr]    Compiling unicode-xid v0.2.0
[INFO] [stderr]    Compiling autocfg v0.1.6
[INFO] [stderr]    Compiling syn v1.0.5
[INFO] [stderr]    Compiling cfg-if v0.1.10
[INFO] [stderr]    Compiling rand_core v0.4.2
[INFO] [stderr]    Compiling log v0.4.8
[INFO] [stderr]    Compiling byteorder v1.3.2
[INFO] [stderr]    Compiling siphasher v0.2.3
[INFO] [stderr]    Compiling futures-core-preview v0.3.0-alpha.19
[INFO] [stderr]    Compiling itoa v0.4.4
[INFO] [stderr]    Compiling cc v1.0.46
[INFO] [stderr]    Compiling nodrop v0.1.14
[INFO] [stderr]    Compiling smallvec v0.6.10
[INFO] [stderr]    Compiling memchr v2.2.1
[INFO] [stderr]    Compiling futures-sink-preview v0.3.0-alpha.19
[INFO] [stderr]    Compiling arrayvec v0.4.12
[INFO] [stderr]    Compiling scopeguard v1.0.0
[INFO] [stderr]    Compiling serde v1.0.101
[INFO] [stderr]    Compiling pin-utils v0.1.0-alpha.4
[INFO] [stderr]    Compiling pkg-config v0.3.16
[INFO] [stderr]    Compiling string_cache_shared v0.3.0
[INFO] [stderr]    Compiling ryu v1.0.2
[INFO] [stderr]    Compiling new_debug_unreachable v1.0.3
[INFO] [stderr]    Compiling openssl v0.10.25
[INFO] [stderr]    Compiling dtoa v0.4.4
[INFO] [stderr]    Compiling mac v0.1.1
[INFO] [stderr]    Compiling httparse v1.3.4
[INFO] [stderr]    Compiling native-tls v0.2.3
[INFO] [stderr]    Compiling precomputed-hash v0.1.1
[INFO] [stderr]    Compiling utf-8 v0.7.5
[INFO] [stderr]    Compiling procedural-masquerade v0.1.6
[INFO] [stderr]    Compiling tower-service v0.3.0-alpha.2
[INFO] [stderr]    Compiling failure_derive v0.1.6
[INFO] [stderr]    Compiling encoding_rs v0.8.20
[INFO] [stderr]    Compiling rustc-demangle v0.1.16
[INFO] [stderr]    Compiling thin-slice v0.1.1
[INFO] [stderr]    Compiling mime v0.3.14
[INFO] [stderr]    Compiling unicode-width v0.1.6
[INFO] [stderr]    Compiling ego-tree v0.6.2
[INFO] [stderr]    Compiling htmlescape v0.3.1
[INFO] [stderr]    Compiling lazy_static v1.4.0
[INFO] [stderr]    Compiling unicase v2.5.1
[INFO] [stderr]    Compiling unicode-bidi v0.3.4
[INFO] [stderr]    Compiling memoffset v0.5.1
[INFO] [stderr]    Compiling parking_lot_core v0.6.2
[INFO] [stderr]    Compiling parking_lot v0.9.0
[INFO] [stderr]    Compiling lock_api v0.3.1
[INFO] [stderr]    Compiling getopts v0.2.21
[INFO] [stderr]    Compiling rand_core v0.3.1
[INFO] [stderr]    Compiling rand_jitter v0.1.4
[INFO] [stderr]    Compiling futures-channel-preview v0.3.0-alpha.19
[INFO] [stderr]    Compiling phf_shared v0.7.24
[INFO] [stderr]    Compiling crossbeam-utils v0.6.6
[INFO] [stderr]    Compiling tracing-core v0.1.6
[INFO] [stderr]    Compiling futf v0.1.4
[INFO] [stderr]    Compiling phf v0.7.24
[INFO] [stderr]    Compiling rand_isaac v0.1.1
[INFO] [stderr]    Compiling rand_hc v0.1.0
[INFO] [stderr]    Compiling rand_xorshift v0.1.1
[INFO] [stderr]    Compiling dtoa-short v0.3.2
[INFO] [stderr]    Compiling servo_arc v0.1.1
[INFO] [stderr]    Compiling unicode-normalization v0.1.8
[INFO] [stderr]    Compiling futures-util-preview v0.3.0-alpha.19
[INFO] [stderr]    Compiling rand_chacha v0.1.1
[INFO] [stderr]    Compiling rand_pcg v0.1.2
[INFO] [stderr]    Compiling rand v0.6.5
[INFO] [stderr]    Compiling indexmap v1.3.0
[INFO] [stderr]    Compiling tendril v0.4.1
[INFO] [stderr]    Compiling crossbeam-queue v0.1.2
[INFO] [stderr]    Compiling crossbeam-channel v0.3.9
[INFO] [stderr]    Compiling rand_os v0.1.3
[INFO] [stderr]    Compiling iovec v0.1.4
[INFO] [stderr]    Compiling num_cpus v1.10.1
[INFO] [stderr]    Compiling net2 v0.2.33
[INFO] [stderr]    Compiling time v0.1.42
[INFO] [stderr]    Compiling openssl-sys v0.9.51
[INFO] [stderr]    Compiling backtrace-sys v0.1.32
[INFO] [stderr]    Compiling want v0.3.0
[INFO] [stderr]    Compiling fern v0.5.8
[INFO] [stderr]    Compiling mime_guess v2.0.1
[INFO] [stderr]    Compiling mio v0.6.19
[INFO] [stderr]    Compiling bytes v0.4.12
[INFO] [stderr]    Compiling fxhash v0.2.1
[INFO] [stderr]    Compiling base64 v0.10.1
[INFO] [stderr]    Compiling crossbeam-epoch v0.7.2
[INFO] [stderr]    Compiling quote v1.0.2
[INFO] [stderr]    Compiling idna v0.2.0
[INFO] [stderr]    Compiling crossbeam-deque v0.7.1
[INFO] [stderr]    Compiling http v0.1.19
[INFO] [stderr]    Compiling string v0.2.1
[INFO] [stderr]    Compiling mio-uds v0.6.7
[INFO] [stderr]    Compiling url v2.1.0
[INFO] [stderr]    Compiling backtrace v0.3.40
[INFO] [stderr]    Compiling tokio-sync v0.2.0-alpha.6
[INFO] [stderr]    Compiling phf_generator v0.7.24
[INFO] [stderr]    Compiling uuid v0.7.4
[INFO] [stderr]    Compiling phf_codegen v0.7.24
[INFO] [stderr]    Compiling string_cache_codegen v0.4.4
[INFO] [stderr]    Compiling selectors v0.21.0
[INFO] [stderr]    Compiling string_cache v0.7.4
[INFO] [stderr]    Compiling http-body v0.2.0-alpha.3
[INFO] [stderr]    Compiling synstructure v0.12.1
[INFO] [stderr]    Compiling pin-project-internal v0.4.4
[INFO] [stderr]    Compiling serde_derive v1.0.101
[INFO] [stderr]    Compiling tracing-attributes v0.1.4
[INFO] [stderr]    Compiling cssparser v0.25.9
[INFO] [stderr]    Compiling html5ever v0.24.1
[INFO] [stderr]    Compiling cssparser-macros v0.3.6
[INFO] [stderr]    Compiling tokio-macros v0.2.0-alpha.6
[INFO] [stderr]    Compiling failure v0.1.6
[INFO] [stderr]    Compiling tracing v0.1.9
[INFO] [stderr]    Compiling tokio-executor v0.2.0-alpha.6
[INFO] [stderr]    Compiling tokio-timer v0.3.0-alpha.6
[INFO] [stderr]    Compiling pin-project v0.4.4
[INFO] [stderr]    Compiling tokio-io v0.2.0-alpha.6
[INFO] [stderr]    Compiling tokio-codec v0.2.0-alpha.6
[INFO] [stderr]    Compiling tower-make v0.3.0-alpha.2a
[INFO] [stderr]    Compiling tokio-tls v0.3.0-alpha.6
[INFO] [stderr]    Compiling tokio-fs v0.2.0-alpha.6
[INFO] [stderr]    Compiling tokio-net v0.2.0-alpha.6
[INFO] [stderr]    Compiling h2 v0.2.0-alpha.3
[INFO] [stderr]    Compiling tokio v0.2.0-alpha.6
[INFO] [stderr]    Compiling hyper v0.13.0-alpha.4
[INFO] [stderr]    Compiling hyper-tls v0.4.0-alpha.4
[INFO] [stderr]    Compiling serde_json v1.0.41
[INFO] [stderr]    Compiling serde_urlencoded v0.6.1
[INFO] [stderr]    Compiling reqwest v0.10.0-alpha.1
[INFO] [stderr]    Compiling markup5ever v0.9.0
[INFO] [stderr]    Compiling scraper v0.11.0
[INFO] [stderr]    Compiling animerobar v0.1.0 (/opt/rustwide/workdir)
[INFO] [stderr]     Finished dev [unoptimized + debuginfo] target(s) in 35.54s
[INFO] running `Command { std: "docker" "inspect" "3055adb8dd73fecf3682b959dc34e3667f658dfb6a9103ee4bb2185fa548b3de", kill_on_drop: false }`
[INFO] running `Command { std: "docker" "rm" "-f" "3055adb8dd73fecf3682b959dc34e3667f658dfb6a9103ee4bb2185fa548b3de", kill_on_drop: false }`
[INFO] [stdout] 3055adb8dd73fecf3682b959dc34e3667f658dfb6a9103ee4bb2185fa548b3de
[INFO] running `Command { std: "docker" "create" "-v" "/var/lib/crater-agent-workspace/builds/worker-65/target:/opt/rustwide/target:rw,Z" "-v" "/var/lib/crater-agent-workspace/builds/worker-65/source:/opt/rustwide/workdir:ro,Z" "-v" "/var/lib/crater-agent-workspace/cargo-home:/opt/rustwide/cargo-home:ro,Z" "-v" "/var/lib/crater-agent-workspace/rustup-home:/opt/rustwide/rustup-home:ro,Z" "-e" "SOURCE_DIR=/opt/rustwide/workdir" "-e" "CARGO_TARGET_DIR=/opt/rustwide/target" "-e" "CARGO_INCREMENTAL=0" "-e" "RUST_BACKTRACE=full" "-e" "RUSTFLAGS=--cap-lints=warn" "-e" "CARGO_HOME=/opt/rustwide/cargo-home" "-e" "RUSTUP_HOME=/opt/rustwide/rustup-home" "-w" "/opt/rustwide/workdir" "-m" "1610612736" "--user" "0:0" "--network" "none" "ghcr.io/rust-lang/crates-build-env/linux@sha256:34b6a614d2c27851fe6cbf88fbd1137609cefab8b10d0615aaeb6fd47975d74e" "/opt/rustwide/cargo-home/bin/cargo" "+beta-2021-08-01" "test" "--frozen" "--no-run" "--message-format=json", kill_on_drop: false }`
[INFO] [stdout] b7b9b4c3f072c6f8583ec48f8e3446bece11f7acb416c453b6368611c970e92a
[INFO] running `Command { std: "docker" "start" "-a" "b7b9b4c3f072c6f8583ec48f8e3446bece11f7acb416c453b6368611c970e92a", kill_on_drop: false }`
[INFO] [stderr]    Compiling animerobar v0.1.0 (/opt/rustwide/workdir)
[INFO] [stderr]     Finished test [unoptimized + debuginfo] target(s) in 4.51s
[INFO] running `Command { std: "docker" "inspect" "b7b9b4c3f072c6f8583ec48f8e3446bece11f7acb416c453b6368611c970e92a", kill_on_drop: false }`
[INFO] running `Command { std: "docker" "rm" "-f" "b7b9b4c3f072c6f8583ec48f8e3446bece11f7acb416c453b6368611c970e92a", kill_on_drop: false }`
[INFO] [stdout] b7b9b4c3f072c6f8583ec48f8e3446bece11f7acb416c453b6368611c970e92a
[INFO] running `Command { std: "docker" "create" "-v" "/var/lib/crater-agent-workspace/builds/worker-65/target:/opt/rustwide/target:rw,Z" "-v" "/var/lib/crater-agent-workspace/builds/worker-65/source:/opt/rustwide/workdir:ro,Z" "-v" "/var/lib/crater-agent-workspace/cargo-home:/opt/rustwide/cargo-home:ro,Z" "-v" "/var/lib/crater-agent-workspace/rustup-home:/opt/rustwide/rustup-home:ro,Z" "-e" "SOURCE_DIR=/opt/rustwide/workdir" "-e" "CARGO_TARGET_DIR=/opt/rustwide/target" "-e" "CARGO_INCREMENTAL=0" "-e" "RUST_BACKTRACE=full" "-e" "RUSTFLAGS=--cap-lints=warn" "-e" "CARGO_HOME=/opt/rustwide/cargo-home" "-e" "RUSTUP_HOME=/opt/rustwide/rustup-home" "-w" "/opt/rustwide/workdir" "-m" "1610612736" "--user" "0:0" "--network" "none" "ghcr.io/rust-lang/crates-build-env/linux@sha256:34b6a614d2c27851fe6cbf88fbd1137609cefab8b10d0615aaeb6fd47975d74e" "/opt/rustwide/cargo-home/bin/cargo" "+beta-2021-08-01" "test" "--frozen", kill_on_drop: false }`
[INFO] [stdout] c812ef288ebacd78c5ad96d6859d8e9907467f08f27ac20c88280bb219e0e28b
[INFO] running `Command { std: "docker" "start" "-a" "c812ef288ebacd78c5ad96d6859d8e9907467f08f27ac20c88280bb219e0e28b", kill_on_drop: false }`
[INFO] [stderr]     Finished test [unoptimized + debuginfo] target(s) in 0.12s
[INFO] [stderr]      Running unittests (/opt/rustwide/target/debug/deps/animerobar-067f8eb4d16edc71)
[INFO] [stdout] 
[INFO] [stdout] running 3 tests
[INFO] [stdout] test tests::test_get_episodes ... FAILED
[INFO] [stdout] test tests::test_get_episode ... ok
[INFO] [stdout] test tests::test_do_search ... FAILED
[INFO] [stdout] 
[INFO] [stdout] failures:
[INFO] [stdout] 
[INFO] [stdout] ---- tests::test_get_episodes stdout ----
[INFO] [stdout] thread 'tests::test_get_episodes' panicked at 'could not send request: reqwest::Error { kind: Request, url: "https://monoschinos.com/anime/11eyes-sub-espanol", source: Error(Connect, Custom { kind: Uncategorized, error: "failed to lookup address information: Temporary failure in name resolution" }) }', src/main.rs:411:18
[INFO] [stdout] stack backtrace:
[INFO] [stdout]    0:     0x55a59cf44da0 - std::backtrace_rs::backtrace::libunwind::trace::hff4d1766e93f64f1
[INFO] [stdout]                                at /rustc/53fd98ca776cb875bc9e5514f56b52eb74f9e7a9/library/std/src/../../backtrace/src/backtrace/libunwind.rs:90:5
[INFO] [stdout]    1:     0x55a59cf44da0 - std::backtrace_rs::backtrace::trace_unsynchronized::h56bbc8eb78770bcb
[INFO] [stdout]                                at /rustc/53fd98ca776cb875bc9e5514f56b52eb74f9e7a9/library/std/src/../../backtrace/src/backtrace/mod.rs:66:5
[INFO] [stdout]    2:     0x55a59cf44da0 - std::sys_common::backtrace::_print_fmt::h5c8e75464faca780
[INFO] [stdout]                                at /rustc/53fd98ca776cb875bc9e5514f56b52eb74f9e7a9/library/std/src/sys_common/backtrace.rs:67:5
[INFO] [stdout]    3:     0x55a59cf44da0 - <std::sys_common::backtrace::_print::DisplayBacktrace as core::fmt::Display>::fmt::h48b88277def8b362
[INFO] [stdout]                                at /rustc/53fd98ca776cb875bc9e5514f56b52eb74f9e7a9/library/std/src/sys_common/backtrace.rs:46:22
[INFO] [stdout]    4:     0x55a59cf6973c - core::fmt::write::h3381b3176fe2b3d3
[INFO] [stdout]                                at /rustc/53fd98ca776cb875bc9e5514f56b52eb74f9e7a9/library/core/src/fmt/mod.rs:1115:17
[INFO] [stdout]    5:     0x55a59cf3e885 - std::io::Write::write_fmt::h5f34a676f60246b5
[INFO] [stdout]                                at /rustc/53fd98ca776cb875bc9e5514f56b52eb74f9e7a9/library/std/src/io/mod.rs:1665:15
[INFO] [stdout]    6:     0x55a59cf46f6b - std::sys_common::backtrace::_print::ha537687d6c17dd0d
[INFO] [stdout]                                at /rustc/53fd98ca776cb875bc9e5514f56b52eb74f9e7a9/library/std/src/sys_common/backtrace.rs:49:5
[INFO] [stdout]    7:     0x55a59cf46f6b - std::sys_common::backtrace::print::h61376ae57d131d72
[INFO] [stdout]                                at /rustc/53fd98ca776cb875bc9e5514f56b52eb74f9e7a9/library/std/src/sys_common/backtrace.rs:36:9
[INFO] [stdout]    8:     0x55a59cf46f6b - std::panicking::default_hook::{{closure}}::h0f7208c0b9644a54
[INFO] [stdout]                                at /rustc/53fd98ca776cb875bc9e5514f56b52eb74f9e7a9/library/std/src/panicking.rs:208:50
[INFO] [stdout]    9:     0x55a59cf46a7c - std::panicking::default_hook::hdac7fc06578c14ce
[INFO] [stdout]                                at /rustc/53fd98ca776cb875bc9e5514f56b52eb74f9e7a9/library/std/src/panicking.rs:222:9
[INFO] [stdout]   10:     0x55a59cf47634 - std::panicking::rust_panic_with_hook::h72b21c283da3d1ef
[INFO] [stdout]                                at /rustc/53fd98ca776cb875bc9e5514f56b52eb74f9e7a9/library/std/src/panicking.rs:622:17
[INFO] [stdout]   11:     0x55a59cf47117 - std::panicking::begin_panic_handler::{{closure}}::he5778f1729cff84a
[INFO] [stdout]                                at /rustc/53fd98ca776cb875bc9e5514f56b52eb74f9e7a9/library/std/src/panicking.rs:519:13
[INFO] [stdout]   12:     0x55a59cf4527c - std::sys_common::backtrace::__rust_end_short_backtrace::h2d11ca8b453b4b1d
[INFO] [stdout]                                at /rustc/53fd98ca776cb875bc9e5514f56b52eb74f9e7a9/library/std/src/sys_common/backtrace.rs:141:18
[INFO] [stdout]   13:     0x55a59cf47079 - rust_begin_unwind
[INFO] [stdout]                                at /rustc/53fd98ca776cb875bc9e5514f56b52eb74f9e7a9/library/std/src/panicking.rs:515:5
[INFO] [stdout]   14:     0x55a59c960ae1 - core::panicking::panic_fmt::hf9de31d4acbce4db
[INFO] [stdout]                                at /rustc/53fd98ca776cb875bc9e5514f56b52eb74f9e7a9/library/core/src/panicking.rs:92:14
[INFO] [stdout]   15:     0x55a59c960bd3 - core::result::unwrap_failed::ha0c84e81219e5878
[INFO] [stdout]                                at /rustc/53fd98ca776cb875bc9e5514f56b52eb74f9e7a9/library/core/src/result.rs:1599:5
[INFO] [stdout]   16:     0x55a59c987d7d - core::result::Result<T,E>::expect::h2a93f866a820359f
[INFO] [stdout]                                at /rustc/53fd98ca776cb875bc9e5514f56b52eb74f9e7a9/library/core/src/result.rs:1241:23
[INFO] [stdout]   17:     0x55a59c98488d - animerobar::tests::test_get_episodes::{{closure}}::hc7391ce37d08e54d
[INFO] [stdout]                                at /opt/rustwide/workdir/src/main.rs:407:24
[INFO] [stdout]   18:     0x55a59c98db4b - <core::future::from_generator::GenFuture<T> as core::future::future::Future>::poll::hdc876bd5d1e2b5b9
[INFO] [stdout]                                at /rustc/53fd98ca776cb875bc9e5514f56b52eb74f9e7a9/library/core/src/future/mod.rs:80:19
[INFO] [stdout]   19:     0x55a59c985b7f - tokio_executor::enter::Enter::block_on::hcf4b2ba1e58a32e9
[INFO] [stdout]                                at /opt/rustwide/cargo-home/registry/src/github.com-1ecc6299db9ec823/tokio-executor-0.2.0-alpha.6/src/enter.rs:118:31
[INFO] [stdout]   20:     0x55a59c981352 - tokio::runtime::threadpool::Runtime::block_on::{{closure}}::{{closure}}::hf36efd3e13132a3b
[INFO] [stdout]                                at /opt/rustwide/cargo-home/registry/src/github.com-1ecc6299db9ec823/tokio-0.2.0-alpha.6/src/runtime/threadpool/mod.rs:178:17
[INFO] [stdout]   21:     0x55a59c972a36 - tracing_core::dispatcher::with_default::h6d9f313b344ebb51
[INFO] [stdout]                                at /opt/rustwide/cargo-home/registry/src/github.com-1ecc6299db9ec823/tracing-core-0.1.6/src/dispatcher.rs:225:5
[INFO] [stdout]   22:     0x55a59c981227 - tokio::runtime::threadpool::Runtime::block_on::{{closure}}::h7929867ef4b81f0a
[INFO] [stdout]                                at /opt/rustwide/cargo-home/registry/src/github.com-1ecc6299db9ec823/tokio-0.2.0-alpha.6/src/runtime/threadpool/mod.rs:177:13
[INFO] [stdout]   23:     0x55a59c974810 - tokio_executor::global::with_default::{{closure}}::h653c421c8563e99c
[INFO] [stdout]                                at /opt/rustwide/cargo-home/registry/src/github.com-1ecc6299db9ec823/tokio-executor-0.2.0-alpha.6/src/global.rs:173:9
[INFO] [stdout]   24:     0x55a59c97634a - std::thread::local::LocalKey<T>::try_with::h2532c7d68d90e4db
[INFO] [stdout]                                at /rustc/53fd98ca776cb875bc9e5514f56b52eb74f9e7a9/library/std/src/thread/local.rs:399:16
[INFO] [stdout]   25:     0x55a59c976120 - std::thread::local::LocalKey<T>::with::h53ee359ed92776d7
[INFO] [stdout]                                at /rustc/53fd98ca776cb875bc9e5514f56b52eb74f9e7a9/library/std/src/thread/local.rs:375:9
[INFO] [stdout]   26:     0x55a59c974307 - tokio_executor::global::with_default::h58758bc6a109b27a
[INFO] [stdout]                                at /opt/rustwide/cargo-home/registry/src/github.com-1ecc6299db9ec823/tokio-executor-0.2.0-alpha.6/src/global.rs:147:5
[INFO] [stdout]   27:     0x55a59c980c22 - tokio::runtime::threadpool::Runtime::block_on::h2b8c6f7bb504a819
[INFO] [stdout]                                at /opt/rustwide/cargo-home/registry/src/github.com-1ecc6299db9ec823/tokio-0.2.0-alpha.6/src/runtime/threadpool/mod.rs:174:9
[INFO] [stdout]   28:     0x55a59c983dd0 - animerobar::tests::test_async_fn::hc44e9ef09652cc32
[INFO] [stdout]                                at /opt/rustwide/workdir/src/main.rs:384:19
[INFO] [stdout]   29:     0x55a59c9844fb - animerobar::tests::test_get_episodes::he255d94a7c13e542
[INFO] [stdout]                                at /opt/rustwide/workdir/src/main.rs:405:9
[INFO] [stdout]   30:     0x55a59c9844ba - animerobar::tests::test_get_episodes::{{closure}}::hc63a8ae98b49ab74
[INFO] [stdout]                                at /opt/rustwide/workdir/src/main.rs:404:5
[INFO] [stdout]   31:     0x55a59c98de1e - core::ops::function::FnOnce::call_once::he62a7639c41580eb
[INFO] [stdout]                                at /rustc/53fd98ca776cb875bc9e5514f56b52eb74f9e7a9/library/core/src/ops/function.rs:227:5
[INFO] [stdout]   32:     0x55a59c9cd213 - core::ops::function::FnOnce::call_once::hbb52c4519d3137b0
[INFO] [stdout]                                at /rustc/53fd98ca776cb875bc9e5514f56b52eb74f9e7a9/library/core/src/ops/function.rs:227:5
[INFO] [stdout]   33:     0x55a59c9cd213 - test::__rust_begin_short_backtrace::h86fe3a2a5a5121af
[INFO] [stdout]                                at /rustc/53fd98ca776cb875bc9e5514f56b52eb74f9e7a9/library/test/src/lib.rs:578:5
[INFO] [stdout]   34:     0x55a59c9cbcc8 - <alloc::boxed::Box<F,A> as core::ops::function::FnOnce<Args>>::call_once::hfd956bc3d57399be
[INFO] [stdout]                                at /rustc/53fd98ca776cb875bc9e5514f56b52eb74f9e7a9/library/alloc/src/boxed.rs:1572:9
[INFO] [stdout]   35:     0x55a59c9cbcc8 - <std::panic::AssertUnwindSafe<F> as core::ops::function::FnOnce<()>>::call_once::h40dc93e0ddb5938a
[INFO] [stdout]                                at /rustc/53fd98ca776cb875bc9e5514f56b52eb74f9e7a9/library/std/src/panic.rs:347:9
[INFO] [stdout]   36:     0x55a59c9cbcc8 - std::panicking::try::do_call::h90d07750cb47c562
[INFO] [stdout]                                at /rustc/53fd98ca776cb875bc9e5514f56b52eb74f9e7a9/library/std/src/panicking.rs:401:40
[INFO] [stdout]   37:     0x55a59c9cbcc8 - std::panicking::try::h063c84733ad2a629
[INFO] [stdout]                                at /rustc/53fd98ca776cb875bc9e5514f56b52eb74f9e7a9/library/std/src/panicking.rs:365:19
[INFO] [stdout]   38:     0x55a59c9cbcc8 - std::panic::catch_unwind::h0c464836a84e7c08
[INFO] [stdout]                                at /rustc/53fd98ca776cb875bc9e5514f56b52eb74f9e7a9/library/std/src/panic.rs:434:14
[INFO] [stdout]   39:     0x55a59c9cbcc8 - test::run_test_in_process::h5cb06ef620b157fc
[INFO] [stdout]                                at /rustc/53fd98ca776cb875bc9e5514f56b52eb74f9e7a9/library/test/src/lib.rs:601:18
[INFO] [stdout]   40:     0x55a59c9cbcc8 - test::run_test::run_test_inner::{{closure}}::h76f677f4b93f9828
[INFO] [stdout]                                at /rustc/53fd98ca776cb875bc9e5514f56b52eb74f9e7a9/library/test/src/lib.rs:493:39
[INFO] [stdout]   41:     0x55a59c99a45d - test::run_test::run_test_inner::{{closure}}::h366d01fe04f4d67a
[INFO] [stdout]                                at /rustc/53fd98ca776cb875bc9e5514f56b52eb74f9e7a9/library/test/src/lib.rs:520:37
[INFO] [stdout]   42:     0x55a59c99a45d - std::sys_common::backtrace::__rust_begin_short_backtrace::h7dfa0de4eb395af2
[INFO] [stdout]                                at /rustc/53fd98ca776cb875bc9e5514f56b52eb74f9e7a9/library/std/src/sys_common/backtrace.rs:125:18
[INFO] [stdout]   43:     0x55a59c99ec28 - std::thread::Builder::spawn_unchecked::{{closure}}::{{closure}}::hf0a74bb58798037f
[INFO] [stdout]                                at /rustc/53fd98ca776cb875bc9e5514f56b52eb74f9e7a9/library/std/src/thread/mod.rs:476:17
[INFO] [stdout]   44:     0x55a59c99ec28 - <std::panic::AssertUnwindSafe<F> as core::ops::function::FnOnce<()>>::call_once::hb024e854818586ac
[INFO] [stdout]                                at /rustc/53fd98ca776cb875bc9e5514f56b52eb74f9e7a9/library/std/src/panic.rs:347:9
[INFO] [stdout]   45:     0x55a59c99ec28 - std::panicking::try::do_call::hb2dd9f1d0d48e41d
[INFO] [stdout]                                at /rustc/53fd98ca776cb875bc9e5514f56b52eb74f9e7a9/library/std/src/panicking.rs:401:40
[INFO] [stdout]   46:     0x55a59c99ec28 - std::panicking::try::h4717ae7bac8b2bf3
[INFO] [stdout]                                at /rustc/53fd98ca776cb875bc9e5514f56b52eb74f9e7a9/library/std/src/panicking.rs:365:19
[INFO] [stdout]   47:     0x55a59c99ec28 - std::panic::catch_unwind::h0dc8a061326ce8d8
[INFO] [stdout]                                at /rustc/53fd98ca776cb875bc9e5514f56b52eb74f9e7a9/library/std/src/panic.rs:434:14
[INFO] [stdout]   48:     0x55a59c99ec28 - std::thread::Builder::spawn_unchecked::{{closure}}::haa369e2d6fd00aa1
[INFO] [stdout]                                at /rustc/53fd98ca776cb875bc9e5514f56b52eb74f9e7a9/library/std/src/thread/mod.rs:475:30
[INFO] [stdout]   49:     0x55a59c99ec28 - core::ops::function::FnOnce::call_once{{vtable.shim}}::h36dcf3de8b056f17
[INFO] [stdout]                                at /rustc/53fd98ca776cb875bc9e5514f56b52eb74f9e7a9/library/core/src/ops/function.rs:227:5
[INFO] [stdout]   50:     0x55a59cf4ca27 - <alloc::boxed::Box<F,A> as core::ops::function::FnOnce<Args>>::call_once::h65c29e4642be2358
[INFO] [stdout]                                at /rustc/53fd98ca776cb875bc9e5514f56b52eb74f9e7a9/library/alloc/src/boxed.rs:1572:9
[INFO] [stdout]   51:     0x55a59cf4ca27 - <alloc::boxed::Box<F,A> as core::ops::function::FnOnce<Args>>::call_once::hd0f8f7fbbd9fffbf
[INFO] [stdout]                                at /rustc/53fd98ca776cb875bc9e5514f56b52eb74f9e7a9/library/alloc/src/boxed.rs:1572:9
[INFO] [stdout]   52:     0x55a59cf4ca27 - std::sys::unix::thread::Thread::new::thread_start::h2fd22fee3ca77b65
[INFO] [stdout]                                at /rustc/53fd98ca776cb875bc9e5514f56b52eb74f9e7a9/library/std/src/sys/unix/thread.rs:74:17
[INFO] [stdout]   53:     0x7f859b8e8609 - start_thread
[INFO] [stdout]   54:     0x7f859b6b8293 - clone
[INFO] [stdout]   55:                0x0 - <unknown>
[INFO] [stdout] 
[INFO] [stdout] ---- tests::test_do_search stdout ----
[INFO] [stdout] thread 'tests::test_do_search' panicked at 'error doing search: reqwest::Error { kind: Request, url: "https://monoschinos.com/animes?page=1", source: Error(Connect, Custom { kind: Uncategorized, error: "failed to lookup address information: Temporary failure in name resolution" }) }
[INFO] [stdout] 
[INFO] [stdout] stack backtrace:
[INFO] [stdout]    0: failure::backtrace::internal::InternalBacktrace::new
[INFO] [stdout]              at /opt/rustwide/cargo-home/registry/src/github.com-1ecc6299db9ec823/failure-0.1.6/src/backtrace/internal.rs:46
[INFO] [stdout]    1: failure::backtrace::Backtrace::new
[INFO] [stdout]              at /opt/rustwide/cargo-home/registry/src/github.com-1ecc6299db9ec823/failure-0.1.6/src/backtrace/mod.rs:121
[INFO] [stdout]    2: <failure::error::error_impl::ErrorImpl as core::convert::From<F>>::from
[INFO] [stdout]              at /opt/rustwide/cargo-home/registry/src/github.com-1ecc6299db9ec823/failure-0.1.6/src/error/error_impl.rs:19
[INFO] [stdout]    3: <failure::error::Error as core::convert::From<F>>::from
[INFO] [stdout]              at /opt/rustwide/cargo-home/registry/src/github.com-1ecc6299db9ec823/failure-0.1.6/src/error/mod.rs:36
[INFO] [stdout]    4: <core::result::Result<T,F> as core::ops::try_trait::FromResidual<core::result::Result<core::convert::Infallible,E>>>::from_residual
[INFO] [stdout]              at /rustc/53fd98ca776cb875bc9e5514f56b52eb74f9e7a9/library/core/src/result.rs:1897
[INFO] [stdout]    5: animerobar::do_search::{{closure}}
[INFO] [stdout]              at src/main.rs:97
[INFO] [stdout]    6: <core::future::from_generator::GenFuture<T> as core::future::future::Future>::poll
[INFO] [stdout]              at /rustc/53fd98ca776cb875bc9e5514f56b52eb74f9e7a9/library/core/src/future/mod.rs:80
[INFO] [stdout]    7: animerobar::tests::test_do_search::{{closure}}
[INFO] [stdout]              at src/main.rs:425
[INFO] [stdout]    8: <core::future::from_generator::GenFuture<T> as core::future::future::Future>::poll
[INFO] [stdout]              at /rustc/53fd98ca776cb875bc9e5514f56b52eb74f9e7a9/library/core/src/future/mod.rs:80
[INFO] [stdout]    9: tokio_executor::enter::Enter::block_on
[INFO] [stdout]              at /opt/rustwide/cargo-home/registry/src/github.com-1ecc6299db9ec823/tokio-executor-0.2.0-alpha.6/src/enter.rs:118
[INFO] [stdout]   10: tokio::runtime::threadpool::Runtime::block_on::{{closure}}::{{closure}}
[INFO] [stdout]              at /opt/rustwide/cargo-home/registry/src/github.com-1ecc6299db9ec823/tokio-0.2.0-alpha.6/src/runtime/threadpool/mod.rs:178
[INFO] [stdout]   11: tracing_core::dispatcher::with_default
[INFO] [stdout]              at /opt/rustwide/cargo-home/registry/src/github.com-1ecc6299db9ec823/tracing-core-0.1.6/src/dispatcher.rs:225
[INFO] [stdout]   12: tokio::runtime::threadpool::Runtime::block_on::{{closure}}
[INFO] [stdout]              at /opt/rustwide/cargo-home/registry/src/github.com-1ecc6299db9ec823/tokio-0.2.0-alpha.6/src/runtime/threadpool/mod.rs:177
[INFO] [stdout]   13: tokio_executor::global::with_default::{{closure}}
[INFO] [stdout]              at /opt/rustwide/cargo-home/registry/src/github.com-1ecc6299db9ec823/tokio-executor-0.2.0-alpha.6/src/global.rs:173
[INFO] [stdout]   14: std::thread::local::LocalKey<T>::try_with
[INFO] [stdout]              at /rustc/53fd98ca776cb875bc9e5514f56b52eb74f9e7a9/library/std/src/thread/local.rs:399
[INFO] [stdout]   15: std::thread::local::LocalKey<T>::with
[INFO] [stdout]              at /rustc/53fd98ca776cb875bc9e5514f56b52eb74f9e7a9/library/std/src/thread/local.rs:375
[INFO] [stdout]   16: tokio_executor::global::with_default
[INFO] [stdout]              at /opt/rustwide/cargo-home/registry/src/github.com-1ecc6299db9ec823/tokio-executor-0.2.0-alpha.6/src/global.rs:147
[INFO] [stdout]   17: tokio::runtime::threadpool::Runtime::block_on
[INFO] [stdout]              at /opt/rustwide/cargo-home/registry/src/github.com-1ecc6299db9ec823/tokio-0.2.0-alpha.6/src/runtime/threadpool/mod.rs:174
[INFO] [stdout]   18: animerobar::tests::test_async_fn
[INFO] [stdout]              at src/main.rs:384
[INFO] [stdout]   19: animerobar::tests::test_do_search
[INFO] [stdout]              at src/main.rs:423
[INFO] [stdout]   20: animerobar::tests::test_do_search::{{closure}}
[INFO] [stdout]              at src/main.rs:422
[INFO] [stdout]   21: core::ops::function::FnOnce::call_once
[INFO] [stdout]              at /rustc/53fd98ca776cb875bc9e5514f56b52eb74f9e7a9/library/core/src/ops/function.rs:227
[INFO] [stdout]   22: core::ops::function::FnOnce::call_once
[INFO] [stdout]              at /rustc/53fd98ca776cb875bc9e5514f56b52eb74f9e7a9/library/core/src/ops/function.rs:227
[INFO] [stdout]       test::__rust_begin_short_backtrace
[INFO] [stdout]              at library/test/src/lib.rs:578
[INFO] [stdout]   23: <alloc::boxed::Box<F,A> as core::ops::function::FnOnce<Args>>::call_once
[INFO] [stdout]              at /rustc/53fd98ca776cb875bc9e5514f56b52eb74f9e7a9/library/alloc/src/boxed.rs:1572
[INFO] [stdout]       <std::panic::AssertUnwindSafe<F> as core::ops::function::FnOnce<()>>::call_once
[INFO] [stdout]              at /rustc/53fd98ca776cb875bc9e5514f56b52eb74f9e7a9/library/std/src/panic.rs:347
[INFO] [stdout]       std::panicking::try::do_call
[INFO] [stdout]              at /rustc/53fd98ca776cb875bc9e5514f56b52eb74f9e7a9/library/std/src/panicking.rs:401
[INFO] [stdout]       std::panicking::try
[INFO] [stdout]              at /rustc/53fd98ca776cb875bc9e5514f56b52eb74f9e7a9/library/std/src/panicking.rs:365
[INFO] [stdout]       std::panic::catch_unwind
[INFO] [stdout]              at /rustc/53fd98ca776cb875bc9e5514f56b52eb74f9e7a9/library/std/src/panic.rs:434
[INFO] [stdout]       test::run_test_in_process
[INFO] [stdout]              at library/test/src/lib.rs:601
[INFO] [stdout]       test::run_test::run_test_inner::{{closure}}
[INFO] [stdout]              at library/test/src/lib.rs:493
[INFO] [stdout]   24: test::run_test::run_test_inner::{{closure}}
[INFO] [stdout]              at library/test/src/lib.rs:520
[INFO] [stdout]       std::sys_common::backtrace::__rust_begin_short_backtrace
[INFO] [stdout]              at /rustc/53fd98ca776cb875bc9e5514f56b52eb74f9e7a9/library/std/src/sys_common/backtrace.rs:125
[INFO] [stdout]   25: std::thread::Builder::spawn_unchecked::{{closure}}::{{closure}}
[INFO] [stdout]              at /rustc/53fd98ca776cb875bc9e5514f56b52eb74f9e7a9/library/std/src/thread/mod.rs:476
[INFO] [stdout]       <std::panic::AssertUnwindSafe<F> as core::ops::function::FnOnce<()>>::call_once
[INFO] [stdout]              at /rustc/53fd98ca776cb875bc9e5514f56b52eb74f9e7a9/library/std/src/panic.rs:347
[INFO] [stdout]       std::panicking::try::do_call
[INFO] [stdout]              at /rustc/53fd98ca776cb875bc9e5514f56b52eb74f9e7a9/library/std/src/panicking.rs:401
[INFO] [stdout]       std::panicking::try
[INFO] [stdout]              at /rustc/53fd98ca776cb875bc9e5514f56b52eb74f9e7a9/library/std/src/panicking.rs:365
[INFO] [stdout]       std::panic::catch_unwind
[INFO] [stdout]              at /rustc/53fd98ca776cb875bc9e5514f56b52eb74f9e7a9/library/std/src/panic.rs:434
[INFO] [stdout]       std::thread::Builder::spawn_unchecked::{{closure}}
[INFO] [stdout]              at /rustc/53fd98ca776cb875bc9e5514f56b52eb74f9e7a9/library/std/src/thread/mod.rs:475
[INFO] [stdout]       core::ops::function::FnOnce::call_once{{vtable.shim}}
[INFO] [stdout]              at /rustc/53fd98ca776cb875bc9e5514f56b52eb74f9e7a9/library/core/src/ops/function.rs:227
[INFO] [stdout]   26: <alloc::boxed::Box<F,A> as core::ops::function::FnOnce<Args>>::call_once
[INFO] [stdout]              at /rustc/53fd98ca776cb875bc9e5514f56b52eb74f9e7a9/library/alloc/src/boxed.rs:1572
[INFO] [stdout]       <alloc::boxed::Box<F,A> as core::ops::function::FnOnce<Args>>::call_once
[INFO] [stdout]              at /rustc/53fd98ca776cb875bc9e5514f56b52eb74f9e7a9/library/alloc/src/boxed.rs:1572
[INFO] [stdout]       std::sys::unix::thread::Thread::new::thread_start
[INFO] [stdout]              at library/std/src/sys/unix/thread.rs:74
[INFO] [stdout]   27: start_thread
[INFO] [stdout]   28: __clone
[INFO] [stdout] ', src/main.rs:425:53
[INFO] [stdout] stack backtrace:
[INFO] [stdout]    0:     0x55a59cf44da0 - std::backtrace_rs::backtrace::libunwind::trace::hff4d1766e93f64f1
[INFO] [stdout]                                at /rustc/53fd98ca776cb875bc9e5514f56b52eb74f9e7a9/library/std/src/../../backtrace/src/backtrace/libunwind.rs:90:5
[INFO] [stdout]    1:     0x55a59cf44da0 - std::backtrace_rs::backtrace::trace_unsynchronized::h56bbc8eb78770bcb
[INFO] [stdout]                                at /rustc/53fd98ca776cb875bc9e5514f56b52eb74f9e7a9/library/std/src/../../backtrace/src/backtrace/mod.rs:66:5
[INFO] [stdout]    2:     0x55a59cf44da0 - std::sys_common::backtrace::_print_fmt::h5c8e75464faca780
[INFO] [stdout]                                at /rustc/53fd98ca776cb875bc9e5514f56b52eb74f9e7a9/library/std/src/sys_common/backtrace.rs:67:5
[INFO] [stdout]    3:     0x55a59cf44da0 - <std::sys_common::backtrace::_print::DisplayBacktrace as core::fmt::Display>::fmt::h48b88277def8b362
[INFO] [stdout]                                at /rustc/53fd98ca776cb875bc9e5514f56b52eb74f9e7a9/library/std/src/sys_common/backtrace.rs:46:22
[INFO] [stdout]    4:     0x55a59cf6973c - core::fmt::write::h3381b3176fe2b3d3
[INFO] [stdout]                                at /rustc/53fd98ca776cb875bc9e5514f56b52eb74f9e7a9/library/core/src/fmt/mod.rs:1115:17
[INFO] [stdout]    5:     0x55a59cf3e885 - std::io::Write::write_fmt::h5f34a676f60246b5
[INFO] [stdout]                                at /rustc/53fd98ca776cb875bc9e5514f56b52eb74f9e7a9/library/std/src/io/mod.rs:1665:15
[INFO] [stdout]    6:     0x55a59cf46f6b - std::sys_common::backtrace::_print::ha537687d6c17dd0d
[INFO] [stdout]                                at /rustc/53fd98ca776cb875bc9e5514f56b52eb74f9e7a9/library/std/src/sys_common/backtrace.rs:49:5
[INFO] [stdout]    7:     0x55a59cf46f6b - std::sys_common::backtrace::print::h61376ae57d131d72
[INFO] [stdout]                                at /rustc/53fd98ca776cb875bc9e5514f56b52eb74f9e7a9/library/std/src/sys_common/backtrace.rs:36:9
[INFO] [stdout]    8:     0x55a59cf46f6b - std::panicking::default_hook::{{closure}}::h0f7208c0b9644a54
[INFO] [stdout]                                at /rustc/53fd98ca776cb875bc9e5514f56b52eb74f9e7a9/library/std/src/panicking.rs:208:50
[INFO] [stdout]    9:     0x55a59cf46a7c - std::panicking::default_hook::hdac7fc06578c14ce
[INFO] [stdout]                                at /rustc/53fd98ca776cb875bc9e5514f56b52eb74f9e7a9/library/std/src/panicking.rs:222:9
[INFO] [stdout]   10:     0x55a59cf47634 - std::panicking::rust_panic_with_hook::h72b21c283da3d1ef
[INFO] [stdout]                                at /rustc/53fd98ca776cb875bc9e5514f56b52eb74f9e7a9/library/std/src/panicking.rs:622:17
[INFO] [stdout]   11:     0x55a59cf47117 - std::panicking::begin_panic_handler::{{closure}}::he5778f1729cff84a
[INFO] [stdout]                                at /rustc/53fd98ca776cb875bc9e5514f56b52eb74f9e7a9/library/std/src/panicking.rs:519:13
[INFO] [stdout]   12:     0x55a59cf4527c - std::sys_common::backtrace::__rust_end_short_backtrace::h2d11ca8b453b4b1d
[INFO] [stdout]                                at /rustc/53fd98ca776cb875bc9e5514f56b52eb74f9e7a9/library/std/src/sys_common/backtrace.rs:141:18
[INFO] [stdout]   13:     0x55a59cf47079 - rust_begin_unwind
[INFO] [stdout]                                at /rustc/53fd98ca776cb875bc9e5514f56b52eb74f9e7a9/library/std/src/panicking.rs:515:5
[INFO] [stdout]   14:     0x55a59c960ae1 - core::panicking::panic_fmt::hf9de31d4acbce4db
[INFO] [stdout]                                at /rustc/53fd98ca776cb875bc9e5514f56b52eb74f9e7a9/library/core/src/panicking.rs:92:14
[INFO] [stdout]   15:     0x55a59c960bd3 - core::result::unwrap_failed::ha0c84e81219e5878
[INFO] [stdout]                                at /rustc/53fd98ca776cb875bc9e5514f56b52eb74f9e7a9/library/core/src/result.rs:1599:5
[INFO] [stdout]   16:     0x55a59c987fe1 - core::result::Result<T,E>::expect::h55f6afd03d9853be
[INFO] [stdout]                                at /rustc/53fd98ca776cb875bc9e5514f56b52eb74f9e7a9/library/core/src/result.rs:1241:23
[INFO] [stdout]   17:     0x55a59c984fee - animerobar::tests::test_do_search::{{closure}}::hb37026d0c75de0f4
[INFO] [stdout]                                at /opt/rustwide/workdir/src/main.rs:425:26
[INFO] [stdout]   18:     0x55a59c98d47b - <core::future::from_generator::GenFuture<T> as core::future::future::Future>::poll::h5a0ca022cdf59692
[INFO] [stdout]                                at /rustc/53fd98ca776cb875bc9e5514f56b52eb74f9e7a9/library/core/src/future/mod.rs:80:19
[INFO] [stdout]   19:     0x55a59c9857bf - tokio_executor::enter::Enter::block_on::h1dd87c034d8778a0
[INFO] [stdout]                                at /opt/rustwide/cargo-home/registry/src/github.com-1ecc6299db9ec823/tokio-executor-0.2.0-alpha.6/src/enter.rs:118:31
[INFO] [stdout]   20:     0x55a59c981314 - tokio::runtime::threadpool::Runtime::block_on::{{closure}}::{{closure}}::hc04517dc553ca795
[INFO] [stdout]                                at /opt/rustwide/cargo-home/registry/src/github.com-1ecc6299db9ec823/tokio-0.2.0-alpha.6/src/runtime/threadpool/mod.rs:178:17
[INFO] [stdout]   21:     0x55a59c972908 - tracing_core::dispatcher::with_default::h3a9c8cb6dce76755
[INFO] [stdout]                                at /opt/rustwide/cargo-home/registry/src/github.com-1ecc6299db9ec823/tracing-core-0.1.6/src/dispatcher.rs:225:5
[INFO] [stdout]   22:     0x55a59c9810a5 - tokio::runtime::threadpool::Runtime::block_on::{{closure}}::h5bcd1ce27aff2e5f
[INFO] [stdout]                                at /opt/rustwide/cargo-home/registry/src/github.com-1ecc6299db9ec823/tokio-0.2.0-alpha.6/src/runtime/threadpool/mod.rs:177:13
[INFO] [stdout]   23:     0x55a59c9744c9 - tokio_executor::global::with_default::{{closure}}::h03a97adb10dfa13d
[INFO] [stdout]                                at /opt/rustwide/cargo-home/registry/src/github.com-1ecc6299db9ec823/tokio-executor-0.2.0-alpha.6/src/global.rs:173:9
[INFO] [stdout]   24:     0x55a59c9764ba - std::thread::local::LocalKey<T>::try_with::h998290277101f61b
[INFO] [stdout]                                at /rustc/53fd98ca776cb875bc9e5514f56b52eb74f9e7a9/library/std/src/thread/local.rs:399:16
[INFO] [stdout]   25:     0x55a59c976192 - std::thread::local::LocalKey<T>::with::h91d45832ca4dad68
[INFO] [stdout]                                at /rustc/53fd98ca776cb875bc9e5514f56b52eb74f9e7a9/library/std/src/thread/local.rs:375:9
[INFO] [stdout]   26:     0x55a59c97434a - tokio_executor::global::with_default::h770f9e0f9a324aba
[INFO] [stdout]                                at /opt/rustwide/cargo-home/registry/src/github.com-1ecc6299db9ec823/tokio-executor-0.2.0-alpha.6/src/global.rs:147:5
[INFO] [stdout]   27:     0x55a59c980de0 - tokio::runtime::threadpool::Runtime::block_on::h5d6dbe4774c4d790
[INFO] [stdout]                                at /opt/rustwide/cargo-home/registry/src/github.com-1ecc6299db9ec823/tokio-0.2.0-alpha.6/src/runtime/threadpool/mod.rs:174:9
[INFO] [stdout]   28:     0x55a59c983f7e - animerobar::tests::test_async_fn::hf0f382df475b2950
[INFO] [stdout]                                at /opt/rustwide/workdir/src/main.rs:384:19
[INFO] [stdout]   29:     0x55a59c984d8b - animerobar::tests::test_do_search::h1656f71e4e765d8a
[INFO] [stdout]                                at /opt/rustwide/workdir/src/main.rs:423:9
[INFO] [stdout]   30:     0x55a59c984d4a - animerobar::tests::test_do_search::{{closure}}::haaf778e595fffa6c
[INFO] [stdout]                                at /opt/rustwide/workdir/src/main.rs:422:5
[INFO] [stdout]   31:     0x55a59c98dd9e - core::ops::function::FnOnce::call_once::h7830f75eb198ae7c
[INFO] [stdout]                                at /rustc/53fd98ca776cb875bc9e5514f56b52eb74f9e7a9/library/core/src/ops/function.rs:227:5
[INFO] [stdout]   32:     0x55a59c9cd213 - core::ops::function::FnOnce::call_once::hbb52c4519d3137b0
[INFO] [stdout]                                at /rustc/53fd98ca776cb875bc9e5514f56b52eb74f9e7a9/library/core/src/ops/function.rs:227:5
[INFO] [stdout]   33:     0x55a59c9cd213 - test::__rust_begin_short_backtrace::h86fe3a2a5a5121af
[INFO] [stdout]                                at /rustc/53fd98ca776cb875bc9e5514f56b52eb74f9e7a9/library/test/src/lib.rs:578:5
[INFO] [stdout]   34:     0x55a59c9cbcc8 - <alloc::boxed::Box<F,A> as core::ops::function::FnOnce<Args>>::call_once::hfd956bc3d57399be
[INFO] [stdout]                                at /rustc/53fd98ca776cb875bc9e5514f56b52eb74f9e7a9/library/alloc/src/boxed.rs:1572:9
[INFO] [stdout]   35:     0x55a59c9cbcc8 - <std::panic::AssertUnwindSafe<F> as core::ops::function::FnOnce<()>>::call_once::h40dc93e0ddb5938a
[INFO] [stdout]                                at /rustc/53fd98ca776cb875bc9e5514f56b52eb74f9e7a9/library/std/src/panic.rs:347:9
[INFO] [stdout]   36:     0x55a59c9cbcc8 - std::panicking::try::do_call::h90d07750cb47c562
[INFO] [stdout]                                at /rustc/53fd98ca776cb875bc9e5514f56b52eb74f9e7a9/library/std/src/panicking.rs:401:40
[INFO] [stdout]   37:     0x55a59c9cbcc8 - std::panicking::try::h063c84733ad2a629
[INFO] [stdout]                                at /rustc/53fd98ca776cb875bc9e5514f56b52eb74f9e7a9/library/std/src/panicking.rs:365:19
[INFO] [stdout]   38:     0x55a59c9cbcc8 - std::panic::catch_unwind::h0c464836a84e7c08
[INFO] [stdout]                                at /rustc/53fd98ca776cb875bc9e5514f56b52eb74f9e7a9/library/std/src/panic.rs:434:14
[INFO] [stdout]   39:     0x55a59c9cbcc8 - test::run_test_in_process::h5cb06ef620b157fc
[INFO] [stdout]                                at /rustc/53fd98ca776cb875bc9e5514f56b52eb74f9e7a9/library/test/src/lib.rs:601:18
[INFO] [stdout]   40:     0x55a59c9cbcc8 - test::run_test::run_test_inner::{{closure}}::h76f677f4b93f9828
[INFO] [stdout]                                at /rustc/53fd98ca776cb875bc9e5514f56b52eb74f9e7a9/library/test/src/lib.rs:493:39
[INFO] [stdout]   41:     0x55a59c99a45d - test::run_test::run_test_inner::{{closure}}::h366d01fe04f4d67a
[INFO] [stdout]                                at /rustc/53fd98ca776cb875bc9e5514f56b52eb74f9e7a9/library/test/src/lib.rs:520:37
[INFO] [stdout]   42:     0x55a59c99a45d - std::sys_common::backtrace::__rust_begin_short_backtrace::h7dfa0de4eb395af2
[INFO] [stdout]                                at /rustc/53fd98ca776cb875bc9e5514f56b52eb74f9e7a9/library/std/src/sys_common/backtrace.rs:125:18
[INFO] [stdout]   43:     0x55a59c99ec28 - std::thread::Builder::spawn_unchecked::{{closure}}::{{closure}}::hf0a74bb58798037f
[INFO] [stdout]                                at /rustc/53fd98ca776cb875bc9e5514f56b52eb74f9e7a9/library/std/src/thread/mod.rs:476:17
[INFO] [stdout]   44:     0x55a59c99ec28 - <std::panic::AssertUnwindSafe<F> as core::ops::function::FnOnce<()>>::call_once::hb024e854818586ac
[INFO] [stdout]                                at /rustc/53fd98ca776cb875bc9e5514f56b52eb74f9e7a9/library/std/src/panic.rs:347:9
[INFO] [stdout]   45:     0x55a59c99ec28 - std::panicking::try::do_call::hb2dd9f1d0d48e41d
[INFO] [stdout]                                at /rustc/53fd98ca776cb875bc9e5514f56b52eb74f9e7a9/library/std/src/panicking.rs:401:40
[INFO] [stdout]   46:     0x55a59c99ec28 - std::panicking::try::h4717ae7bac8b2bf3
[INFO] [stdout]                                at /rustc/53fd98ca776cb875bc9e5514f56b52eb74f9e7a9/library/std/src/panicking.rs:365:19
[INFO] [stdout]   47:     0x55a59c99ec28 - std::panic::catch_unwind::h0dc8a061326ce8d8
[INFO] [stdout]                                at /rustc/53fd98ca776cb875bc9e5514f56b52eb74f9e7a9/library/std/src/panic.rs:434:14
[INFO] [stdout]   48:     0x55a59c99ec28 - std::thread::Builder::spawn_unchecked::{{closure}}::haa369e2d6fd00aa1
[INFO] [stdout]                                at /rustc/53fd98ca776cb875bc9e5514f56b52eb74f9e7a9/library/std/src/thread/mod.rs:475:30
[INFO] [stdout]   49:     0x55a59c99ec28 - core::ops::function::FnOnce::call_once{{vtable.shim}}::h36dcf3de8b056f17
[INFO] [stdout]                                at /rustc/53fd98ca776cb875bc9e5514f56b52eb74f9e7a9/library/core/src/ops/function.rs:227:5
[INFO] [stdout]   50:     0x55a59cf4ca27 - <alloc::boxed::Box<F,A> as core::ops::function::FnOnce<Args>>::call_once::h65c29e4642be2358
[INFO] [stdout]                                at /rustc/53fd98ca776cb875bc9e5514f56b52eb74f9e7a9/library/alloc/src/boxed.rs:1572:9
[INFO] [stdout]   51:     0x55a59cf4ca27 - <alloc::boxed::Box<F,A> as core::ops::function::FnOnce<Args>>::call_once::hd0f8f7fbbd9fffbf
[INFO] [stdout]                                at /rustc/53fd98ca776cb875bc9e5514f56b52eb74f9e7a9/library/alloc/src/boxed.rs:1572:9
[INFO] [stdout]   52:     0x55a59cf4ca27 - std::sys::unix::thread::Thread::new::thread_start::h2fd22fee3ca77b65
[INFO] [stdout]                                at /rustc/53fd98ca776cb875bc9e5514f56b52eb74f9e7a9/library/std/src/sys/unix/thread.rs:74:17
[INFO] [stdout]   53:     0x7f859b8e8609 - start_thread
[INFO] [stdout]   54:     0x7f859b6b8293 - clone
[INFO] [stdout]   55:                0x0 - <unknown>
[INFO] [stdout] 
[INFO] [stdout] 
[INFO] [stdout] failures:
[INFO] [stdout]     tests::test_do_search
[INFO] [stdout]     tests::test_get_episodes
[INFO] [stdout] 
[INFO] [stdout] test result: FAILED. 1 passed; 2 failed; 0 ignored; 0 measured; 0 filtered out; finished in 0.51s
[INFO] [stdout] 
[INFO] [stderr] error: test failed, to rerun pass '--bin animerobar'
[INFO] running `Command { std: "docker" "inspect" "c812ef288ebacd78c5ad96d6859d8e9907467f08f27ac20c88280bb219e0e28b", kill_on_drop: false }`
[INFO] running `Command { std: "docker" "rm" "-f" "c812ef288ebacd78c5ad96d6859d8e9907467f08f27ac20c88280bb219e0e28b", kill_on_drop: false }`
[INFO] [stdout] c812ef288ebacd78c5ad96d6859d8e9907467f08f27ac20c88280bb219e0e28b
