[INFO] cloning repository https://github.com/ellipticoin/moonshined
[INFO] running `Command { std: "git" "-c" "credential.helper=" "-c" "credential.helper=/workspace/cargo-home/bin/git-credential-null" "clone" "--bare" "https://github.com/ellipticoin/moonshined" "/workspace/cache/git-repos/https%3A%2F%2Fgithub.com%2Fellipticoin%2Fmoonshined", kill_on_drop: false }`
[INFO] [stderr] Cloning into bare repository '/workspace/cache/git-repos/https%3A%2F%2Fgithub.com%2Fellipticoin%2Fmoonshined'...
[INFO] running `Command { std: "git" "rev-parse" "HEAD", kill_on_drop: false }`
[INFO] [stdout] 1d70bcda9b2f294acaec132a4bc679fe3a5b8424
[INFO] testing ellipticoin/moonshined against 1.54.0 for beta-1.55-1
[INFO] running `Command { std: "git" "clone" "/workspace/cache/git-repos/https%3A%2F%2Fgithub.com%2Fellipticoin%2Fmoonshined" "/workspace/builds/worker-3/source", kill_on_drop: false }`
[INFO] [stderr] Cloning into '/workspace/builds/worker-3/source'...
[INFO] [stderr] done.
[INFO] validating manifest of git repo https://github.com/ellipticoin/moonshined on toolchain 1.54.0
[INFO] running `Command { std: "/workspace/cargo-home/bin/cargo" "+1.54.0" "metadata" "--manifest-path" "Cargo.toml" "--no-deps", kill_on_drop: false }`
[INFO] started tweaking git repo https://github.com/ellipticoin/moonshined
[INFO] finished tweaking git repo https://github.com/ellipticoin/moonshined
[INFO] tweaked toml for git repo https://github.com/ellipticoin/moonshined written to /workspace/builds/worker-3/source/Cargo.toml
[INFO] crate git repo https://github.com/ellipticoin/moonshined already has a lockfile, it will not be regenerated
[INFO] running `Command { std: "/workspace/cargo-home/bin/cargo" "+1.54.0" "fetch" "--manifest-path" "Cargo.toml", kill_on_drop: false }`
[INFO] [stderr]     Blocking waiting for file lock on package cache
[INFO] running `Command { std: "docker" "create" "-v" "/var/lib/crater-agent-workspace/builds/worker-3/target:/opt/rustwide/target:rw,Z" "-v" "/var/lib/crater-agent-workspace/builds/worker-3/source:/opt/rustwide/workdir:ro,Z" "-v" "/var/lib/crater-agent-workspace/cargo-home:/opt/rustwide/cargo-home:ro,Z" "-v" "/var/lib/crater-agent-workspace/rustup-home:/opt/rustwide/rustup-home:ro,Z" "-e" "SOURCE_DIR=/opt/rustwide/workdir" "-e" "CARGO_TARGET_DIR=/opt/rustwide/target" "-e" "CARGO_HOME=/opt/rustwide/cargo-home" "-e" "RUSTUP_HOME=/opt/rustwide/rustup-home" "-w" "/opt/rustwide/workdir" "-m" "1610612736" "--user" "0:0" "--network" "none" "ghcr.io/rust-lang/crates-build-env/linux@sha256:34b6a614d2c27851fe6cbf88fbd1137609cefab8b10d0615aaeb6fd47975d74e" "/opt/rustwide/cargo-home/bin/cargo" "+1.54.0" "metadata" "--no-deps" "--format-version=1", kill_on_drop: false }`
[INFO] [stdout] 27906dc1896d1aea6f30571c03c499cbdbd77c5129851150dd28a6e4e781d63c
[INFO] [stderr] WARNING: Your kernel does not support swap limit capabilities or the cgroup is not mounted. Memory limited without swap.
[INFO] running `Command { std: "docker" "start" "-a" "27906dc1896d1aea6f30571c03c499cbdbd77c5129851150dd28a6e4e781d63c", kill_on_drop: false }`
[INFO] running `Command { std: "docker" "inspect" "27906dc1896d1aea6f30571c03c499cbdbd77c5129851150dd28a6e4e781d63c", kill_on_drop: false }`
[INFO] running `Command { std: "docker" "rm" "-f" "27906dc1896d1aea6f30571c03c499cbdbd77c5129851150dd28a6e4e781d63c", kill_on_drop: false }`
[INFO] [stdout] 27906dc1896d1aea6f30571c03c499cbdbd77c5129851150dd28a6e4e781d63c
[INFO] running `Command { std: "docker" "create" "-v" "/var/lib/crater-agent-workspace/builds/worker-3/target:/opt/rustwide/target:rw,Z" "-v" "/var/lib/crater-agent-workspace/builds/worker-3/source:/opt/rustwide/workdir:ro,Z" "-v" "/var/lib/crater-agent-workspace/cargo-home:/opt/rustwide/cargo-home:ro,Z" "-v" "/var/lib/crater-agent-workspace/rustup-home:/opt/rustwide/rustup-home:ro,Z" "-e" "SOURCE_DIR=/opt/rustwide/workdir" "-e" "CARGO_TARGET_DIR=/opt/rustwide/target" "-e" "CARGO_INCREMENTAL=0" "-e" "RUST_BACKTRACE=full" "-e" "RUSTFLAGS=--cap-lints=warn" "-e" "CARGO_HOME=/opt/rustwide/cargo-home" "-e" "RUSTUP_HOME=/opt/rustwide/rustup-home" "-w" "/opt/rustwide/workdir" "-m" "1610612736" "--user" "0:0" "--network" "none" "ghcr.io/rust-lang/crates-build-env/linux@sha256:34b6a614d2c27851fe6cbf88fbd1137609cefab8b10d0615aaeb6fd47975d74e" "/opt/rustwide/cargo-home/bin/cargo" "+1.54.0" "build" "--frozen" "--message-format=json", kill_on_drop: false }`
[INFO] [stderr] WARNING: Your kernel does not support swap limit capabilities or the cgroup is not mounted. Memory limited without swap.
[INFO] [stdout] 067bcca3ccad807200f9aa74eff50e726f44a52a72079bac94da65a706a94c50
[INFO] running `Command { std: "docker" "start" "-a" "067bcca3ccad807200f9aa74eff50e726f44a52a72079bac94da65a706a94c50", kill_on_drop: false }`
[INFO] [stderr]    Compiling libc v0.2.85
[INFO] [stderr]    Compiling serde v1.0.123
[INFO] [stderr]    Compiling subtle v2.4.0
[INFO] [stderr]    Compiling cc v1.0.41
[INFO] [stderr]    Compiling value-bag v1.0.0-alpha.6
[INFO] [stderr]    Compiling log v0.4.14
[INFO] [stderr]    Compiling sval v1.0.0-alpha.5
[INFO] [stderr]    Compiling byteorder v1.4.2
[INFO] [stderr]    Compiling fastrand v1.4.0
[INFO] [stderr]    Compiling serde_json v1.0.62
[INFO] [stderr]    Compiling vec-arena v1.0.0
[INFO] [stderr]    Compiling async-task v4.0.3
[INFO] [stderr]    Compiling signal-hook v0.3.4
[INFO] [stderr]    Compiling radium v0.4.1
[INFO] [stderr]    Compiling zeroize v1.2.0
[INFO] [stderr]    Compiling http-types v2.10.0
[INFO] [stderr]    Compiling wyz v0.2.0
[INFO] [stderr]    Compiling funty v1.1.0
[INFO] [stderr]    Compiling curl v0.4.34
[INFO] [stderr]    Compiling infer v0.2.3
[INFO] [stderr]    Compiling const-oid v0.4.1
[INFO] [stderr]    Compiling isahc v0.9.14
[INFO] [stderr]    Compiling syn v0.15.44
[INFO] [stderr]    Compiling half v1.7.1
[INFO] [stderr]    Compiling httparse v1.3.5
[INFO] [stderr]    Compiling regex-syntax v0.6.22
[INFO] [stderr]    Compiling route-recognizer v0.2.0
[INFO] [stderr]    Compiling uuid v0.8.2
[INFO] [stderr]    Compiling hex v0.3.2
[INFO] [stderr]    Compiling indexmap v1.6.1
[INFO] [stderr]    Compiling standback v0.2.15
[INFO] [stderr]    Compiling time v0.2.25
[INFO] [stderr]    Compiling cookie v0.14.3
[INFO] [stderr]    Compiling num-bigint v0.3.1
[INFO] [stderr]    Compiling async-mutex v1.4.0
[INFO] [stderr]    Compiling async-lock v2.3.0
[INFO] [stderr]    Compiling futures-task v0.3.12
[INFO] [stderr]    Compiling simple-mutex v1.1.5
[INFO] [stderr]    Compiling fxhash v0.2.1
[INFO] [stderr]    Compiling der v0.1.0
[INFO] [stderr]    Compiling async-channel v1.5.1
[INFO] [stderr]    Compiling spinning_top v0.2.2
[INFO] [stderr]    Compiling sluice v0.5.4
[INFO] [stderr]    Compiling futures-lite v1.11.3
[INFO] [stderr]    Compiling combine v3.8.1
[INFO] [stderr]    Compiling hex-literal-impl v0.2.2
[INFO] [stderr]    Compiling idna v0.2.1
[INFO] [stderr]    Compiling async-dup v1.2.2
[INFO] [stderr]    Compiling block-buffer v0.7.3
[INFO] [stderr]    Compiling block-buffer v0.9.0
[INFO] [stderr]    Compiling cipher v0.2.5
[INFO] [stderr]    Compiling crypto-mac v0.10.0
[INFO] [stderr]    Compiling universal-hash v0.4.0
[INFO] [stderr]    Compiling aead v0.3.2
[INFO] [stderr]    Compiling crypto-mac v0.8.0
[INFO] [stderr]    Compiling crossbeam-queue v0.2.3
[INFO] [stderr]    Compiling crossbeam-epoch v0.9.2
[INFO] [stderr]    Compiling flume v0.9.2
[INFO] [stderr]    Compiling ctor v0.1.19
[INFO] [stderr]    Compiling async-attributes v1.1.2
[INFO] [stderr]    Compiling tracing-attributes v0.1.12
[INFO] [stderr]    Compiling synstructure v0.12.4
[INFO] [stderr]    Compiling pin-project-internal v1.0.5
[INFO] [stderr]    Compiling ellipticoin_macros v0.1.0 (/opt/rustwide/workdir/ellipticoin_macros)
[INFO] [stderr]    Compiling derive_utils v0.11.2
[INFO] [stderr]    Compiling proc-macro-error v1.0.4
[INFO] [stderr]    Compiling pkcs8 v0.3.3
[INFO] [stderr]    Compiling bitvec v0.18.4
[INFO] [stderr]    Compiling sha2 v0.8.2
[INFO] [stderr]    Compiling sha2 v0.9.3
[INFO] [stderr]    Compiling sha3 v0.9.1
[INFO] [stderr]    Compiling hmac v0.10.1
[INFO] [stderr]    Compiling aes-soft v0.6.4
[INFO] [stderr]    Compiling ctr v0.6.0
[INFO] [stderr]    Compiling polyval v0.4.5
[INFO] [stderr]    Compiling time-macros-impl v0.1.1
[INFO] [stderr]    Compiling libz-sys v1.1.2
[INFO] [stderr]    Compiling openssl-sys v0.9.60
[INFO] [stderr]    Compiling libnghttp2-sys v0.1.6+1.43.0
[INFO] [stderr]    Compiling curl-sys v0.4.40+curl-7.75.0
[INFO] [stderr]    Compiling blake3 v0.3.7
[INFO] [stderr]    Compiling hmac v0.8.1
[INFO] [stderr]    Compiling futures-util v0.3.12
[INFO] [stderr]    Compiling byte-pool v0.2.2
[INFO] [stderr]    Compiling hex-literal v0.2.1
[INFO] [stderr]    Compiling regex v1.4.3
[INFO] [stderr]    Compiling blocking v1.0.2
[INFO] [stderr]    Compiling async-executor v1.4.0
[INFO] [stderr]    Compiling juniper_codegen v0.15.3 (https://github.com/graphql-rust/juniper#52483718)
[INFO] [stderr]    Compiling clap_derive v3.0.0-beta.2
[INFO] [stderr]    Compiling futures-enum v0.1.17
[INFO] [stderr]    Compiling hkdf v0.10.0
[INFO] [stderr]    Compiling ghash v0.3.1
[INFO] [stderr]    Compiling aes v0.6.0
[INFO] [stderr]    Compiling getrandom v0.1.16
[INFO] [stderr]    Compiling nb-connect v1.0.2
[INFO] [stderr]    Compiling signal-hook-registry v1.3.0
[INFO] [stderr]    Compiling num_cpus v1.13.0
[INFO] [stderr]    Compiling socket2 v0.3.19
[INFO] [stderr]    Compiling getrandom v0.2.2
[INFO] [stderr]    Compiling rand_os v0.1.3
[INFO] [stderr]    Compiling time v0.1.44
[INFO] [stderr]    Compiling backtrace v0.3.56
[INFO] [stderr]    Compiling parking_lot_core v0.7.2
[INFO] [stderr]    Compiling terminal_size v0.1.16
[INFO] [stderr]    Compiling parking_lot_core v0.8.3
[INFO] [stderr]    Compiling atty v0.2.14
[INFO] [stderr]    Compiling fs2 v0.4.3
[INFO] [stderr]    Compiling nix v0.20.0
[INFO] [stderr]    Compiling failure_derive v0.1.8
[INFO] [stderr]    Compiling aes-gcm v0.8.0
[INFO] [stderr]    Compiling rand_core v0.5.1
[INFO] [stderr]    Compiling time-macros v0.1.1
[INFO] [stderr]    Compiling rand_core v0.6.1
[INFO] [stderr]    Compiling rand v0.6.5
[INFO] [stderr]    Compiling pin-project v1.0.5
[INFO] [stderr]    Compiling console v0.14.0
[INFO] [stderr]    Compiling parking_lot v0.10.2
[INFO] [stderr]    Compiling parking_lot v0.11.1
[INFO] [stderr]    Compiling graphql-parser v0.3.0
[INFO] [stderr]    Compiling rand_chacha v0.2.2
[INFO] [stderr]    Compiling rand_pcg v0.2.1
[INFO] [stderr]    Compiling ff v0.8.0
[INFO] [stderr]    Compiling curve25519-dalek v3.0.2
[INFO] [stderr]    Compiling signature v1.2.2
[INFO] [stderr]    Compiling rand_chacha v0.3.0
[INFO] [stderr]    Compiling url v2.2.0
[INFO] [stderr]    Compiling serde_urlencoded v0.7.0
[INFO] [stderr]    Compiling serde_qs v0.7.2
[INFO] [stderr]    Compiling serde_cbor v0.11.1
[INFO] [stderr]    Compiling chrono v0.4.19
[INFO] [stderr]    Compiling graphql-introspection-query v0.1.0
[INFO] [stderr]    Compiling linked_hash_set v0.1.4
[INFO] [stderr]    Compiling bincode v1.3.1
[INFO] [stderr]    Compiling serde_bytes v0.11.5
[INFO] [stderr]    Compiling indicatif v0.15.0
[INFO] [stderr]    Compiling futures-executor v0.3.12
[INFO] [stderr]    Compiling broadcaster v1.0.0
[INFO] [stderr]    Compiling phf_generator v0.7.24
[INFO] [stderr]    Compiling polling v2.0.2
[INFO] [stderr]    Compiling kv-log-macro v1.0.7
[INFO] [stderr]    Compiling tracing v0.1.23
[INFO] [stderr]    Compiling sled v0.34.6
[INFO] [stderr]    Compiling group v0.8.0
[INFO] [stderr]    Compiling failure v0.1.8
[INFO] [stderr]    Compiling rand v0.7.3
[INFO] [stderr]    Compiling rand v0.8.3
[INFO] [stderr]    Compiling clap v3.0.0-beta.2
[INFO] [stderr]    Compiling ed25519-zebra v2.2.0
[INFO] [stderr]    Compiling ellipticoin_types v0.1.0 (/opt/rustwide/workdir/ellipticoin_types)
[INFO] [stderr]    Compiling futures v0.3.12
[INFO] [stderr]    Compiling async-io v1.3.1
[INFO] [stderr]    Compiling elliptic-curve v0.8.4
[INFO] [stderr]    Compiling tracing-futures v0.2.4
[INFO] [stderr]    Compiling serde_eth v0.1.0
[INFO] [stderr]    Compiling graphql-parser v0.2.3
[INFO] [stderr]    Compiling phf_macros v0.7.24
[INFO] [stderr]    Compiling ctrlc v3.1.8
[INFO] [stderr]    Compiling async-process v1.0.2
[INFO] [stderr]    Compiling async-global-executor v2.0.2
[INFO] [stderr]    Compiling ecdsa v0.10.2
[INFO] [stderr]    Compiling async-std v1.9.0
[INFO] [stderr]    Compiling femme v2.1.1
[INFO] [stderr]    Compiling bson v1.1.0
[INFO] [stderr]    Compiling k256 v0.7.2
[INFO] [stderr]    Compiling phf v0.7.24
[INFO] [stderr]    Compiling graphql_client_codegen v0.9.0
[INFO] [stderr]    Compiling juniper v0.15.3 (https://github.com/graphql-rust/juniper#52483718)
[INFO] [stderr]    Compiling graphql_query_derive v0.9.0
[INFO] [stderr]    Compiling ellipticoin_contracts v0.1.0 (/opt/rustwide/workdir/ellipticoin_contracts)
[INFO] [stderr]    Compiling async-session v2.0.1
[INFO] [stderr]    Compiling ellipticoin-test-framework v0.1.4 (/opt/rustwide/workdir/ellipticoin_test_framework)
[INFO] [stderr]    Compiling async-sse v4.1.0
[INFO] [stderr]    Compiling async-h1 v2.3.1
[INFO] [stderr]    Compiling http-client v6.2.0
[INFO] [stderr]    Compiling graphql_client v0.9.0
[INFO] [stderr]    Compiling surf v2.1.0
[INFO] [stderr]    Compiling tide v0.16.0
[INFO] [stderr]    Compiling ellipticoin_peerchain_ethereum v0.1.0 (/opt/rustwide/workdir/ellipticoin_peerchain_ethereum)
[INFO] [stderr]    Compiling ellipticoind v0.1.0 (/opt/rustwide/workdir/ellipticoind)
[INFO] [stderr]     Finished dev [unoptimized + debuginfo] target(s) in 6m 11s
[INFO] running `Command { std: "docker" "inspect" "067bcca3ccad807200f9aa74eff50e726f44a52a72079bac94da65a706a94c50", kill_on_drop: false }`
[INFO] running `Command { std: "docker" "rm" "-f" "067bcca3ccad807200f9aa74eff50e726f44a52a72079bac94da65a706a94c50", kill_on_drop: false }`
[INFO] [stdout] 067bcca3ccad807200f9aa74eff50e726f44a52a72079bac94da65a706a94c50
[INFO] running `Command { std: "docker" "create" "-v" "/var/lib/crater-agent-workspace/builds/worker-3/target:/opt/rustwide/target:rw,Z" "-v" "/var/lib/crater-agent-workspace/builds/worker-3/source:/opt/rustwide/workdir:ro,Z" "-v" "/var/lib/crater-agent-workspace/cargo-home:/opt/rustwide/cargo-home:ro,Z" "-v" "/var/lib/crater-agent-workspace/rustup-home:/opt/rustwide/rustup-home:ro,Z" "-e" "SOURCE_DIR=/opt/rustwide/workdir" "-e" "CARGO_TARGET_DIR=/opt/rustwide/target" "-e" "CARGO_INCREMENTAL=0" "-e" "RUST_BACKTRACE=full" "-e" "RUSTFLAGS=--cap-lints=warn" "-e" "CARGO_HOME=/opt/rustwide/cargo-home" "-e" "RUSTUP_HOME=/opt/rustwide/rustup-home" "-w" "/opt/rustwide/workdir" "-m" "1610612736" "--user" "0:0" "--network" "none" "ghcr.io/rust-lang/crates-build-env/linux@sha256:34b6a614d2c27851fe6cbf88fbd1137609cefab8b10d0615aaeb6fd47975d74e" "/opt/rustwide/cargo-home/bin/cargo" "+1.54.0" "test" "--frozen" "--no-run" "--message-format=json", kill_on_drop: false }`
[INFO] [stdout] f9843fd8d1a429f584caa235038bebc27c5eab50a625492100d45c654dfad3fb
[INFO] [stderr] WARNING: Your kernel does not support swap limit capabilities or the cgroup is not mounted. Memory limited without swap.
[INFO] running `Command { std: "docker" "start" "-a" "f9843fd8d1a429f584caa235038bebc27c5eab50a625492100d45c654dfad3fb", kill_on_drop: false }`
[INFO] [stderr]    Compiling ellipticoin_macros v0.1.0 (/opt/rustwide/workdir/ellipticoin_macros)
[INFO] [stderr]    Compiling ellipticoin_types v0.1.0 (/opt/rustwide/workdir/ellipticoin_types)
[INFO] [stderr]    Compiling ellipticoin-test-framework v0.1.4 (/opt/rustwide/workdir/ellipticoin_test_framework)
[INFO] [stderr]    Compiling ellipticoin_contracts v0.1.0 (/opt/rustwide/workdir/ellipticoin_contracts)
[INFO] [stderr]    Compiling ellipticoin_peerchain_ethereum v0.1.0 (/opt/rustwide/workdir/ellipticoin_peerchain_ethereum)
[INFO] [stderr]    Compiling ellipticoind v0.1.0 (/opt/rustwide/workdir/ellipticoind)
[INFO] [stderr]     Finished test [unoptimized + debuginfo] target(s) in 33.77s
[INFO] running `Command { std: "docker" "inspect" "f9843fd8d1a429f584caa235038bebc27c5eab50a625492100d45c654dfad3fb", kill_on_drop: false }`
[INFO] running `Command { std: "docker" "rm" "-f" "f9843fd8d1a429f584caa235038bebc27c5eab50a625492100d45c654dfad3fb", kill_on_drop: false }`
[INFO] [stdout] f9843fd8d1a429f584caa235038bebc27c5eab50a625492100d45c654dfad3fb
[INFO] running `Command { std: "docker" "create" "-v" "/var/lib/crater-agent-workspace/builds/worker-3/target:/opt/rustwide/target:rw,Z" "-v" "/var/lib/crater-agent-workspace/builds/worker-3/source:/opt/rustwide/workdir:ro,Z" "-v" "/var/lib/crater-agent-workspace/cargo-home:/opt/rustwide/cargo-home:ro,Z" "-v" "/var/lib/crater-agent-workspace/rustup-home:/opt/rustwide/rustup-home:ro,Z" "-e" "SOURCE_DIR=/opt/rustwide/workdir" "-e" "CARGO_TARGET_DIR=/opt/rustwide/target" "-e" "CARGO_INCREMENTAL=0" "-e" "RUST_BACKTRACE=full" "-e" "RUSTFLAGS=--cap-lints=warn" "-e" "CARGO_HOME=/opt/rustwide/cargo-home" "-e" "RUSTUP_HOME=/opt/rustwide/rustup-home" "-w" "/opt/rustwide/workdir" "-m" "1610612736" "--user" "0:0" "--network" "none" "ghcr.io/rust-lang/crates-build-env/linux@sha256:34b6a614d2c27851fe6cbf88fbd1137609cefab8b10d0615aaeb6fd47975d74e" "/opt/rustwide/cargo-home/bin/cargo" "+1.54.0" "test" "--frozen", kill_on_drop: false }`
[INFO] [stdout] c098dd9c14b58d66bd3b4d771613824f60e4fba6c9309d816ef288bfcde4ab2c
[INFO] [stderr] WARNING: Your kernel does not support swap limit capabilities or the cgroup is not mounted. Memory limited without swap.
[INFO] running `Command { std: "docker" "start" "-a" "c098dd9c14b58d66bd3b4d771613824f60e4fba6c9309d816ef288bfcde4ab2c", kill_on_drop: false }`
[INFO] [stderr]     Blocking waiting for file lock on package cache
[INFO] [stderr]     Blocking waiting for file lock on package cache
[INFO] [stderr]     Finished test [unoptimized + debuginfo] target(s) in 1.64s
[INFO] [stderr]      Running unittests (/opt/rustwide/target/debug/deps/ellipticoin_test_framework-eb829e9c7b2750f6)
[INFO] [stderr]      Running unittests (/opt/rustwide/target/debug/deps/ellipticoin_contracts-182f03f6f3af8e74)
[INFO] [stdout] 
[INFO] [stdout] running 0 tests
[INFO] [stdout] 
[INFO] [stdout] test result: ok. 0 passed; 0 failed; 0 ignored; 0 measured; 0 filtered out; finished in 0.00s
[INFO] [stdout] 
[INFO] [stdout] 
[INFO] [stdout] running 33 tests
[INFO] [stdout] test amm::tests::test_create_pool_insufficient_token_balance ... ok
[INFO] [stdout] test amm::tests::test_create_pool ... ok
[INFO] [stdout] test amm::tests::test_create_pool_insufficient_base_token_balance ... ok
[INFO] [stdout] test amm::tests::test_add_to_existing_liquidity ... ok
[INFO] [stdout] test amm::tests::test_recreate_pool ... ok
[INFO] [stdout] test amm::tests::test_trade_base_token ... ok
[INFO] [stdout] test amm::tests::test_trade ... ok
[INFO] [stdout] test amm::tests::test_one_unit_trade ... ok
[INFO] [stdout] test amm::tests::test_remove_liquidity ... ok
[INFO] [stdout] test amm::tests::test_remove_liquidity_after_trade ... ok
[INFO] [stdout] test amm::tests::test_add_liquidity ... ok
[INFO] [stdout] test governance::tests::create_proposal ... ok
[INFO] [stdout] test governance::tests::vote_without_moonshine ... ok
[INFO] [stdout] test bridge::tests::test_sign_redeem_request ... ok
[INFO] [stdout] test bridge::tests::test_redeem ... ok
[INFO] [stdout] test order_book::tests::test_create_order ... ok
[INFO] [stdout] test ellipticoin::tests::test_commit_and_seal ... ok
[INFO] [stdout] test ellipticoin::issuance::tests::test_total_supply ... ok
[INFO] [stdout] test order_book::tests::test_cancel ... ok
[INFO] [stdout] test order_book::tests::test_fill_buy ... ok
[INFO] [stdout] test order_book::tests::test_fill_sell ... ok
[INFO] [stdout] test governance::tests::create_proposal_with_insufficient_moonshine ... ok
[INFO] [stdout] test bridge::tests::test_mint ... ok
[INFO] [stdout] test amm::tests::test_trade_for_base_token ... ok
[INFO] [stdout] test governance::tests::vote_after_poll_closed ... ok
[INFO] [stdout] test amm::tests::test_trade_with_invariant_overflow ... ok
[INFO] [stdout] test governance::tests::vote ... ok
[INFO] [stdout] test amm::tests::test_trade_max_slippage_exceeded ... ok
[INFO] [stdout] test bridge::tests::test_cancel_redeem_request ... ok
[INFO] [stdout] test bridge::tests::test_create_redeem_request ... ok
[INFO] [stdout] test ellipticoin::issuance::tests::test_halvenings ... ok
[INFO] [stderr]      Running unittests (/opt/rustwide/target/debug/deps/ellipticoin_macros-4e51b7efc9b61a43)
[INFO] [stdout] test token::tests::test_transfer ... ok
[INFO] [stdout] test transaction::tests::test_run ... ok
[INFO] [stdout] 
[INFO] [stdout] test result: ok. 33 passed; 0 failed; 0 ignored; 0 measured; 0 filtered out; finished in 0.03s
[INFO] [stdout] 
[INFO] [stdout] 
[INFO] [stdout] running 0 tests
[INFO] [stdout] 
[INFO] [stdout] test result: ok. 0 passed; 0 failed; 0 ignored; 0 measured; 0 filtered out; finished in 0.00s
[INFO] [stdout] 
[INFO] [stderr]      Running unittests (/opt/rustwide/target/debug/deps/ellipticoin_peerchain_ethereum-c1f78f51cf427b9e)
[INFO] [stdout] 
[INFO] [stdout] running 0 tests
[INFO] [stdout] 
[INFO] [stdout] test result: ok. 0 passed; 0 failed; 0 ignored; 0 measured; 0 filtered out; finished in 0.00s
[INFO] [stdout] 
[INFO] [stderr]      Running tests/ellipticoin_peerchain_ethereum.rs (/opt/rustwide/target/debug/deps/ellipticoin_peerchain_ethereum-44b5db250718ea63)
[INFO] [stdout] 
[INFO] [stdout] running 1 test
[INFO] [stdout] test test_add ... FAILED
[INFO] [stdout] 
[INFO] [stdout] failures:
[INFO] [stdout] 
[INFO] [stdout] ---- test_add stdout ----
[INFO] [stdout] hi
[INFO] [stdout] thread 'test_add' panicked at 'WEB3_URL not set: NotPresent', ellipticoin_peerchain_ethereum/src/constants.rs:9:60
[INFO] [stdout] stack backtrace:
[INFO] [stdout]    0:     0x5627f310e5c0 - std::backtrace_rs::backtrace::libunwind::trace::h34055254b57d8e79
[INFO] [stdout]                                at /rustc/a178d0322ce20e33eac124758e837cbd80a6f633/library/std/src/../../backtrace/src/backtrace/libunwind.rs:90:5
[INFO] [stdout]    1:     0x5627f310e5c0 - std::backtrace_rs::backtrace::trace_unsynchronized::h8f1e3fbd9afff6ec
[INFO] [stdout]                                at /rustc/a178d0322ce20e33eac124758e837cbd80a6f633/library/std/src/../../backtrace/src/backtrace/mod.rs:66:5
[INFO] [stdout]    2:     0x5627f310e5c0 - std::sys_common::backtrace::_print_fmt::h3a99a796b770c360
[INFO] [stdout]                                at /rustc/a178d0322ce20e33eac124758e837cbd80a6f633/library/std/src/sys_common/backtrace.rs:67:5
[INFO] [stdout]    3:     0x5627f310e5c0 - <std::sys_common::backtrace::_print::DisplayBacktrace as core::fmt::Display>::fmt::h32d1f94a80615d18
[INFO] [stdout]                                at /rustc/a178d0322ce20e33eac124758e837cbd80a6f633/library/std/src/sys_common/backtrace.rs:46:22
[INFO] [stdout]    4:     0x5627f31321cc - core::fmt::write::h306731c068f7162c
[INFO] [stdout]                                at /rustc/a178d0322ce20e33eac124758e837cbd80a6f633/library/core/src/fmt/mod.rs:1110:17
[INFO] [stdout]    5:     0x5627f3107f65 - std::io::Write::write_fmt::h87f19b0a2cd190bc
[INFO] [stdout]                                at /rustc/a178d0322ce20e33eac124758e837cbd80a6f633/library/std/src/io/mod.rs:1588:15
[INFO] [stdout]    6:     0x5627f31107eb - std::sys_common::backtrace::_print::h5abaa2601a852287
[INFO] [stdout]                                at /rustc/a178d0322ce20e33eac124758e837cbd80a6f633/library/std/src/sys_common/backtrace.rs:49:5
[INFO] [stdout]    7:     0x5627f31107eb - std::sys_common::backtrace::print::h8d81445442bb638f
[INFO] [stdout]                                at /rustc/a178d0322ce20e33eac124758e837cbd80a6f633/library/std/src/sys_common/backtrace.rs:36:9
[INFO] [stdout]    8:     0x5627f31107eb - std::panicking::default_hook::{{closure}}::hcfe804496a9fa747
[INFO] [stdout]                                at /rustc/a178d0322ce20e33eac124758e837cbd80a6f633/library/std/src/panicking.rs:208:50
[INFO] [stdout]    9:     0x5627f31102fc - std::panicking::default_hook::hbea8e3ccf2ba8901
[INFO] [stdout]                                at /rustc/a178d0322ce20e33eac124758e837cbd80a6f633/library/std/src/panicking.rs:222:9
[INFO] [stdout]   10:     0x5627f3110eb4 - std::panicking::rust_panic_with_hook::h7ee9e1a2d0f8975a
[INFO] [stdout]                                at /rustc/a178d0322ce20e33eac124758e837cbd80a6f633/library/std/src/panicking.rs:622:17
[INFO] [stdout]   11:     0x5627f3110997 - std::panicking::begin_panic_handler::{{closure}}::h8ab3b4491718b2c7
[INFO] [stdout]                                at /rustc/a178d0322ce20e33eac124758e837cbd80a6f633/library/std/src/panicking.rs:519:13
[INFO] [stdout]   12:     0x5627f310eabc - std::sys_common::backtrace::__rust_end_short_backtrace::hd489062ffa586a9f
[INFO] [stdout]                                at /rustc/a178d0322ce20e33eac124758e837cbd80a6f633/library/std/src/sys_common/backtrace.rs:141:18
[INFO] [stdout]   13:     0x5627f31108f9 - rust_begin_unwind
[INFO] [stdout]                                at /rustc/a178d0322ce20e33eac124758e837cbd80a6f633/library/std/src/panicking.rs:515:5
[INFO] [stdout]   14:     0x5627f2cb28b1 - core::panicking::panic_fmt::hca6330e3e14086b4
[INFO] [stdout]                                at /rustc/a178d0322ce20e33eac124758e837cbd80a6f633/library/core/src/panicking.rs:92:14
[INFO] [stdout]   15:     0x5627f2cb29a3 - core::result::unwrap_failed::h6160d2b4bfbb0e87
[INFO] [stdout]                                at /rustc/a178d0322ce20e33eac124758e837cbd80a6f633/library/core/src/result.rs:1355:5
[INFO] [stdout]   16:     0x5627f2d0513f - core::result::Result<T,E>::expect::he01c0eeb6fa2db13
[INFO] [stdout]                                at /rustc/a178d0322ce20e33eac124758e837cbd80a6f633/library/core/src/result.rs:997:23
[INFO] [stdout]   17:     0x5627f2d047c8 - <ellipticoin_peerchain_ethereum::constants::WEB3_URL as core::ops::deref::Deref>::deref::__static_ref_initialize::ha2677b39daf40bc4
[INFO] [stdout]                                at /opt/rustwide/workdir/ellipticoin_peerchain_ethereum/src/constants.rs:9:39
[INFO] [stdout]   18:     0x5627f2d047c8 - core::ops::function::FnOnce::call_once::h3a382d45d90385f8
[INFO] [stdout]                                at /rustc/a178d0322ce20e33eac124758e837cbd80a6f633/library/core/src/ops/function.rs:227:5
[INFO] [stdout]   19:     0x5627f2d061bc - lazy_static::lazy::Lazy<T>::get::{{closure}}::h656246f89ae7e124
[INFO] [stdout]                                at /opt/rustwide/cargo-home/registry/src/github.com-1ecc6299db9ec823/lazy_static-1.4.0/src/inline_lazy.rs:31:29
[INFO] [stdout]   20:     0x5627f2d0536e - std::sync::once::Once::call_once::{{closure}}::h56ae70eac02c4e8e
[INFO] [stdout]                                at /rustc/a178d0322ce20e33eac124758e837cbd80a6f633/library/std/src/sync/once.rs:261:41
[INFO] [stdout]   21:     0x5627f2cb1e0c - std::sync::once::Once::call_inner::h4030b088a5783b2d
[INFO] [stdout]                                at /rustc/a178d0322ce20e33eac124758e837cbd80a6f633/library/std/src/sync/once.rs:418:21
[INFO] [stdout]   22:     0x5627f2d052f6 - std::sync::once::Once::call_once::hd0448a03e8f72775
[INFO] [stdout]                                at /rustc/a178d0322ce20e33eac124758e837cbd80a6f633/library/std/src/sync/once.rs:261:9
[INFO] [stdout]   23:     0x5627f2d06546 - lazy_static::lazy::Lazy<T>::get::hb1bb96c42e387d1e
[INFO] [stdout]                                at /opt/rustwide/cargo-home/registry/src/github.com-1ecc6299db9ec823/lazy_static-1.4.0/src/inline_lazy.rs:30:9
[INFO] [stdout]   24:     0x5627f2d06546 - <ellipticoin_peerchain_ethereum::constants::WEB3_URL as core::ops::deref::Deref>::deref::__stability::hb026c8f3c3db5541
[INFO] [stdout]                                at /opt/rustwide/cargo-home/registry/src/github.com-1ecc6299db9ec823/lazy_static-1.4.0/src/lib.rs:142:21
[INFO] [stdout]   25:     0x5627f2d06546 - <ellipticoin_peerchain_ethereum::constants::WEB3_URL as core::ops::deref::Deref>::deref::hef12030f355d4328
[INFO] [stdout]                                at /opt/rustwide/cargo-home/registry/src/github.com-1ecc6299db9ec823/lazy_static-1.4.0/src/lib.rs:144:17
[INFO] [stdout]   26:     0x5627f2ccab17 - ellipticoin_peerchain_ethereum::get_current_block::{{closure}}::h7fcd804e95607573
[INFO] [stdout]                                at /opt/rustwide/workdir/ellipticoin_peerchain_ethereum/src/lib.rs:256:40
[INFO] [stdout]   27:     0x5627f2cf2633 - <core::future::from_generator::GenFuture<T> as core::future::future::Future>::poll::h6824cb45a567a6c9
[INFO] [stdout]                                at /rustc/a178d0322ce20e33eac124758e837cbd80a6f633/library/core/src/future/mod.rs:80:19
[INFO] [stdout]   28:     0x5627f2cff43e - ellipticoin_peerchain_ethereum::test_add::{{closure}}::h5e216dd7dac9f5fb
[INFO] [stdout]                                at /opt/rustwide/workdir/ellipticoin_peerchain_ethereum/tests/ellipticoin_peerchain_ethereum.rs:17:38
[INFO] [stdout]   29:     0x5627f2cf2b9b - <core::future::from_generator::GenFuture<T> as core::future::future::Future>::poll::hc0ea55f09c2f0de6
[INFO] [stdout]                                at /rustc/a178d0322ce20e33eac124758e837cbd80a6f633/library/core/src/future/mod.rs:80:19
[INFO] [stdout]   30:     0x5627f2ce5689 - <async_std::task::builder::SupportTaskLocals<F> as core::future::future::Future>::poll::{{closure}}::hd2499e8c8241613c
[INFO] [stdout]                                at /opt/rustwide/cargo-home/registry/src/github.com-1ecc6299db9ec823/async-std-1.9.0/src/task/builder.rs:199:17
[INFO] [stdout]   31:     0x5627f2cd6ba6 - async_std::task::task_locals_wrapper::TaskLocalsWrapper::set_current::{{closure}}::hc7f97c3d2c29cde5
[INFO] [stdout]                                at /opt/rustwide/cargo-home/registry/src/github.com-1ecc6299db9ec823/async-std-1.9.0/src/task/task_locals_wrapper.rs:60:13
[INFO] [stdout]   32:     0x5627f2cd9011 - std::thread::local::LocalKey<T>::try_with::h96cfddfb1f2d335d
[INFO] [stdout]                                at /rustc/a178d0322ce20e33eac124758e837cbd80a6f633/library/std/src/thread/local.rs:400:16
[INFO] [stdout]   33:     0x5627f2cd882d - std::thread::local::LocalKey<T>::with::hb4dd3e4e1e25e5e3
[INFO] [stdout]                                at /rustc/a178d0322ce20e33eac124758e837cbd80a6f633/library/std/src/thread/local.rs:376:9
[INFO] [stdout]   34:     0x5627f2cd6ab8 - async_std::task::task_locals_wrapper::TaskLocalsWrapper::set_current::h220c1a5876bb92e6
[INFO] [stdout]                                at /opt/rustwide/cargo-home/registry/src/github.com-1ecc6299db9ec823/async-std-1.9.0/src/task/task_locals_wrapper.rs:55:9
[INFO] [stdout]   35:     0x5627f2ce5635 - <async_std::task::builder::SupportTaskLocals<F> as core::future::future::Future>::poll::h384c43a5daaa1c9f
[INFO] [stdout]                                at /opt/rustwide/cargo-home/registry/src/github.com-1ecc6299db9ec823/async-std-1.9.0/src/task/builder.rs:197:13
[INFO] [stdout]   36:     0x5627f2ce9b7b - <futures_lite::future::Or<F1,F2> as core::future::future::Future>::poll::h27d782b83a8084ab
[INFO] [stdout]                                at /opt/rustwide/cargo-home/registry/src/github.com-1ecc6299db9ec823/futures-lite-1.11.3/src/future.rs:526:33
[INFO] [stdout]   37:     0x5627f2cefd0a - async_executor::Executor::run::{{closure}}::h71cc5fd32971ce34
[INFO] [stdout]                                at /opt/rustwide/cargo-home/registry/src/github.com-1ecc6299db9ec823/async-executor-1.4.0/src/lib.rs:236:9
[INFO] [stdout]   38:     0x5627f2cf20db - <core::future::from_generator::GenFuture<T> as core::future::future::Future>::poll::h2f126ff8b93a575b
[INFO] [stdout]                                at /rustc/a178d0322ce20e33eac124758e837cbd80a6f633/library/core/src/future/mod.rs:80:19
[INFO] [stdout]   39:     0x5627f2cef896 - async_executor::LocalExecutor::run::{{closure}}::h0350afbc53736f5a
[INFO] [stdout]                                at /opt/rustwide/cargo-home/registry/src/github.com-1ecc6299db9ec823/async-executor-1.4.0/src/lib.rs:437:9
[INFO] [stdout]   40:     0x5627f2cf2b0b - <core::future::from_generator::GenFuture<T> as core::future::future::Future>::poll::hb8cee1495029f50e
[INFO] [stdout]                                at /rustc/a178d0322ce20e33eac124758e837cbd80a6f633/library/core/src/future/mod.rs:80:19
[INFO] [stdout]   41:     0x5627f2cd9cad - async_io::driver::block_on::h575d238a3a4beaa6
[INFO] [stdout]                                at /opt/rustwide/cargo-home/registry/src/github.com-1ecc6299db9ec823/async-io-1.3.1/src/driver.rs:142:33
[INFO] [stdout]   42:     0x5627f2cf3ddf - async_global_executor::reactor::block_on::{{closure}}::h46aeb09e1819c336
[INFO] [stdout]                                at /opt/rustwide/cargo-home/registry/src/github.com-1ecc6299db9ec823/async-global-executor-2.0.2/src/reactor.rs:3:18
[INFO] [stdout]   43:     0x5627f2cf3db3 - async_global_executor::reactor::block_on::hf8f83f2433c096bc
[INFO] [stdout]                                at /opt/rustwide/cargo-home/registry/src/github.com-1ecc6299db9ec823/async-global-executor-2.0.2/src/reactor.rs:12:5
[INFO] [stdout]   44:     0x5627f2ceb263 - async_global_executor::executor::block_on::{{closure}}::hc282092485c9874a
[INFO] [stdout]                                at /opt/rustwide/cargo-home/registry/src/github.com-1ecc6299db9ec823/async-global-executor-2.0.2/src/executor.rs:26:36
[INFO] [stdout]   45:     0x5627f2cd8eca - std::thread::local::LocalKey<T>::try_with::h7d228729879ae533
[INFO] [stdout]                                at /rustc/a178d0322ce20e33eac124758e837cbd80a6f633/library/std/src/thread/local.rs:400:16
[INFO] [stdout]   46:     0x5627f2cd8732 - std::thread::local::LocalKey<T>::with::h82424c6e9ea566f9
[INFO] [stdout]                                at /rustc/a178d0322ce20e33eac124758e837cbd80a6f633/library/std/src/thread/local.rs:376:9
[INFO] [stdout]   47:     0x5627f2ceb206 - async_global_executor::executor::block_on::h0fa1565febcf78e7
[INFO] [stdout]                                at /opt/rustwide/cargo-home/registry/src/github.com-1ecc6299db9ec823/async-global-executor-2.0.2/src/executor.rs:26:5
[INFO] [stdout]   48:     0x5627f2cea3c0 - async_std::task::builder::Builder::blocking::{{closure}}::{{closure}}::h5fdc6ee945c0fe8b
[INFO] [stdout]                                at /opt/rustwide/cargo-home/registry/src/github.com-1ecc6299db9ec823/async-std-1.9.0/src/task/builder.rs:171:25
[INFO] [stdout]   49:     0x5627f2cd6cc9 - async_std::task::task_locals_wrapper::TaskLocalsWrapper::set_current::{{closure}}::he0d991661c701877
[INFO] [stdout]                                at /opt/rustwide/cargo-home/registry/src/github.com-1ecc6299db9ec823/async-std-1.9.0/src/task/task_locals_wrapper.rs:60:13
[INFO] [stdout]   50:     0x5627f2cd927a - std::thread::local::LocalKey<T>::try_with::hd6a0cf9bddfe2cb9
[INFO] [stdout]                                at /rustc/a178d0322ce20e33eac124758e837cbd80a6f633/library/std/src/thread/local.rs:400:16
[INFO] [stdout]   51:     0x5627f2cd88e0 - std::thread::local::LocalKey<T>::with::heccaf745bbae259e
[INFO] [stdout]                                at /rustc/a178d0322ce20e33eac124758e837cbd80a6f633/library/std/src/thread/local.rs:376:9
[INFO] [stdout]   52:     0x5627f2cd6b07 - async_std::task::task_locals_wrapper::TaskLocalsWrapper::set_current::h6b119eec391b66b9
[INFO] [stdout]                                at /opt/rustwide/cargo-home/registry/src/github.com-1ecc6299db9ec823/async-std-1.9.0/src/task/task_locals_wrapper.rs:55:9
[INFO] [stdout]   53:     0x5627f2cea332 - async_std::task::builder::Builder::blocking::{{closure}}::h7a9cd77f4fc38f30
[INFO] [stdout]                                at /opt/rustwide/cargo-home/registry/src/github.com-1ecc6299db9ec823/async-std-1.9.0/src/task/builder.rs:168:17
[INFO] [stdout]   54:     0x5627f2cd8b62 - std::thread::local::LocalKey<T>::try_with::h0baae0f853015b74
[INFO] [stdout]                                at /rustc/a178d0322ce20e33eac124758e837cbd80a6f633/library/std/src/thread/local.rs:400:16
[INFO] [stdout]   55:     0x5627f2cd86c2 - std::thread::local::LocalKey<T>::with::h5132414e418ef92a
[INFO] [stdout]                                at /rustc/a178d0322ce20e33eac124758e837cbd80a6f633/library/std/src/thread/local.rs:376:9
[INFO] [stdout]   56:     0x5627f2cea195 - async_std::task::builder::Builder::blocking::h1b489e04e8cbd89b
[INFO] [stdout]                                at /opt/rustwide/cargo-home/registry/src/github.com-1ecc6299db9ec823/async-std-1.9.0/src/task/builder.rs:161:9
[INFO] [stdout]   57:     0x5627f2ce218c - async_std::task::block_on::block_on::h4b2312362b20cc34
[INFO] [stdout]                                at /opt/rustwide/cargo-home/registry/src/github.com-1ecc6299db9ec823/async-std-1.9.0/src/task/block_on.rs:33:5
[INFO] [stdout]   58:     0x5627f2cff0fb - ellipticoin_peerchain_ethereum::test_add::h5e40951683f4a489
[INFO] [stdout]                                at /opt/rustwide/workdir/ellipticoin_peerchain_ethereum/tests/ellipticoin_peerchain_ethereum.rs:15:5
[INFO] [stdout]   59:     0x5627f2cff0ba - ellipticoin_peerchain_ethereum::test_add::{{closure}}::h73dd402bee4220a5
[INFO] [stdout]                                at /opt/rustwide/workdir/ellipticoin_peerchain_ethereum/tests/ellipticoin_peerchain_ethereum.rs:14:1
[INFO] [stdout]   60:     0x5627f2ce2d5e - core::ops::function::FnOnce::call_once::ha1425e5fd54d6c12
[INFO] [stdout]                                at /rustc/a178d0322ce20e33eac124758e837cbd80a6f633/library/core/src/ops/function.rs:227:5
[INFO] [stdout]   61:     0x5627f2fe69a3 - core::ops::function::FnOnce::call_once::h152e7e439ff59e19
[INFO] [stdout]                                at /rustc/a178d0322ce20e33eac124758e837cbd80a6f633/library/core/src/ops/function.rs:227:5
[INFO] [stdout]   62:     0x5627f2fe69a3 - test::__rust_begin_short_backtrace::h0908f3b1fdbb72ab
[INFO] [stdout]                                at /rustc/a178d0322ce20e33eac124758e837cbd80a6f633/library/test/src/lib.rs:577:5
[INFO] [stdout]   63:     0x5627f2fe5460 - <alloc::boxed::Box<F,A> as core::ops::function::FnOnce<Args>>::call_once::hf6d2a51e5587546c
[INFO] [stdout]                                at /rustc/a178d0322ce20e33eac124758e837cbd80a6f633/library/alloc/src/boxed.rs:1575:9
[INFO] [stdout]   64:     0x5627f2fe5460 - <std::panic::AssertUnwindSafe<F> as core::ops::function::FnOnce<()>>::call_once::h8af660f3a89ef593
[INFO] [stdout]                                at /rustc/a178d0322ce20e33eac124758e837cbd80a6f633/library/std/src/panic.rs:347:9
[INFO] [stdout]   65:     0x5627f2fe5460 - std::panicking::try::do_call::hd36aef60f84b6d36
[INFO] [stdout]                                at /rustc/a178d0322ce20e33eac124758e837cbd80a6f633/library/std/src/panicking.rs:401:40
[INFO] [stdout]   66:     0x5627f2fe5460 - std::panicking::try::h9932b4480e69817c
[INFO] [stdout]                                at /rustc/a178d0322ce20e33eac124758e837cbd80a6f633/library/std/src/panicking.rs:365:19
[INFO] [stdout]   67:     0x5627f2fe5460 - std::panic::catch_unwind::h6aa177099cfff5f8
[INFO] [stdout]                                at /rustc/a178d0322ce20e33eac124758e837cbd80a6f633/library/std/src/panic.rs:434:14
[INFO] [stdout]   68:     0x5627f2fe5460 - test::run_test_in_process::h5884d6f2d99e20c3
[INFO] [stdout]                                at /rustc/a178d0322ce20e33eac124758e837cbd80a6f633/library/test/src/lib.rs:600:18
[INFO] [stdout]   69:     0x5627f2fe5460 - test::run_test::run_test_inner::{{closure}}::h6fdc58c6d5f5b6e3
[INFO] [stdout]                                at /rustc/a178d0322ce20e33eac124758e837cbd80a6f633/library/test/src/lib.rs:492:39
[INFO] [stdout]   70:     0x5627f2fbeb12 - test::run_test::run_test_inner::{{closure}}::h408365d67a78ade8
[INFO] [stdout]                                at /rustc/a178d0322ce20e33eac124758e837cbd80a6f633/library/test/src/lib.rs:519:37
[INFO] [stdout]   71:     0x5627f2fbeb12 - std::sys_common::backtrace::__rust_begin_short_backtrace::hb560b77c4f701523
[INFO] [stdout]                                at /rustc/a178d0322ce20e33eac124758e837cbd80a6f633/library/std/src/sys_common/backtrace.rs:125:18
[INFO] [stdout]   72:     0x5627f2fc26c8 - std::thread::Builder::spawn_unchecked::{{closure}}::{{closure}}::hf2e7831dad93c597
[INFO] [stdout]                                at /rustc/a178d0322ce20e33eac124758e837cbd80a6f633/library/std/src/thread/mod.rs:481:17
[INFO] [stdout]   73:     0x5627f2fc26c8 - <std::panic::AssertUnwindSafe<F> as core::ops::function::FnOnce<()>>::call_once::hd2e08783d8be4d02
[INFO] [stdout]                                at /rustc/a178d0322ce20e33eac124758e837cbd80a6f633/library/std/src/panic.rs:347:9
[INFO] [stdout]   74:     0x5627f2fc26c8 - std::panicking::try::do_call::h062597b7acfd6b82
[INFO] [stdout]                                at /rustc/a178d0322ce20e33eac124758e837cbd80a6f633/library/std/src/panicking.rs:401:40
[INFO] [stdout]   75:     0x5627f2fc26c8 - std::panicking::try::h0d7b79db04c14552
[INFO] [stdout]                                at /rustc/a178d0322ce20e33eac124758e837cbd80a6f633/library/std/src/panicking.rs:365:19
[INFO] [stdout]   76:     0x5627f2fc26c8 - std::panic::catch_unwind::hb01a0b5e7c8cd43b
[INFO] [stdout]                                at /rustc/a178d0322ce20e33eac124758e837cbd80a6f633/library/std/src/panic.rs:434:14
[INFO] [stdout]   77:     0x5627f2fc26c8 - std::thread::Builder::spawn_unchecked::{{closure}}::h5bde48cc887e0d1e
[INFO] [stdout]                                at /rustc/a178d0322ce20e33eac124758e837cbd80a6f633/library/std/src/thread/mod.rs:480:30
[INFO] [stdout]   78:     0x5627f2fc26c8 - core::ops::function::FnOnce::call_once{{vtable.shim}}::h745ea30807a29e55
[INFO] [stdout]                                at /rustc/a178d0322ce20e33eac124758e837cbd80a6f633/library/core/src/ops/function.rs:227:5
[INFO] [stdout]   79:     0x5627f3116647 - <alloc::boxed::Box<F,A> as core::ops::function::FnOnce<Args>>::call_once::h7ece6cfefaff1005
[INFO] [stdout]                                at /rustc/a178d0322ce20e33eac124758e837cbd80a6f633/library/alloc/src/boxed.rs:1575:9
[INFO] [stdout]   80:     0x5627f3116647 - <alloc::boxed::Box<F,A> as core::ops::function::FnOnce<Args>>::call_once::hb8b48e55c21f193e
[INFO] [stdout]                                at /rustc/a178d0322ce20e33eac124758e837cbd80a6f633/library/alloc/src/boxed.rs:1575:9
[INFO] [stdout]   81:     0x5627f3116647 - std::sys::unix::thread::Thread::new::thread_start::h8c7c4450dba62914
[INFO] [stdout]                                at /rustc/a178d0322ce20e33eac124758e837cbd80a6f633/library/std/src/sys/unix/thread.rs:71:17
[INFO] [stdout]   82:     0x7f2cc9e9d609 - start_thread
[INFO] [stdout]   83:     0x7f2cc9c6d293 - clone
[INFO] [stdout]   84:                0x0 - <unknown>
[INFO] [stdout] 
[INFO] [stdout] 
[INFO] [stdout] failures:
[INFO] [stdout]     test_add
[INFO] [stdout] 
[INFO] [stdout] test result: FAILED. 0 passed; 1 failed; 0 ignored; 0 measured; 0 filtered out; finished in 0.10s
[INFO] [stdout] 
[INFO] [stderr] error: test failed, to rerun pass '-p ellipticoin_peerchain_ethereum --test ellipticoin_peerchain_ethereum'
[INFO] running `Command { std: "docker" "inspect" "c098dd9c14b58d66bd3b4d771613824f60e4fba6c9309d816ef288bfcde4ab2c", kill_on_drop: false }`
[INFO] running `Command { std: "docker" "rm" "-f" "c098dd9c14b58d66bd3b4d771613824f60e4fba6c9309d816ef288bfcde4ab2c", kill_on_drop: false }`
[INFO] [stdout] c098dd9c14b58d66bd3b4d771613824f60e4fba6c9309d816ef288bfcde4ab2c
