[INFO] cloning repository https://github.com/elipmoc/rustReversi
[INFO] running `Command { std: "git" "-c" "credential.helper=" "-c" "credential.helper=/workspace/cargo-home/bin/git-credential-null" "clone" "--bare" "https://github.com/elipmoc/rustReversi" "/workspace/cache/git-repos/https%3A%2F%2Fgithub.com%2Felipmoc%2FrustReversi", kill_on_drop: false }`
[INFO] [stderr] Cloning into bare repository '/workspace/cache/git-repos/https%3A%2F%2Fgithub.com%2Felipmoc%2FrustReversi'...
[INFO] running `Command { std: "git" "rev-parse" "HEAD", kill_on_drop: false }`
[INFO] [stdout] b5e0aa45755e9aa164e9b58b90d1864e3ce5bfe5
[INFO] testing elipmoc/rustReversi against 1.54.0 for beta-1.55-1
[INFO] running `Command { std: "git" "clone" "/workspace/cache/git-repos/https%3A%2F%2Fgithub.com%2Felipmoc%2FrustReversi" "/workspace/builds/worker-10/source", kill_on_drop: false }`
[INFO] [stderr] Cloning into '/workspace/builds/worker-10/source'...
[INFO] [stderr] done.
[INFO] validating manifest of git repo https://github.com/elipmoc/rustReversi on toolchain 1.54.0
[INFO] running `Command { std: "/workspace/cargo-home/bin/cargo" "+1.54.0" "metadata" "--manifest-path" "Cargo.toml" "--no-deps", kill_on_drop: false }`
[INFO] started tweaking git repo https://github.com/elipmoc/rustReversi
[INFO] finished tweaking git repo https://github.com/elipmoc/rustReversi
[INFO] tweaked toml for git repo https://github.com/elipmoc/rustReversi written to /workspace/builds/worker-10/source/Cargo.toml
[INFO] crate git repo https://github.com/elipmoc/rustReversi already has a lockfile, it will not be regenerated
[INFO] running `Command { std: "/workspace/cargo-home/bin/cargo" "+1.54.0" "fetch" "--manifest-path" "Cargo.toml", kill_on_drop: false }`
[INFO] running `Command { std: "docker" "create" "-v" "/var/lib/crater-agent-workspace/builds/worker-10/target:/opt/rustwide/target:rw,Z" "-v" "/var/lib/crater-agent-workspace/builds/worker-10/source:/opt/rustwide/workdir:ro,Z" "-v" "/var/lib/crater-agent-workspace/cargo-home:/opt/rustwide/cargo-home:ro,Z" "-v" "/var/lib/crater-agent-workspace/rustup-home:/opt/rustwide/rustup-home:ro,Z" "-e" "SOURCE_DIR=/opt/rustwide/workdir" "-e" "CARGO_TARGET_DIR=/opt/rustwide/target" "-e" "CARGO_HOME=/opt/rustwide/cargo-home" "-e" "RUSTUP_HOME=/opt/rustwide/rustup-home" "-w" "/opt/rustwide/workdir" "-m" "1610612736" "--user" "0:0" "--network" "none" "ghcr.io/rust-lang/crates-build-env/linux@sha256:34b6a614d2c27851fe6cbf88fbd1137609cefab8b10d0615aaeb6fd47975d74e" "/opt/rustwide/cargo-home/bin/cargo" "+1.54.0" "metadata" "--no-deps" "--format-version=1", kill_on_drop: false }`
[INFO] [stdout] 64b7f432b83ad7cad2aa666ec1dd3042a84fa2463e0a1b2fb04673da30d24b52
[INFO] [stderr] WARNING: Your kernel does not support swap limit capabilities or the cgroup is not mounted. Memory limited without swap.
[INFO] running `Command { std: "docker" "start" "-a" "64b7f432b83ad7cad2aa666ec1dd3042a84fa2463e0a1b2fb04673da30d24b52", kill_on_drop: false }`
[INFO] running `Command { std: "docker" "inspect" "64b7f432b83ad7cad2aa666ec1dd3042a84fa2463e0a1b2fb04673da30d24b52", kill_on_drop: false }`
[INFO] running `Command { std: "docker" "rm" "-f" "64b7f432b83ad7cad2aa666ec1dd3042a84fa2463e0a1b2fb04673da30d24b52", kill_on_drop: false }`
[INFO] [stdout] 64b7f432b83ad7cad2aa666ec1dd3042a84fa2463e0a1b2fb04673da30d24b52
[INFO] running `Command { std: "docker" "create" "-v" "/var/lib/crater-agent-workspace/builds/worker-10/target:/opt/rustwide/target:rw,Z" "-v" "/var/lib/crater-agent-workspace/builds/worker-10/source:/opt/rustwide/workdir:ro,Z" "-v" "/var/lib/crater-agent-workspace/cargo-home:/opt/rustwide/cargo-home:ro,Z" "-v" "/var/lib/crater-agent-workspace/rustup-home:/opt/rustwide/rustup-home:ro,Z" "-e" "SOURCE_DIR=/opt/rustwide/workdir" "-e" "CARGO_TARGET_DIR=/opt/rustwide/target" "-e" "CARGO_INCREMENTAL=0" "-e" "RUST_BACKTRACE=full" "-e" "RUSTFLAGS=--cap-lints=warn" "-e" "CARGO_HOME=/opt/rustwide/cargo-home" "-e" "RUSTUP_HOME=/opt/rustwide/rustup-home" "-w" "/opt/rustwide/workdir" "-m" "1610612736" "--user" "0:0" "--network" "none" "ghcr.io/rust-lang/crates-build-env/linux@sha256:34b6a614d2c27851fe6cbf88fbd1137609cefab8b10d0615aaeb6fd47975d74e" "/opt/rustwide/cargo-home/bin/cargo" "+1.54.0" "build" "--frozen" "--message-format=json", kill_on_drop: false }`
[INFO] [stdout] 4523ee592c2d5e6497beab7722e90af3c01017ee161d29714be54e5a3eae4c3f
[INFO] [stderr] WARNING: Your kernel does not support swap limit capabilities or the cgroup is not mounted. Memory limited without swap.
[INFO] running `Command { std: "docker" "start" "-a" "4523ee592c2d5e6497beab7722e90af3c01017ee161d29714be54e5a3eae4c3f", kill_on_drop: false }`
[INFO] [stderr]    Compiling rustReversi v0.1.0 (/opt/rustwide/workdir)
[INFO] [stdout] warning: unnecessary parentheses around block return value
[INFO] [stdout]    --> reversi/reversi_board.rs:110:9
[INFO] [stdout]     |
[INFO] [stdout] 110 |         (reverse_list.len() != 0 && self.board.get(x, y) == StoneState::Empty)
[INFO] [stdout]     |         ^^^^^^^^^^^^^^^^^^^^^^^^^^^^^^^^^^^^^^^^^^^^^^^^^^^^^^^^^^^^^^^^^^^^^^ help: remove these parentheses
[INFO] [stdout]     |
[INFO] [stdout]     = note: `#[warn(unused_parens)]` on by default
[INFO] [stdout] 
[INFO] [stdout] 
[INFO] [stdout] warning: unnecessary parentheses around `if` condition
[INFO] [stdout]    --> reversi/reversi_board.rs:169:16
[INFO] [stdout]     |
[INFO] [stdout] 169 |             if (y >= self.board.board.len() || x >= self.board.board[y].len()) {
[INFO] [stdout]     |                ^^^^^^^^^^^^^^^^^^^^^^^^^^^^^^^^^^^^^^^^^^^^^^^^^^^^^^^^^^^^^^^ help: remove these parentheses
[INFO] [stdout] 
[INFO] [stdout] 
[INFO] [stdout] warning: constant `Reversi_Board_Size` should have an upper case name
[INFO] [stdout]  --> reversi/reversi_board.rs:4:7
[INFO] [stdout]   |
[INFO] [stdout] 4 | const Reversi_Board_Size: u16 = 8;
[INFO] [stdout]   |       ^^^^^^^^^^^^^^^^^^ help: convert the identifier to upper case: `REVERSI_BOARD_SIZE`
[INFO] [stdout]   |
[INFO] [stdout]   = note: `#[warn(non_upper_case_globals)]` on by default
[INFO] [stdout] 
[INFO] [stdout] 
[INFO] [stdout] warning: structure field `blackCount` should have a snake case name
[INFO] [stdout]   --> reversi/reversi_board.rs:17:9
[INFO] [stdout]    |
[INFO] [stdout] 17 |     pub blackCount: usize,
[INFO] [stdout]    |         ^^^^^^^^^^ help: convert the identifier to snake case: `black_count`
[INFO] [stdout]    |
[INFO] [stdout]    = note: `#[warn(non_snake_case)]` on by default
[INFO] [stdout] 
[INFO] [stdout] 
[INFO] [stdout] warning: structure field `whiteCount` should have a snake case name
[INFO] [stdout]   --> reversi/reversi_board.rs:18:9
[INFO] [stdout]    |
[INFO] [stdout] 18 |     pub whiteCount: usize,
[INFO] [stdout]    |         ^^^^^^^^^^ help: convert the identifier to snake case: `white_count`
[INFO] [stdout] 
[INFO] [stdout] 
[INFO] [stdout] warning: method `to_StoneState` should have a snake case name
[INFO] [stdout]   --> reversi/reversi_game.rs:19:8
[INFO] [stdout]    |
[INFO] [stdout] 19 |     fn to_StoneState(&self) -> StoneState {
[INFO] [stdout]    |        ^^^^^^^^^^^^^ help: convert the identifier to snake case: `to_stone_state`
[INFO] [stdout] 
[INFO] [stdout] 
[INFO] [stdout] warning: 6 warnings emitted
[INFO] [stdout] 
[INFO] [stdout] 
[INFO] [stdout] warning: crate `rustReversi` should have a snake case name
[INFO] [stdout]   |
[INFO] [stdout]   = note: `#[warn(non_snake_case)]` on by default
[INFO] [stdout]   = help: convert the identifier to snake case: `rust_reversi`
[INFO] [stdout] 
[INFO] [stdout] 
[INFO] [stdout] warning: 1 warning emitted
[INFO] [stdout] 
[INFO] [stdout] 
[INFO] [stderr]     Finished dev [unoptimized + debuginfo] target(s) in 2.77s
[INFO] running `Command { std: "docker" "inspect" "4523ee592c2d5e6497beab7722e90af3c01017ee161d29714be54e5a3eae4c3f", kill_on_drop: false }`
[INFO] running `Command { std: "docker" "rm" "-f" "4523ee592c2d5e6497beab7722e90af3c01017ee161d29714be54e5a3eae4c3f", kill_on_drop: false }`
[INFO] [stdout] 4523ee592c2d5e6497beab7722e90af3c01017ee161d29714be54e5a3eae4c3f
[INFO] running `Command { std: "docker" "create" "-v" "/var/lib/crater-agent-workspace/builds/worker-10/target:/opt/rustwide/target:rw,Z" "-v" "/var/lib/crater-agent-workspace/builds/worker-10/source:/opt/rustwide/workdir:ro,Z" "-v" "/var/lib/crater-agent-workspace/cargo-home:/opt/rustwide/cargo-home:ro,Z" "-v" "/var/lib/crater-agent-workspace/rustup-home:/opt/rustwide/rustup-home:ro,Z" "-e" "SOURCE_DIR=/opt/rustwide/workdir" "-e" "CARGO_TARGET_DIR=/opt/rustwide/target" "-e" "CARGO_INCREMENTAL=0" "-e" "RUST_BACKTRACE=full" "-e" "RUSTFLAGS=--cap-lints=warn" "-e" "CARGO_HOME=/opt/rustwide/cargo-home" "-e" "RUSTUP_HOME=/opt/rustwide/rustup-home" "-w" "/opt/rustwide/workdir" "-m" "1610612736" "--user" "0:0" "--network" "none" "ghcr.io/rust-lang/crates-build-env/linux@sha256:34b6a614d2c27851fe6cbf88fbd1137609cefab8b10d0615aaeb6fd47975d74e" "/opt/rustwide/cargo-home/bin/cargo" "+1.54.0" "test" "--frozen" "--no-run" "--message-format=json", kill_on_drop: false }`
[INFO] [stdout] adcb1546720b28bebf3f75b79ae0b6f8c09affb554dbcb027897b0523cdd4202
[INFO] [stderr] WARNING: Your kernel does not support swap limit capabilities or the cgroup is not mounted. Memory limited without swap.
[INFO] running `Command { std: "docker" "start" "-a" "adcb1546720b28bebf3f75b79ae0b6f8c09affb554dbcb027897b0523cdd4202", kill_on_drop: false }`
[INFO] [stdout] warning: unnecessary parentheses around block return value
[INFO] [stdout]    --> reversi/reversi_board.rs:110:9
[INFO] [stdout]     |
[INFO] [stdout] 110 |         (reverse_list.len() != 0 && self.board.get(x, y) == StoneState::Empty)
[INFO] [stdout]     |         ^^^^^^^^^^^^^^^^^^^^^^^^^^^^^^^^^^^^^^^^^^^^^^^^^^^^^^^^^^^^^^^^^^^^^^ help: remove these parentheses
[INFO] [stdout]     |
[INFO] [stdout]     = note: `#[warn(unused_parens)]` on by default
[INFO] [stdout] 
[INFO] [stdout] 
[INFO] [stdout] warning: unnecessary parentheses around `if` condition
[INFO] [stdout]    --> reversi/reversi_board.rs:169:16
[INFO] [stdout]     |
[INFO] [stdout] 169 |             if (y >= self.board.board.len() || x >= self.board.board[y].len()) {
[INFO] [stdout]     |                ^^^^^^^^^^^^^^^^^^^^^^^^^^^^^^^^^^^^^^^^^^^^^^^^^^^^^^^^^^^^^^^ help: remove these parentheses
[INFO] [stdout] 
[INFO] [stdout] 
[INFO] [stdout] warning: constant `Reversi_Board_Size` should have an upper case name
[INFO] [stdout]  --> reversi/reversi_board.rs:4:7
[INFO] [stdout]   |
[INFO] [stdout] 4 | const Reversi_Board_Size: u16 = 8;
[INFO] [stdout]   |       ^^^^^^^^^^^^^^^^^^ help: convert the identifier to upper case: `REVERSI_BOARD_SIZE`
[INFO] [stdout]   |
[INFO] [stdout]   = note: `#[warn(non_upper_case_globals)]` on by default
[INFO] [stdout] 
[INFO] [stdout] 
[INFO] [stdout] warning: structure field `blackCount` should have a snake case name
[INFO] [stdout]   --> reversi/reversi_board.rs:17:9
[INFO] [stdout]    |
[INFO] [stdout] 17 |     pub blackCount: usize,
[INFO] [stdout]    |         ^^^^^^^^^^ help: convert the identifier to snake case: `black_count`
[INFO] [stdout]    |
[INFO] [stdout]    = note: `#[warn(non_snake_case)]` on by default
[INFO] [stdout] 
[INFO] [stdout] 
[INFO] [stdout] warning: structure field `whiteCount` should have a snake case name
[INFO] [stdout]   --> reversi/reversi_board.rs:18:9
[INFO] [stdout]    |
[INFO] [stdout] 18 |     pub whiteCount: usize,
[INFO] [stdout]    |         ^^^^^^^^^^ help: convert the identifier to snake case: `white_count`
[INFO] [stdout] 
[INFO] [stdout] 
[INFO] [stdout] warning: method `to_StoneState` should have a snake case name
[INFO] [stdout]   --> reversi/reversi_game.rs:19:8
[INFO] [stdout]    |
[INFO] [stdout] 19 |     fn to_StoneState(&self) -> StoneState {
[INFO] [stdout]    |        ^^^^^^^^^^^^^ help: convert the identifier to snake case: `to_stone_state`
[INFO] [stdout] 
[INFO] [stdout] 
[INFO] [stdout] warning: 6 warnings emitted
[INFO] [stdout] 
[INFO] [stdout] 
[INFO] [stdout] warning: crate `rustReversi` should have a snake case name
[INFO] [stdout]   |
[INFO] [stdout]   = note: `#[warn(non_snake_case)]` on by default
[INFO] [stdout]   = help: convert the identifier to snake case: `rust_reversi`
[INFO] [stdout] 
[INFO] [stdout] 
[INFO] [stdout] warning: 1 warning emitted
[INFO] [stdout] 
[INFO] [stdout] 
[INFO] [stderr]    Compiling rustReversi v0.1.0 (/opt/rustwide/workdir)
[INFO] [stdout] warning: crate `rustReversi` should have a snake case name
[INFO] [stdout]   |
[INFO] [stdout]   = note: `#[warn(non_snake_case)]` on by default
[INFO] [stdout]   = help: convert the identifier to snake case: `rust_reversi`
[INFO] [stdout] 
[INFO] [stdout] 
[INFO] [stdout] warning: unnecessary parentheses around block return value
[INFO] [stdout]    --> reversi/reversi_board.rs:110:9
[INFO] [stdout]     |
[INFO] [stdout] 110 |         (reverse_list.len() != 0 && self.board.get(x, y) == StoneState::Empty)
[INFO] [stdout]     |         ^^^^^^^^^^^^^^^^^^^^^^^^^^^^^^^^^^^^^^^^^^^^^^^^^^^^^^^^^^^^^^^^^^^^^^ help: remove these parentheses
[INFO] [stdout]     |
[INFO] [stdout]     = note: `#[warn(unused_parens)]` on by default
[INFO] [stdout] 
[INFO] [stdout] 
[INFO] [stdout] warning: unnecessary parentheses around `if` condition
[INFO] [stdout]    --> reversi/reversi_board.rs:169:16
[INFO] [stdout]     |
[INFO] [stdout] 169 |             if (y >= self.board.board.len() || x >= self.board.board[y].len()) {
[INFO] [stdout]     |                ^^^^^^^^^^^^^^^^^^^^^^^^^^^^^^^^^^^^^^^^^^^^^^^^^^^^^^^^^^^^^^^ help: remove these parentheses
[INFO] [stdout] 
[INFO] [stdout] 
[INFO] [stdout] warning: constant `Reversi_Board_Size` should have an upper case name
[INFO] [stdout]  --> reversi/reversi_board.rs:4:7
[INFO] [stdout]   |
[INFO] [stdout] 4 | const Reversi_Board_Size: u16 = 8;
[INFO] [stdout]   |       ^^^^^^^^^^^^^^^^^^ help: convert the identifier to upper case: `REVERSI_BOARD_SIZE`
[INFO] [stdout]   |
[INFO] [stdout]   = note: `#[warn(non_upper_case_globals)]` on by default
[INFO] [stdout] 
[INFO] [stdout] 
[INFO] [stdout] warning: structure field `blackCount` should have a snake case name
[INFO] [stdout]   --> reversi/reversi_board.rs:17:9
[INFO] [stdout]    |
[INFO] [stdout] 17 |     pub blackCount: usize,
[INFO] [stdout]    |         ^^^^^^^^^^ help: convert the identifier to snake case: `black_count`
[INFO] [stdout]    |
[INFO] [stdout]    = note: `#[warn(non_snake_case)]` on by default
[INFO] [stdout] 
[INFO] [stdout] 
[INFO] [stdout] warning: structure field `whiteCount` should have a snake case name
[INFO] [stdout]   --> reversi/reversi_board.rs:18:9
[INFO] [stdout]    |
[INFO] [stdout] 18 |     pub whiteCount: usize,
[INFO] [stdout]    |         ^^^^^^^^^^ help: convert the identifier to snake case: `white_count`
[INFO] [stdout] 
[INFO] [stdout] 
[INFO] [stdout] warning: method `to_StoneState` should have a snake case name
[INFO] [stdout]   --> reversi/reversi_game.rs:19:8
[INFO] [stdout]    |
[INFO] [stdout] 19 |     fn to_StoneState(&self) -> StoneState {
[INFO] [stdout]    |        ^^^^^^^^^^^^^ help: convert the identifier to snake case: `to_stone_state`
[INFO] [stdout] 
[INFO] [stdout] 
[INFO] [stdout] warning: 6 warnings emitted
[INFO] [stdout] 
[INFO] [stdout] 
[INFO] [stdout] warning: 1 warning emitted
[INFO] [stdout] 
[INFO] [stdout] 
[INFO] [stderr]     Finished test [unoptimized + debuginfo] target(s) in 2.16s
[INFO] running `Command { std: "docker" "inspect" "adcb1546720b28bebf3f75b79ae0b6f8c09affb554dbcb027897b0523cdd4202", kill_on_drop: false }`
[INFO] running `Command { std: "docker" "rm" "-f" "adcb1546720b28bebf3f75b79ae0b6f8c09affb554dbcb027897b0523cdd4202", kill_on_drop: false }`
[INFO] [stdout] adcb1546720b28bebf3f75b79ae0b6f8c09affb554dbcb027897b0523cdd4202
[INFO] running `Command { std: "docker" "create" "-v" "/var/lib/crater-agent-workspace/builds/worker-10/target:/opt/rustwide/target:rw,Z" "-v" "/var/lib/crater-agent-workspace/builds/worker-10/source:/opt/rustwide/workdir:ro,Z" "-v" "/var/lib/crater-agent-workspace/cargo-home:/opt/rustwide/cargo-home:ro,Z" "-v" "/var/lib/crater-agent-workspace/rustup-home:/opt/rustwide/rustup-home:ro,Z" "-e" "SOURCE_DIR=/opt/rustwide/workdir" "-e" "CARGO_TARGET_DIR=/opt/rustwide/target" "-e" "CARGO_INCREMENTAL=0" "-e" "RUST_BACKTRACE=full" "-e" "RUSTFLAGS=--cap-lints=warn" "-e" "CARGO_HOME=/opt/rustwide/cargo-home" "-e" "RUSTUP_HOME=/opt/rustwide/rustup-home" "-w" "/opt/rustwide/workdir" "-m" "1610612736" "--user" "0:0" "--network" "none" "ghcr.io/rust-lang/crates-build-env/linux@sha256:34b6a614d2c27851fe6cbf88fbd1137609cefab8b10d0615aaeb6fd47975d74e" "/opt/rustwide/cargo-home/bin/cargo" "+1.54.0" "test" "--frozen", kill_on_drop: false }`
[INFO] [stdout] 7888a032343a6b71356cd11e25fbde667e2750f6a7221121fb8213ac2a9294f7
[INFO] [stderr] WARNING: Your kernel does not support swap limit capabilities or the cgroup is not mounted. Memory limited without swap.
[INFO] running `Command { std: "docker" "start" "-a" "7888a032343a6b71356cd11e25fbde667e2750f6a7221121fb8213ac2a9294f7", kill_on_drop: false }`
[INFO] [stderr] warning: unnecessary parentheses around block return value
[INFO] [stderr]    --> reversi/reversi_board.rs:110:9
[INFO] [stderr]     |
[INFO] [stderr] 110 |         (reverse_list.len() != 0 && self.board.get(x, y) == StoneState::Empty)
[INFO] [stderr]     |         ^^^^^^^^^^^^^^^^^^^^^^^^^^^^^^^^^^^^^^^^^^^^^^^^^^^^^^^^^^^^^^^^^^^^^^ help: remove these parentheses
[INFO] [stderr]     |
[INFO] [stderr]     = note: `#[warn(unused_parens)]` on by default
[INFO] [stderr] 
[INFO] [stderr] warning: unnecessary parentheses around `if` condition
[INFO] [stderr]    --> reversi/reversi_board.rs:169:16
[INFO] [stderr]     |
[INFO] [stderr] 169 |             if (y >= self.board.board.len() || x >= self.board.board[y].len()) {
[INFO] [stderr]     |                ^^^^^^^^^^^^^^^^^^^^^^^^^^^^^^^^^^^^^^^^^^^^^^^^^^^^^^^^^^^^^^^ help: remove these parentheses
[INFO] [stderr] 
[INFO] [stderr] warning: constant `Reversi_Board_Size` should have an upper case name
[INFO] [stderr]  --> reversi/reversi_board.rs:4:7
[INFO] [stderr]   |
[INFO] [stderr] 4 | const Reversi_Board_Size: u16 = 8;
[INFO] [stderr]   |       ^^^^^^^^^^^^^^^^^^ help: convert the identifier to upper case: `REVERSI_BOARD_SIZE`
[INFO] [stderr]   |
[INFO] [stderr]   = note: `#[warn(non_upper_case_globals)]` on by default
[INFO] [stderr] 
[INFO] [stderr] warning: structure field `blackCount` should have a snake case name
[INFO] [stderr]   --> reversi/reversi_board.rs:17:9
[INFO] [stderr]    |
[INFO] [stderr] 17 |     pub blackCount: usize,
[INFO] [stderr]    |         ^^^^^^^^^^ help: convert the identifier to snake case: `black_count`
[INFO] [stderr]    |
[INFO] [stderr]    = note: `#[warn(non_snake_case)]` on by default
[INFO] [stderr] 
[INFO] [stderr] warning: structure field `whiteCount` should have a snake case name
[INFO] [stderr]   --> reversi/reversi_board.rs:18:9
[INFO] [stderr]    |
[INFO] [stderr] 18 |     pub whiteCount: usize,
[INFO] [stderr]    |         ^^^^^^^^^^ help: convert the identifier to snake case: `white_count`
[INFO] [stderr] 
[INFO] [stderr] warning: method `to_StoneState` should have a snake case name
[INFO] [stderr]   --> reversi/reversi_game.rs:19:8
[INFO] [stderr]    |
[INFO] [stderr] 19 |     fn to_StoneState(&self) -> StoneState {
[INFO] [stderr]    |        ^^^^^^^^^^^^^ help: convert the identifier to snake case: `to_stone_state`
[INFO] [stderr] 
[INFO] [stderr] warning: 6 warnings emitted
[INFO] [stderr] 
[INFO] [stderr] warning: unnecessary parentheses around block return value
[INFO] [stderr]    --> reversi/reversi_board.rs:110:9
[INFO] [stderr]     |
[INFO] [stderr] 110 |         (reverse_list.len() != 0 && self.board.get(x, y) == StoneState::Empty)
[INFO] [stderr]     |         ^^^^^^^^^^^^^^^^^^^^^^^^^^^^^^^^^^^^^^^^^^^^^^^^^^^^^^^^^^^^^^^^^^^^^^ help: remove these parentheses
[INFO] [stderr]     |
[INFO] [stderr]     = note: `#[warn(unused_parens)]` on by default
[INFO] [stderr] 
[INFO] [stderr] warning: unnecessary parentheses around `if` condition
[INFO] [stderr]    --> reversi/reversi_board.rs:169:16
[INFO] [stderr]     |
[INFO] [stderr] 169 |             if (y >= self.board.board.len() || x >= self.board.board[y].len()) {
[INFO] [stderr]     |                ^^^^^^^^^^^^^^^^^^^^^^^^^^^^^^^^^^^^^^^^^^^^^^^^^^^^^^^^^^^^^^^ help: remove these parentheses
[INFO] [stderr] 
[INFO] [stderr] warning: constant `Reversi_Board_Size` should have an upper case name
[INFO] [stderr]  --> reversi/reversi_board.rs:4:7
[INFO] [stderr]   |
[INFO] [stderr] 4 | const Reversi_Board_Size: u16 = 8;
[INFO] [stderr]   |       ^^^^^^^^^^^^^^^^^^ help: convert the identifier to upper case: `REVERSI_BOARD_SIZE`
[INFO] [stderr]   |
[INFO] [stderr]   = note: `#[warn(non_upper_case_globals)]` on by default
[INFO] [stderr] 
[INFO] [stderr] warning: structure field `blackCount` should have a snake case name
[INFO] [stderr]   --> reversi/reversi_board.rs:17:9
[INFO] [stderr]    |
[INFO] [stderr] 17 |     pub blackCount: usize,
[INFO] [stderr]    |         ^^^^^^^^^^ help: convert the identifier to snake case: `black_count`
[INFO] [stderr]    |
[INFO] [stderr]    = note: `#[warn(non_snake_case)]` on by default
[INFO] [stderr] 
[INFO] [stderr] warning: structure field `whiteCount` should have a snake case name
[INFO] [stderr]   --> reversi/reversi_board.rs:18:9
[INFO] [stderr]    |
[INFO] [stderr] 18 |     pub whiteCount: usize,
[INFO] [stderr]    |         ^^^^^^^^^^ help: convert the identifier to snake case: `white_count`
[INFO] [stderr] 
[INFO] [stderr] warning: method `to_StoneState` should have a snake case name
[INFO] [stderr]   --> reversi/reversi_game.rs:19:8
[INFO] [stderr]    |
[INFO] [stderr] 19 |     fn to_StoneState(&self) -> StoneState {
[INFO] [stderr]    |        ^^^^^^^^^^^^^ help: convert the identifier to snake case: `to_stone_state`
[INFO] [stderr] 
[INFO] [stderr] warning: 6 warnings emitted
[INFO] [stderr] 
[INFO] [stderr] warning: crate `rustReversi` should have a snake case name
[INFO] [stderr]   |
[INFO] [stderr]   = note: `#[warn(non_snake_case)]` on by default
[INFO] [stderr]   = help: convert the identifier to snake case: `rust_reversi`
[INFO] [stderr] 
[INFO] [stderr] warning: 1 warning emitted
[INFO] [stderr] 
[INFO] [stderr] warning: crate `rustReversi` should have a snake case name
[INFO] [stderr]   |
[INFO] [stderr]   = note: `#[warn(non_snake_case)]` on by default
[INFO] [stderr]   = help: convert the identifier to snake case: `rust_reversi`
[INFO] [stderr] 
[INFO] [stderr] warning: 1 warning emitted
[INFO] [stderr] 
[INFO] [stderr]     Finished test [unoptimized + debuginfo] target(s) in 0.01s
[INFO] [stdout] 
[INFO] [stderr]      Running unittests (/opt/rustwide/target/debug/deps/reversi-4458c0948e73641c)
[INFO] [stdout] running 0 tests
[INFO] [stderr]      Running unittests (/opt/rustwide/target/debug/deps/rustReversi-6a486ece678343b3)
[INFO] [stdout] 
[INFO] [stdout] test result: ok. 0 passed; 0 failed; 0 ignored; 0 measured; 0 filtered out; finished in 0.00s
[INFO] [stdout] 
[INFO] [stderr]      Running tests/lib.rs (/opt/rustwide/target/debug/deps/lib-fa992bd25dde4b53)
[INFO] [stdout] 
[INFO] [stdout] running 0 tests
[INFO] [stdout] 
[INFO] [stdout] test result: ok. 0 passed; 0 failed; 0 ignored; 0 measured; 0 filtered out; finished in 0.00s
[INFO] [stdout] 
[INFO] [stdout] 
[INFO] [stdout] running 2 tests
[INFO] [stdout] test count_stone_test ... ok
[INFO] [stderr] error: test failed, to rerun pass '--test lib'
[INFO] [stdout] test show_test ... FAILED
[INFO] [stdout] 
[INFO] [stdout] failures:
[INFO] [stdout] 
[INFO] [stdout] ---- show_test stdout ----
[INFO] [stdout] thread 'show_test' panicked at 'assertion failed: `(left == right)`
[INFO] [stdout]   left: `"  | 0 | 1 | 2 | 3 | 4 | 5 | 6 | 7 |\n――――――――――――――――――――――――――――――――――\n0 |   |   |   |   |   |   |   |   | \n――――――――――――――――――――――――――――――――――\n1 |   |   |   |   |   |   |   |   | \n――――――――――――――――――――――――――――――――――\n2 |   |   |   |   |   |   |   |   | \n――――――――――――――――――――――――――――――――――\n3 |   |   |   | o | x |   |   |   | \n――――――――――――――――――――――――――――――――――\n4 |   |   |   | x | o |   |   |   | \n――――――――――――――――――――――――――――――――――\n5 |   |   |   |   |   |   |   |   | \n――――――――――――――――――――――――――――――――――\n6 |   |   |   |   |   |   |   |   | \n――――――――――――――――――――――――――――――――――\n7 |   |   |   |   |   |   |   |   | \n"`,
[INFO] [stdout]  right: `"  | 0 | 1 | 2 | 3 | 4 | 5 | 6 | 7 |\n――――――――――――――――――――――――――――――――――\n0 |   |   |   |   |   |   |   |   | \n――――――――――――――――――――――――――――――――――\n1 |   |   |   |   |   |   |   |   | \n――――――――――――――――――――――――――――――――――\n2 |   |   |   |   |   |   |   |   | \n――――――――――――――――――――――――――――――――――\n3 |   |   |   | ○ | × |   |   |   | \n――――――――――――――――――――――――――――――――――\n4 |   |   |   | × | ○ |   |   |   | \n――――――――――――――――――――――――――――――――――\n5 |   |   |   |   |   |   |   |   | \n――――――――――――――――――――――――――――――――――\n6 |   |   |   |   |   |   |   |   | \n――――――――――――――――――――――――――――――――――\n7 |   |   |   |   |   |   |   |   | \n"`', tests/lib.rs:8:5
[INFO] [stdout] stack backtrace:
[INFO] [stdout]    0:     0x558e0eaecbd0 - std::backtrace_rs::backtrace::libunwind::trace::h34055254b57d8e79
[INFO] [stdout]                                at /rustc/a178d0322ce20e33eac124758e837cbd80a6f633/library/std/src/../../backtrace/src/backtrace/libunwind.rs:90:5
[INFO] [stdout]    1:     0x558e0eaecbd0 - std::backtrace_rs::backtrace::trace_unsynchronized::h8f1e3fbd9afff6ec
[INFO] [stdout]                                at /rustc/a178d0322ce20e33eac124758e837cbd80a6f633/library/std/src/../../backtrace/src/backtrace/mod.rs:66:5
[INFO] [stdout]    2:     0x558e0eaecbd0 - std::sys_common::backtrace::_print_fmt::h3a99a796b770c360
[INFO] [stdout]                                at /rustc/a178d0322ce20e33eac124758e837cbd80a6f633/library/std/src/sys_common/backtrace.rs:67:5
[INFO] [stdout]    3:     0x558e0eaecbd0 - <std::sys_common::backtrace::_print::DisplayBacktrace as core::fmt::Display>::fmt::h32d1f94a80615d18
[INFO] [stdout]                                at /rustc/a178d0322ce20e33eac124758e837cbd80a6f633/library/std/src/sys_common/backtrace.rs:46:22
[INFO] [stdout]    4:     0x558e0eb0f3cc - core::fmt::write::h306731c068f7162c
[INFO] [stdout]                                at /rustc/a178d0322ce20e33eac124758e837cbd80a6f633/library/core/src/fmt/mod.rs:1110:17
[INFO] [stdout]    5:     0x558e0eae9af5 - std::io::Write::write_fmt::h87f19b0a2cd190bc
[INFO] [stdout]                                at /rustc/a178d0322ce20e33eac124758e837cbd80a6f633/library/std/src/io/mod.rs:1588:15
[INFO] [stdout]    6:     0x558e0eaeed3b - std::sys_common::backtrace::_print::h5abaa2601a852287
[INFO] [stdout]                                at /rustc/a178d0322ce20e33eac124758e837cbd80a6f633/library/std/src/sys_common/backtrace.rs:49:5
[INFO] [stdout]    7:     0x558e0eaeed3b - std::sys_common::backtrace::print::h8d81445442bb638f
[INFO] [stdout]                                at /rustc/a178d0322ce20e33eac124758e837cbd80a6f633/library/std/src/sys_common/backtrace.rs:36:9
[INFO] [stdout]    8:     0x558e0eaeed3b - std::panicking::default_hook::{{closure}}::hcfe804496a9fa747
[INFO] [stdout]                                at /rustc/a178d0322ce20e33eac124758e837cbd80a6f633/library/std/src/panicking.rs:208:50
[INFO] [stdout]    9:     0x558e0eaee84c - std::panicking::default_hook::hbea8e3ccf2ba8901
[INFO] [stdout]                                at /rustc/a178d0322ce20e33eac124758e837cbd80a6f633/library/std/src/panicking.rs:222:9
[INFO] [stdout]   10:     0x558e0eaef404 - std::panicking::rust_panic_with_hook::h7ee9e1a2d0f8975a
[INFO] [stdout]                                at /rustc/a178d0322ce20e33eac124758e837cbd80a6f633/library/std/src/panicking.rs:622:17
[INFO] [stdout]   11:     0x558e0eaeeee7 - std::panicking::begin_panic_handler::{{closure}}::h8ab3b4491718b2c7
[INFO] [stdout]                                at /rustc/a178d0322ce20e33eac124758e837cbd80a6f633/library/std/src/panicking.rs:519:13
[INFO] [stdout]   12:     0x558e0eaed0cc - std::sys_common::backtrace::__rust_end_short_backtrace::hd489062ffa586a9f
[INFO] [stdout]                                at /rustc/a178d0322ce20e33eac124758e837cbd80a6f633/library/std/src/sys_common/backtrace.rs:141:18
[INFO] [stdout]   13:     0x558e0eaeee49 - rust_begin_unwind
[INFO] [stdout]                                at /rustc/a178d0322ce20e33eac124758e837cbd80a6f633/library/std/src/panicking.rs:515:5
[INFO] [stdout]   14:     0x558e0ea90651 - core::panicking::panic_fmt::hca6330e3e14086b4
[INFO] [stdout]                                at /rustc/a178d0322ce20e33eac124758e837cbd80a6f633/library/core/src/panicking.rs:92:14
[INFO] [stdout]   15:     0x558e0eb0dce8 - core::panicking::assert_failed_inner::h33b45280069a80ed
[INFO] [stdout]   16:     0x558e0ea9149e - core::panicking::assert_failed::h1b03eaeb2c214cc6
[INFO] [stdout]                                at /rustc/a178d0322ce20e33eac124758e837cbd80a6f633/library/core/src/panicking.rs:117:5
[INFO] [stdout]   17:     0x558e0ea918ee - lib::show_test::h21de42f301d96723
[INFO] [stdout]                                at /opt/rustwide/workdir/tests/lib.rs:8:5
[INFO] [stdout]   18:     0x558e0ea917da - lib::show_test::{{closure}}::h09a2d09aada1db9a
[INFO] [stdout]                                at /opt/rustwide/workdir/tests/lib.rs:6:1
[INFO] [stdout]   19:     0x558e0ea912ee - core::ops::function::FnOnce::call_once::h4adb9e098981ccab
[INFO] [stdout]                                at /rustc/a178d0322ce20e33eac124758e837cbd80a6f633/library/core/src/ops/function.rs:227:5
[INFO] [stdout]   20:     0x558e0eab9ea3 - core::ops::function::FnOnce::call_once::h152e7e439ff59e19
[INFO] [stdout]                                at /rustc/a178d0322ce20e33eac124758e837cbd80a6f633/library/core/src/ops/function.rs:227:5
[INFO] [stdout]   21:     0x558e0eab9ea3 - test::__rust_begin_short_backtrace::h0908f3b1fdbb72ab
[INFO] [stdout]                                at /rustc/a178d0322ce20e33eac124758e837cbd80a6f633/library/test/src/lib.rs:577:5
[INFO] [stdout]   22:     0x558e0eab8960 - <alloc::boxed::Box<F,A> as core::ops::function::FnOnce<Args>>::call_once::hf6d2a51e5587546c
[INFO] [stdout]                                at /rustc/a178d0322ce20e33eac124758e837cbd80a6f633/library/alloc/src/boxed.rs:1575:9
[INFO] [stdout]   23:     0x558e0eab8960 - <std::panic::AssertUnwindSafe<F> as core::ops::function::FnOnce<()>>::call_once::h8af660f3a89ef593
[INFO] [stdout]                                at /rustc/a178d0322ce20e33eac124758e837cbd80a6f633/library/std/src/panic.rs:347:9
[INFO] [stdout]   24:     0x558e0eab8960 - std::panicking::try::do_call::hd36aef60f84b6d36
[INFO] [stdout]                                at /rustc/a178d0322ce20e33eac124758e837cbd80a6f633/library/std/src/panicking.rs:401:40
[INFO] [stdout]   25:     0x558e0eab8960 - std::panicking::try::h9932b4480e69817c
[INFO] [stdout]                                at /rustc/a178d0322ce20e33eac124758e837cbd80a6f633/library/std/src/panicking.rs:365:19
[INFO] [stdout]   26:     0x558e0eab8960 - std::panic::catch_unwind::h6aa177099cfff5f8
[INFO] [stdout]                                at /rustc/a178d0322ce20e33eac124758e837cbd80a6f633/library/std/src/panic.rs:434:14
[INFO] [stdout]   27:     0x558e0eab8960 - test::run_test_in_process::h5884d6f2d99e20c3
[INFO] [stdout]                                at /rustc/a178d0322ce20e33eac124758e837cbd80a6f633/library/test/src/lib.rs:600:18
[INFO] [stdout]   28:     0x558e0eab8960 - test::run_test::run_test_inner::{{closure}}::h6fdc58c6d5f5b6e3
[INFO] [stdout]                                at /rustc/a178d0322ce20e33eac124758e837cbd80a6f633/library/test/src/lib.rs:492:39
[INFO] [stdout]   29:     0x558e0ea92012 - test::run_test::run_test_inner::{{closure}}::h408365d67a78ade8
[INFO] [stdout]                                at /rustc/a178d0322ce20e33eac124758e837cbd80a6f633/library/test/src/lib.rs:519:37
[INFO] [stdout]   30:     0x558e0ea92012 - std::sys_common::backtrace::__rust_begin_short_backtrace::hb560b77c4f701523
[INFO] [stdout]                                at /rustc/a178d0322ce20e33eac124758e837cbd80a6f633/library/std/src/sys_common/backtrace.rs:125:18
[INFO] [stdout]   31:     0x558e0ea95bc8 - std::thread::Builder::spawn_unchecked::{{closure}}::{{closure}}::hf2e7831dad93c597
[INFO] [stdout]                                at /rustc/a178d0322ce20e33eac124758e837cbd80a6f633/library/std/src/thread/mod.rs:481:17
[INFO] [stdout]   32:     0x558e0ea95bc8 - <std::panic::AssertUnwindSafe<F> as core::ops::function::FnOnce<()>>::call_once::hd2e08783d8be4d02
[INFO] [stdout]                                at /rustc/a178d0322ce20e33eac124758e837cbd80a6f633/library/std/src/panic.rs:347:9
[INFO] [stdout]   33:     0x558e0ea95bc8 - std::panicking::try::do_call::h062597b7acfd6b82
[INFO] [stdout]                                at /rustc/a178d0322ce20e33eac124758e837cbd80a6f633/library/std/src/panicking.rs:401:40
[INFO] [stdout]   34:     0x558e0ea95bc8 - std::panicking::try::h0d7b79db04c14552
[INFO] [stdout]                                at /rustc/a178d0322ce20e33eac124758e837cbd80a6f633/library/std/src/panicking.rs:365:19
[INFO] [stdout]   35:     0x558e0ea95bc8 - std::panic::catch_unwind::hb01a0b5e7c8cd43b
[INFO] [stdout]                                at /rustc/a178d0322ce20e33eac124758e837cbd80a6f633/library/std/src/panic.rs:434:14
[INFO] [stdout]   36:     0x558e0ea95bc8 - std::thread::Builder::spawn_unchecked::{{closure}}::h5bde48cc887e0d1e
[INFO] [stdout]                                at /rustc/a178d0322ce20e33eac124758e837cbd80a6f633/library/std/src/thread/mod.rs:480:30
[INFO] [stdout]   37:     0x558e0ea95bc8 - core::ops::function::FnOnce::call_once{{vtable.shim}}::h745ea30807a29e55
[INFO] [stdout]                                at /rustc/a178d0322ce20e33eac124758e837cbd80a6f633/library/core/src/ops/function.rs:227:5
[INFO] [stdout]   38:     0x558e0eaf3ec7 - <alloc::boxed::Box<F,A> as core::ops::function::FnOnce<Args>>::call_once::h7ece6cfefaff1005
[INFO] [stdout]                                at /rustc/a178d0322ce20e33eac124758e837cbd80a6f633/library/alloc/src/boxed.rs:1575:9
[INFO] [stdout]   39:     0x558e0eaf3ec7 - <alloc::boxed::Box<F,A> as core::ops::function::FnOnce<Args>>::call_once::hb8b48e55c21f193e
[INFO] [stdout]                                at /rustc/a178d0322ce20e33eac124758e837cbd80a6f633/library/alloc/src/boxed.rs:1575:9
[INFO] [stdout]   40:     0x558e0eaf3ec7 - std::sys::unix::thread::Thread::new::thread_start::h8c7c4450dba62914
[INFO] [stdout]                                at /rustc/a178d0322ce20e33eac124758e837cbd80a6f633/library/std/src/sys/unix/thread.rs:71:17
[INFO] [stdout]   41:     0x7f99dfd2f609 - start_thread
[INFO] [stdout]   42:     0x7f99dfb01293 - clone
[INFO] [stdout]   43:                0x0 - <unknown>
[INFO] [stdout] 
[INFO] [stdout] 
[INFO] [stdout] failures:
[INFO] [stdout]     show_test
[INFO] [stdout] 
[INFO] [stdout] test result: FAILED. 1 passed; 1 failed; 0 ignored; 0 measured; 0 filtered out; finished in 0.03s
[INFO] [stdout] 
[INFO] running `Command { std: "docker" "inspect" "7888a032343a6b71356cd11e25fbde667e2750f6a7221121fb8213ac2a9294f7", kill_on_drop: false }`
[INFO] running `Command { std: "docker" "rm" "-f" "7888a032343a6b71356cd11e25fbde667e2750f6a7221121fb8213ac2a9294f7", kill_on_drop: false }`
[INFO] [stdout] 7888a032343a6b71356cd11e25fbde667e2750f6a7221121fb8213ac2a9294f7
