[INFO] cloning repository https://github.com/earlgray283/Rust-Competitive-Programming
[INFO] running `Command { std: "git" "-c" "credential.helper=" "-c" "credential.helper=/workspace/cargo-home/bin/git-credential-null" "clone" "--bare" "https://github.com/earlgray283/Rust-Competitive-Programming" "/workspace/cache/git-repos/https%3A%2F%2Fgithub.com%2Fearlgray283%2FRust-Competitive-Programming", kill_on_drop: false }`
[INFO] [stderr] Cloning into bare repository '/workspace/cache/git-repos/https%3A%2F%2Fgithub.com%2Fearlgray283%2FRust-Competitive-Programming'...
[INFO] running `Command { std: "git" "rev-parse" "HEAD", kill_on_drop: false }`
[INFO] [stdout] fac320559fd6114031183083f7b24a471443a445
[INFO] testing earlgray283/Rust-Competitive-Programming against beta-2021-08-01 for beta-1.55-1
[INFO] running `Command { std: "git" "clone" "/workspace/cache/git-repos/https%3A%2F%2Fgithub.com%2Fearlgray283%2FRust-Competitive-Programming" "/workspace/builds/worker-50/source", kill_on_drop: false }`
[INFO] [stderr] Cloning into '/workspace/builds/worker-50/source'...
[INFO] [stderr] done.
[INFO] validating manifest of git repo https://github.com/earlgray283/Rust-Competitive-Programming on toolchain beta-2021-08-01
[INFO] running `Command { std: "/workspace/cargo-home/bin/cargo" "+beta-2021-08-01" "metadata" "--manifest-path" "Cargo.toml" "--no-deps", kill_on_drop: false }`
[INFO] started tweaking git repo https://github.com/earlgray283/Rust-Competitive-Programming
[INFO] finished tweaking git repo https://github.com/earlgray283/Rust-Competitive-Programming
[INFO] tweaked toml for git repo https://github.com/earlgray283/Rust-Competitive-Programming written to /workspace/builds/worker-50/source/Cargo.toml
[INFO] crate git repo https://github.com/earlgray283/Rust-Competitive-Programming already has a lockfile, it will not be regenerated
[INFO] running `Command { std: "/workspace/cargo-home/bin/cargo" "+beta-2021-08-01" "fetch" "--manifest-path" "Cargo.toml", kill_on_drop: false }`
[INFO] [stderr]  Downloading crates ...
[INFO] [stderr]   Downloaded whiteread v0.5.0
[INFO] [stderr]   Downloaded proconio-derive v0.1.6
[INFO] [stderr]   Downloaded nalgebra v0.20.0
[INFO] [stderr]   Downloaded im-rc v14.3.0
[INFO] [stderr]   Downloaded ascii v1.0.0
[INFO] [stderr]   Downloaded bitset-fixed v0.1.0
[INFO] [stderr]   Downloaded ndarray v0.13.0
[INFO] [stderr]   Downloaded superslice v1.0.0
[INFO] [stderr]   Downloaded proconio v0.3.6
[INFO] running `Command { std: "docker" "create" "-v" "/var/lib/crater-agent-workspace/builds/worker-50/target:/opt/rustwide/target:rw,Z" "-v" "/var/lib/crater-agent-workspace/builds/worker-50/source:/opt/rustwide/workdir:ro,Z" "-v" "/var/lib/crater-agent-workspace/cargo-home:/opt/rustwide/cargo-home:ro,Z" "-v" "/var/lib/crater-agent-workspace/rustup-home:/opt/rustwide/rustup-home:ro,Z" "-e" "SOURCE_DIR=/opt/rustwide/workdir" "-e" "CARGO_TARGET_DIR=/opt/rustwide/target" "-e" "CARGO_HOME=/opt/rustwide/cargo-home" "-e" "RUSTUP_HOME=/opt/rustwide/rustup-home" "-w" "/opt/rustwide/workdir" "-m" "1610612736" "--user" "0:0" "--network" "none" "ghcr.io/rust-lang/crates-build-env/linux@sha256:34b6a614d2c27851fe6cbf88fbd1137609cefab8b10d0615aaeb6fd47975d74e" "/opt/rustwide/cargo-home/bin/cargo" "+beta-2021-08-01" "metadata" "--no-deps" "--format-version=1", kill_on_drop: false }`
[INFO] [stdout] 4eb9104457b22d44c1c2af4e33ed66ce95678d5ec7a1ff308a141c9e65064543
[INFO] running `Command { std: "docker" "start" "-a" "4eb9104457b22d44c1c2af4e33ed66ce95678d5ec7a1ff308a141c9e65064543", kill_on_drop: false }`
[INFO] running `Command { std: "docker" "inspect" "4eb9104457b22d44c1c2af4e33ed66ce95678d5ec7a1ff308a141c9e65064543", kill_on_drop: false }`
[INFO] running `Command { std: "docker" "rm" "-f" "4eb9104457b22d44c1c2af4e33ed66ce95678d5ec7a1ff308a141c9e65064543", kill_on_drop: false }`
[INFO] [stdout] 4eb9104457b22d44c1c2af4e33ed66ce95678d5ec7a1ff308a141c9e65064543
[INFO] running `Command { std: "docker" "create" "-v" "/var/lib/crater-agent-workspace/builds/worker-50/target:/opt/rustwide/target:rw,Z" "-v" "/var/lib/crater-agent-workspace/builds/worker-50/source:/opt/rustwide/workdir:ro,Z" "-v" "/var/lib/crater-agent-workspace/cargo-home:/opt/rustwide/cargo-home:ro,Z" "-v" "/var/lib/crater-agent-workspace/rustup-home:/opt/rustwide/rustup-home:ro,Z" "-e" "SOURCE_DIR=/opt/rustwide/workdir" "-e" "CARGO_TARGET_DIR=/opt/rustwide/target" "-e" "CARGO_INCREMENTAL=0" "-e" "RUST_BACKTRACE=full" "-e" "RUSTFLAGS=--cap-lints=warn" "-e" "CARGO_HOME=/opt/rustwide/cargo-home" "-e" "RUSTUP_HOME=/opt/rustwide/rustup-home" "-w" "/opt/rustwide/workdir" "-m" "1610612736" "--user" "0:0" "--network" "none" "ghcr.io/rust-lang/crates-build-env/linux@sha256:34b6a614d2c27851fe6cbf88fbd1137609cefab8b10d0615aaeb6fd47975d74e" "/opt/rustwide/cargo-home/bin/cargo" "+beta-2021-08-01" "build" "--frozen" "--message-format=json", kill_on_drop: false }`
[INFO] [stdout] 43a57285bcca8c9c10392bbcbb09d65b5be75468f373433d055a74c7a41cc246
[INFO] running `Command { std: "docker" "start" "-a" "43a57285bcca8c9c10392bbcbb09d65b5be75468f373433d055a74c7a41cc246", kill_on_drop: false }`
[INFO] [stderr]    Compiling libm v0.2.1
[INFO] [stderr]    Compiling libc v0.2.81
[INFO] [stderr]    Compiling getrandom v0.1.14
[INFO] [stderr]    Compiling cfg-if v0.1.10
[INFO] [stderr]    Compiling typenum v1.12.0
[INFO] [stderr]    Compiling syn v0.15.44
[INFO] [stderr]    Compiling memchr v2.3.4
[INFO] [stderr]    Compiling syn v1.0.54
[INFO] [stderr]    Compiling version_check v0.9.2
[INFO] [stderr]    Compiling either v1.5.3
[INFO] [stderr]    Compiling rawpointer v0.2.1
[INFO] [stderr]    Compiling ndarray v0.13.0
[INFO] [stderr]    Compiling fixedbitset v0.2.0
[INFO] [stderr]    Compiling regex-syntax v0.6.21
[INFO] [stderr]    Compiling smallvec v1.2.0
[INFO] [stderr]    Compiling bitset-fixed v0.1.0
[INFO] [stderr]    Compiling permutohedron v0.2.4
[INFO] [stderr]    Compiling maplit v1.0.2
[INFO] [stderr]    Compiling ascii v1.0.0
[INFO] [stderr]    Compiling rustc-hash v1.1.0
[INFO] [stderr]    Compiling text_io v0.1.8
[INFO] [stderr]    Compiling whiteread v0.5.0
[INFO] [stderr]    Compiling superslice v1.0.0
[INFO] [stderr]    Compiling num-traits v0.2.11
[INFO] [stderr]    Compiling num-integer v0.1.42
[INFO] [stderr]    Compiling num-complex v0.2.4
[INFO] [stderr]    Compiling num-bigint v0.2.6
[INFO] [stderr]    Compiling num-rational v0.2.4
[INFO] [stderr]    Compiling num-iter v0.1.40
[INFO] [stderr]    Compiling indexmap v1.3.2
[INFO] [stderr]    Compiling thread_local v1.0.1
[INFO] [stderr]    Compiling quote v0.6.13
[INFO] [stderr]    Compiling quote v1.0.7
[INFO] [stderr]    Compiling matrixmultiply v0.2.4
[INFO] [stderr]    Compiling itertools v0.8.2
[INFO] [stderr]    Compiling itertools v0.9.0
[INFO] [stderr]    Compiling im-rc v14.3.0
[INFO] [stderr]    Compiling petgraph v0.5.0
[INFO] [stderr]    Compiling aho-corasick v0.7.15
[INFO] [stderr]    Compiling rand_core v0.5.1
[INFO] [stderr]    Compiling bitmaps v2.1.0
[INFO] [stderr]    Compiling generic-array v0.13.2
[INFO] [stderr]    Compiling rand_chacha v0.2.2
[INFO] [stderr]    Compiling rand_pcg v0.2.1
[INFO] [stderr]    Compiling rand_xoshiro v0.4.0
[INFO] [stderr]    Compiling rand_hc v0.2.0
[INFO] [stderr]    Compiling rand v0.7.3
[INFO] [stderr]    Compiling approx v0.3.2
[INFO] [stderr]    Compiling ordered-float v1.0.2
[INFO] [stderr]    Compiling itertools-num v0.1.3
[INFO] [stderr]    Compiling regex v1.3.6
[INFO] [stderr]    Compiling alga v0.9.3
[INFO] [stderr]    Compiling rand_distr v0.2.2
[INFO] [stderr]    Compiling nalgebra v0.20.0
[INFO] [stderr]    Compiling num v0.2.1
[INFO] [stderr]    Compiling sized-chunks v0.5.3
[INFO] [stderr]    Compiling num-derive v0.3.0
[INFO] [stderr]    Compiling proconio-derive v0.1.6
[INFO] [stderr]    Compiling proconio v0.3.6
[INFO] [stderr]    Compiling kyopro-rust v0.1.0 (/opt/rustwide/workdir)
[INFO] [stderr]     Finished dev [unoptimized + debuginfo] target(s) in 25.85s
[INFO] running `Command { std: "docker" "inspect" "43a57285bcca8c9c10392bbcbb09d65b5be75468f373433d055a74c7a41cc246", kill_on_drop: false }`
[INFO] running `Command { std: "docker" "rm" "-f" "43a57285bcca8c9c10392bbcbb09d65b5be75468f373433d055a74c7a41cc246", kill_on_drop: false }`
[INFO] [stdout] 43a57285bcca8c9c10392bbcbb09d65b5be75468f373433d055a74c7a41cc246
[INFO] running `Command { std: "docker" "create" "-v" "/var/lib/crater-agent-workspace/builds/worker-50/target:/opt/rustwide/target:rw,Z" "-v" "/var/lib/crater-agent-workspace/builds/worker-50/source:/opt/rustwide/workdir:ro,Z" "-v" "/var/lib/crater-agent-workspace/cargo-home:/opt/rustwide/cargo-home:ro,Z" "-v" "/var/lib/crater-agent-workspace/rustup-home:/opt/rustwide/rustup-home:ro,Z" "-e" "SOURCE_DIR=/opt/rustwide/workdir" "-e" "CARGO_TARGET_DIR=/opt/rustwide/target" "-e" "CARGO_INCREMENTAL=0" "-e" "RUST_BACKTRACE=full" "-e" "RUSTFLAGS=--cap-lints=warn" "-e" "CARGO_HOME=/opt/rustwide/cargo-home" "-e" "RUSTUP_HOME=/opt/rustwide/rustup-home" "-w" "/opt/rustwide/workdir" "-m" "1610612736" "--user" "0:0" "--network" "none" "ghcr.io/rust-lang/crates-build-env/linux@sha256:34b6a614d2c27851fe6cbf88fbd1137609cefab8b10d0615aaeb6fd47975d74e" "/opt/rustwide/cargo-home/bin/cargo" "+beta-2021-08-01" "test" "--frozen" "--no-run" "--message-format=json", kill_on_drop: false }`
[INFO] [stdout] b7edce5b093408b49152b533f66d82c24a3b02ee527694a822e73bc37d0b5f78
[INFO] running `Command { std: "docker" "start" "-a" "b7edce5b093408b49152b533f66d82c24a3b02ee527694a822e73bc37d0b5f78", kill_on_drop: false }`
[INFO] [stderr]     Blocking waiting for file lock on package cache
[INFO] [stderr]    Compiling kyopro-rust v0.1.0 (/opt/rustwide/workdir)
[INFO] [stderr]     Finished test [unoptimized + debuginfo] target(s) in 20.69s
[INFO] running `Command { std: "docker" "inspect" "b7edce5b093408b49152b533f66d82c24a3b02ee527694a822e73bc37d0b5f78", kill_on_drop: false }`
[INFO] running `Command { std: "docker" "rm" "-f" "b7edce5b093408b49152b533f66d82c24a3b02ee527694a822e73bc37d0b5f78", kill_on_drop: false }`
[INFO] [stdout] b7edce5b093408b49152b533f66d82c24a3b02ee527694a822e73bc37d0b5f78
[INFO] running `Command { std: "docker" "create" "-v" "/var/lib/crater-agent-workspace/builds/worker-50/target:/opt/rustwide/target:rw,Z" "-v" "/var/lib/crater-agent-workspace/builds/worker-50/source:/opt/rustwide/workdir:ro,Z" "-v" "/var/lib/crater-agent-workspace/cargo-home:/opt/rustwide/cargo-home:ro,Z" "-v" "/var/lib/crater-agent-workspace/rustup-home:/opt/rustwide/rustup-home:ro,Z" "-e" "SOURCE_DIR=/opt/rustwide/workdir" "-e" "CARGO_TARGET_DIR=/opt/rustwide/target" "-e" "CARGO_INCREMENTAL=0" "-e" "RUST_BACKTRACE=full" "-e" "RUSTFLAGS=--cap-lints=warn" "-e" "CARGO_HOME=/opt/rustwide/cargo-home" "-e" "RUSTUP_HOME=/opt/rustwide/rustup-home" "-w" "/opt/rustwide/workdir" "-m" "1610612736" "--user" "0:0" "--network" "none" "ghcr.io/rust-lang/crates-build-env/linux@sha256:34b6a614d2c27851fe6cbf88fbd1137609cefab8b10d0615aaeb6fd47975d74e" "/opt/rustwide/cargo-home/bin/cargo" "+beta-2021-08-01" "test" "--frozen", kill_on_drop: false }`
[INFO] [stdout] 335867203d91b37a7293fd915243a7c3cdeb164d390b5321a4e499a078dca8f7
[INFO] running `Command { std: "docker" "start" "-a" "335867203d91b37a7293fd915243a7c3cdeb164d390b5321a4e499a078dca8f7", kill_on_drop: false }`
[INFO] [stderr]     Finished test [unoptimized + debuginfo] target(s) in 0.06s
[INFO] [stderr]      Running unittests (/opt/rustwide/target/debug/deps/kyopro_rust-7a5d5c77654f2ce5)
[INFO] [stdout] 
[INFO] [stdout] running 0 tests
[INFO] [stdout] 
[INFO] [stdout] test result: ok. 0 passed; 0 failed; 0 ignored; 0 measured; 0 filtered out; finished in 0.00s
[INFO] [stdout] 
[INFO] [stderr]      Running unittests (/opt/rustwide/target/debug/deps/kyopro_rust-f5083c97e22024d2)
[INFO] [stdout] 
[INFO] [stderr]    Doc-tests kyopro-rust
[INFO] [stdout] running 0 tests
[INFO] [stdout] 
[INFO] [stdout] test result: ok. 0 passed; 0 failed; 0 ignored; 0 measured; 0 filtered out; finished in 0.00s
[INFO] [stdout] 
[INFO] [stdout] 
[INFO] [stdout] running 3 tests
[INFO] [stdout] test src/library/prime.rs - library::prime::Prime::is_prime (line 58) ... FAILED
[INFO] [stdout] test src/library/util.rs - library::util::add_sentinel (line 3) ... FAILED
[INFO] [stdout] test src/library/prime.rs - library::prime::Prime::factor (line 68) ... FAILED
[INFO] [stdout] 
[INFO] [stdout] failures:
[INFO] [stdout] 
[INFO] [stdout] ---- src/library/prime.rs - library::prime::Prime::is_prime (line 58) stdout ----
[INFO] [stdout] error[E0425]: cannot find value `prm` in this scope
[INFO] [stdout]  --> src/library/prime.rs:59:9
[INFO] [stdout]   |
[INFO] [stdout] 3 | assert!(prm.is_prime(1000000007));
[INFO] [stdout]   |         ^^^ not found in this scope
[INFO] [stdout] 
[INFO] [stdout] error: aborting due to previous error
[INFO] [stdout] 
[INFO] [stdout] For more information about this error, try `rustc --explain E0425`.
[INFO] [stdout] Couldn't compile the test.
[INFO] [stdout] ---- src/library/util.rs - library::util::add_sentinel (line 3) stdout ----
[INFO] [stdout] error[E0425]: cannot find function `add_sentinel` in this scope
[INFO] [stdout]  --> src/library/util.rs:9:9
[INFO] [stdout]   |
[INFO] [stdout] 8 | let v = add_sentinel(v);
[INFO] [stdout]   |         ^^^^^^^^^^^^ not found in this scope
[INFO] [stdout]   |
[INFO] [stdout] help: consider importing this function
[INFO] [stdout]   |
[INFO] [stdout] 2 | use kyopro_rust::library::util::add_sentinel;
[INFO] [stdout]   |
[INFO] [stdout] 
[INFO] [stdout] error: aborting due to previous error
[INFO] [stdout] 
[INFO] [stdout] For more information about this error, try `rustc --explain E0425`.
[INFO] [stdout] Couldn't compile the test.
[INFO] [stdout] ---- src/library/prime.rs - library::prime::Prime::factor (line 68) stdout ----
[INFO] [stdout] error[E0425]: cannot find value `prm` in this scope
[INFO] [stdout]  --> src/library/prime.rs:69:13
[INFO] [stdout]   |
[INFO] [stdout] 3 | let facts = prm.factor(6);
[INFO] [stdout]   |             ^^^ not found in this scope
[INFO] [stdout] 
[INFO] [stdout] error: aborting due to previous error
[INFO] [stdout] 
[INFO] [stdout] For more information about this error, try `rustc --explain E0425`.
[INFO] [stdout] Couldn't compile the test.
[INFO] [stdout] 
[INFO] [stdout] failures:
[INFO] [stdout]     src/library/prime.rs - library::prime::Prime::factor (line 68)
[INFO] [stdout]     src/library/prime.rs - library::prime::Prime::is_prime (line 58)
[INFO] [stdout]     src/library/util.rs - library::util::add_sentinel (line 3)
[INFO] [stdout] 
[INFO] [stdout] test result: FAILED. 0 passed; 3 failed; 0 ignored; 0 measured; 0 filtered out; finished in 0.21s
[INFO] [stdout] 
[INFO] [stderr] error: test failed, to rerun pass '--doc'
[INFO] running `Command { std: "docker" "inspect" "335867203d91b37a7293fd915243a7c3cdeb164d390b5321a4e499a078dca8f7", kill_on_drop: false }`
[INFO] running `Command { std: "docker" "rm" "-f" "335867203d91b37a7293fd915243a7c3cdeb164d390b5321a4e499a078dca8f7", kill_on_drop: false }`
[INFO] [stdout] 335867203d91b37a7293fd915243a7c3cdeb164d390b5321a4e499a078dca8f7
