[INFO] cloning repository https://github.com/e-matteson/pipit-keyboard
[INFO] running `Command { std: "git" "-c" "credential.helper=" "-c" "credential.helper=/workspace/cargo-home/bin/git-credential-null" "clone" "--bare" "https://github.com/e-matteson/pipit-keyboard" "/workspace/cache/git-repos/https%3A%2F%2Fgithub.com%2Fe-matteson%2Fpipit-keyboard", kill_on_drop: false }`
[INFO] [stderr] Cloning into bare repository '/workspace/cache/git-repos/https%3A%2F%2Fgithub.com%2Fe-matteson%2Fpipit-keyboard'...
[INFO] running `Command { std: "git" "rev-parse" "HEAD", kill_on_drop: false }`
[INFO] [stdout] bab99f78186f922d301cf9eed4a1c59fceeee161
[INFO] testing e-matteson/pipit-keyboard against beta-2021-08-01 for beta-1.55-1
[INFO] running `Command { std: "git" "clone" "/workspace/cache/git-repos/https%3A%2F%2Fgithub.com%2Fe-matteson%2Fpipit-keyboard" "/workspace/builds/worker-2/source", kill_on_drop: false }`
[INFO] [stderr] Cloning into '/workspace/builds/worker-2/source'...
[INFO] [stderr] done.
[INFO] validating manifest of git repo https://github.com/e-matteson/pipit-keyboard on toolchain beta-2021-08-01
[INFO] running `Command { std: "/workspace/cargo-home/bin/cargo" "+beta-2021-08-01" "metadata" "--manifest-path" "Cargo.toml" "--no-deps", kill_on_drop: false }`
[INFO] started tweaking git repo https://github.com/e-matteson/pipit-keyboard
[INFO] finished tweaking git repo https://github.com/e-matteson/pipit-keyboard
[INFO] tweaked toml for git repo https://github.com/e-matteson/pipit-keyboard written to /workspace/builds/worker-2/source/Cargo.toml
[INFO] crate git repo https://github.com/e-matteson/pipit-keyboard already has a lockfile, it will not be regenerated
[INFO] running `Command { std: "/workspace/cargo-home/bin/cargo" "+beta-2021-08-01" "fetch" "--manifest-path" "Cargo.toml", kill_on_drop: false }`
[INFO] [stderr]     Blocking waiting for file lock on package cache
[INFO] [stderr]     Blocking waiting for file lock on package cache
[INFO] [stderr]  Downloading crates ...
[INFO] [stderr]   Downloaded enumset_derive v0.4.3
[INFO] [stderr]   Downloaded array-macro v1.0.4
[INFO] [stderr]   Downloaded enumset v0.4.4
[INFO] [stderr]   Downloaded svg v0.5.11
[INFO] [stderr]   Downloaded cursive v0.13.0
[INFO] running `Command { std: "docker" "create" "-v" "/var/lib/crater-agent-workspace/builds/worker-2/target:/opt/rustwide/target:rw,Z" "-v" "/var/lib/crater-agent-workspace/builds/worker-2/source:/opt/rustwide/workdir:ro,Z" "-v" "/var/lib/crater-agent-workspace/cargo-home:/opt/rustwide/cargo-home:ro,Z" "-v" "/var/lib/crater-agent-workspace/rustup-home:/opt/rustwide/rustup-home:ro,Z" "-e" "SOURCE_DIR=/opt/rustwide/workdir" "-e" "CARGO_TARGET_DIR=/opt/rustwide/target" "-e" "CARGO_HOME=/opt/rustwide/cargo-home" "-e" "RUSTUP_HOME=/opt/rustwide/rustup-home" "-w" "/opt/rustwide/workdir" "-m" "1610612736" "--user" "0:0" "--network" "none" "ghcr.io/rust-lang/crates-build-env/linux@sha256:34b6a614d2c27851fe6cbf88fbd1137609cefab8b10d0615aaeb6fd47975d74e" "/opt/rustwide/cargo-home/bin/cargo" "+beta-2021-08-01" "metadata" "--no-deps" "--format-version=1", kill_on_drop: false }`
[INFO] [stdout] de99e2bded751d00e0616ad41dd8ba8dab0b6fefe4686f3981fd5b14436ff49d
[INFO] running `Command { std: "docker" "start" "-a" "de99e2bded751d00e0616ad41dd8ba8dab0b6fefe4686f3981fd5b14436ff49d", kill_on_drop: false }`
[INFO] running `Command { std: "docker" "inspect" "de99e2bded751d00e0616ad41dd8ba8dab0b6fefe4686f3981fd5b14436ff49d", kill_on_drop: false }`
[INFO] running `Command { std: "docker" "rm" "-f" "de99e2bded751d00e0616ad41dd8ba8dab0b6fefe4686f3981fd5b14436ff49d", kill_on_drop: false }`
[INFO] [stdout] de99e2bded751d00e0616ad41dd8ba8dab0b6fefe4686f3981fd5b14436ff49d
[INFO] running `Command { std: "docker" "create" "-v" "/var/lib/crater-agent-workspace/builds/worker-2/target:/opt/rustwide/target:rw,Z" "-v" "/var/lib/crater-agent-workspace/builds/worker-2/source:/opt/rustwide/workdir:ro,Z" "-v" "/var/lib/crater-agent-workspace/cargo-home:/opt/rustwide/cargo-home:ro,Z" "-v" "/var/lib/crater-agent-workspace/rustup-home:/opt/rustwide/rustup-home:ro,Z" "-e" "SOURCE_DIR=/opt/rustwide/workdir" "-e" "CARGO_TARGET_DIR=/opt/rustwide/target" "-e" "CARGO_INCREMENTAL=0" "-e" "RUST_BACKTRACE=full" "-e" "RUSTFLAGS=--cap-lints=warn" "-e" "CARGO_HOME=/opt/rustwide/cargo-home" "-e" "RUSTUP_HOME=/opt/rustwide/rustup-home" "-w" "/opt/rustwide/workdir" "-m" "1610612736" "--user" "0:0" "--network" "none" "ghcr.io/rust-lang/crates-build-env/linux@sha256:34b6a614d2c27851fe6cbf88fbd1137609cefab8b10d0615aaeb6fd47975d74e" "/opt/rustwide/cargo-home/bin/cargo" "+beta-2021-08-01" "build" "--frozen" "--message-format=json", kill_on_drop: false }`
[INFO] [stdout] 54765fb7d12b27ca7cb0f3384839e3599c95713dab7c2fb884f31e25da0273dd
[INFO] running `Command { std: "docker" "start" "-a" "54765fb7d12b27ca7cb0f3384839e3599c95713dab7c2fb884f31e25da0273dd", kill_on_drop: false }`
[INFO] [stderr]     Blocking waiting for file lock on package cache
[INFO] [stderr]    Compiling autocfg v0.1.7
[INFO] [stderr]    Compiling proc-macro2 v1.0.6
[INFO] [stderr]    Compiling libc v0.2.66
[INFO] [stderr]    Compiling syn v1.0.11
[INFO] [stderr]    Compiling num-integer v0.1.39
[INFO] [stderr]    Compiling ident_case v1.0.1
[INFO] [stderr]    Compiling strsim v0.9.3
[INFO] [stderr]    Compiling serde v1.0.104
[INFO] [stderr]    Compiling cc v1.0.48
[INFO] [stderr]    Compiling num-iter v0.1.37
[INFO] [stderr]    Compiling log v0.4.8
[INFO] [stderr]    Compiling unicode-width v0.1.5
[INFO] [stderr]    Compiling array-macro v1.0.4
[INFO] [stderr]    Compiling stable_deref_trait v1.1.0
[INFO] [stderr]    Compiling unicode-segmentation v1.6.0
[INFO] [stderr]    Compiling bitflags v1.0.3
[INFO] [stderr]    Compiling hashbrown v0.5.0
[INFO] [stderr]    Compiling vec_map v0.8.1
[INFO] [stderr]    Compiling maplit v1.0.1
[INFO] [stderr]    Compiling strsim v0.7.0
[INFO] [stderr]    Compiling dtoa v0.4.2
[INFO] [stderr]    Compiling xi-unicode v0.2.0
[INFO] [stderr]    Compiling natord v1.0.9
[INFO] [stderr]    Compiling svg v0.5.11
[INFO] [stderr]    Compiling bit-vec v0.5.0
[INFO] [stderr]    Compiling proc-macro2 v0.4.6
[INFO] [stderr]    Compiling crossbeam-utils v0.6.6
[INFO] [stderr]    Compiling yaml-rust v0.4.0
[INFO] [stderr]    Compiling owning_ref v0.4.0
[INFO] [stderr]    Compiling textwrap v0.10.0
[INFO] [stderr]    Compiling crossbeam-channel v0.3.9
[INFO] [stderr]    Compiling quote v0.6.3
[INFO] [stderr]    Compiling num-traits v0.2.10
[INFO] [stderr]    Compiling num-rational v0.2.2
[INFO] [stderr]    Compiling num-complex v0.2.3
[INFO] [stderr]    Compiling syn v0.14.4
[INFO] [stderr]    Compiling quote v1.0.2
[INFO] [stderr]    Compiling time v0.1.40
[INFO] [stderr]    Compiling signal-hook-registry v1.2.0
[INFO] [stderr]    Compiling atty v0.2.10
[INFO] [stderr]    Compiling term_size v0.3.1
[INFO] [stderr]    Compiling ncurses v5.99.0
[INFO] [stderr]    Compiling signal-hook v0.1.12
[INFO] [stderr]    Compiling clap v2.32.0
[INFO] [stderr]    Compiling toml v0.5.5
[INFO] [stderr]    Compiling serde_yaml v0.7.5
[INFO] [stderr]    Compiling chrono v0.4.10
[INFO] [stderr]    Compiling num v0.2.0
[INFO] [stderr]    Compiling serde_derive v1.0.69
[INFO] [stderr]    Compiling darling_core v0.10.2
[INFO] [stderr]    Compiling enum-map-derive v0.4.3
[INFO] [stderr]    Compiling enum-map v0.6.2
[INFO] [stderr]    Compiling darling_macro v0.10.2
[INFO] [stderr]    Compiling darling v0.10.2
[INFO] [stderr]    Compiling enumset_derive v0.4.3
[INFO] [stderr]    Compiling enumset v0.4.4
[INFO] [stderr]    Compiling cursive v0.13.0
[INFO] [stderr]    Compiling pipit-keyboard v0.1.0 (/opt/rustwide/workdir)
[INFO] [stdout] warning: unused borrow that must be used
[INFO] [stdout]    --> src/types/validate.rs:119:25
[INFO] [stdout]     |
[INFO] [stdout] 119 | /                         &self.$field.validate()
[INFO] [stdout] 120 | |                             .with_context(||
[INFO] [stdout] 121 | |                                 format!("Invalid value in: '{}'", stringify!($field))
[INFO] [stdout] 122 | |                             )?;
[INFO] [stdout]     | |______________________________^
[INFO] [stdout]     | 
[INFO] [stdout]    ::: src/types/user_options.rs:12:1
[INFO] [stdout]     |
[INFO] [stdout] 12  | / validated_struct! {
[INFO] [stdout] 13  | |     #[derive(Deserialize, Debug)]
[INFO] [stdout] 14  | |     #[serde(deny_unknown_fields)]
[INFO] [stdout] 15  | |     pub struct UserOptions {
[INFO] [stdout] ...   |
[INFO] [stdout] 40  | |     }
[INFO] [stdout] 41  | | }
[INFO] [stdout]     | |_- in this macro invocation
[INFO] [stdout]     |
[INFO] [stdout]     = note: `#[warn(unused_must_use)]` on by default
[INFO] [stdout]     = note: this warning originates in the macro `validated_struct` (in Nightly builds, run with -Z macro-backtrace for more info)
[INFO] [stdout] 
[INFO] [stdout] 
[INFO] [stdout] warning: unused borrow that must be used
[INFO] [stdout]    --> src/types/validate.rs:119:25
[INFO] [stdout]     |
[INFO] [stdout] 119 | /                         &self.$field.validate()
[INFO] [stdout] 120 | |                             .with_context(||
[INFO] [stdout] 121 | |                                 format!("Invalid value in: '{}'", stringify!($field))
[INFO] [stdout] 122 | |                             )?;
[INFO] [stdout]     | |______________________________^
[INFO] [stdout]     | 
[INFO] [stdout]    ::: src/types/user_options.rs:12:1
[INFO] [stdout]     |
[INFO] [stdout] 12  | / validated_struct! {
[INFO] [stdout] 13  | |     #[derive(Deserialize, Debug)]
[INFO] [stdout] 14  | |     #[serde(deny_unknown_fields)]
[INFO] [stdout] 15  | |     pub struct UserOptions {
[INFO] [stdout] ...   |
[INFO] [stdout] 40  | |     }
[INFO] [stdout] 41  | | }
[INFO] [stdout]     | |_- in this macro invocation
[INFO] [stdout]     |
[INFO] [stdout]     = note: this warning originates in the macro `validated_struct` (in Nightly builds, run with -Z macro-backtrace for more info)
[INFO] [stdout] 
[INFO] [stdout] 
[INFO] [stdout] warning: unused borrow that must be used
[INFO] [stdout]    --> src/types/validate.rs:119:25
[INFO] [stdout]     |
[INFO] [stdout] 119 | /                         &self.$field.validate()
[INFO] [stdout] 120 | |                             .with_context(||
[INFO] [stdout] 121 | |                                 format!("Invalid value in: '{}'", stringify!($field))
[INFO] [stdout] 122 | |                             )?;
[INFO] [stdout]     | |______________________________^
[INFO] [stdout]     | 
[INFO] [stdout]    ::: src/input/settings.rs:12:1
[INFO] [stdout]     |
[INFO] [stdout] 12  | / validated_struct! {
[INFO] [stdout] 13  | |     #[derive(Deserialize, Debug)]
[INFO] [stdout] 14  | |     #[serde(deny_unknown_fields)]
[INFO] [stdout] 15  | |     pub struct Settings {
[INFO] [stdout] ...   |
[INFO] [stdout] 27  | |     }
[INFO] [stdout] 28  | | }
[INFO] [stdout]     | |_- in this macro invocation
[INFO] [stdout]     |
[INFO] [stdout]     = note: this warning originates in the macro `validated_struct` (in Nightly builds, run with -Z macro-backtrace for more info)
[INFO] [stdout] 
[INFO] [stdout] 
[INFO] [stdout] warning: 3 warnings emitted
[INFO] [stdout] 
[INFO] [stdout] 
[INFO] [stderr]     Finished dev [unoptimized + debuginfo] target(s) in 41.71s
[INFO] running `Command { std: "docker" "inspect" "54765fb7d12b27ca7cb0f3384839e3599c95713dab7c2fb884f31e25da0273dd", kill_on_drop: false }`
[INFO] running `Command { std: "docker" "rm" "-f" "54765fb7d12b27ca7cb0f3384839e3599c95713dab7c2fb884f31e25da0273dd", kill_on_drop: false }`
[INFO] [stdout] 54765fb7d12b27ca7cb0f3384839e3599c95713dab7c2fb884f31e25da0273dd
[INFO] running `Command { std: "docker" "create" "-v" "/var/lib/crater-agent-workspace/builds/worker-2/target:/opt/rustwide/target:rw,Z" "-v" "/var/lib/crater-agent-workspace/builds/worker-2/source:/opt/rustwide/workdir:ro,Z" "-v" "/var/lib/crater-agent-workspace/cargo-home:/opt/rustwide/cargo-home:ro,Z" "-v" "/var/lib/crater-agent-workspace/rustup-home:/opt/rustwide/rustup-home:ro,Z" "-e" "SOURCE_DIR=/opt/rustwide/workdir" "-e" "CARGO_TARGET_DIR=/opt/rustwide/target" "-e" "CARGO_INCREMENTAL=0" "-e" "RUST_BACKTRACE=full" "-e" "RUSTFLAGS=--cap-lints=warn" "-e" "CARGO_HOME=/opt/rustwide/cargo-home" "-e" "RUSTUP_HOME=/opt/rustwide/rustup-home" "-w" "/opt/rustwide/workdir" "-m" "1610612736" "--user" "0:0" "--network" "none" "ghcr.io/rust-lang/crates-build-env/linux@sha256:34b6a614d2c27851fe6cbf88fbd1137609cefab8b10d0615aaeb6fd47975d74e" "/opt/rustwide/cargo-home/bin/cargo" "+beta-2021-08-01" "test" "--frozen" "--no-run" "--message-format=json", kill_on_drop: false }`
[INFO] [stdout] 9d1584031a053596ad5ff30d401e3f5d761986b7e0d538da5ea68873ba37dfc0
[INFO] running `Command { std: "docker" "start" "-a" "9d1584031a053596ad5ff30d401e3f5d761986b7e0d538da5ea68873ba37dfc0", kill_on_drop: false }`
[INFO] [stderr]    Compiling pipit-keyboard v0.1.0 (/opt/rustwide/workdir)
[INFO] [stdout] warning: unused borrow that must be used
[INFO] [stdout]    --> src/types/validate.rs:119:25
[INFO] [stdout]     |
[INFO] [stdout] 119 | /                         &self.$field.validate()
[INFO] [stdout] 120 | |                             .with_context(||
[INFO] [stdout] 121 | |                                 format!("Invalid value in: '{}'", stringify!($field))
[INFO] [stdout] 122 | |                             )?;
[INFO] [stdout]     | |______________________________^
[INFO] [stdout]     | 
[INFO] [stdout]    ::: src/types/user_options.rs:12:1
[INFO] [stdout]     |
[INFO] [stdout] 12  | / validated_struct! {
[INFO] [stdout] 13  | |     #[derive(Deserialize, Debug)]
[INFO] [stdout] 14  | |     #[serde(deny_unknown_fields)]
[INFO] [stdout] 15  | |     pub struct UserOptions {
[INFO] [stdout] ...   |
[INFO] [stdout] 40  | |     }
[INFO] [stdout] 41  | | }
[INFO] [stdout]     | |_- in this macro invocation
[INFO] [stdout]     |
[INFO] [stdout]     = note: `#[warn(unused_must_use)]` on by default
[INFO] [stdout]     = note: this warning originates in the macro `validated_struct` (in Nightly builds, run with -Z macro-backtrace for more info)
[INFO] [stdout] 
[INFO] [stdout] 
[INFO] [stdout] warning: unused borrow that must be used
[INFO] [stdout]    --> src/types/validate.rs:119:25
[INFO] [stdout]     |
[INFO] [stdout] 119 | /                         &self.$field.validate()
[INFO] [stdout] 120 | |                             .with_context(||
[INFO] [stdout] 121 | |                                 format!("Invalid value in: '{}'", stringify!($field))
[INFO] [stdout] 122 | |                             )?;
[INFO] [stdout]     | |______________________________^
[INFO] [stdout]     | 
[INFO] [stdout]    ::: src/types/user_options.rs:12:1
[INFO] [stdout]     |
[INFO] [stdout] 12  | / validated_struct! {
[INFO] [stdout] 13  | |     #[derive(Deserialize, Debug)]
[INFO] [stdout] 14  | |     #[serde(deny_unknown_fields)]
[INFO] [stdout] 15  | |     pub struct UserOptions {
[INFO] [stdout] ...   |
[INFO] [stdout] 40  | |     }
[INFO] [stdout] 41  | | }
[INFO] [stdout]     | |_- in this macro invocation
[INFO] [stdout]     |
[INFO] [stdout]     = note: this warning originates in the macro `validated_struct` (in Nightly builds, run with -Z macro-backtrace for more info)
[INFO] [stdout] 
[INFO] [stdout] 
[INFO] [stdout] warning: unused borrow that must be used
[INFO] [stdout]    --> src/types/validate.rs:119:25
[INFO] [stdout]     |
[INFO] [stdout] 119 | /                         &self.$field.validate()
[INFO] [stdout] 120 | |                             .with_context(||
[INFO] [stdout] 121 | |                                 format!("Invalid value in: '{}'", stringify!($field))
[INFO] [stdout] 122 | |                             )?;
[INFO] [stdout]     | |______________________________^
[INFO] [stdout]     | 
[INFO] [stdout]    ::: src/input/settings.rs:12:1
[INFO] [stdout]     |
[INFO] [stdout] 12  | / validated_struct! {
[INFO] [stdout] 13  | |     #[derive(Deserialize, Debug)]
[INFO] [stdout] 14  | |     #[serde(deny_unknown_fields)]
[INFO] [stdout] 15  | |     pub struct Settings {
[INFO] [stdout] ...   |
[INFO] [stdout] 27  | |     }
[INFO] [stdout] 28  | | }
[INFO] [stdout]     | |_- in this macro invocation
[INFO] [stdout]     |
[INFO] [stdout]     = note: this warning originates in the macro `validated_struct` (in Nightly builds, run with -Z macro-backtrace for more info)
[INFO] [stdout] 
[INFO] [stdout] 
[INFO] [stdout] warning: 3 warnings emitted
[INFO] [stdout] 
[INFO] [stdout] 
[INFO] [stderr]     Finished test [unoptimized + debuginfo] target(s) in 9.17s
[INFO] running `Command { std: "docker" "inspect" "9d1584031a053596ad5ff30d401e3f5d761986b7e0d538da5ea68873ba37dfc0", kill_on_drop: false }`
[INFO] running `Command { std: "docker" "rm" "-f" "9d1584031a053596ad5ff30d401e3f5d761986b7e0d538da5ea68873ba37dfc0", kill_on_drop: false }`
[INFO] [stdout] 9d1584031a053596ad5ff30d401e3f5d761986b7e0d538da5ea68873ba37dfc0
[INFO] running `Command { std: "docker" "create" "-v" "/var/lib/crater-agent-workspace/builds/worker-2/target:/opt/rustwide/target:rw,Z" "-v" "/var/lib/crater-agent-workspace/builds/worker-2/source:/opt/rustwide/workdir:ro,Z" "-v" "/var/lib/crater-agent-workspace/cargo-home:/opt/rustwide/cargo-home:ro,Z" "-v" "/var/lib/crater-agent-workspace/rustup-home:/opt/rustwide/rustup-home:ro,Z" "-e" "SOURCE_DIR=/opt/rustwide/workdir" "-e" "CARGO_TARGET_DIR=/opt/rustwide/target" "-e" "CARGO_INCREMENTAL=0" "-e" "RUST_BACKTRACE=full" "-e" "RUSTFLAGS=--cap-lints=warn" "-e" "CARGO_HOME=/opt/rustwide/cargo-home" "-e" "RUSTUP_HOME=/opt/rustwide/rustup-home" "-w" "/opt/rustwide/workdir" "-m" "1610612736" "--user" "0:0" "--network" "none" "ghcr.io/rust-lang/crates-build-env/linux@sha256:34b6a614d2c27851fe6cbf88fbd1137609cefab8b10d0615aaeb6fd47975d74e" "/opt/rustwide/cargo-home/bin/cargo" "+beta-2021-08-01" "test" "--frozen", kill_on_drop: false }`
[INFO] [stdout] 29049d660b01e19c8c1d502fe8bd96d862599ce0cf401e4490bbef6c2e41d9bc
[INFO] running `Command { std: "docker" "start" "-a" "29049d660b01e19c8c1d502fe8bd96d862599ce0cf401e4490bbef6c2e41d9bc", kill_on_drop: false }`
[INFO] [stderr] warning: unused borrow that must be used
[INFO] [stderr]    --> src/types/validate.rs:119:25
[INFO] [stderr]     |
[INFO] [stderr] 119 | /                         &self.$field.validate()
[INFO] [stderr] 120 | |                             .with_context(||
[INFO] [stderr] 121 | |                                 format!("Invalid value in: '{}'", stringify!($field))
[INFO] [stderr] 122 | |                             )?;
[INFO] [stderr]     | |______________________________^
[INFO] [stderr]     | 
[INFO] [stderr]    ::: src/types/user_options.rs:12:1
[INFO] [stderr]     |
[INFO] [stderr] 12  | / validated_struct! {
[INFO] [stderr] 13  | |     #[derive(Deserialize, Debug)]
[INFO] [stderr] 14  | |     #[serde(deny_unknown_fields)]
[INFO] [stderr] 15  | |     pub struct UserOptions {
[INFO] [stderr] ...   |
[INFO] [stderr] 40  | |     }
[INFO] [stderr] 41  | | }
[INFO] [stderr]     | |_- in this macro invocation
[INFO] [stderr]     |
[INFO] [stderr]     = note: `#[warn(unused_must_use)]` on by default
[INFO] [stderr]     = note: this warning originates in the macro `validated_struct` (in Nightly builds, run with -Z macro-backtrace for more info)
[INFO] [stderr] 
[INFO] [stderr] warning: unused borrow that must be used
[INFO] [stderr]    --> src/types/validate.rs:119:25
[INFO] [stderr]     |
[INFO] [stderr] 119 | /                         &self.$field.validate()
[INFO] [stderr] 120 | |                             .with_context(||
[INFO] [stderr] 121 | |                                 format!("Invalid value in: '{}'", stringify!($field))
[INFO] [stderr] 122 | |                             )?;
[INFO] [stderr]     | |______________________________^
[INFO] [stderr]     | 
[INFO] [stderr]    ::: src/types/user_options.rs:12:1
[INFO] [stderr]     |
[INFO] [stderr] 12  | / validated_struct! {
[INFO] [stderr] 13  | |     #[derive(Deserialize, Debug)]
[INFO] [stderr] 14  | |     #[serde(deny_unknown_fields)]
[INFO] [stderr] 15  | |     pub struct UserOptions {
[INFO] [stderr] ...   |
[INFO] [stderr] 40  | |     }
[INFO] [stderr] 41  | | }
[INFO] [stderr]     | |_- in this macro invocation
[INFO] [stderr]     |
[INFO] [stderr]     = note: this warning originates in the macro `validated_struct` (in Nightly builds, run with -Z macro-backtrace for more info)
[INFO] [stderr] 
[INFO] [stderr] warning: unused borrow that must be used
[INFO] [stderr]    --> src/types/validate.rs:119:25
[INFO] [stderr]     |
[INFO] [stderr] 119 | /                         &self.$field.validate()
[INFO] [stderr] 120 | |                             .with_context(||
[INFO] [stderr] 121 | |                                 format!("Invalid value in: '{}'", stringify!($field))
[INFO] [stderr] 122 | |                             )?;
[INFO] [stderr]     | |______________________________^
[INFO] [stderr]     | 
[INFO] [stderr]    ::: src/input/settings.rs:12:1
[INFO] [stderr]     |
[INFO] [stderr] 12  | / validated_struct! {
[INFO] [stderr] 13  | |     #[derive(Deserialize, Debug)]
[INFO] [stderr] 14  | |     #[serde(deny_unknown_fields)]
[INFO] [stderr] 15  | |     pub struct Settings {
[INFO] [stderr] ...   |
[INFO] [stderr] 27  | |     }
[INFO] [stderr] 28  | | }
[INFO] [stderr]     | |_- in this macro invocation
[INFO] [stderr]     |
[INFO] [stderr]     = note: this warning originates in the macro `validated_struct` (in Nightly builds, run with -Z macro-backtrace for more info)
[INFO] [stderr] 
[INFO] [stderr] warning: `pipit-keyboard` (bin "main" test) generated 3 warnings
[INFO] [stderr]     Finished test [unoptimized + debuginfo] target(s) in 0.06s
[INFO] [stderr]      Running unittests (/opt/rustwide/target/debug/deps/main-c5763b06748f484d)
[INFO] [stdout] 
[INFO] [stdout] running 8 tests
[INFO] [stdout] test types::permutation::tests::test_permute_err_shorten ... ok
[INFO] [stdout] test types::permutation::tests::test_permute_lengthen ... ok
[INFO] [stdout] test types::permutation::tests::test_permute_identity ... ok
[INFO] [stdout] test types::permutation::tests::test_permute_err_long ... ok
[INFO] [stdout] test types::permutation::tests::test_permute_reverse ... ok
[INFO] [stdout] test types::permutation::tests::test_permute_err_short ... ok
[INFO] [stdout] test tests::chord22_output ... FAILED
[INFO] [stdout] test tests::big_settings_output ... FAILED
[INFO] [stdout] 
[INFO] [stdout] failures:
[INFO] [stdout] 
[INFO] [stdout] ---- tests::chord22_output stdout ----
[INFO] [stdout] thread 'tests::chord22_output' panicked at 'Failed to save configuration: Context { message: "Failed to open output file", cause: Io(Os { code: 2, kind: NotFound, message: "No such file or directory" }) }', src/tests/mod.rs:41:10
[INFO] [stdout] stack backtrace:
[INFO] [stdout]    0:     0x55b4164dfff0 - std::backtrace_rs::backtrace::libunwind::trace::hff4d1766e93f64f1
[INFO] [stdout]                                at /rustc/53fd98ca776cb875bc9e5514f56b52eb74f9e7a9/library/std/src/../../backtrace/src/backtrace/libunwind.rs:90:5
[INFO] [stdout]    1:     0x55b4164dfff0 - std::backtrace_rs::backtrace::trace_unsynchronized::h56bbc8eb78770bcb
[INFO] [stdout]                                at /rustc/53fd98ca776cb875bc9e5514f56b52eb74f9e7a9/library/std/src/../../backtrace/src/backtrace/mod.rs:66:5
[INFO] [stdout]    2:     0x55b4164dfff0 - std::sys_common::backtrace::_print_fmt::h5c8e75464faca780
[INFO] [stdout]                                at /rustc/53fd98ca776cb875bc9e5514f56b52eb74f9e7a9/library/std/src/sys_common/backtrace.rs:67:5
[INFO] [stdout]    3:     0x55b4164dfff0 - <std::sys_common::backtrace::_print::DisplayBacktrace as core::fmt::Display>::fmt::h48b88277def8b362
[INFO] [stdout]                                at /rustc/53fd98ca776cb875bc9e5514f56b52eb74f9e7a9/library/std/src/sys_common/backtrace.rs:46:22
[INFO] [stdout]    4:     0x55b41650432c - core::fmt::write::h3381b3176fe2b3d3
[INFO] [stdout]                                at /rustc/53fd98ca776cb875bc9e5514f56b52eb74f9e7a9/library/core/src/fmt/mod.rs:1115:17
[INFO] [stdout]    5:     0x55b4164dcaf5 - std::io::Write::write_fmt::h5f34a676f60246b5
[INFO] [stdout]                                at /rustc/53fd98ca776cb875bc9e5514f56b52eb74f9e7a9/library/std/src/io/mod.rs:1665:15
[INFO] [stdout]    6:     0x55b4164e216b - std::sys_common::backtrace::_print::ha537687d6c17dd0d
[INFO] [stdout]                                at /rustc/53fd98ca776cb875bc9e5514f56b52eb74f9e7a9/library/std/src/sys_common/backtrace.rs:49:5
[INFO] [stdout]    7:     0x55b4164e216b - std::sys_common::backtrace::print::h61376ae57d131d72
[INFO] [stdout]                                at /rustc/53fd98ca776cb875bc9e5514f56b52eb74f9e7a9/library/std/src/sys_common/backtrace.rs:36:9
[INFO] [stdout]    8:     0x55b4164e216b - std::panicking::default_hook::{{closure}}::h0f7208c0b9644a54
[INFO] [stdout]                                at /rustc/53fd98ca776cb875bc9e5514f56b52eb74f9e7a9/library/std/src/panicking.rs:208:50
[INFO] [stdout]    9:     0x55b4164e1c7c - std::panicking::default_hook::hdac7fc06578c14ce
[INFO] [stdout]                                at /rustc/53fd98ca776cb875bc9e5514f56b52eb74f9e7a9/library/std/src/panicking.rs:222:9
[INFO] [stdout]   10:     0x55b4164e2834 - std::panicking::rust_panic_with_hook::h72b21c283da3d1ef
[INFO] [stdout]                                at /rustc/53fd98ca776cb875bc9e5514f56b52eb74f9e7a9/library/std/src/panicking.rs:622:17
[INFO] [stdout]   11:     0x55b4164e2317 - std::panicking::begin_panic_handler::{{closure}}::he5778f1729cff84a
[INFO] [stdout]                                at /rustc/53fd98ca776cb875bc9e5514f56b52eb74f9e7a9/library/std/src/panicking.rs:519:13
[INFO] [stdout]   12:     0x55b4164e04cc - std::sys_common::backtrace::__rust_end_short_backtrace::h2d11ca8b453b4b1d
[INFO] [stdout]                                at /rustc/53fd98ca776cb875bc9e5514f56b52eb74f9e7a9/library/std/src/sys_common/backtrace.rs:141:18
[INFO] [stdout]   13:     0x55b4164e2279 - rust_begin_unwind
[INFO] [stdout]                                at /rustc/53fd98ca776cb875bc9e5514f56b52eb74f9e7a9/library/std/src/panicking.rs:515:5
[INFO] [stdout]   14:     0x55b4161dd4b1 - core::panicking::panic_fmt::hf9de31d4acbce4db
[INFO] [stdout]                                at /rustc/53fd98ca776cb875bc9e5514f56b52eb74f9e7a9/library/core/src/panicking.rs:92:14
[INFO] [stdout]   15:     0x55b4161dd5a3 - core::result::unwrap_failed::ha0c84e81219e5878
[INFO] [stdout]                                at /rustc/53fd98ca776cb875bc9e5514f56b52eb74f9e7a9/library/core/src/result.rs:1599:5
[INFO] [stdout]   16:     0x55b4162c36fd - core::result::Result<T,E>::expect::h1352b97c8cf60a8a
[INFO] [stdout]                                at /rustc/53fd98ca776cb875bc9e5514f56b52eb74f9e7a9/library/core/src/result.rs:1241:23
[INFO] [stdout]   17:     0x55b4163700a5 - main::tests::chord22_output::hd6def1fb405823af
[INFO] [stdout]                                at /opt/rustwide/workdir/src/tests/mod.rs:39:5
[INFO] [stdout]   18:     0x55b41636ff7a - main::tests::chord22_output::{{closure}}::h2485a0c39dac3fc6
[INFO] [stdout]                                at /opt/rustwide/workdir/src/tests/mod.rs:32:1
[INFO] [stdout]   19:     0x55b416300bee - core::ops::function::FnOnce::call_once::h099f35a18b495a4e
[INFO] [stdout]                                at /rustc/53fd98ca776cb875bc9e5514f56b52eb74f9e7a9/library/core/src/ops/function.rs:227:5
[INFO] [stdout]   20:     0x55b416449643 - core::ops::function::FnOnce::call_once::hbb52c4519d3137b0
[INFO] [stdout]                                at /rustc/53fd98ca776cb875bc9e5514f56b52eb74f9e7a9/library/core/src/ops/function.rs:227:5
[INFO] [stdout]   21:     0x55b416449643 - test::__rust_begin_short_backtrace::h86fe3a2a5a5121af
[INFO] [stdout]                                at /rustc/53fd98ca776cb875bc9e5514f56b52eb74f9e7a9/library/test/src/lib.rs:578:5
[INFO] [stdout]   22:     0x55b4164480f8 - <alloc::boxed::Box<F,A> as core::ops::function::FnOnce<Args>>::call_once::hfd956bc3d57399be
[INFO] [stdout]                                at /rustc/53fd98ca776cb875bc9e5514f56b52eb74f9e7a9/library/alloc/src/boxed.rs:1572:9
[INFO] [stdout]   23:     0x55b4164480f8 - <std::panic::AssertUnwindSafe<F> as core::ops::function::FnOnce<()>>::call_once::h40dc93e0ddb5938a
[INFO] [stdout]                                at /rustc/53fd98ca776cb875bc9e5514f56b52eb74f9e7a9/library/std/src/panic.rs:347:9
[INFO] [stdout]   24:     0x55b4164480f8 - std::panicking::try::do_call::h90d07750cb47c562
[INFO] [stdout]                                at /rustc/53fd98ca776cb875bc9e5514f56b52eb74f9e7a9/library/std/src/panicking.rs:401:40
[INFO] [stdout]   25:     0x55b4164480f8 - std::panicking::try::h063c84733ad2a629
[INFO] [stdout]                                at /rustc/53fd98ca776cb875bc9e5514f56b52eb74f9e7a9/library/std/src/panicking.rs:365:19
[INFO] [stdout]   26:     0x55b4164480f8 - std::panic::catch_unwind::h0c464836a84e7c08
[INFO] [stdout]                                at /rustc/53fd98ca776cb875bc9e5514f56b52eb74f9e7a9/library/std/src/panic.rs:434:14
[INFO] [stdout]   27:     0x55b4164480f8 - test::run_test_in_process::h5cb06ef620b157fc
[INFO] [stdout]                                at /rustc/53fd98ca776cb875bc9e5514f56b52eb74f9e7a9/library/test/src/lib.rs:601:18
[INFO] [stdout]   28:     0x55b4164480f8 - test::run_test::run_test_inner::{{closure}}::h76f677f4b93f9828
[INFO] [stdout]                                at /rustc/53fd98ca776cb875bc9e5514f56b52eb74f9e7a9/library/test/src/lib.rs:493:39
[INFO] [stdout]   29:     0x55b41641688d - test::run_test::run_test_inner::{{closure}}::h366d01fe04f4d67a
[INFO] [stdout]                                at /rustc/53fd98ca776cb875bc9e5514f56b52eb74f9e7a9/library/test/src/lib.rs:520:37
[INFO] [stdout]   30:     0x55b41641688d - std::sys_common::backtrace::__rust_begin_short_backtrace::h7dfa0de4eb395af2
[INFO] [stdout]                                at /rustc/53fd98ca776cb875bc9e5514f56b52eb74f9e7a9/library/std/src/sys_common/backtrace.rs:125:18
[INFO] [stdout]   31:     0x55b41641b058 - std::thread::Builder::spawn_unchecked::{{closure}}::{{closure}}::hf0a74bb58798037f
[INFO] [stdout]                                at /rustc/53fd98ca776cb875bc9e5514f56b52eb74f9e7a9/library/std/src/thread/mod.rs:476:17
[INFO] [stdout]   32:     0x55b41641b058 - <std::panic::AssertUnwindSafe<F> as core::ops::function::FnOnce<()>>::call_once::hb024e854818586ac
[INFO] [stdout]                                at /rustc/53fd98ca776cb875bc9e5514f56b52eb74f9e7a9/library/std/src/panic.rs:347:9
[INFO] [stdout]   33:     0x55b41641b058 - std::panicking::try::do_call::hb2dd9f1d0d48e41d
[INFO] [stdout]                                at /rustc/53fd98ca776cb875bc9e5514f56b52eb74f9e7a9/library/std/src/panicking.rs:401:40
[INFO] [stdout]   34:     0x55b41641b058 - std::panicking::try::h4717ae7bac8b2bf3
[INFO] [stdout]                                at /rustc/53fd98ca776cb875bc9e5514f56b52eb74f9e7a9/library/std/src/panicking.rs:365:19
[INFO] [stdout]   35:     0x55b41641b058 - std::panic::catch_unwind::h0dc8a061326ce8d8
[INFO] [stdout]                                at /rustc/53fd98ca776cb875bc9e5514f56b52eb74f9e7a9/library/std/src/panic.rs:434:14
[INFO] [stdout]   36:     0x55b41641b058 - std::thread::Builder::spawn_unchecked::{{closure}}::haa369e2d6fd00aa1
[INFO] [stdout]                                at /rustc/53fd98ca776cb875bc9e5514f56b52eb74f9e7a9/library/std/src/thread/mod.rs:475:30
[INFO] [stdout]   37:     0x55b41641b058 - core::ops::function::FnOnce::call_once{{vtable.shim}}::h36dcf3de8b056f17
[INFO] [stdout]                                at /rustc/53fd98ca776cb875bc9e5514f56b52eb74f9e7a9/library/core/src/ops/function.rs:227:5
[INFO] [stdout]   38:     0x55b4164e73e7 - <alloc::boxed::Box<F,A> as core::ops::function::FnOnce<Args>>::call_once::h65c29e4642be2358
[INFO] [stdout]                                at /rustc/53fd98ca776cb875bc9e5514f56b52eb74f9e7a9/library/alloc/src/boxed.rs:1572:9
[INFO] [stdout]   39:     0x55b4164e73e7 - <alloc::boxed::Box<F,A> as core::ops::function::FnOnce<Args>>::call_once::hd0f8f7fbbd9fffbf
[INFO] [stdout]                                at /rustc/53fd98ca776cb875bc9e5514f56b52eb74f9e7a9/library/alloc/src/boxed.rs:1572:9
[INFO] [stdout]   40:     0x55b4164e73e7 - std::sys::unix::thread::Thread::new::thread_start::h2fd22fee3ca77b65
[INFO] [stdout]                                at /rustc/53fd98ca776cb875bc9e5514f56b52eb74f9e7a9/library/std/src/sys/unix/thread.rs:74:17
[INFO] [stdout]   41:     0x7f38647a0609 - start_thread
[INFO] [stdout]   42:     0x7f3864570293 - clone
[INFO] [stdout]   43:                0x0 - <unknown>
[INFO] [stdout] 
[INFO] [stdout] ---- tests::big_settings_output stdout ----
[INFO] [stdout] thread 'tests::big_settings_output' panicked at 'Failed to save configuration: Context { message: "Failed to open output file", cause: Io(Os { code: 2, kind: NotFound, message: "No such file or directory" }) }', src/tests/mod.rs:26:10
[INFO] [stdout] stack backtrace:
[INFO] [stdout]    0:     0x55b4164dfff0 - std::backtrace_rs::backtrace::libunwind::trace::hff4d1766e93f64f1
[INFO] [stdout]                                at /rustc/53fd98ca776cb875bc9e5514f56b52eb74f9e7a9/library/std/src/../../backtrace/src/backtrace/libunwind.rs:90:5
[INFO] [stdout]    1:     0x55b4164dfff0 - std::backtrace_rs::backtrace::trace_unsynchronized::h56bbc8eb78770bcb
[INFO] [stdout]                                at /rustc/53fd98ca776cb875bc9e5514f56b52eb74f9e7a9/library/std/src/../../backtrace/src/backtrace/mod.rs:66:5
[INFO] [stdout]    2:     0x55b4164dfff0 - std::sys_common::backtrace::_print_fmt::h5c8e75464faca780
[INFO] [stdout]                                at /rustc/53fd98ca776cb875bc9e5514f56b52eb74f9e7a9/library/std/src/sys_common/backtrace.rs:67:5
[INFO] [stdout]    3:     0x55b4164dfff0 - <std::sys_common::backtrace::_print::DisplayBacktrace as core::fmt::Display>::fmt::h48b88277def8b362
[INFO] [stdout]                                at /rustc/53fd98ca776cb875bc9e5514f56b52eb74f9e7a9/library/std/src/sys_common/backtrace.rs:46:22
[INFO] [stdout]    4:     0x55b41650432c - core::fmt::write::h3381b3176fe2b3d3
[INFO] [stdout]                                at /rustc/53fd98ca776cb875bc9e5514f56b52eb74f9e7a9/library/core/src/fmt/mod.rs:1115:17
[INFO] [stdout]    5:     0x55b4164dcaf5 - std::io::Write::write_fmt::h5f34a676f60246b5
[INFO] [stdout]                                at /rustc/53fd98ca776cb875bc9e5514f56b52eb74f9e7a9/library/std/src/io/mod.rs:1665:15
[INFO] [stdout]    6:     0x55b4164e216b - std::sys_common::backtrace::_print::ha537687d6c17dd0d
[INFO] [stdout]                                at /rustc/53fd98ca776cb875bc9e5514f56b52eb74f9e7a9/library/std/src/sys_common/backtrace.rs:49:5
[INFO] [stdout]    7:     0x55b4164e216b - std::sys_common::backtrace::print::h61376ae57d131d72
[INFO] [stdout]                                at /rustc/53fd98ca776cb875bc9e5514f56b52eb74f9e7a9/library/std/src/sys_common/backtrace.rs:36:9
[INFO] [stdout]    8:     0x55b4164e216b - std::panicking::default_hook::{{closure}}::h0f7208c0b9644a54
[INFO] [stdout]                                at /rustc/53fd98ca776cb875bc9e5514f56b52eb74f9e7a9/library/std/src/panicking.rs:208:50
[INFO] [stdout]    9:     0x55b4164e1c7c - std::panicking::default_hook::hdac7fc06578c14ce
[INFO] [stdout]                                at /rustc/53fd98ca776cb875bc9e5514f56b52eb74f9e7a9/library/std/src/panicking.rs:222:9
[INFO] [stdout]   10:     0x55b4164e2834 - std::panicking::rust_panic_with_hook::h72b21c283da3d1ef
[INFO] [stdout]                                at /rustc/53fd98ca776cb875bc9e5514f56b52eb74f9e7a9/library/std/src/panicking.rs:622:17
[INFO] [stdout]   11:     0x55b4164e2317 - std::panicking::begin_panic_handler::{{closure}}::he5778f1729cff84a
[INFO] [stdout]                                at /rustc/53fd98ca776cb875bc9e5514f56b52eb74f9e7a9/library/std/src/panicking.rs:519:13
[INFO] [stdout]   12:     0x55b4164e04cc - std::sys_common::backtrace::__rust_end_short_backtrace::h2d11ca8b453b4b1d
[INFO] [stdout]                                at /rustc/53fd98ca776cb875bc9e5514f56b52eb74f9e7a9/library/std/src/sys_common/backtrace.rs:141:18
[INFO] [stdout]   13:     0x55b4164e2279 - rust_begin_unwind
[INFO] [stdout]                                at /rustc/53fd98ca776cb875bc9e5514f56b52eb74f9e7a9/library/std/src/panicking.rs:515:5
[INFO] [stdout]   14:     0x55b4161dd4b1 - core::panicking::panic_fmt::hf9de31d4acbce4db
[INFO] [stdout]                                at /rustc/53fd98ca776cb875bc9e5514f56b52eb74f9e7a9/library/core/src/panicking.rs:92:14
[INFO] [stdout]   15:     0x55b4161dd5a3 - core::result::unwrap_failed::ha0c84e81219e5878
[INFO] [stdout]                                at /rustc/53fd98ca776cb875bc9e5514f56b52eb74f9e7a9/library/core/src/result.rs:1599:5
[INFO] [stdout]   16:     0x55b4162c36fd - core::result::Result<T,E>::expect::h1352b97c8cf60a8a
[INFO] [stdout]                                at /rustc/53fd98ca776cb875bc9e5514f56b52eb74f9e7a9/library/core/src/result.rs:1241:23
[INFO] [stdout]   17:     0x55b41636ff45 - main::tests::big_settings_output::hbe2aac4b76fae217
[INFO] [stdout]                                at /opt/rustwide/workdir/src/tests/mod.rs:24:5
[INFO] [stdout]   18:     0x55b41636fe1a - main::tests::big_settings_output::{{closure}}::h65833c9aa7b534cc
[INFO] [stdout]                                at /opt/rustwide/workdir/src/tests/mod.rs:18:1
[INFO] [stdout]   19:     0x55b41630a12e - core::ops::function::FnOnce::call_once::hdb3ba8247a972f26
[INFO] [stdout]                                at /rustc/53fd98ca776cb875bc9e5514f56b52eb74f9e7a9/library/core/src/ops/function.rs:227:5
[INFO] [stdout]   20:     0x55b416449643 - core::ops::function::FnOnce::call_once::hbb52c4519d3137b0
[INFO] [stdout]                                at /rustc/53fd98ca776cb875bc9e5514f56b52eb74f9e7a9/library/core/src/ops/function.rs:227:5
[INFO] [stdout]   21:     0x55b416449643 - test::__rust_begin_short_backtrace::h86fe3a2a5a5121af
[INFO] [stdout]                                at /rustc/53fd98ca776cb875bc9e5514f56b52eb74f9e7a9/library/test/src/lib.rs:578:5
[INFO] [stdout]   22:     0x55b4164480f8 - <alloc::boxed::Box<F,A> as core::ops::function::FnOnce<Args>>::call_once::hfd956bc3d57399be
[INFO] [stdout]                                at /rustc/53fd98ca776cb875bc9e5514f56b52eb74f9e7a9/library/alloc/src/boxed.rs:1572:9
[INFO] [stdout]   23:     0x55b4164480f8 - <std::panic::AssertUnwindSafe<F> as core::ops::function::FnOnce<()>>::call_once::h40dc93e0ddb5938a
[INFO] [stdout]                                at /rustc/53fd98ca776cb875bc9e5514f56b52eb74f9e7a9/library/std/src/panic.rs:347:9
[INFO] [stdout]   24:     0x55b4164480f8 - std::panicking::try::do_call::h90d07750cb47c562
[INFO] [stdout]                                at /rustc/53fd98ca776cb875bc9e5514f56b52eb74f9e7a9/library/std/src/panicking.rs:401:40
[INFO] [stdout]   25:     0x55b4164480f8 - std::panicking::try::h063c84733ad2a629
[INFO] [stdout]                                at /rustc/53fd98ca776cb875bc9e5514f56b52eb74f9e7a9/library/std/src/panicking.rs:365:19
[INFO] [stdout]   26:     0x55b4164480f8 - std::panic::catch_unwind::h0c464836a84e7c08
[INFO] [stdout]                                at /rustc/53fd98ca776cb875bc9e5514f56b52eb74f9e7a9/library/std/src/panic.rs:434:14
[INFO] [stdout]   27:     0x55b4164480f8 - test::run_test_in_process::h5cb06ef620b157fc
[INFO] [stdout]                                at /rustc/53fd98ca776cb875bc9e5514f56b52eb74f9e7a9/library/test/src/lib.rs:601:18
[INFO] [stdout]   28:     0x55b4164480f8 - test::run_test::run_test_inner::{{closure}}::h76f677f4b93f9828
[INFO] [stdout]                                at /rustc/53fd98ca776cb875bc9e5514f56b52eb74f9e7a9/library/test/src/lib.rs:493:39
[INFO] [stdout]   29:     0x55b41641688d - test::run_test::run_test_inner::{{closure}}::h366d01fe04f4d67a
[INFO] [stdout]                                at /rustc/53fd98ca776cb875bc9e5514f56b52eb74f9e7a9/library/test/src/lib.rs:520:37
[INFO] [stdout]   30:     0x55b41641688d - std::sys_common::backtrace::__rust_begin_short_backtrace::h7dfa0de4eb395af2
[INFO] [stdout]                                at /rustc/53fd98ca776cb875bc9e5514f56b52eb74f9e7a9/library/std/src/sys_common/backtrace.rs:125:18
[INFO] [stdout]   31:     0x55b41641b058 - std::thread::Builder::spawn_unchecked::{{closure}}::{{closure}}::hf0a74bb58798037f
[INFO] [stdout]                                at /rustc/53fd98ca776cb875bc9e5514f56b52eb74f9e7a9/library/std/src/thread/mod.rs:476:17
[INFO] [stdout]   32:     0x55b41641b058 - <std::panic::AssertUnwindSafe<F> as core::ops::function::FnOnce<()>>::call_once::hb024e854818586ac
[INFO] [stdout]                                at /rustc/53fd98ca776cb875bc9e5514f56b52eb74f9e7a9/library/std/src/panic.rs:347:9
[INFO] [stdout]   33:     0x55b41641b058 - std::panicking::try::do_call::hb2dd9f1d0d48e41d
[INFO] [stdout]                                at /rustc/53fd98ca776cb875bc9e5514f56b52eb74f9e7a9/library/std/src/panicking.rs:401:40
[INFO] [stdout]   34:     0x55b41641b058 - std::panicking::try::h4717ae7bac8b2bf3
[INFO] [stdout]                                at /rustc/53fd98ca776cb875bc9e5514f56b52eb74f9e7a9/library/std/src/panicking.rs:365:19
[INFO] [stdout]   35:     0x55b41641b058 - std::panic::catch_unwind::h0dc8a061326ce8d8
[INFO] [stdout]                                at /rustc/53fd98ca776cb875bc9e5514f56b52eb74f9e7a9/library/std/src/panic.rs:434:14
[INFO] [stdout]   36:     0x55b41641b058 - std::thread::Builder::spawn_unchecked::{{closure}}::haa369e2d6fd00aa1
[INFO] [stdout]                                at /rustc/53fd98ca776cb875bc9e5514f56b52eb74f9e7a9/library/std/src/thread/mod.rs:475:30
[INFO] [stdout]   37:     0x55b41641b058 - core::ops::function::FnOnce::call_once{{vtable.shim}}::h36dcf3de8b056f17
[INFO] [stdout]                                at /rustc/53fd98ca776cb875bc9e5514f56b52eb74f9e7a9/library/core/src/ops/function.rs:227:5
[INFO] [stdout]   38:     0x55b4164e73e7 - <alloc::boxed::Box<F,A> as core::ops::function::FnOnce<Args>>::call_once::h65c29e4642be2358
[INFO] [stdout]                                at /rustc/53fd98ca776cb875bc9e5514f56b52eb74f9e7a9/library/alloc/src/boxed.rs:1572:9
[INFO] [stdout]   39:     0x55b4164e73e7 - <alloc::boxed::Box<F,A> as core::ops::function::FnOnce<Args>>::call_once::hd0f8f7fbbd9fffbf
[INFO] [stdout]                                at /rustc/53fd98ca776cb875bc9e5514f56b52eb74f9e7a9/library/alloc/src/boxed.rs:1572:9
[INFO] [stdout]   40:     0x55b4164e73e7 - std::sys::unix::thread::Thread::new::thread_start::h2fd22fee3ca77b65
[INFO] [stdout]                                at /rustc/53fd98ca776cb875bc9e5514f56b52eb74f9e7a9/library/std/src/sys/unix/thread.rs:74:17
[INFO] [stdout]   41:     0x7f38647a0609 - start_thread
[INFO] [stdout]   42:     0x7f3864570293 - clone
[INFO] [stdout]   43:                0x0 - <unknown>
[INFO] [stdout] 
[INFO] [stdout] 
[INFO] [stdout] failures:
[INFO] [stdout]     tests::big_settings_output
[INFO] [stdout]     tests::chord22_output
[INFO] [stdout] 
[INFO] [stdout] test result: FAILED. 6 passed; 2 failed; 0 ignored; 0 measured; 0 filtered out; finished in 2.51s
[INFO] [stdout] 
[INFO] [stderr] error: test failed, to rerun pass '--bin main'
[INFO] running `Command { std: "docker" "inspect" "29049d660b01e19c8c1d502fe8bd96d862599ce0cf401e4490bbef6c2e41d9bc", kill_on_drop: false }`
[INFO] running `Command { std: "docker" "rm" "-f" "29049d660b01e19c8c1d502fe8bd96d862599ce0cf401e4490bbef6c2e41d9bc", kill_on_drop: false }`
[INFO] [stdout] 29049d660b01e19c8c1d502fe8bd96d862599ce0cf401e4490bbef6c2e41d9bc
