[INFO] cloning repository https://github.com/dwuggh/15-puzzle-helper
[INFO] running `Command { std: "git" "-c" "credential.helper=" "-c" "credential.helper=/workspace/cargo-home/bin/git-credential-null" "clone" "--bare" "https://github.com/dwuggh/15-puzzle-helper" "/workspace/cache/git-repos/https%3A%2F%2Fgithub.com%2Fdwuggh%2F15-puzzle-helper", kill_on_drop: false }`
[INFO] [stderr] Cloning into bare repository '/workspace/cache/git-repos/https%3A%2F%2Fgithub.com%2Fdwuggh%2F15-puzzle-helper'...
[INFO] running `Command { std: "git" "rev-parse" "HEAD", kill_on_drop: false }`
[INFO] [stdout] 1e78a92114373712e51f5d9a51d234554a764052
[INFO] testing dwuggh/15-puzzle-helper against beta-2021-08-01 for beta-1.55-1
[INFO] running `Command { std: "git" "clone" "/workspace/cache/git-repos/https%3A%2F%2Fgithub.com%2Fdwuggh%2F15-puzzle-helper" "/workspace/builds/worker-51/source", kill_on_drop: false }`
[INFO] [stderr] Cloning into '/workspace/builds/worker-51/source'...
[INFO] [stderr] done.
[INFO] validating manifest of git repo https://github.com/dwuggh/15-puzzle-helper on toolchain beta-2021-08-01
[INFO] running `Command { std: "/workspace/cargo-home/bin/cargo" "+beta-2021-08-01" "metadata" "--manifest-path" "Cargo.toml" "--no-deps", kill_on_drop: false }`
[INFO] started tweaking git repo https://github.com/dwuggh/15-puzzle-helper
[INFO] finished tweaking git repo https://github.com/dwuggh/15-puzzle-helper
[INFO] tweaked toml for git repo https://github.com/dwuggh/15-puzzle-helper written to /workspace/builds/worker-51/source/Cargo.toml
[INFO] crate git repo https://github.com/dwuggh/15-puzzle-helper already has a lockfile, it will not be regenerated
[INFO] running `Command { std: "/workspace/cargo-home/bin/cargo" "+beta-2021-08-01" "fetch" "--manifest-path" "Cargo.toml", kill_on_drop: false }`
[INFO] [stderr]     Blocking waiting for file lock on package cache
[INFO] [stderr]     Blocking waiting for file lock on package cache
[INFO] running `Command { std: "docker" "create" "-v" "/var/lib/crater-agent-workspace/builds/worker-51/target:/opt/rustwide/target:rw,Z" "-v" "/var/lib/crater-agent-workspace/builds/worker-51/source:/opt/rustwide/workdir:ro,Z" "-v" "/var/lib/crater-agent-workspace/cargo-home:/opt/rustwide/cargo-home:ro,Z" "-v" "/var/lib/crater-agent-workspace/rustup-home:/opt/rustwide/rustup-home:ro,Z" "-e" "SOURCE_DIR=/opt/rustwide/workdir" "-e" "CARGO_TARGET_DIR=/opt/rustwide/target" "-e" "CARGO_HOME=/opt/rustwide/cargo-home" "-e" "RUSTUP_HOME=/opt/rustwide/rustup-home" "-w" "/opt/rustwide/workdir" "-m" "1610612736" "--user" "0:0" "--network" "none" "ghcr.io/rust-lang/crates-build-env/linux@sha256:34b6a614d2c27851fe6cbf88fbd1137609cefab8b10d0615aaeb6fd47975d74e" "/opt/rustwide/cargo-home/bin/cargo" "+beta-2021-08-01" "metadata" "--no-deps" "--format-version=1", kill_on_drop: false }`
[INFO] [stdout] f24f4aa3230b010ab02554bc859836e22e38b25df18cdecc849545af61a60c4a
[INFO] running `Command { std: "docker" "start" "-a" "f24f4aa3230b010ab02554bc859836e22e38b25df18cdecc849545af61a60c4a", kill_on_drop: false }`
[INFO] running `Command { std: "docker" "inspect" "f24f4aa3230b010ab02554bc859836e22e38b25df18cdecc849545af61a60c4a", kill_on_drop: false }`
[INFO] running `Command { std: "docker" "rm" "-f" "f24f4aa3230b010ab02554bc859836e22e38b25df18cdecc849545af61a60c4a", kill_on_drop: false }`
[INFO] [stdout] f24f4aa3230b010ab02554bc859836e22e38b25df18cdecc849545af61a60c4a
[INFO] running `Command { std: "docker" "create" "-v" "/var/lib/crater-agent-workspace/builds/worker-51/target:/opt/rustwide/target:rw,Z" "-v" "/var/lib/crater-agent-workspace/builds/worker-51/source:/opt/rustwide/workdir:ro,Z" "-v" "/var/lib/crater-agent-workspace/cargo-home:/opt/rustwide/cargo-home:ro,Z" "-v" "/var/lib/crater-agent-workspace/rustup-home:/opt/rustwide/rustup-home:ro,Z" "-e" "SOURCE_DIR=/opt/rustwide/workdir" "-e" "CARGO_TARGET_DIR=/opt/rustwide/target" "-e" "CARGO_INCREMENTAL=0" "-e" "RUST_BACKTRACE=full" "-e" "RUSTFLAGS=--cap-lints=warn" "-e" "CARGO_HOME=/opt/rustwide/cargo-home" "-e" "RUSTUP_HOME=/opt/rustwide/rustup-home" "-w" "/opt/rustwide/workdir" "-m" "1610612736" "--user" "0:0" "--network" "none" "ghcr.io/rust-lang/crates-build-env/linux@sha256:34b6a614d2c27851fe6cbf88fbd1137609cefab8b10d0615aaeb6fd47975d74e" "/opt/rustwide/cargo-home/bin/cargo" "+beta-2021-08-01" "build" "--frozen" "--message-format=json", kill_on_drop: false }`
[INFO] [stdout] bad450153855a22422d98106a811c933d5995feb181bf68cac9a5c2496b0fe80
[INFO] running `Command { std: "docker" "start" "-a" "bad450153855a22422d98106a811c933d5995feb181bf68cac9a5c2496b0fe80", kill_on_drop: false }`
[INFO] [stderr]     Blocking waiting for file lock on package cache
[INFO] [stderr]    Compiling libc v0.2.79
[INFO] [stderr]    Compiling version_check v0.9.2
[INFO] [stderr]    Compiling proc-macro2 v1.0.24
[INFO] [stderr]    Compiling unicode-xid v0.2.1
[INFO] [stderr]    Compiling syn v1.0.44
[INFO] [stderr]    Compiling autocfg v1.0.1
[INFO] [stderr]    Compiling unicode-width v0.1.8
[INFO] [stderr]    Compiling hashbrown v0.9.1
[INFO] [stderr]    Compiling os_str_bytes v2.3.2
[INFO] [stderr]    Compiling strsim v0.10.0
[INFO] [stderr]    Compiling vec_map v0.8.2
[INFO] [stderr]    Compiling termcolor v1.1.0
[INFO] [stderr]    Compiling heck v0.3.1
[INFO] [stderr]    Compiling textwrap v0.12.1
[INFO] [stderr]    Compiling proc-macro-error-attr v1.0.4
[INFO] [stderr]    Compiling proc-macro-error v1.0.4
[INFO] [stderr]    Compiling indexmap v1.6.0
[INFO] [stderr]    Compiling quote v1.0.7
[INFO] [stderr]    Compiling getrandom v0.1.15
[INFO] [stderr]    Compiling atty v0.2.14
[INFO] [stderr]    Compiling rand_core v0.5.1
[INFO] [stderr]    Compiling rand_chacha v0.2.2
[INFO] [stderr]    Compiling rand v0.7.3
[INFO] [stderr]    Compiling clap_derive v3.0.0-beta.2
[INFO] [stderr]    Compiling clap v3.0.0-beta.2
[INFO] [stderr]    Compiling fifteen-puzzle-helper v0.1.0 (/opt/rustwide/workdir)
[INFO] [stdout] warning: unused import: `GameBoard`
[INFO] [stdout]  --> src/lib/scrambler.rs:7:27
[INFO] [stdout]   |
[INFO] [stdout] 7 | use super::types::{Board, GameBoard};
[INFO] [stdout]   |                           ^^^^^^^^^
[INFO] [stdout]   |
[INFO] [stdout]   = note: `#[warn(unused_imports)]` on by default
[INFO] [stdout] 
[INFO] [stdout] 
[INFO] [stdout] warning: variant `Traditional_A_Star` should have an upper camel case name
[INFO] [stdout]  --> src/lib/solver.rs:9:5
[INFO] [stdout]   |
[INFO] [stdout] 9 |     Traditional_A_Star,
[INFO] [stdout]   |     ^^^^^^^^^^^^^^^^^^ help: convert the identifier to upper camel case: `TraditionalAStar`
[INFO] [stdout]   |
[INFO] [stdout]   = note: `#[warn(non_camel_case_types)]` on by default
[INFO] [stdout] 
[INFO] [stdout] 
[INFO] [stdout] warning: variant `Rank_Reduction` should have an upper camel case name
[INFO] [stdout]   --> src/lib/solver.rs:10:5
[INFO] [stdout]    |
[INFO] [stdout] 10 |     Rank_Reduction,
[INFO] [stdout]    |     ^^^^^^^^^^^^^^ help: convert the identifier to upper camel case: `RankReduction`
[INFO] [stdout] 
[INFO] [stdout] 
[INFO] [stdout] warning: unused variable: `style`
[INFO] [stdout]   --> src/main.rs:80:7
[INFO] [stdout]    |
[INFO] [stdout] 80 |         let style = sub_scm.value_of("print-style").unwrap();
[INFO] [stdout]    |             ^^^^^ help: if this is intentional, prefix it with an underscore: `_style`
[INFO] [stdout]    |
[INFO] [stdout]    = note: `#[warn(unused_variables)]` on by default
[INFO] [stdout] 
[INFO] [stdout] 
[INFO] [stdout] warning: associated function is never used: `revert`
[INFO] [stdout]   --> src/lib/types/mov.rs:26:8
[INFO] [stdout]    |
[INFO] [stdout] 26 |     fn revert(&self) -> Move {
[INFO] [stdout]    |        ^^^^^^
[INFO] [stdout]    |
[INFO] [stdout]    = note: `#[warn(dead_code)]` on by default
[INFO] [stdout] 
[INFO] [stdout] 
[INFO] [stdout] warning: associated function is never used: `manhattan_dist`
[INFO] [stdout]   --> src/lib/types/board.rs:53:12
[INFO] [stdout]    |
[INFO] [stdout] 53 |     pub fn manhattan_dist(&self) -> u64 {
[INFO] [stdout]    |            ^^^^^^^^^^^^^^
[INFO] [stdout] 
[INFO] [stdout] 
[INFO] [stdout] warning: variant is never constructed: `Traditional_A_Star`
[INFO] [stdout]  --> src/lib/solver.rs:9:5
[INFO] [stdout]   |
[INFO] [stdout] 9 |     Traditional_A_Star,
[INFO] [stdout]   |     ^^^^^^^^^^^^^^^^^^
[INFO] [stdout] 
[INFO] [stdout] 
[INFO] [stdout] warning: field is never read: `subcmd`
[INFO] [stdout]   --> src/main.rs:13:5
[INFO] [stdout]    |
[INFO] [stdout] 13 |     subcmd: SubCmd,
[INFO] [stdout]    |     ^^^^^^^^^^^^^^
[INFO] [stdout] 
[INFO] [stdout] 
[INFO] [stdout] warning: 8 warnings emitted
[INFO] [stdout] 
[INFO] [stdout] 
[INFO] [stderr]     Finished dev [unoptimized + debuginfo] target(s) in 26.46s
[INFO] running `Command { std: "docker" "inspect" "bad450153855a22422d98106a811c933d5995feb181bf68cac9a5c2496b0fe80", kill_on_drop: false }`
[INFO] running `Command { std: "docker" "rm" "-f" "bad450153855a22422d98106a811c933d5995feb181bf68cac9a5c2496b0fe80", kill_on_drop: false }`
[INFO] [stdout] bad450153855a22422d98106a811c933d5995feb181bf68cac9a5c2496b0fe80
[INFO] running `Command { std: "docker" "create" "-v" "/var/lib/crater-agent-workspace/builds/worker-51/target:/opt/rustwide/target:rw,Z" "-v" "/var/lib/crater-agent-workspace/builds/worker-51/source:/opt/rustwide/workdir:ro,Z" "-v" "/var/lib/crater-agent-workspace/cargo-home:/opt/rustwide/cargo-home:ro,Z" "-v" "/var/lib/crater-agent-workspace/rustup-home:/opt/rustwide/rustup-home:ro,Z" "-e" "SOURCE_DIR=/opt/rustwide/workdir" "-e" "CARGO_TARGET_DIR=/opt/rustwide/target" "-e" "CARGO_INCREMENTAL=0" "-e" "RUST_BACKTRACE=full" "-e" "RUSTFLAGS=--cap-lints=warn" "-e" "CARGO_HOME=/opt/rustwide/cargo-home" "-e" "RUSTUP_HOME=/opt/rustwide/rustup-home" "-w" "/opt/rustwide/workdir" "-m" "1610612736" "--user" "0:0" "--network" "none" "ghcr.io/rust-lang/crates-build-env/linux@sha256:34b6a614d2c27851fe6cbf88fbd1137609cefab8b10d0615aaeb6fd47975d74e" "/opt/rustwide/cargo-home/bin/cargo" "+beta-2021-08-01" "test" "--frozen" "--no-run" "--message-format=json", kill_on_drop: false }`
[INFO] [stdout] dcb12f0e6183cb0359f884733d43da0e0007ac30cc5b6b4421f0b925c4cacf84
[INFO] running `Command { std: "docker" "start" "-a" "dcb12f0e6183cb0359f884733d43da0e0007ac30cc5b6b4421f0b925c4cacf84", kill_on_drop: false }`
[INFO] [stderr]    Compiling fifteen-puzzle-helper v0.1.0 (/opt/rustwide/workdir)
[INFO] [stdout] warning: unused import: `GameBoard`
[INFO] [stdout]  --> src/lib/scrambler.rs:7:27
[INFO] [stdout]   |
[INFO] [stdout] 7 | use super::types::{Board, GameBoard};
[INFO] [stdout]   |                           ^^^^^^^^^
[INFO] [stdout]   |
[INFO] [stdout]   = note: `#[warn(unused_imports)]` on by default
[INFO] [stdout] 
[INFO] [stdout] 
[INFO] [stdout] warning: variant `Traditional_A_Star` should have an upper camel case name
[INFO] [stdout]  --> src/lib/solver.rs:9:5
[INFO] [stdout]   |
[INFO] [stdout] 9 |     Traditional_A_Star,
[INFO] [stdout]   |     ^^^^^^^^^^^^^^^^^^ help: convert the identifier to upper camel case: `TraditionalAStar`
[INFO] [stdout]   |
[INFO] [stdout]   = note: `#[warn(non_camel_case_types)]` on by default
[INFO] [stdout] 
[INFO] [stdout] 
[INFO] [stdout] warning: variant `Rank_Reduction` should have an upper camel case name
[INFO] [stdout]   --> src/lib/solver.rs:10:5
[INFO] [stdout]    |
[INFO] [stdout] 10 |     Rank_Reduction,
[INFO] [stdout]    |     ^^^^^^^^^^^^^^ help: convert the identifier to upper camel case: `RankReduction`
[INFO] [stdout] 
[INFO] [stdout] 
[INFO] [stdout] warning: unused variable: `style`
[INFO] [stdout]   --> src/main.rs:80:7
[INFO] [stdout]    |
[INFO] [stdout] 80 |         let style = sub_scm.value_of("print-style").unwrap();
[INFO] [stdout]    |             ^^^^^ help: if this is intentional, prefix it with an underscore: `_style`
[INFO] [stdout]    |
[INFO] [stdout]    = note: `#[warn(unused_variables)]` on by default
[INFO] [stdout] 
[INFO] [stdout] 
[INFO] [stdout] warning: associated function is never used: `revert`
[INFO] [stdout]   --> src/lib/types/mov.rs:26:8
[INFO] [stdout]    |
[INFO] [stdout] 26 |     fn revert(&self) -> Move {
[INFO] [stdout]    |        ^^^^^^
[INFO] [stdout]    |
[INFO] [stdout]    = note: `#[warn(dead_code)]` on by default
[INFO] [stdout] 
[INFO] [stdout] 
[INFO] [stdout] warning: associated function is never used: `manhattan_dist`
[INFO] [stdout]   --> src/lib/types/board.rs:53:12
[INFO] [stdout]    |
[INFO] [stdout] 53 |     pub fn manhattan_dist(&self) -> u64 {
[INFO] [stdout]    |            ^^^^^^^^^^^^^^
[INFO] [stdout] 
[INFO] [stdout] 
[INFO] [stdout] warning: variant is never constructed: `Traditional_A_Star`
[INFO] [stdout]  --> src/lib/solver.rs:9:5
[INFO] [stdout]   |
[INFO] [stdout] 9 |     Traditional_A_Star,
[INFO] [stdout]   |     ^^^^^^^^^^^^^^^^^^
[INFO] [stdout] 
[INFO] [stdout] 
[INFO] [stdout] warning: field is never read: `subcmd`
[INFO] [stdout]   --> src/main.rs:13:5
[INFO] [stdout]    |
[INFO] [stdout] 13 |     subcmd: SubCmd,
[INFO] [stdout]    |     ^^^^^^^^^^^^^^
[INFO] [stdout] 
[INFO] [stdout] 
[INFO] [stdout] warning: 8 warnings emitted
[INFO] [stdout] 
[INFO] [stdout] 
[INFO] [stderr]     Finished test [unoptimized + debuginfo] target(s) in 2.02s
[INFO] running `Command { std: "docker" "inspect" "dcb12f0e6183cb0359f884733d43da0e0007ac30cc5b6b4421f0b925c4cacf84", kill_on_drop: false }`
[INFO] running `Command { std: "docker" "rm" "-f" "dcb12f0e6183cb0359f884733d43da0e0007ac30cc5b6b4421f0b925c4cacf84", kill_on_drop: false }`
[INFO] [stdout] dcb12f0e6183cb0359f884733d43da0e0007ac30cc5b6b4421f0b925c4cacf84
[INFO] running `Command { std: "docker" "create" "-v" "/var/lib/crater-agent-workspace/builds/worker-51/target:/opt/rustwide/target:rw,Z" "-v" "/var/lib/crater-agent-workspace/builds/worker-51/source:/opt/rustwide/workdir:ro,Z" "-v" "/var/lib/crater-agent-workspace/cargo-home:/opt/rustwide/cargo-home:ro,Z" "-v" "/var/lib/crater-agent-workspace/rustup-home:/opt/rustwide/rustup-home:ro,Z" "-e" "SOURCE_DIR=/opt/rustwide/workdir" "-e" "CARGO_TARGET_DIR=/opt/rustwide/target" "-e" "CARGO_INCREMENTAL=0" "-e" "RUST_BACKTRACE=full" "-e" "RUSTFLAGS=--cap-lints=warn" "-e" "CARGO_HOME=/opt/rustwide/cargo-home" "-e" "RUSTUP_HOME=/opt/rustwide/rustup-home" "-w" "/opt/rustwide/workdir" "-m" "1610612736" "--user" "0:0" "--network" "none" "ghcr.io/rust-lang/crates-build-env/linux@sha256:34b6a614d2c27851fe6cbf88fbd1137609cefab8b10d0615aaeb6fd47975d74e" "/opt/rustwide/cargo-home/bin/cargo" "+beta-2021-08-01" "test" "--frozen", kill_on_drop: false }`
[INFO] [stdout] ded17ece82a2431a2f9953586b52df7ffbb555cb484bfdc8017a5c28c4b437be
[INFO] running `Command { std: "docker" "start" "-a" "ded17ece82a2431a2f9953586b52df7ffbb555cb484bfdc8017a5c28c4b437be", kill_on_drop: false }`
[INFO] [stderr]     Blocking waiting for file lock on package cache
[INFO] [stderr] warning: unused import: `GameBoard`
[INFO] [stderr]  --> src/lib/scrambler.rs:7:27
[INFO] [stderr]   |
[INFO] [stderr] 7 | use super::types::{Board, GameBoard};
[INFO] [stderr]   |                           ^^^^^^^^^
[INFO] [stderr]   |
[INFO] [stderr]   = note: `#[warn(unused_imports)]` on by default
[INFO] [stderr] 
[INFO] [stderr] warning: variant `Traditional_A_Star` should have an upper camel case name
[INFO] [stderr]  --> src/lib/solver.rs:9:5
[INFO] [stderr]   |
[INFO] [stderr] 9 |     Traditional_A_Star,
[INFO] [stderr]   |     ^^^^^^^^^^^^^^^^^^ help: convert the identifier to upper camel case: `TraditionalAStar`
[INFO] [stderr]   |
[INFO] [stderr]   = note: `#[warn(non_camel_case_types)]` on by default
[INFO] [stderr] 
[INFO] [stderr] warning: variant `Rank_Reduction` should have an upper camel case name
[INFO] [stderr]   --> src/lib/solver.rs:10:5
[INFO] [stderr]    |
[INFO] [stderr] 10 |     Rank_Reduction,
[INFO] [stderr]    |     ^^^^^^^^^^^^^^ help: convert the identifier to upper camel case: `RankReduction`
[INFO] [stderr] 
[INFO] [stderr] warning: unused variable: `style`
[INFO] [stderr]   --> src/main.rs:80:7
[INFO] [stderr]    |
[INFO] [stderr] 80 |         let style = sub_scm.value_of("print-style").unwrap();
[INFO] [stderr]    |             ^^^^^ help: if this is intentional, prefix it with an underscore: `_style`
[INFO] [stderr]    |
[INFO] [stderr]    = note: `#[warn(unused_variables)]` on by default
[INFO] [stderr] 
[INFO] [stderr] warning: associated function is never used: `revert`
[INFO] [stderr]   --> src/lib/types/mov.rs:26:8
[INFO] [stderr]    |
[INFO] [stderr] 26 |     fn revert(&self) -> Move {
[INFO] [stderr]    |        ^^^^^^
[INFO] [stderr]    |
[INFO] [stderr]    = note: `#[warn(dead_code)]` on by default
[INFO] [stderr] 
[INFO] [stderr] warning: associated function is never used: `manhattan_dist`
[INFO] [stderr]   --> src/lib/types/board.rs:53:12
[INFO] [stderr]    |
[INFO] [stderr] 53 |     pub fn manhattan_dist(&self) -> u64 {
[INFO] [stderr]    |            ^^^^^^^^^^^^^^
[INFO] [stderr] 
[INFO] [stderr] warning: variant is never constructed: `Traditional_A_Star`
[INFO] [stderr]  --> src/lib/solver.rs:9:5
[INFO] [stderr]   |
[INFO] [stderr] 9 |     Traditional_A_Star,
[INFO] [stderr]   |     ^^^^^^^^^^^^^^^^^^
[INFO] [stderr] 
[INFO] [stderr] warning: field is never read: `subcmd`
[INFO] [stderr]   --> src/main.rs:13:5
[INFO] [stderr]    |
[INFO] [stderr] 13 |     subcmd: SubCmd,
[INFO] [stderr]    |     ^^^^^^^^^^^^^^
[INFO] [stderr] 
[INFO] [stderr] warning: `fifteen-puzzle-helper` (bin "fifteen-puzzle-helper" test) generated 8 warnings
[INFO] [stderr]     Finished test [unoptimized + debuginfo] target(s) in 59.65s
[INFO] [stdout] 
[INFO] [stderr]      Running unittests (/opt/rustwide/target/debug/deps/fifteen_puzzle_helper-3797e9a90f45b60b)
[INFO] [stdout] running 7 tests
[INFO] [stdout] test lib::parity::parity_check_test::initial_state ... ok
[INFO] [stdout] test lib::parity::parity_check_test::move_1_empty_site ... ok
[INFO] [stdout] test lib::parity::parity_check_test::real_case_rank_4_2 ... ok
[INFO] [stdout] test lib::parity::parity_check_test::real_case_rank_4_empty_site ... ok
[INFO] [stdout] test lib::parity::parity_check_test::real_case_rank_4_permutation ... ok
[INFO] [stdout] test lib::parity::parity_check_test::swap_2_perm ... ok
[INFO] [stderr] error: test failed, to rerun pass '--bin fifteen-puzzle-helper'
[INFO] [stdout] test lib::parity::parity_check_test::real_case_rank_5 ... FAILED
[INFO] [stdout] 
[INFO] [stdout] failures:
[INFO] [stdout] 
[INFO] [stdout] ---- lib::parity::parity_check_test::real_case_rank_5 stdout ----
[INFO] [stdout] thread 'lib::parity::parity_check_test::real_case_rank_5' panicked at 'assertion failed: `(left == right)`
[INFO] [stdout]   left: `true`,
[INFO] [stdout]  right: `false`', src/lib/parity.rs:139:9
[INFO] [stdout] stack backtrace:
[INFO] [stdout]    0:     0x55a165926e10 - std::backtrace_rs::backtrace::libunwind::trace::hff4d1766e93f64f1
[INFO] [stdout]                                at /rustc/53fd98ca776cb875bc9e5514f56b52eb74f9e7a9/library/std/src/../../backtrace/src/backtrace/libunwind.rs:90:5
[INFO] [stdout]    1:     0x55a165926e10 - std::backtrace_rs::backtrace::trace_unsynchronized::h56bbc8eb78770bcb
[INFO] [stdout]                                at /rustc/53fd98ca776cb875bc9e5514f56b52eb74f9e7a9/library/std/src/../../backtrace/src/backtrace/mod.rs:66:5
[INFO] [stdout]    2:     0x55a165926e10 - std::sys_common::backtrace::_print_fmt::h5c8e75464faca780
[INFO] [stdout]                                at /rustc/53fd98ca776cb875bc9e5514f56b52eb74f9e7a9/library/std/src/sys_common/backtrace.rs:67:5
[INFO] [stdout]    3:     0x55a165926e10 - <std::sys_common::backtrace::_print::DisplayBacktrace as core::fmt::Display>::fmt::h48b88277def8b362
[INFO] [stdout]                                at /rustc/53fd98ca776cb875bc9e5514f56b52eb74f9e7a9/library/std/src/sys_common/backtrace.rs:46:22
[INFO] [stdout]    4:     0x55a1659495dc - core::fmt::write::h3381b3176fe2b3d3
[INFO] [stdout]                                at /rustc/53fd98ca776cb875bc9e5514f56b52eb74f9e7a9/library/core/src/fmt/mod.rs:1115:17
[INFO] [stdout]    5:     0x55a165923d75 - std::io::Write::write_fmt::h5f34a676f60246b5
[INFO] [stdout]                                at /rustc/53fd98ca776cb875bc9e5514f56b52eb74f9e7a9/library/std/src/io/mod.rs:1665:15
[INFO] [stdout]    6:     0x55a165928f8b - std::sys_common::backtrace::_print::ha537687d6c17dd0d
[INFO] [stdout]                                at /rustc/53fd98ca776cb875bc9e5514f56b52eb74f9e7a9/library/std/src/sys_common/backtrace.rs:49:5
[INFO] [stdout]    7:     0x55a165928f8b - std::sys_common::backtrace::print::h61376ae57d131d72
[INFO] [stdout]                                at /rustc/53fd98ca776cb875bc9e5514f56b52eb74f9e7a9/library/std/src/sys_common/backtrace.rs:36:9
[INFO] [stdout]    8:     0x55a165928f8b - std::panicking::default_hook::{{closure}}::h0f7208c0b9644a54
[INFO] [stdout]                                at /rustc/53fd98ca776cb875bc9e5514f56b52eb74f9e7a9/library/std/src/panicking.rs:208:50
[INFO] [stdout]    9:     0x55a165928a9c - std::panicking::default_hook::hdac7fc06578c14ce
[INFO] [stdout]                                at /rustc/53fd98ca776cb875bc9e5514f56b52eb74f9e7a9/library/std/src/panicking.rs:222:9
[INFO] [stdout]   10:     0x55a165929654 - std::panicking::rust_panic_with_hook::h72b21c283da3d1ef
[INFO] [stdout]                                at /rustc/53fd98ca776cb875bc9e5514f56b52eb74f9e7a9/library/std/src/panicking.rs:622:17
[INFO] [stdout]   11:     0x55a165929137 - std::panicking::begin_panic_handler::{{closure}}::he5778f1729cff84a
[INFO] [stdout]                                at /rustc/53fd98ca776cb875bc9e5514f56b52eb74f9e7a9/library/std/src/panicking.rs:519:13
[INFO] [stdout]   12:     0x55a1659272ec - std::sys_common::backtrace::__rust_end_short_backtrace::h2d11ca8b453b4b1d
[INFO] [stdout]                                at /rustc/53fd98ca776cb875bc9e5514f56b52eb74f9e7a9/library/std/src/sys_common/backtrace.rs:141:18
[INFO] [stdout]   13:     0x55a165929099 - rust_begin_unwind
[INFO] [stdout]                                at /rustc/53fd98ca776cb875bc9e5514f56b52eb74f9e7a9/library/std/src/panicking.rs:515:5
[INFO] [stdout]   14:     0x55a1658ca3b1 - core::panicking::panic_fmt::hf9de31d4acbce4db
[INFO] [stdout]                                at /rustc/53fd98ca776cb875bc9e5514f56b52eb74f9e7a9/library/core/src/panicking.rs:92:14
[INFO] [stdout]   15:     0x55a165947ef8 - core::panicking::assert_failed_inner::h62e8cb2847a6e7ec
[INFO] [stdout]   16:     0x55a1658ccdfa - core::panicking::assert_failed::hdef980d9f293b94d
[INFO] [stdout]                                at /rustc/53fd98ca776cb875bc9e5514f56b52eb74f9e7a9/library/core/src/panicking.rs:117:5
[INFO] [stdout]   17:     0x55a1658cfc07 - fifteen_puzzle_helper::lib::parity::parity_check_test::real_case_rank_5::hb86675ac6be47619
[INFO] [stdout]                                at /opt/rustwide/workdir/src/lib/parity.rs:139:9
[INFO] [stdout]   18:     0x55a1658cf9da - fifteen_puzzle_helper::lib::parity::parity_check_test::real_case_rank_5::{{closure}}::h390e30e1ac7f4277
[INFO] [stdout]                                at /opt/rustwide/workdir/src/lib/parity.rs:133:5
[INFO] [stdout]   19:     0x55a1658d108e - core::ops::function::FnOnce::call_once::h93ae6c9bb9aa665b
[INFO] [stdout]                                at /rustc/53fd98ca776cb875bc9e5514f56b52eb74f9e7a9/library/core/src/ops/function.rs:227:5
[INFO] [stdout]   20:     0x55a165904b53 - core::ops::function::FnOnce::call_once::hbb52c4519d3137b0
[INFO] [stdout]                                at /rustc/53fd98ca776cb875bc9e5514f56b52eb74f9e7a9/library/core/src/ops/function.rs:227:5
[INFO] [stdout]   21:     0x55a165904b53 - test::__rust_begin_short_backtrace::h86fe3a2a5a5121af
[INFO] [stdout]                                at /rustc/53fd98ca776cb875bc9e5514f56b52eb74f9e7a9/library/test/src/lib.rs:578:5
[INFO] [stdout]   22:     0x55a165903608 - <alloc::boxed::Box<F,A> as core::ops::function::FnOnce<Args>>::call_once::hfd956bc3d57399be
[INFO] [stdout]                                at /rustc/53fd98ca776cb875bc9e5514f56b52eb74f9e7a9/library/alloc/src/boxed.rs:1572:9
[INFO] [stdout]   23:     0x55a165903608 - <std::panic::AssertUnwindSafe<F> as core::ops::function::FnOnce<()>>::call_once::h40dc93e0ddb5938a
[INFO] [stdout]                                at /rustc/53fd98ca776cb875bc9e5514f56b52eb74f9e7a9/library/std/src/panic.rs:347:9
[INFO] [stdout]   24:     0x55a165903608 - std::panicking::try::do_call::h90d07750cb47c562
[INFO] [stdout]                                at /rustc/53fd98ca776cb875bc9e5514f56b52eb74f9e7a9/library/std/src/panicking.rs:401:40
[INFO] [stdout]   25:     0x55a165903608 - std::panicking::try::h063c84733ad2a629
[INFO] [stdout]                                at /rustc/53fd98ca776cb875bc9e5514f56b52eb74f9e7a9/library/std/src/panicking.rs:365:19
[INFO] [stdout]   26:     0x55a165903608 - std::panic::catch_unwind::h0c464836a84e7c08
[INFO] [stdout]                                at /rustc/53fd98ca776cb875bc9e5514f56b52eb74f9e7a9/library/std/src/panic.rs:434:14
[INFO] [stdout]   27:     0x55a165903608 - test::run_test_in_process::h5cb06ef620b157fc
[INFO] [stdout]                                at /rustc/53fd98ca776cb875bc9e5514f56b52eb74f9e7a9/library/test/src/lib.rs:601:18
[INFO] [stdout]   28:     0x55a165903608 - test::run_test::run_test_inner::{{closure}}::h76f677f4b93f9828
[INFO] [stdout]                                at /rustc/53fd98ca776cb875bc9e5514f56b52eb74f9e7a9/library/test/src/lib.rs:493:39
[INFO] [stdout]   29:     0x55a1658d1d9d - test::run_test::run_test_inner::{{closure}}::h366d01fe04f4d67a
[INFO] [stdout]                                at /rustc/53fd98ca776cb875bc9e5514f56b52eb74f9e7a9/library/test/src/lib.rs:520:37
[INFO] [stdout]   30:     0x55a1658d1d9d - std::sys_common::backtrace::__rust_begin_short_backtrace::h7dfa0de4eb395af2
[INFO] [stdout]                                at /rustc/53fd98ca776cb875bc9e5514f56b52eb74f9e7a9/library/std/src/sys_common/backtrace.rs:125:18
[INFO] [stdout]   31:     0x55a1658d6568 - std::thread::Builder::spawn_unchecked::{{closure}}::{{closure}}::hf0a74bb58798037f
[INFO] [stdout]                                at /rustc/53fd98ca776cb875bc9e5514f56b52eb74f9e7a9/library/std/src/thread/mod.rs:476:17
[INFO] [stdout]   32:     0x55a1658d6568 - <std::panic::AssertUnwindSafe<F> as core::ops::function::FnOnce<()>>::call_once::hb024e854818586ac
[INFO] [stdout]                                at /rustc/53fd98ca776cb875bc9e5514f56b52eb74f9e7a9/library/std/src/panic.rs:347:9
[INFO] [stdout]   33:     0x55a1658d6568 - std::panicking::try::do_call::hb2dd9f1d0d48e41d
[INFO] [stdout]                                at /rustc/53fd98ca776cb875bc9e5514f56b52eb74f9e7a9/library/std/src/panicking.rs:401:40
[INFO] [stdout]   34:     0x55a1658d6568 - std::panicking::try::h4717ae7bac8b2bf3
[INFO] [stdout]                                at /rustc/53fd98ca776cb875bc9e5514f56b52eb74f9e7a9/library/std/src/panicking.rs:365:19
[INFO] [stdout]   35:     0x55a1658d6568 - std::panic::catch_unwind::h0dc8a061326ce8d8
[INFO] [stdout]                                at /rustc/53fd98ca776cb875bc9e5514f56b52eb74f9e7a9/library/std/src/panic.rs:434:14
[INFO] [stdout]   36:     0x55a1658d6568 - std::thread::Builder::spawn_unchecked::{{closure}}::haa369e2d6fd00aa1
[INFO] [stdout]                                at /rustc/53fd98ca776cb875bc9e5514f56b52eb74f9e7a9/library/std/src/thread/mod.rs:475:30
[INFO] [stdout]   37:     0x55a1658d6568 - core::ops::function::FnOnce::call_once{{vtable.shim}}::h36dcf3de8b056f17
[INFO] [stdout]                                at /rustc/53fd98ca776cb875bc9e5514f56b52eb74f9e7a9/library/core/src/ops/function.rs:227:5
[INFO] [stdout]   38:     0x55a16592e1c7 - <alloc::boxed::Box<F,A> as core::ops::function::FnOnce<Args>>::call_once::h65c29e4642be2358
[INFO] [stdout]                                at /rustc/53fd98ca776cb875bc9e5514f56b52eb74f9e7a9/library/alloc/src/boxed.rs:1572:9
[INFO] [stdout]   39:     0x55a16592e1c7 - <alloc::boxed::Box<F,A> as core::ops::function::FnOnce<Args>>::call_once::hd0f8f7fbbd9fffbf
[INFO] [stdout]                                at /rustc/53fd98ca776cb875bc9e5514f56b52eb74f9e7a9/library/alloc/src/boxed.rs:1572:9
[INFO] [stdout]   40:     0x55a16592e1c7 - std::sys::unix::thread::Thread::new::thread_start::h2fd22fee3ca77b65
[INFO] [stdout]                                at /rustc/53fd98ca776cb875bc9e5514f56b52eb74f9e7a9/library/std/src/sys/unix/thread.rs:74:17
[INFO] [stdout]   41:     0x7fc6cc136609 - start_thread
[INFO] [stdout]   42:     0x7fc6cc3c1293 - clone
[INFO] [stdout]   43:                0x0 - <unknown>
[INFO] [stdout] 
[INFO] [stdout] 
[INFO] [stdout] failures:
[INFO] [stdout]     lib::parity::parity_check_test::real_case_rank_5
[INFO] [stdout] 
[INFO] [stdout] test result: FAILED. 6 passed; 1 failed; 0 ignored; 0 measured; 0 filtered out; finished in 0.05s
[INFO] [stdout] 
[INFO] running `Command { std: "docker" "inspect" "ded17ece82a2431a2f9953586b52df7ffbb555cb484bfdc8017a5c28c4b437be", kill_on_drop: false }`
[INFO] running `Command { std: "docker" "rm" "-f" "ded17ece82a2431a2f9953586b52df7ffbb555cb484bfdc8017a5c28c4b437be", kill_on_drop: false }`
[INFO] [stdout] ded17ece82a2431a2f9953586b52df7ffbb555cb484bfdc8017a5c28c4b437be
