[INFO] cloning repository https://github.com/dustlang/team
[INFO] running `Command { std: "git" "-c" "credential.helper=" "-c" "credential.helper=/workspace/cargo-home/bin/git-credential-null" "clone" "--bare" "https://github.com/dustlang/team" "/workspace/cache/git-repos/https%3A%2F%2Fgithub.com%2Fdustlang%2Fteam", kill_on_drop: false }`
[INFO] [stderr] Cloning into bare repository '/workspace/cache/git-repos/https%3A%2F%2Fgithub.com%2Fdustlang%2Fteam'...
[INFO] running `Command { std: "git" "rev-parse" "HEAD", kill_on_drop: false }`
[INFO] [stdout] c26177e4cfd165ee601d5d35ccd0b5e019f25580
[INFO] testing dustlang/team against beta-2021-08-01 for beta-1.55-1
[INFO] running `Command { std: "git" "clone" "/workspace/cache/git-repos/https%3A%2F%2Fgithub.com%2Fdustlang%2Fteam" "/workspace/builds/worker-95/source", kill_on_drop: false }`
[INFO] [stderr] Cloning into '/workspace/builds/worker-95/source'...
[INFO] [stderr] done.
[INFO] validating manifest of git repo https://github.com/dustlang/team on toolchain beta-2021-08-01
[INFO] running `Command { std: "/workspace/cargo-home/bin/cargo" "+beta-2021-08-01" "metadata" "--manifest-path" "Cargo.toml" "--no-deps", kill_on_drop: false }`
[INFO] started tweaking git repo https://github.com/dustlang/team
[INFO] finished tweaking git repo https://github.com/dustlang/team
[INFO] tweaked toml for git repo https://github.com/dustlang/team written to /workspace/builds/worker-95/source/Cargo.toml
[INFO] crate git repo https://github.com/dustlang/team already has a lockfile, it will not be regenerated
[INFO] running `Command { std: "/workspace/cargo-home/bin/cargo" "+beta-2021-08-01" "fetch" "--manifest-path" "Cargo.toml", kill_on_drop: false }`
[INFO] [stderr]     Blocking waiting for file lock on package cache
[INFO] [stderr]     Blocking waiting for file lock on package cache
[INFO] [stderr]  Downloading crates ...
[INFO] [stderr]   Downloaded structopt-derive v0.2.13
[INFO] [stderr]   Downloaded duct v0.13.4
[INFO] [stderr]   Downloaded chacha20 v0.6.0
[INFO] [stderr]   Downloaded chacha20poly1305 v0.7.1
[INFO] [stderr]   Downloaded structopt v0.2.13
[INFO] running `Command { std: "docker" "create" "-v" "/var/lib/crater-agent-workspace/builds/worker-95/target:/opt/rustwide/target:rw,Z" "-v" "/var/lib/crater-agent-workspace/builds/worker-95/source:/opt/rustwide/workdir:ro,Z" "-v" "/var/lib/crater-agent-workspace/cargo-home:/opt/rustwide/cargo-home:ro,Z" "-v" "/var/lib/crater-agent-workspace/rustup-home:/opt/rustwide/rustup-home:ro,Z" "-e" "SOURCE_DIR=/opt/rustwide/workdir" "-e" "CARGO_TARGET_DIR=/opt/rustwide/target" "-e" "CARGO_HOME=/opt/rustwide/cargo-home" "-e" "RUSTUP_HOME=/opt/rustwide/rustup-home" "-w" "/opt/rustwide/workdir" "-m" "1610612736" "--user" "0:0" "--network" "none" "ghcr.io/rust-lang/crates-build-env/linux@sha256:34b6a614d2c27851fe6cbf88fbd1137609cefab8b10d0615aaeb6fd47975d74e" "/opt/rustwide/cargo-home/bin/cargo" "+beta-2021-08-01" "metadata" "--no-deps" "--format-version=1", kill_on_drop: false }`
[INFO] [stdout] a3b1aea8cb3c7765d99f0ba1c9852245df8ab47e266ae728b90ab77f7b11043a
[INFO] running `Command { std: "docker" "start" "-a" "a3b1aea8cb3c7765d99f0ba1c9852245df8ab47e266ae728b90ab77f7b11043a", kill_on_drop: false }`
[INFO] running `Command { std: "docker" "inspect" "a3b1aea8cb3c7765d99f0ba1c9852245df8ab47e266ae728b90ab77f7b11043a", kill_on_drop: false }`
[INFO] running `Command { std: "docker" "rm" "-f" "a3b1aea8cb3c7765d99f0ba1c9852245df8ab47e266ae728b90ab77f7b11043a", kill_on_drop: false }`
[INFO] [stdout] a3b1aea8cb3c7765d99f0ba1c9852245df8ab47e266ae728b90ab77f7b11043a
[INFO] running `Command { std: "docker" "create" "-v" "/var/lib/crater-agent-workspace/builds/worker-95/target:/opt/rustwide/target:rw,Z" "-v" "/var/lib/crater-agent-workspace/builds/worker-95/source:/opt/rustwide/workdir:ro,Z" "-v" "/var/lib/crater-agent-workspace/cargo-home:/opt/rustwide/cargo-home:ro,Z" "-v" "/var/lib/crater-agent-workspace/rustup-home:/opt/rustwide/rustup-home:ro,Z" "-e" "SOURCE_DIR=/opt/rustwide/workdir" "-e" "CARGO_TARGET_DIR=/opt/rustwide/target" "-e" "CARGO_INCREMENTAL=0" "-e" "RUST_BACKTRACE=full" "-e" "RUSTFLAGS=--cap-lints=warn" "-e" "CARGO_HOME=/opt/rustwide/cargo-home" "-e" "RUSTUP_HOME=/opt/rustwide/rustup-home" "-w" "/opt/rustwide/workdir" "-m" "1610612736" "--user" "0:0" "--network" "none" "ghcr.io/rust-lang/crates-build-env/linux@sha256:34b6a614d2c27851fe6cbf88fbd1137609cefab8b10d0615aaeb6fd47975d74e" "/opt/rustwide/cargo-home/bin/cargo" "+beta-2021-08-01" "build" "--frozen" "--message-format=json", kill_on_drop: false }`
[INFO] [stdout] 9eb7ae5111634ea4d4216f9389a66ac4b2de86299b6ab7cdcb910b0fb36659a9
[INFO] running `Command { std: "docker" "start" "-a" "9eb7ae5111634ea4d4216f9389a66ac4b2de86299b6ab7cdcb910b0fb36659a9", kill_on_drop: false }`
[INFO] [stderr]     Blocking waiting for file lock on package cache
[INFO] [stderr]    Compiling libc v0.2.74
[INFO] [stderr]    Compiling version_check v0.1.5
[INFO] [stderr]    Compiling cfg-if v0.1.6
[INFO] [stderr]    Compiling autocfg v0.1.4
[INFO] [stderr]    Compiling rand_core v0.4.0
[INFO] [stderr]    Compiling proc-macro2 v0.4.20
[INFO] [stderr]    Compiling cc v1.0.25
[INFO] [stderr]    Compiling futures v0.1.28
[INFO] [stderr]    Compiling byteorder v1.3.2
[INFO] [stderr]    Compiling smallvec v0.6.10
[INFO] [stderr]    Compiling semver-parser v0.7.0
[INFO] [stderr]    Compiling either v1.5.2
[INFO] [stderr]    Compiling serde v1.0.85
[INFO] [stderr]    Compiling version_check v0.9.2
[INFO] [stderr]    Compiling typenum v1.12.0
[INFO] [stderr]    Compiling slab v0.4.2
[INFO] [stderr]    Compiling pkg-config v0.3.14
[INFO] [stderr]    Compiling arrayvec v0.4.11
[INFO] [stderr]    Compiling itoa v0.4.3
[INFO] [stderr]    Compiling memchr v2.3.4
[INFO] [stderr]    Compiling stable_deref_trait v1.1.1
[INFO] [stderr]    Compiling nodrop v0.1.13
[INFO] [stderr]    Compiling matches v0.1.8
[INFO] [stderr]    Compiling siphasher v0.2.3
[INFO] [stderr]    Compiling rustc-demangle v0.1.9
[INFO] [stderr]    Compiling bitflags v1.0.4
[INFO] [stderr]    Compiling regex-syntax v0.6.22
[INFO] [stderr]    Compiling httparse v1.3.4
[INFO] [stderr]    Compiling crc32fast v1.2.0
[INFO] [stderr]    Compiling unicode-width v0.1.5
[INFO] [stderr]    Compiling failure_derive v0.1.5
[INFO] [stderr]    Compiling ryu v0.2.6
[INFO] [stderr]    Compiling openssl v0.10.23
[INFO] [stderr]    Compiling adler32 v1.0.3
[INFO] [stderr]    Compiling native-tls v0.2.3
[INFO] [stderr]    Compiling subtle v2.4.0
[INFO] [stderr]    Compiling try-lock v0.2.2
[INFO] [stderr]    Compiling encoding_rs v0.8.17
[INFO] [stderr]    Compiling unicode-segmentation v1.2.1
[INFO] [stderr]    Compiling getrandom v0.2.1
[INFO] [stderr]    Compiling openssl-probe v0.1.2
[INFO] [stderr]    Compiling zeroize v1.2.0
[INFO] [stderr]    Compiling cpuid-bool v0.2.0
[INFO] [stderr]    Compiling quick-error v1.2.2
[INFO] [stderr]    Compiling remove_dir_all v0.5.2
[INFO] [stderr]    Compiling vec_map v0.8.1
[INFO] [stderr]    Compiling dtoa v0.4.4
[INFO] [stderr]    Compiling hex v0.4.2
[INFO] [stderr]    Compiling zeroize v0.9.3
[INFO] [stderr]    Compiling termcolor v1.0.4
[INFO] [stderr]    Compiling rand_core v0.3.1
[INFO] [stderr]    Compiling rand_jitter v0.1.4
[INFO] [stderr]    Compiling unicode-bidi v0.3.4
[INFO] [stderr]    Compiling log v0.4.6
[INFO] [stderr]    Compiling try_from v0.3.2
[INFO] [stderr]    Compiling lazy_static v1.1.0
[INFO] [stderr]    Compiling unicase v1.4.2
[INFO] [stderr]    Compiling unicase v2.4.0
[INFO] [stderr]    Compiling error-chain v0.12.1
[INFO] [stderr]    Compiling heck v0.3.0
[INFO] [stderr]    Compiling miniz_oxide v0.2.2
[INFO] [stderr]    Compiling humantime v1.1.1
[INFO] [stderr]    Compiling semver v0.9.0
[INFO] [stderr]    Compiling owning_ref v0.4.0
[INFO] [stderr]    Compiling textwrap v0.10.0
[INFO] [stderr]    Compiling unicode-normalization v0.1.8
[INFO] [stderr]    Compiling rand_isaac v0.1.1
[INFO] [stderr]    Compiling rand_hc v0.1.0
[INFO] [stderr]    Compiling rand_xorshift v0.1.1
[INFO] [stderr]    Compiling rand_pcg v0.1.2
[INFO] [stderr]    Compiling rand_chacha v0.1.1
[INFO] [stderr]    Compiling rand v0.6.5
[INFO] [stderr]    Compiling generic-array v0.14.4
[INFO] [stderr]    Compiling backtrace-sys v0.1.24
[INFO] [stderr]    Compiling openssl-sys v0.9.47
[INFO] [stderr]    Compiling miniz_oxide_c_api v0.2.2
[INFO] [stderr]    Compiling tokio-sync v0.1.6
[INFO] [stderr]    Compiling want v0.2.0
[INFO] [stderr]    Compiling lock_api v0.1.5
[INFO] [stderr]    Compiling rustc_version v0.2.3
[INFO] [stderr]    Compiling idna v0.1.5
[INFO] [stderr]    Compiling base64 v0.10.1
[INFO] [stderr]    Compiling parking_lot_core v0.4.0
[INFO] [stderr]    Compiling hyper v0.12.32
[INFO] [stderr]    Compiling aho-corasick v0.7.15
[INFO] [stderr]    Compiling quote v0.6.9
[INFO] [stderr]    Compiling url v1.7.2
[INFO] [stderr]    Compiling rand_os v0.1.3
[INFO] [stderr]    Compiling iovec v0.1.2
[INFO] [stderr]    Compiling num_cpus v1.10.1
[INFO] [stderr]    Compiling net2 v0.2.33
[INFO] [stderr]    Compiling time v0.1.42
[INFO] [stderr]    Compiling atty v0.2.14
[INFO] [stderr]    Compiling terminal_size v0.1.15
[INFO] [stderr]    Compiling crossbeam-utils v0.6.5
[INFO] [stderr]    Compiling thread_local v1.1.0
[INFO] [stderr]    Compiling syn v0.15.26
[INFO] [stderr]    Compiling phf_shared v0.7.24
[INFO] [stderr]    Compiling clap v2.32.0
[INFO] [stderr]    Compiling env_logger v0.5.13
[INFO] [stderr]    Compiling mime v0.3.13
[INFO] [stderr]    Compiling bytes v0.4.12
[INFO] [stderr]    Compiling phf v0.7.24
[INFO] [stderr]    Compiling futures-cpupool v0.1.8
[INFO] [stderr]    Compiling regex v1.4.3
[INFO] [stderr]    Compiling mio v0.6.19
[INFO] [stderr]    Compiling tokio-executor v0.1.8
[INFO] [stderr]    Compiling crossbeam-epoch v0.7.1
[INFO] [stderr]    Compiling crossbeam-queue v0.1.2
[INFO] [stderr]    Compiling cipher v0.2.5
[INFO] [stderr]    Compiling universal-hash v0.4.0
[INFO] [stderr]    Compiling aead v0.3.2
[INFO] [stderr]    Compiling backtrace v0.3.9
[INFO] [stderr]    Compiling tokio-io v0.1.12
[INFO] [stderr]    Compiling http v0.1.17
[INFO] [stderr]    Compiling string v0.2.1
[INFO] [stderr]    Compiling tokio-buf v0.1.1
[INFO] [stderr]    Compiling flate2 v1.0.9
[INFO] [stderr]    Compiling poly1305 v0.6.2
[INFO] [stderr]    Compiling tokio-timer v0.2.11
[INFO] [stderr]    Compiling tokio-current-thread v0.1.6
[INFO] [stderr]    Compiling cookie v0.12.0
[INFO] [stderr]    Compiling chacha20 v0.6.0
[INFO] [stderr]    Compiling crossbeam-deque v0.7.1
[INFO] [stderr]    Compiling chacha20poly1305 v0.7.1
[INFO] [stderr]    Compiling phf_generator v0.7.24
[INFO] [stderr]    Compiling tokio-threadpool v0.1.15
[INFO] [stderr]    Compiling tempfile v3.0.8
[INFO] [stderr]    Compiling uuid v0.7.4
[INFO] [stderr]    Compiling phf_codegen v0.7.24
[INFO] [stderr]    Compiling mime_guess v2.0.0-alpha.6
[INFO] [stderr]    Compiling parking_lot v0.7.1
[INFO] [stderr]    Compiling publicsuffix v1.5.2
[INFO] [stderr]    Compiling console v0.13.0
[INFO] [stderr]    Compiling dialoguer v0.7.1
[INFO] [stderr]    Compiling tokio-reactor v0.1.9
[INFO] [stderr]    Compiling synstructure v0.10.1
[INFO] [stderr]    Compiling tokio-tcp v0.1.3
[INFO] [stderr]    Compiling http-body v0.1.0
[INFO] [stderr]    Compiling tokio v0.1.22
[INFO] [stderr]    Compiling serde_derive v1.0.85
[INFO] [stderr]    Compiling structopt-derive v0.2.13
[INFO] [stderr]    Compiling structopt v0.2.13
[INFO] [stderr]    Compiling failure v0.1.5
[INFO] [stderr]    Compiling indexmap v1.0.2
[INFO] [stderr]    Compiling serde_json v1.0.32
[INFO] [stderr]    Compiling serde_urlencoded v0.5.5
[INFO] [stderr]    Compiling toml v0.5.1
[INFO] [stderr]    Compiling h2 v0.1.25
[INFO] [stderr]    Compiling rust_team_data v1.0.0 (/opt/rustwide/workdir/rust_team_data)
[INFO] [stderr]    Compiling cookie_store v0.7.0
[INFO] [stderr]    Compiling hyper-tls v0.3.2
[INFO] [stderr]    Compiling reqwest v0.9.18
[INFO] [stderr]    Compiling rust-team v0.1.0 (/opt/rustwide/workdir)
[INFO] [stderr]     Finished dev [unoptimized + debuginfo] target(s) in 1m 40s
[INFO] running `Command { std: "docker" "inspect" "9eb7ae5111634ea4d4216f9389a66ac4b2de86299b6ab7cdcb910b0fb36659a9", kill_on_drop: false }`
[INFO] running `Command { std: "docker" "rm" "-f" "9eb7ae5111634ea4d4216f9389a66ac4b2de86299b6ab7cdcb910b0fb36659a9", kill_on_drop: false }`
[INFO] [stdout] 9eb7ae5111634ea4d4216f9389a66ac4b2de86299b6ab7cdcb910b0fb36659a9
[INFO] running `Command { std: "docker" "create" "-v" "/var/lib/crater-agent-workspace/builds/worker-95/target:/opt/rustwide/target:rw,Z" "-v" "/var/lib/crater-agent-workspace/builds/worker-95/source:/opt/rustwide/workdir:ro,Z" "-v" "/var/lib/crater-agent-workspace/cargo-home:/opt/rustwide/cargo-home:ro,Z" "-v" "/var/lib/crater-agent-workspace/rustup-home:/opt/rustwide/rustup-home:ro,Z" "-e" "SOURCE_DIR=/opt/rustwide/workdir" "-e" "CARGO_TARGET_DIR=/opt/rustwide/target" "-e" "CARGO_INCREMENTAL=0" "-e" "RUST_BACKTRACE=full" "-e" "RUSTFLAGS=--cap-lints=warn" "-e" "CARGO_HOME=/opt/rustwide/cargo-home" "-e" "RUSTUP_HOME=/opt/rustwide/rustup-home" "-w" "/opt/rustwide/workdir" "-m" "1610612736" "--user" "0:0" "--network" "none" "ghcr.io/rust-lang/crates-build-env/linux@sha256:34b6a614d2c27851fe6cbf88fbd1137609cefab8b10d0615aaeb6fd47975d74e" "/opt/rustwide/cargo-home/bin/cargo" "+beta-2021-08-01" "test" "--frozen" "--no-run" "--message-format=json", kill_on_drop: false }`
[INFO] [stdout] ea896bf48c0ed46136e420cb1efa48bbcda7a638addb4a468507f46adc929d64
[INFO] running `Command { std: "docker" "start" "-a" "ea896bf48c0ed46136e420cb1efa48bbcda7a638addb4a468507f46adc929d64", kill_on_drop: false }`
[INFO] [stderr]     Blocking waiting for file lock on package cache
[INFO] [stderr]     Blocking waiting for file lock on package cache
[INFO] [stderr]    Compiling once_cell v1.4.1
[INFO] [stderr]    Compiling difference v2.0.0
[INFO] [stderr]    Compiling ansi_term v0.12.1
[INFO] [stderr]    Compiling walkdir v2.3.1
[INFO] [stderr]    Compiling os_pipe v0.9.2
[INFO] [stderr]    Compiling shared_child v0.3.4
[INFO] [stderr]    Compiling duct v0.13.4
[INFO] [stderr]    Compiling rust-team v0.1.0 (/opt/rustwide/workdir)
[INFO] [stderr]     Finished test [unoptimized + debuginfo] target(s) in 27.11s
[INFO] running `Command { std: "docker" "inspect" "ea896bf48c0ed46136e420cb1efa48bbcda7a638addb4a468507f46adc929d64", kill_on_drop: false }`
[INFO] running `Command { std: "docker" "rm" "-f" "ea896bf48c0ed46136e420cb1efa48bbcda7a638addb4a468507f46adc929d64", kill_on_drop: false }`
[INFO] [stdout] ea896bf48c0ed46136e420cb1efa48bbcda7a638addb4a468507f46adc929d64
[INFO] running `Command { std: "docker" "create" "-v" "/var/lib/crater-agent-workspace/builds/worker-95/target:/opt/rustwide/target:rw,Z" "-v" "/var/lib/crater-agent-workspace/builds/worker-95/source:/opt/rustwide/workdir:ro,Z" "-v" "/var/lib/crater-agent-workspace/cargo-home:/opt/rustwide/cargo-home:ro,Z" "-v" "/var/lib/crater-agent-workspace/rustup-home:/opt/rustwide/rustup-home:ro,Z" "-e" "SOURCE_DIR=/opt/rustwide/workdir" "-e" "CARGO_TARGET_DIR=/opt/rustwide/target" "-e" "CARGO_INCREMENTAL=0" "-e" "RUST_BACKTRACE=full" "-e" "RUSTFLAGS=--cap-lints=warn" "-e" "CARGO_HOME=/opt/rustwide/cargo-home" "-e" "RUSTUP_HOME=/opt/rustwide/rustup-home" "-w" "/opt/rustwide/workdir" "-m" "1610612736" "--user" "0:0" "--network" "none" "ghcr.io/rust-lang/crates-build-env/linux@sha256:34b6a614d2c27851fe6cbf88fbd1137609cefab8b10d0615aaeb6fd47975d74e" "/opt/rustwide/cargo-home/bin/cargo" "+beta-2021-08-01" "test" "--frozen", kill_on_drop: false }`
[INFO] [stdout] ccf99b994e4095d62ef722036761be7822e929d28179fa53f18ba23ba2f0e307
[INFO] running `Command { std: "docker" "start" "-a" "ccf99b994e4095d62ef722036761be7822e929d28179fa53f18ba23ba2f0e307", kill_on_drop: false }`
[INFO] [stderr]     Blocking waiting for file lock on package cache
[INFO] [stderr]     Finished test [unoptimized + debuginfo] target(s) in 1.03s
[INFO] [stderr]      Running unittests (/opt/rustwide/target/debug/deps/rust_team-5afb789f8797d28e)
[INFO] [stdout] 
[INFO] [stdout] running 0 tests
[INFO] [stdout] 
[INFO] [stdout] test result: ok. 0 passed; 0 failed; 0 ignored; 0 measured; 0 filtered out; finished in 0.00s
[INFO] [stdout] 
[INFO] [stderr]      Running tests/snapshot.rs (/opt/rustwide/target/debug/deps/snapshot-89838afdbb4404d5)
[INFO] [stdout] 
[INFO] [stdout] running 1 test
[INFO] [stdout] test static_api ... FAILED
[INFO] [stdout] 
[INFO] [stdout] failures:
[INFO] [stdout] 
[INFO] [stdout] ---- static_api stdout ----
[INFO] [stdout] [1;37m==> checking whether the data is valid[0m
[INFO] [stdout]  WARN couldn't perform checks relying on the GitHub API, some errors will not be detected
[INFO] [stdout]  WARN cause: missing environment variable GITHUB_TOKEN
[INFO] [stdout] [1;37m==> generating the static api contents[0m
[INFO] [stdout] ERROR Read-only file system (os error 30)
[INFO] [stdout] Error: ErrorMessage { msg: "command returned a non-zero exit code!" }
[INFO] [stdout] 
[INFO] [stdout] stack backtrace:
[INFO] [stdout]    0:     0x5615c3728abd - backtrace::backtrace::libunwind::trace::hbae1e71c1b320a45
[INFO] [stdout]                         at /opt/rustwide/cargo-home/registry/src/github.com-1ecc6299db9ec823/backtrace-0.3.9/src/backtrace/libunwind.rs:53
[INFO] [stdout]                          - backtrace::backtrace::trace::h51702e3dcd9bf4e7
[INFO] [stdout]                         at /opt/rustwide/cargo-home/registry/src/github.com-1ecc6299db9ec823/backtrace-0.3.9/src/backtrace/mod.rs:42
[INFO] [stdout]    1:     0x5615c3728d3f - backtrace::capture::Backtrace::new_unresolved::h5a2ec5331cc1891d
[INFO] [stdout]                         at /opt/rustwide/cargo-home/registry/src/github.com-1ecc6299db9ec823/backtrace-0.3.9/src/capture.rs:88
[INFO] [stdout]    2:     0x5615c37247cc - failure::backtrace::internal::InternalBacktrace::new::h386f188e043e554d
[INFO] [stdout]                         at /opt/rustwide/cargo-home/registry/src/github.com-1ecc6299db9ec823/failure-0.1.5/src/backtrace/internal.rs:44
[INFO] [stdout]    3:     0x5615c37238f6 - failure::backtrace::Backtrace::new::h2c325446acce76a3
[INFO] [stdout]                         at /opt/rustwide/cargo-home/registry/src/github.com-1ecc6299db9ec823/failure-0.1.5/src/backtrace/mod.rs:111
[INFO] [stdout]    4:     0x5615c36bbe74 - <failure::error::error_impl::ErrorImpl as core::convert::From<F>>::from::hb77e827402e051da
[INFO] [stdout]                         at /opt/rustwide/cargo-home/registry/src/github.com-1ecc6299db9ec823/failure-0.1.5/src/error/error_impl.rs:19
[INFO] [stdout]    5:     0x5615c36b7e12 - <failure::error::Error as core::convert::From<F>>::from::h9849797273828649
[INFO] [stdout]                         at /opt/rustwide/cargo-home/registry/src/github.com-1ecc6299db9ec823/failure-0.1.5/src/error/mod.rs:36
[INFO] [stdout]    6:     0x5615c36bf236 - failure::error_message::err_msg::hedf3f2d0b89453a3
[INFO] [stdout]                         at /opt/rustwide/cargo-home/registry/src/github.com-1ecc6299db9ec823/failure-0.1.5/src/error_message.rs:12
[INFO] [stdout]    7:     0x5615c36be92c - <duct::Expression as snapshot::ExpressionExt>::assert_success::ha6f6de6a8bcf756e
[INFO] [stdout]                         at tests/snapshot.rs:115
[INFO] [stdout]    8:     0x5615c36ba2e0 - snapshot::static_api::h1a25ac88cb84761c
[INFO] [stdout]                         at tests/snapshot.rs:23
[INFO] [stdout]    9:     0x5615c36b9a1d - snapshot::static_api::{{closure}}::h08fcb2eaa6b0483b
[INFO] [stdout]                         at tests/snapshot.rs:9
[INFO] [stdout]   10:     0x5615c36bea5d - core::ops::function::FnOnce::call_once::h47688201a9d524a6
[INFO] [stdout]                         at /rustc/53fd98ca776cb875bc9e5514f56b52eb74f9e7a9/library/core/src/ops/function.rs:227
[INFO] [stdout]   11:     0x5615c371e922 - core::ops::function::FnOnce::call_once::hbb52c4519d3137b0
[INFO] [stdout]                         at /rustc/53fd98ca776cb875bc9e5514f56b52eb74f9e7a9/library/core/src/ops/function.rs:227
[INFO] [stdout]                          - test::__rust_begin_short_backtrace::h86fe3a2a5a5121af
[INFO] [stdout]                         at library/test/src/lib.rs:578
[INFO] [stdout]   12:     0x5615c371d3d7 - <alloc::boxed::Box<F,A> as core::ops::function::FnOnce<Args>>::call_once::hfd956bc3d57399be
[INFO] [stdout]                         at /rustc/53fd98ca776cb875bc9e5514f56b52eb74f9e7a9/library/alloc/src/boxed.rs:1572
[INFO] [stdout]                          - <std::panic::AssertUnwindSafe<F> as core::ops::function::FnOnce<()>>::call_once::h40dc93e0ddb5938a
[INFO] [stdout]                         at /rustc/53fd98ca776cb875bc9e5514f56b52eb74f9e7a9/library/std/src/panic.rs:347
[INFO] [stdout]                          - std::panicking::try::do_call::h90d07750cb47c562
[INFO] [stdout]                         at /rustc/53fd98ca776cb875bc9e5514f56b52eb74f9e7a9/library/std/src/panicking.rs:401
[INFO] [stdout]                          - std::panicking::try::h063c84733ad2a629
[INFO] [stdout]                         at /rustc/53fd98ca776cb875bc9e5514f56b52eb74f9e7a9/library/std/src/panicking.rs:365
[INFO] [stdout]                          - std::panic::catch_unwind::h0c464836a84e7c08
[INFO] [stdout]                         at /rustc/53fd98ca776cb875bc9e5514f56b52eb74f9e7a9/library/std/src/panic.rs:434
[INFO] [stdout]                          - test::run_test_in_process::h5cb06ef620b157fc
[INFO] [stdout]                         at library/test/src/lib.rs:601
[INFO] [stdout]                          - test::run_test::run_test_inner::{{closure}}::h76f677f4b93f9828
[INFO] [stdout]                         at library/test/src/lib.rs:493
[INFO] [stdout]   13:     0x5615c36ebb6c - test::run_test::run_test_inner::{{closure}}::h366d01fe04f4d67a
[INFO] [stdout]                         at library/test/src/lib.rs:520
[INFO] [stdout]                          - std::sys_common::backtrace::__rust_begin_short_backtrace::h7dfa0de4eb395af2
[INFO] [stdout]                         at /rustc/53fd98ca776cb875bc9e5514f56b52eb74f9e7a9/library/std/src/sys_common/backtrace.rs:125
[INFO] [stdout]   14:     0x5615c36f0337 - std::thread::Builder::spawn_unchecked::{{closure}}::{{closure}}::hf0a74bb58798037f
[INFO] [stdout]                         at /rustc/53fd98ca776cb875bc9e5514f56b52eb74f9e7a9/library/std/src/thread/mod.rs:476
[INFO] [stdout]                          - <std::panic::AssertUnwindSafe<F> as core::ops::function::FnOnce<()>>::call_once::hb024e854818586ac
[INFO] [stdout]                         at /rustc/53fd98ca776cb875bc9e5514f56b52eb74f9e7a9/library/std/src/panic.rs:347
[INFO] [stdout]                          - std::panicking::try::do_call::hb2dd9f1d0d48e41d
[INFO] [stdout]                         at /rustc/53fd98ca776cb875bc9e5514f56b52eb74f9e7a9/library/std/src/panicking.rs:401
[INFO] [stdout]                          - std::panicking::try::h4717ae7bac8b2bf3
[INFO] [stdout]                         at /rustc/53fd98ca776cb875bc9e5514f56b52eb74f9e7a9/library/std/src/panicking.rs:365
[INFO] [stdout]                          - std::panic::catch_unwind::h0dc8a061326ce8d8
[INFO] [stdout]                         at /rustc/53fd98ca776cb875bc9e5514f56b52eb74f9e7a9/library/std/src/panic.rs:434
[INFO] [stdout]                          - std::thread::Builder::spawn_unchecked::{{closure}}::haa369e2d6fd00aa1
[INFO] [stdout]                         at /rustc/53fd98ca776cb875bc9e5514f56b52eb74f9e7a9/library/std/src/thread/mod.rs:475
[INFO] [stdout]                          - core::ops::function::FnOnce::call_once{{vtable.shim}}::h36dcf3de8b056f17
[INFO] [stdout]                         at /rustc/53fd98ca776cb875bc9e5514f56b52eb74f9e7a9/library/core/src/ops/function.rs:227
[INFO] [stdout]   15:     0x5615c37a0ab6 - <alloc::boxed::Box<F,A> as core::ops::function::FnOnce<Args>>::call_once::h65c29e4642be2358
[INFO] [stdout]                         at /rustc/53fd98ca776cb875bc9e5514f56b52eb74f9e7a9/library/alloc/src/boxed.rs:1572
[INFO] [stdout]                          - <alloc::boxed::Box<F,A> as core::ops::function::FnOnce<Args>>::call_once::hd0f8f7fbbd9fffbf
[INFO] [stdout]                         at /rustc/53fd98ca776cb875bc9e5514f56b52eb74f9e7a9/library/alloc/src/boxed.rs:1572
[INFO] [stdout]                          - std::sys::unix::thread::Thread::new::thread_start::h2fd22fee3ca77b65
[INFO] [stdout]                         at library/std/src/sys/unix/thread.rs:74
[INFO] [stdout]   16:     0x7fc2d7ccd608 - start_thread
[INFO] [stdout]   17:     0x7fc2d7aa5292 - __clone
[INFO] [stdout]   18:                0x0 - <unknown>
[INFO] [stdout] thread 'static_api' panicked at 'assertion failed: `(left == right)`
[INFO] [stdout]   left: `1`,
[INFO] [stdout]  right: `0`: the test returned a termination value with a non-zero status code (1) which indicates a failure', /rustc/53fd98ca776cb875bc9e5514f56b52eb74f9e7a9/library/test/src/lib.rs:194:5
[INFO] [stdout] stack backtrace:
[INFO] [stdout]    0:     0x5615c3798400 - std::backtrace_rs::backtrace::libunwind::trace::hff4d1766e93f64f1
[INFO] [stdout]                                at /rustc/53fd98ca776cb875bc9e5514f56b52eb74f9e7a9/library/std/src/../../backtrace/src/backtrace/libunwind.rs:90:5
[INFO] [stdout]    1:     0x5615c3798400 - std::backtrace_rs::backtrace::trace_unsynchronized::h56bbc8eb78770bcb
[INFO] [stdout]                                at /rustc/53fd98ca776cb875bc9e5514f56b52eb74f9e7a9/library/std/src/../../backtrace/src/backtrace/mod.rs:66:5
[INFO] [stdout]    2:     0x5615c3798400 - std::sys_common::backtrace::_print_fmt::h5c8e75464faca780
[INFO] [stdout]                                at /rustc/53fd98ca776cb875bc9e5514f56b52eb74f9e7a9/library/std/src/sys_common/backtrace.rs:67:5
[INFO] [stdout]    3:     0x5615c3798400 - <std::sys_common::backtrace::_print::DisplayBacktrace as core::fmt::Display>::fmt::h48b88277def8b362
[INFO] [stdout]                                at /rustc/53fd98ca776cb875bc9e5514f56b52eb74f9e7a9/library/std/src/sys_common/backtrace.rs:46:22
[INFO] [stdout]    4:     0x5615c37bbf1c - core::fmt::write::h3381b3176fe2b3d3
[INFO] [stdout]                                at /rustc/53fd98ca776cb875bc9e5514f56b52eb74f9e7a9/library/core/src/fmt/mod.rs:1115:17
[INFO] [stdout]    5:     0x5615c3794c65 - std::io::Write::write_fmt::h5f34a676f60246b5
[INFO] [stdout]                                at /rustc/53fd98ca776cb875bc9e5514f56b52eb74f9e7a9/library/std/src/io/mod.rs:1665:15
[INFO] [stdout]    6:     0x5615c379aa0b - std::sys_common::backtrace::_print::ha537687d6c17dd0d
[INFO] [stdout]                                at /rustc/53fd98ca776cb875bc9e5514f56b52eb74f9e7a9/library/std/src/sys_common/backtrace.rs:49:5
[INFO] [stdout]    7:     0x5615c379aa0b - std::sys_common::backtrace::print::h61376ae57d131d72
[INFO] [stdout]                                at /rustc/53fd98ca776cb875bc9e5514f56b52eb74f9e7a9/library/std/src/sys_common/backtrace.rs:36:9
[INFO] [stdout]    8:     0x5615c379aa0b - std::panicking::default_hook::{{closure}}::h0f7208c0b9644a54
[INFO] [stdout]                                at /rustc/53fd98ca776cb875bc9e5514f56b52eb74f9e7a9/library/std/src/panicking.rs:208:50
[INFO] [stdout]    9:     0x5615c379a51c - std::panicking::default_hook::hdac7fc06578c14ce
[INFO] [stdout]                                at /rustc/53fd98ca776cb875bc9e5514f56b52eb74f9e7a9/library/std/src/panicking.rs:222:9
[INFO] [stdout]   10:     0x5615c379b0d4 - std::panicking::rust_panic_with_hook::h72b21c283da3d1ef
[INFO] [stdout]                                at /rustc/53fd98ca776cb875bc9e5514f56b52eb74f9e7a9/library/std/src/panicking.rs:622:17
[INFO] [stdout]   11:     0x5615c379abb7 - std::panicking::begin_panic_handler::{{closure}}::he5778f1729cff84a
[INFO] [stdout]                                at /rustc/53fd98ca776cb875bc9e5514f56b52eb74f9e7a9/library/std/src/panicking.rs:519:13
[INFO] [stdout]   12:     0x5615c37988dc - std::sys_common::backtrace::__rust_end_short_backtrace::h2d11ca8b453b4b1d
[INFO] [stdout]                                at /rustc/53fd98ca776cb875bc9e5514f56b52eb74f9e7a9/library/std/src/sys_common/backtrace.rs:141:18
[INFO] [stdout]   13:     0x5615c379ab19 - rust_begin_unwind
[INFO] [stdout]                                at /rustc/53fd98ca776cb875bc9e5514f56b52eb74f9e7a9/library/std/src/panicking.rs:515:5
[INFO] [stdout]   14:     0x5615c36b3581 - core::panicking::panic_fmt::hf9de31d4acbce4db
[INFO] [stdout]                                at /rustc/53fd98ca776cb875bc9e5514f56b52eb74f9e7a9/library/core/src/panicking.rs:92:14
[INFO] [stdout]   15:     0x5615c37ba91e - core::panicking::assert_failed_inner::h62e8cb2847a6e7ec
[INFO] [stdout]   16:     0x5615c36bf1da - core::panicking::assert_failed::h5a2a3e7e531c2b0b
[INFO] [stdout]                                at /rustc/53fd98ca776cb875bc9e5514f56b52eb74f9e7a9/library/core/src/panicking.rs:117:5
[INFO] [stdout]   17:     0x5615c36bbb75 - test::assert_test_result::hcfe025c1f6c359eb
[INFO] [stdout]                                at /rustc/53fd98ca776cb875bc9e5514f56b52eb74f9e7a9/library/test/src/lib.rs:194:5
[INFO] [stdout]   18:     0x5615c36b9a35 - snapshot::static_api::{{closure}}::h08fcb2eaa6b0483b
[INFO] [stdout]                                at /opt/rustwide/workdir/tests/snapshot.rs:9:1
[INFO] [stdout]   19:     0x5615c36bea5e - core::ops::function::FnOnce::call_once::h47688201a9d524a6
[INFO] [stdout]                                at /rustc/53fd98ca776cb875bc9e5514f56b52eb74f9e7a9/library/core/src/ops/function.rs:227:5
[INFO] [stdout]   20:     0x5615c371e923 - core::ops::function::FnOnce::call_once::hbb52c4519d3137b0
[INFO] [stdout]                                at /rustc/53fd98ca776cb875bc9e5514f56b52eb74f9e7a9/library/core/src/ops/function.rs:227:5
[INFO] [stdout]   21:     0x5615c371e923 - test::__rust_begin_short_backtrace::h86fe3a2a5a5121af
[INFO] [stdout]                                at /rustc/53fd98ca776cb875bc9e5514f56b52eb74f9e7a9/library/test/src/lib.rs:578:5
[INFO] [stdout]   22:     0x5615c371d3d8 - <alloc::boxed::Box<F,A> as core::ops::function::FnOnce<Args>>::call_once::hfd956bc3d57399be
[INFO] [stdout]                                at /rustc/53fd98ca776cb875bc9e5514f56b52eb74f9e7a9/library/alloc/src/boxed.rs:1572:9
[INFO] [stdout]   23:     0x5615c371d3d8 - <std::panic::AssertUnwindSafe<F> as core::ops::function::FnOnce<()>>::call_once::h40dc93e0ddb5938a
[INFO] [stdout]                                at /rustc/53fd98ca776cb875bc9e5514f56b52eb74f9e7a9/library/std/src/panic.rs:347:9
[INFO] [stdout]   24:     0x5615c371d3d8 - std::panicking::try::do_call::h90d07750cb47c562
[INFO] [stdout]                                at /rustc/53fd98ca776cb875bc9e5514f56b52eb74f9e7a9/library/std/src/panicking.rs:401:40
[INFO] [stdout]   25:     0x5615c371d3d8 - std::panicking::try::h063c84733ad2a629
[INFO] [stdout]                                at /rustc/53fd98ca776cb875bc9e5514f56b52eb74f9e7a9/library/std/src/panicking.rs:365:19
[INFO] [stdout]   26:     0x5615c371d3d8 - std::panic::catch_unwind::h0c464836a84e7c08
[INFO] [stdout]                                at /rustc/53fd98ca776cb875bc9e5514f56b52eb74f9e7a9/library/std/src/panic.rs:434:14
[INFO] [stdout]   27:     0x5615c371d3d8 - test::run_test_in_process::h5cb06ef620b157fc
[INFO] [stdout]                                at /rustc/53fd98ca776cb875bc9e5514f56b52eb74f9e7a9/library/test/src/lib.rs:601:18
[INFO] [stdout]   28:     0x5615c371d3d8 - test::run_test::run_test_inner::{{closure}}::h76f677f4b93f9828
[INFO] [stdout]                                at /rustc/53fd98ca776cb875bc9e5514f56b52eb74f9e7a9/library/test/src/lib.rs:493:39
[INFO] [stdout]   29:     0x5615c36ebb6d - test::run_test::run_test_inner::{{closure}}::h366d01fe04f4d67a
[INFO] [stdout]                                at /rustc/53fd98ca776cb875bc9e5514f56b52eb74f9e7a9/library/test/src/lib.rs:520:37
[INFO] [stdout]   30:     0x5615c36ebb6d - std::sys_common::backtrace::__rust_begin_short_backtrace::h7dfa0de4eb395af2
[INFO] [stdout]                                at /rustc/53fd98ca776cb875bc9e5514f56b52eb74f9e7a9/library/std/src/sys_common/backtrace.rs:125:18
[INFO] [stdout]   31:     0x5615c36f0338 - std::thread::Builder::spawn_unchecked::{{closure}}::{{closure}}::hf0a74bb58798037f
[INFO] [stdout]                                at /rustc/53fd98ca776cb875bc9e5514f56b52eb74f9e7a9/library/std/src/thread/mod.rs:476:17
[INFO] [stdout]   32:     0x5615c36f0338 - <std::panic::AssertUnwindSafe<F> as core::ops::function::FnOnce<()>>::call_once::hb024e854818586ac
[INFO] [stdout]                                at /rustc/53fd98ca776cb875bc9e5514f56b52eb74f9e7a9/library/std/src/panic.rs:347:9
[INFO] [stdout]   33:     0x5615c36f0338 - std::panicking::try::do_call::hb2dd9f1d0d48e41d
[INFO] [stdout]                                at /rustc/53fd98ca776cb875bc9e5514f56b52eb74f9e7a9/library/std/src/panicking.rs:401:40
[INFO] [stdout]   34:     0x5615c36f0338 - std::panicking::try::h4717ae7bac8b2bf3
[INFO] [stdout]                                at /rustc/53fd98ca776cb875bc9e5514f56b52eb74f9e7a9/library/std/src/panicking.rs:365:19
[INFO] [stdout]   35:     0x5615c36f0338 - std::panic::catch_unwind::h0dc8a061326ce8d8
[INFO] [stdout]                                at /rustc/53fd98ca776cb875bc9e5514f56b52eb74f9e7a9/library/std/src/panic.rs:434:14
[INFO] [stdout]   36:     0x5615c36f0338 - std::thread::Builder::spawn_unchecked::{{closure}}::haa369e2d6fd00aa1
[INFO] [stdout]                                at /rustc/53fd98ca776cb875bc9e5514f56b52eb74f9e7a9/library/std/src/thread/mod.rs:475:30
[INFO] [stdout]   37:     0x5615c36f0338 - core::ops::function::FnOnce::call_once{{vtable.shim}}::h36dcf3de8b056f17
[INFO] [stdout]                                at /rustc/53fd98ca776cb875bc9e5514f56b52eb74f9e7a9/library/core/src/ops/function.rs:227:5
[INFO] [stdout]   38:     0x5615c37a0ab7 - <alloc::boxed::Box<F,A> as core::ops::function::FnOnce<Args>>::call_once::h65c29e4642be2358
[INFO] [stdout]                                at /rustc/53fd98ca776cb875bc9e5514f56b52eb74f9e7a9/library/alloc/src/boxed.rs:1572:9
[INFO] [stdout]   39:     0x5615c37a0ab7 - <alloc::boxed::Box<F,A> as core::ops::function::FnOnce<Args>>::call_once::hd0f8f7fbbd9fffbf
[INFO] [stdout]                                at /rustc/53fd98ca776cb875bc9e5514f56b52eb74f9e7a9/library/alloc/src/boxed.rs:1572:9
[INFO] [stdout]   40:     0x5615c37a0ab7 - std::sys::unix::thread::Thread::new::thread_start::h2fd22fee3ca77b65
[INFO] [stdout]                                at /rustc/53fd98ca776cb875bc9e5514f56b52eb74f9e7a9/library/std/src/sys/unix/thread.rs:74:17
[INFO] [stdout]   41:     0x7fc2d7ccd609 - start_thread
[INFO] [stdout]   42:     0x7fc2d7aa5293 - clone
[INFO] [stdout]   43:                0x0 - <unknown>
[INFO] [stdout] 
[INFO] [stdout] 
[INFO] [stdout] failures:
[INFO] [stdout]     static_api
[INFO] [stdout] 
[INFO] [stdout] test result: FAILED. 0 passed; 1 failed; 0 ignored; 0 measured; 0 filtered out; finished in 0.44s
[INFO] [stdout] 
[INFO] [stderr] error: test failed, to rerun pass '--test snapshot'
[INFO] running `Command { std: "docker" "inspect" "ccf99b994e4095d62ef722036761be7822e929d28179fa53f18ba23ba2f0e307", kill_on_drop: false }`
[INFO] running `Command { std: "docker" "rm" "-f" "ccf99b994e4095d62ef722036761be7822e929d28179fa53f18ba23ba2f0e307", kill_on_drop: false }`
[INFO] [stdout] ccf99b994e4095d62ef722036761be7822e929d28179fa53f18ba23ba2f0e307
