[INFO] cloning repository https://github.com/drager/httper
[INFO] running `Command { std: "git" "-c" "credential.helper=" "-c" "credential.helper=/workspace/cargo-home/bin/git-credential-null" "clone" "--bare" "https://github.com/drager/httper" "/workspace/cache/git-repos/https%3A%2F%2Fgithub.com%2Fdrager%2Fhttper", kill_on_drop: false }`
[INFO] [stderr] Cloning into bare repository '/workspace/cache/git-repos/https%3A%2F%2Fgithub.com%2Fdrager%2Fhttper'...
[INFO] running `Command { std: "git" "rev-parse" "HEAD", kill_on_drop: false }`
[INFO] [stdout] 75914c59a3818c0a34c90b2203222819a54fce10
[INFO] testing drager/httper against beta-2021-08-01 for beta-1.55-1
[INFO] running `Command { std: "git" "clone" "/workspace/cache/git-repos/https%3A%2F%2Fgithub.com%2Fdrager%2Fhttper" "/workspace/builds/worker-13/source", kill_on_drop: false }`
[INFO] [stderr] Cloning into '/workspace/builds/worker-13/source'...
[INFO] [stderr] done.
[INFO] validating manifest of git repo https://github.com/drager/httper on toolchain beta-2021-08-01
[INFO] running `Command { std: "/workspace/cargo-home/bin/cargo" "+beta-2021-08-01" "metadata" "--manifest-path" "Cargo.toml" "--no-deps", kill_on_drop: false }`
[INFO] started tweaking git repo https://github.com/drager/httper
[INFO] finished tweaking git repo https://github.com/drager/httper
[INFO] tweaked toml for git repo https://github.com/drager/httper written to /workspace/builds/worker-13/source/Cargo.toml
[INFO] crate git repo https://github.com/drager/httper already has a lockfile, it will not be regenerated
[INFO] running `Command { std: "/workspace/cargo-home/bin/cargo" "+beta-2021-08-01" "fetch" "--manifest-path" "Cargo.toml", kill_on_drop: false }`
[INFO] [stderr]     Blocking waiting for file lock on package cache
[INFO] [stderr]  Downloading crates ...
[INFO] [stderr]   Downloaded synstructure v0.6.1
[INFO] [stderr]   Downloaded failure_derive v0.1.1
[INFO] [stderr]   Downloaded failure v0.1.1
[INFO] [stderr]   Downloaded rand v0.5.4
[INFO] [stderr]   Downloaded pkg-config v0.3.12
[INFO] [stderr]   Downloaded syn v0.14.5
[INFO] [stderr]   Downloaded tokio-fs v0.1.2
[INFO] [stderr]   Downloaded lazy_static v1.0.2
[INFO] [stderr]   Downloaded serde_derive v1.0.70
[INFO] [stderr]   Downloaded quote v0.6.4
[INFO] [stderr]   Downloaded openssl-sys v0.9.33
[INFO] [stderr]   Downloaded openssl v0.10.10
[INFO] [stderr]   Downloaded http v0.1.8
[INFO] [stderr]   Downloaded tokio-reactor v0.1.2
[INFO] [stderr]   Downloaded serde v1.0.70
[INFO] [stderr]   Downloaded native-tls v0.2.0
[INFO] [stderr]   Downloaded h2 v0.1.10
[INFO] running `Command { std: "docker" "create" "-v" "/var/lib/crater-agent-workspace/builds/worker-13/target:/opt/rustwide/target:rw,Z" "-v" "/var/lib/crater-agent-workspace/builds/worker-13/source:/opt/rustwide/workdir:ro,Z" "-v" "/var/lib/crater-agent-workspace/cargo-home:/opt/rustwide/cargo-home:ro,Z" "-v" "/var/lib/crater-agent-workspace/rustup-home:/opt/rustwide/rustup-home:ro,Z" "-e" "SOURCE_DIR=/opt/rustwide/workdir" "-e" "CARGO_TARGET_DIR=/opt/rustwide/target" "-e" "CARGO_HOME=/opt/rustwide/cargo-home" "-e" "RUSTUP_HOME=/opt/rustwide/rustup-home" "-w" "/opt/rustwide/workdir" "-m" "1610612736" "--user" "0:0" "--network" "none" "ghcr.io/rust-lang/crates-build-env/linux@sha256:34b6a614d2c27851fe6cbf88fbd1137609cefab8b10d0615aaeb6fd47975d74e" "/opt/rustwide/cargo-home/bin/cargo" "+beta-2021-08-01" "metadata" "--no-deps" "--format-version=1", kill_on_drop: false }`
[INFO] [stdout] e4c024b184e49150e262459687c8b97082c48d2e83294173136735347e039d1f
[INFO] running `Command { std: "docker" "start" "-a" "e4c024b184e49150e262459687c8b97082c48d2e83294173136735347e039d1f", kill_on_drop: false }`
[INFO] running `Command { std: "docker" "inspect" "e4c024b184e49150e262459687c8b97082c48d2e83294173136735347e039d1f", kill_on_drop: false }`
[INFO] running `Command { std: "docker" "rm" "-f" "e4c024b184e49150e262459687c8b97082c48d2e83294173136735347e039d1f", kill_on_drop: false }`
[INFO] [stdout] e4c024b184e49150e262459687c8b97082c48d2e83294173136735347e039d1f
[INFO] running `Command { std: "docker" "create" "-v" "/var/lib/crater-agent-workspace/builds/worker-13/target:/opt/rustwide/target:rw,Z" "-v" "/var/lib/crater-agent-workspace/builds/worker-13/source:/opt/rustwide/workdir:ro,Z" "-v" "/var/lib/crater-agent-workspace/cargo-home:/opt/rustwide/cargo-home:ro,Z" "-v" "/var/lib/crater-agent-workspace/rustup-home:/opt/rustwide/rustup-home:ro,Z" "-e" "SOURCE_DIR=/opt/rustwide/workdir" "-e" "CARGO_TARGET_DIR=/opt/rustwide/target" "-e" "CARGO_INCREMENTAL=0" "-e" "RUST_BACKTRACE=full" "-e" "RUSTFLAGS=--cap-lints=warn" "-e" "CARGO_HOME=/opt/rustwide/cargo-home" "-e" "RUSTUP_HOME=/opt/rustwide/rustup-home" "-w" "/opt/rustwide/workdir" "-m" "1610612736" "--user" "0:0" "--network" "none" "ghcr.io/rust-lang/crates-build-env/linux@sha256:34b6a614d2c27851fe6cbf88fbd1137609cefab8b10d0615aaeb6fd47975d74e" "/opt/rustwide/cargo-home/bin/cargo" "+beta-2021-08-01" "build" "--frozen" "--message-format=json", kill_on_drop: false }`
[INFO] [stdout] 90abd9777f82ab987909ac09b9c91771213bf77a9e9dfcaa9c420015faf5584b
[INFO] running `Command { std: "docker" "start" "-a" "90abd9777f82ab987909ac09b9c91771213bf77a9e9dfcaa9c420015faf5584b", kill_on_drop: false }`
[INFO] [stderr]    Compiling openssl v0.10.10
[INFO] [stderr]    Compiling native-tls v0.2.0
[INFO] [stderr]    Compiling log v0.4.3
[INFO] [stderr]    Compiling bytes v0.4.9
[INFO] [stderr]    Compiling openssl-sys v0.9.33
[INFO] [stderr]    Compiling backtrace-sys v0.1.23
[INFO] [stderr]    Compiling crossbeam-epoch v0.4.3
[INFO] [stderr]    Compiling tokio-timer v0.2.4
[INFO] [stderr]    Compiling syn v0.11.11
[INFO] [stderr]    Compiling futures-cpupool v0.1.8
[INFO] [stderr]    Compiling serde_derive v1.0.70
[INFO] [stderr]    Compiling mio v0.6.15
[INFO] [stderr]    Compiling want v0.0.6
[INFO] [stderr]    Compiling crossbeam-deque v0.3.1
[INFO] [stderr]    Compiling tokio-io v0.1.7
[INFO] [stderr]    Compiling http v0.1.8
[INFO] [stderr]    Compiling tokio-threadpool v0.1.5
[INFO] [stderr]    Compiling tokio-reactor v0.1.2
[INFO] [stderr]    Compiling tokio-codec v0.1.0
[INFO] [stderr]    Compiling backtrace v0.3.9
[INFO] [stderr]    Compiling tokio-fs v0.1.2
[INFO] [stderr]    Compiling tokio-tcp v0.1.0
[INFO] [stderr]    Compiling tokio-udp v0.1.1
[INFO] [stderr]    Compiling synstructure v0.6.1
[INFO] [stderr]    Compiling tokio v0.1.7
[INFO] [stderr]    Compiling failure_derive v0.1.1
[INFO] [stderr]    Compiling h2 v0.1.10
[INFO] [stderr]    Compiling failure v0.1.1
[INFO] [stderr]    Compiling hyper v0.12.7
[INFO] [stderr]    Compiling hyper-tls v0.3.0
[INFO] [stderr]    Compiling httper v0.1.0 (/opt/rustwide/workdir)
[INFO] [stdout] warning: trait objects without an explicit `dyn` are deprecated
[INFO] [stdout]  --> src/client/response_future.rs:9:13
[INFO] [stdout]   |
[INFO] [stdout] 9 |     pub Box<Future<Item = hyper::Response<hyper::Body>, Error = Error> + Send>,
[INFO] [stdout]   |             ^^^^^^^^^^^^^^^^^^^^^^^^^^^^^^^^^^^^^^^^^^^^^^^^^^^^^^^^^^^^^^^^^ help: use `dyn`: `dyn Future<Item = hyper::Response<hyper::Body>, Error = Error> + Send`
[INFO] [stdout]   |
[INFO] [stdout]   = note: `#[warn(bare_trait_objects)]` on by default
[INFO] [stdout]   = warning: this is accepted in the current edition (Rust 2015) but is a hard error in Rust 2021!
[INFO] [stdout]   = note: for more information, see issue #80165 <https://github.com/rust-lang/rust/issues/80165>
[INFO] [stdout] 
[INFO] [stdout] 
[INFO] [stdout] warning: trait objects without an explicit `dyn` are deprecated
[INFO] [stdout]    --> src/client/mod.rs:262:9
[INFO] [stdout]     |
[INFO] [stdout] 262 |     Box<error::Error>,
[INFO] [stdout]     |         ^^^^^^^^^^^^ help: use `dyn`: `dyn error::Error`
[INFO] [stdout]     |
[INFO] [stdout]     = warning: this is accepted in the current edition (Rust 2015) but is a hard error in Rust 2021!
[INFO] [stdout]     = note: for more information, see issue #80165 <https://github.com/rust-lang/rust/issues/80165>
[INFO] [stdout] 
[INFO] [stdout] 
[INFO] [stdout] warning: 2 warnings emitted
[INFO] [stdout] 
[INFO] [stdout] 
[INFO] [stderr]     Finished dev [unoptimized + debuginfo] target(s) in 29.31s
[INFO] running `Command { std: "docker" "inspect" "90abd9777f82ab987909ac09b9c91771213bf77a9e9dfcaa9c420015faf5584b", kill_on_drop: false }`
[INFO] running `Command { std: "docker" "rm" "-f" "90abd9777f82ab987909ac09b9c91771213bf77a9e9dfcaa9c420015faf5584b", kill_on_drop: false }`
[INFO] [stdout] 90abd9777f82ab987909ac09b9c91771213bf77a9e9dfcaa9c420015faf5584b
[INFO] running `Command { std: "docker" "create" "-v" "/var/lib/crater-agent-workspace/builds/worker-13/target:/opt/rustwide/target:rw,Z" "-v" "/var/lib/crater-agent-workspace/builds/worker-13/source:/opt/rustwide/workdir:ro,Z" "-v" "/var/lib/crater-agent-workspace/cargo-home:/opt/rustwide/cargo-home:ro,Z" "-v" "/var/lib/crater-agent-workspace/rustup-home:/opt/rustwide/rustup-home:ro,Z" "-e" "SOURCE_DIR=/opt/rustwide/workdir" "-e" "CARGO_TARGET_DIR=/opt/rustwide/target" "-e" "CARGO_INCREMENTAL=0" "-e" "RUST_BACKTRACE=full" "-e" "RUSTFLAGS=--cap-lints=warn" "-e" "CARGO_HOME=/opt/rustwide/cargo-home" "-e" "RUSTUP_HOME=/opt/rustwide/rustup-home" "-w" "/opt/rustwide/workdir" "-m" "1610612736" "--user" "0:0" "--network" "none" "ghcr.io/rust-lang/crates-build-env/linux@sha256:34b6a614d2c27851fe6cbf88fbd1137609cefab8b10d0615aaeb6fd47975d74e" "/opt/rustwide/cargo-home/bin/cargo" "+beta-2021-08-01" "test" "--frozen" "--no-run" "--message-format=json", kill_on_drop: false }`
[INFO] [stdout] 74b53a0bc1b3aabe4f8eeb0beb6ba1499d68d50e342a6c34d7addd0b326ab450
[INFO] running `Command { std: "docker" "start" "-a" "74b53a0bc1b3aabe4f8eeb0beb6ba1499d68d50e342a6c34d7addd0b326ab450", kill_on_drop: false }`
[INFO] [stdout] warning: trait objects without an explicit `dyn` are deprecated
[INFO] [stdout]  --> src/client/response_future.rs:9:13
[INFO] [stdout]   |
[INFO] [stdout] 9 |     pub Box<Future<Item = hyper::Response<hyper::Body>, Error = Error> + Send>,
[INFO] [stdout]   |             ^^^^^^^^^^^^^^^^^^^^^^^^^^^^^^^^^^^^^^^^^^^^^^^^^^^^^^^^^^^^^^^^^ help: use `dyn`: `dyn Future<Item = hyper::Response<hyper::Body>, Error = Error> + Send`
[INFO] [stdout]   |
[INFO] [stdout]   = note: `#[warn(bare_trait_objects)]` on by default
[INFO] [stdout]   = warning: this is accepted in the current edition (Rust 2015) but is a hard error in Rust 2021!
[INFO] [stdout]   = note: for more information, see issue #80165 <https://github.com/rust-lang/rust/issues/80165>
[INFO] [stdout] 
[INFO] [stdout] 
[INFO] [stderr]    Compiling httper v0.1.0 (/opt/rustwide/workdir)
[INFO] [stdout] warning: trait objects without an explicit `dyn` are deprecated
[INFO] [stdout]    --> src/client/mod.rs:262:9
[INFO] [stdout]     |
[INFO] [stdout] 262 |     Box<error::Error>,
[INFO] [stdout]     |         ^^^^^^^^^^^^ help: use `dyn`: `dyn error::Error`
[INFO] [stdout]     |
[INFO] [stdout]     = warning: this is accepted in the current edition (Rust 2015) but is a hard error in Rust 2021!
[INFO] [stdout]     = note: for more information, see issue #80165 <https://github.com/rust-lang/rust/issues/80165>
[INFO] [stdout] 
[INFO] [stdout] 
[INFO] [stdout] warning: 2 warnings emitted
[INFO] [stdout] 
[INFO] [stdout] 
[INFO] [stdout] warning: trait objects without an explicit `dyn` are deprecated
[INFO] [stdout]  --> src/client/response_future.rs:9:13
[INFO] [stdout]   |
[INFO] [stdout] 9 |     pub Box<Future<Item = hyper::Response<hyper::Body>, Error = Error> + Send>,
[INFO] [stdout]   |             ^^^^^^^^^^^^^^^^^^^^^^^^^^^^^^^^^^^^^^^^^^^^^^^^^^^^^^^^^^^^^^^^^ help: use `dyn`: `dyn Future<Item = hyper::Response<hyper::Body>, Error = Error> + Send`
[INFO] [stdout]   |
[INFO] [stdout]   = note: `#[warn(bare_trait_objects)]` on by default
[INFO] [stdout]   = warning: this is accepted in the current edition (Rust 2015) but is a hard error in Rust 2021!
[INFO] [stdout]   = note: for more information, see issue #80165 <https://github.com/rust-lang/rust/issues/80165>
[INFO] [stdout] 
[INFO] [stdout] 
[INFO] [stdout] warning: trait objects without an explicit `dyn` are deprecated
[INFO] [stdout]    --> src/client/mod.rs:262:9
[INFO] [stdout]     |
[INFO] [stdout] 262 |     Box<error::Error>,
[INFO] [stdout]     |         ^^^^^^^^^^^^ help: use `dyn`: `dyn error::Error`
[INFO] [stdout]     |
[INFO] [stdout]     = warning: this is accepted in the current edition (Rust 2015) but is a hard error in Rust 2021!
[INFO] [stdout]     = note: for more information, see issue #80165 <https://github.com/rust-lang/rust/issues/80165>
[INFO] [stdout] 
[INFO] [stdout] 
[INFO] [stdout] warning: 2 warnings emitted
[INFO] [stdout] 
[INFO] [stdout] 
[INFO] [stderr]     Finished test [unoptimized + debuginfo] target(s) in 11.25s
[INFO] running `Command { std: "docker" "inspect" "74b53a0bc1b3aabe4f8eeb0beb6ba1499d68d50e342a6c34d7addd0b326ab450", kill_on_drop: false }`
[INFO] running `Command { std: "docker" "rm" "-f" "74b53a0bc1b3aabe4f8eeb0beb6ba1499d68d50e342a6c34d7addd0b326ab450", kill_on_drop: false }`
[INFO] [stdout] 74b53a0bc1b3aabe4f8eeb0beb6ba1499d68d50e342a6c34d7addd0b326ab450
[INFO] running `Command { std: "docker" "create" "-v" "/var/lib/crater-agent-workspace/builds/worker-13/target:/opt/rustwide/target:rw,Z" "-v" "/var/lib/crater-agent-workspace/builds/worker-13/source:/opt/rustwide/workdir:ro,Z" "-v" "/var/lib/crater-agent-workspace/cargo-home:/opt/rustwide/cargo-home:ro,Z" "-v" "/var/lib/crater-agent-workspace/rustup-home:/opt/rustwide/rustup-home:ro,Z" "-e" "SOURCE_DIR=/opt/rustwide/workdir" "-e" "CARGO_TARGET_DIR=/opt/rustwide/target" "-e" "CARGO_INCREMENTAL=0" "-e" "RUST_BACKTRACE=full" "-e" "RUSTFLAGS=--cap-lints=warn" "-e" "CARGO_HOME=/opt/rustwide/cargo-home" "-e" "RUSTUP_HOME=/opt/rustwide/rustup-home" "-w" "/opt/rustwide/workdir" "-m" "1610612736" "--user" "0:0" "--network" "none" "ghcr.io/rust-lang/crates-build-env/linux@sha256:34b6a614d2c27851fe6cbf88fbd1137609cefab8b10d0615aaeb6fd47975d74e" "/opt/rustwide/cargo-home/bin/cargo" "+beta-2021-08-01" "test" "--frozen", kill_on_drop: false }`
[INFO] [stdout] 6baa3ec8d5b1214e9c55a985ed30aac1e7296b94b764127ad0bcd918c8c67b59
[INFO] running `Command { std: "docker" "start" "-a" "6baa3ec8d5b1214e9c55a985ed30aac1e7296b94b764127ad0bcd918c8c67b59", kill_on_drop: false }`
[INFO] [stderr] warning: trait objects without an explicit `dyn` are deprecated
[INFO] [stderr]  --> src/client/response_future.rs:9:13
[INFO] [stderr]   |
[INFO] [stderr] 9 |     pub Box<Future<Item = hyper::Response<hyper::Body>, Error = Error> + Send>,
[INFO] [stderr]   |             ^^^^^^^^^^^^^^^^^^^^^^^^^^^^^^^^^^^^^^^^^^^^^^^^^^^^^^^^^^^^^^^^^ help: use `dyn`: `dyn Future<Item = hyper::Response<hyper::Body>, Error = Error> + Send`
[INFO] [stderr]   |
[INFO] [stderr]   = note: `#[warn(bare_trait_objects)]` on by default
[INFO] [stderr]   = warning: this is accepted in the current edition (Rust 2015) but is a hard error in Rust 2021!
[INFO] [stderr]   = note: for more information, see issue #80165 <https://github.com/rust-lang/rust/issues/80165>
[INFO] [stderr] 
[INFO] [stderr] warning: trait objects without an explicit `dyn` are deprecated
[INFO] [stderr]    --> src/client/mod.rs:262:9
[INFO] [stderr]     |
[INFO] [stderr] 262 |     Box<error::Error>,
[INFO] [stderr]     |         ^^^^^^^^^^^^ help: use `dyn`: `dyn error::Error`
[INFO] [stderr]     |
[INFO] [stderr]     = warning: this is accepted in the current edition (Rust 2015) but is a hard error in Rust 2021!
[INFO] [stderr]     = note: for more information, see issue #80165 <https://github.com/rust-lang/rust/issues/80165>
[INFO] [stderr] 
[INFO] [stderr] warning: `httper` (lib) generated 2 warnings
[INFO] [stderr] warning: `httper` (lib test) generated 2 warnings (2 duplicates)
[INFO] [stderr]     Finished test [unoptimized + debuginfo] target(s) in 0.08s
[INFO] [stdout] 
[INFO] [stderr]      Running unittests (/opt/rustwide/target/debug/deps/httper-aab5c0f790837d2c)
[INFO] [stdout] running 10 tests
[INFO] [stderr] error: test failed, to rerun pass '--lib'
[INFO] [stderr] 
[INFO] [stderr] Caused by:
[INFO] [stderr]   process didn't exit successfully: `/opt/rustwide/target/debug/deps/httper-aab5c0f790837d2c` (signal: 11, SIGSEGV: invalid memory reference)
[INFO] running `Command { std: "docker" "inspect" "6baa3ec8d5b1214e9c55a985ed30aac1e7296b94b764127ad0bcd918c8c67b59", kill_on_drop: false }`
[INFO] running `Command { std: "docker" "rm" "-f" "6baa3ec8d5b1214e9c55a985ed30aac1e7296b94b764127ad0bcd918c8c67b59", kill_on_drop: false }`
[INFO] [stdout] 6baa3ec8d5b1214e9c55a985ed30aac1e7296b94b764127ad0bcd918c8c67b59
