[INFO] cloning repository https://github.com/doxxx/raytracer
[INFO] running `Command { std: "git" "-c" "credential.helper=" "-c" "credential.helper=/workspace/cargo-home/bin/git-credential-null" "clone" "--bare" "https://github.com/doxxx/raytracer" "/workspace/cache/git-repos/https%3A%2F%2Fgithub.com%2Fdoxxx%2Fraytracer", kill_on_drop: false }`
[INFO] [stderr] Cloning into bare repository '/workspace/cache/git-repos/https%3A%2F%2Fgithub.com%2Fdoxxx%2Fraytracer'...
[INFO] running `Command { std: "git" "rev-parse" "HEAD", kill_on_drop: false }`
[INFO] [stdout] 950e463044f3d1b5728fa4738474b017b477d669
[INFO] testing doxxx/raytracer against beta-2021-08-01 for beta-1.55-1
[INFO] running `Command { std: "git" "clone" "/workspace/cache/git-repos/https%3A%2F%2Fgithub.com%2Fdoxxx%2Fraytracer" "/workspace/builds/worker-6/source", kill_on_drop: false }`
[INFO] [stderr] Cloning into '/workspace/builds/worker-6/source'...
[INFO] [stderr] done.
[INFO] validating manifest of git repo https://github.com/doxxx/raytracer on toolchain beta-2021-08-01
[INFO] running `Command { std: "/workspace/cargo-home/bin/cargo" "+beta-2021-08-01" "metadata" "--manifest-path" "Cargo.toml" "--no-deps", kill_on_drop: false }`
[INFO] removed /workspace/builds/worker-6/source/rust-toolchain
[INFO] started tweaking git repo https://github.com/doxxx/raytracer
[INFO] finished tweaking git repo https://github.com/doxxx/raytracer
[INFO] tweaked toml for git repo https://github.com/doxxx/raytracer written to /workspace/builds/worker-6/source/Cargo.toml
[INFO] crate git repo https://github.com/doxxx/raytracer already has a lockfile, it will not be regenerated
[INFO] running `Command { std: "/workspace/cargo-home/bin/cargo" "+beta-2021-08-01" "fetch" "--manifest-path" "Cargo.toml", kill_on_drop: false }`
[INFO] [stderr] warning: unused manifest key: profile.release.target-cpu
[INFO] [stderr]  Downloading crates ...
[INFO] [stderr]   Downloaded redox_syscall v0.1.30
[INFO] [stderr]   Downloaded adler32 v1.0.0
[INFO] [stderr]   Downloaded wavefront_obj v5.1.0
[INFO] [stderr]   Downloaded clap v2.25.1
[INFO] [stderr]   Downloaded png v0.8.0
[INFO] [stderr]   Downloaded textwrap v0.6.0
[INFO] [stderr]   Downloaded peg v0.5.7
[INFO] [stderr]   Downloaded num-complex v0.2.0
[INFO] [stderr]   Downloaded image v0.14.0
[INFO] [stderr]   Downloaded deflate v0.7.14
[INFO] [stderr]   Downloaded pbr v1.0.0
[INFO] running `Command { std: "docker" "create" "-v" "/var/lib/crater-agent-workspace/builds/worker-6/target:/opt/rustwide/target:rw,Z" "-v" "/var/lib/crater-agent-workspace/builds/worker-6/source:/opt/rustwide/workdir:ro,Z" "-v" "/var/lib/crater-agent-workspace/cargo-home:/opt/rustwide/cargo-home:ro,Z" "-v" "/var/lib/crater-agent-workspace/rustup-home:/opt/rustwide/rustup-home:ro,Z" "-e" "SOURCE_DIR=/opt/rustwide/workdir" "-e" "CARGO_TARGET_DIR=/opt/rustwide/target" "-e" "CARGO_HOME=/opt/rustwide/cargo-home" "-e" "RUSTUP_HOME=/opt/rustwide/rustup-home" "-w" "/opt/rustwide/workdir" "-m" "1610612736" "--user" "0:0" "--network" "none" "ghcr.io/rust-lang/crates-build-env/linux@sha256:34b6a614d2c27851fe6cbf88fbd1137609cefab8b10d0615aaeb6fd47975d74e" "/opt/rustwide/cargo-home/bin/cargo" "+beta-2021-08-01" "metadata" "--no-deps" "--format-version=1", kill_on_drop: false }`
[INFO] [stdout] 069fdbb8c2fc071946720388f447a05c9d3d600958ff12a1b7a600812d01ceee
[INFO] running `Command { std: "docker" "start" "-a" "069fdbb8c2fc071946720388f447a05c9d3d600958ff12a1b7a600812d01ceee", kill_on_drop: false }`
[INFO] running `Command { std: "docker" "inspect" "069fdbb8c2fc071946720388f447a05c9d3d600958ff12a1b7a600812d01ceee", kill_on_drop: false }`
[INFO] running `Command { std: "docker" "rm" "-f" "069fdbb8c2fc071946720388f447a05c9d3d600958ff12a1b7a600812d01ceee", kill_on_drop: false }`
[INFO] [stdout] 069fdbb8c2fc071946720388f447a05c9d3d600958ff12a1b7a600812d01ceee
[INFO] running `Command { std: "docker" "create" "-v" "/var/lib/crater-agent-workspace/builds/worker-6/target:/opt/rustwide/target:rw,Z" "-v" "/var/lib/crater-agent-workspace/builds/worker-6/source:/opt/rustwide/workdir:ro,Z" "-v" "/var/lib/crater-agent-workspace/cargo-home:/opt/rustwide/cargo-home:ro,Z" "-v" "/var/lib/crater-agent-workspace/rustup-home:/opt/rustwide/rustup-home:ro,Z" "-e" "SOURCE_DIR=/opt/rustwide/workdir" "-e" "CARGO_TARGET_DIR=/opt/rustwide/target" "-e" "CARGO_INCREMENTAL=0" "-e" "RUST_BACKTRACE=full" "-e" "RUSTFLAGS=--cap-lints=warn" "-e" "CARGO_HOME=/opt/rustwide/cargo-home" "-e" "RUSTUP_HOME=/opt/rustwide/rustup-home" "-w" "/opt/rustwide/workdir" "-m" "1610612736" "--user" "0:0" "--network" "none" "ghcr.io/rust-lang/crates-build-env/linux@sha256:34b6a614d2c27851fe6cbf88fbd1137609cefab8b10d0615aaeb6fd47975d74e" "/opt/rustwide/cargo-home/bin/cargo" "+beta-2021-08-01" "build" "--frozen" "--message-format=json", kill_on_drop: false }`
[INFO] [stdout] e6113d5174681567c7fc48712abf297ec6c0ec3d42f0776d0e8d74edb7c17c1b
[INFO] running `Command { std: "docker" "start" "-a" "e6113d5174681567c7fc48712abf297ec6c0ec3d42f0776d0e8d74edb7c17c1b", kill_on_drop: false }`
[INFO] [stderr] warning: unused manifest key: profile.release.target-cpu
[INFO] [stderr]    Compiling libc v0.2.68
[INFO] [stderr]    Compiling scopeguard v0.3.2
[INFO] [stderr]    Compiling adler32 v1.0.0
[INFO] [stderr]    Compiling color_quant v1.0.0
[INFO] [stderr]    Compiling inflate v0.2.0
[INFO] [stderr]    Compiling scoped_threadpool v0.1.7
[INFO] [stderr]    Compiling either v1.1.0
[INFO] [stderr]    Compiling unicode-segmentation v1.1.0
[INFO] [stderr]    Compiling crossbeam-utils v0.2.2
[INFO] [stderr]    Compiling num-integer v0.1.35
[INFO] [stderr]    Compiling peg v0.5.7
[INFO] [stderr]    Compiling enum_primitive v0.1.1
[INFO] [stderr]    Compiling num-complex v0.2.0
[INFO] [stderr]    Compiling num-iter v0.1.34
[INFO] [stderr]    Compiling num-rational v0.1.39
[INFO] [stderr]    Compiling deflate v0.7.14
[INFO] [stderr]    Compiling gif v0.9.2
[INFO] [stderr]    Compiling crossbeam-epoch v0.3.1
[INFO] [stderr]    Compiling crossbeam-deque v0.2.0
[INFO] [stderr]    Compiling num_cpus v1.6.2
[INFO] [stderr]    Compiling getrandom v0.1.14
[INFO] [stderr]    Compiling term_size v0.3.0
[INFO] [stderr]    Compiling time v0.1.38
[INFO] [stderr]    Compiling atty v0.2.2
[INFO] [stderr]    Compiling raytracer v0.1.0 (/opt/rustwide/workdir)
[INFO] [stderr]    Compiling png v0.8.0
[INFO] [stderr]    Compiling textwrap v0.6.0
[INFO] [stderr]    Compiling rayon-core v1.4.1
[INFO] [stderr]    Compiling rand_core v0.5.1
[INFO] [stderr]    Compiling clap v2.25.1
[INFO] [stderr]    Compiling pbr v1.0.0
[INFO] [stderr]    Compiling rand_chacha v0.2.2
[INFO] [stderr]    Compiling rayon v0.8.2
[INFO] [stderr]    Compiling rayon v1.0.2
[INFO] [stderr]    Compiling rand v0.7.3
[INFO] [stderr]    Compiling jpeg-decoder v0.1.13
[INFO] [stderr]    Compiling image v0.14.0
[INFO] [stdout] warning: `...` range patterns are deprecated
[INFO] [stdout]    --> /opt/rustwide/target/debug/build/raytracer-f816ddac73f04d78/out/sdl_grammar.rs:283:788
[INFO] [stdout]     |
[INFO] [stdout] 283 | ...nge_at ( __input , __pos ) ; match __ch { '0' ... '9' => Matched ( __next , ( ) ) , _ => __state . mark_failure ( __pos , "[0-9]" ) , ...
[INFO] [stdout]     |                                                  ^^^ help: use `..=` for an inclusive range
[INFO] [stdout]     |
[INFO] [stdout]     = note: `#[warn(ellipsis_inclusive_range_patterns)]` on by default
[INFO] [stdout]     = warning: this is accepted in the current edition (Rust 2015) but is a hard error in Rust 2021!
[INFO] [stdout]     = note: for more information, see issue #80165 <https://github.com/rust-lang/rust/issues/80165>
[INFO] [stdout] 
[INFO] [stdout] 
[INFO] [stdout] warning: `...` range patterns are deprecated
[INFO] [stdout]    --> /opt/rustwide/target/debug/build/raytracer-f816ddac73f04d78/out/sdl_grammar.rs:283:1577
[INFO] [stdout]     |
[INFO] [stdout] 283 | ...nge_at ( __input , __pos ) ; match __ch { '0' ... '9' => Matched ( __next , ( ) ) , _ => __state . mark_failure ( __pos , "[0-9]" ) , ...
[INFO] [stdout]     |                                                  ^^^ help: use `..=` for an inclusive range
[INFO] [stdout]     |
[INFO] [stdout]     = warning: this is accepted in the current edition (Rust 2015) but is a hard error in Rust 2021!
[INFO] [stdout]     = note: for more information, see issue #80165 <https://github.com/rust-lang/rust/issues/80165>
[INFO] [stdout] 
[INFO] [stdout] 
[INFO] [stdout] warning: `...` range patterns are deprecated
[INFO] [stdout]    --> /opt/rustwide/target/debug/build/raytracer-f816ddac73f04d78/out/sdl_grammar.rs:283:2551
[INFO] [stdout]     |
[INFO] [stdout] 283 | ...nge_at ( __input , __pos ) ; match __ch { '0' ... '9' => Matched ( __next , ( ) ) , _ => __state . mark_failure ( __pos , "[0-9]" ) , ...
[INFO] [stdout]     |                                                  ^^^ help: use `..=` for an inclusive range
[INFO] [stdout]     |
[INFO] [stdout]     = warning: this is accepted in the current edition (Rust 2015) but is a hard error in Rust 2021!
[INFO] [stdout]     = note: for more information, see issue #80165 <https://github.com/rust-lang/rust/issues/80165>
[INFO] [stdout] 
[INFO] [stdout] 
[INFO] [stdout] warning: 3 warnings emitted
[INFO] [stdout] 
[INFO] [stdout] 
[INFO] [stderr]     Finished dev [unoptimized + debuginfo] target(s) in 34.37s
[INFO] running `Command { std: "docker" "inspect" "e6113d5174681567c7fc48712abf297ec6c0ec3d42f0776d0e8d74edb7c17c1b", kill_on_drop: false }`
[INFO] running `Command { std: "docker" "rm" "-f" "e6113d5174681567c7fc48712abf297ec6c0ec3d42f0776d0e8d74edb7c17c1b", kill_on_drop: false }`
[INFO] [stdout] e6113d5174681567c7fc48712abf297ec6c0ec3d42f0776d0e8d74edb7c17c1b
[INFO] running `Command { std: "docker" "create" "-v" "/var/lib/crater-agent-workspace/builds/worker-6/target:/opt/rustwide/target:rw,Z" "-v" "/var/lib/crater-agent-workspace/builds/worker-6/source:/opt/rustwide/workdir:ro,Z" "-v" "/var/lib/crater-agent-workspace/cargo-home:/opt/rustwide/cargo-home:ro,Z" "-v" "/var/lib/crater-agent-workspace/rustup-home:/opt/rustwide/rustup-home:ro,Z" "-e" "SOURCE_DIR=/opt/rustwide/workdir" "-e" "CARGO_TARGET_DIR=/opt/rustwide/target" "-e" "CARGO_INCREMENTAL=0" "-e" "RUST_BACKTRACE=full" "-e" "RUSTFLAGS=--cap-lints=warn" "-e" "CARGO_HOME=/opt/rustwide/cargo-home" "-e" "RUSTUP_HOME=/opt/rustwide/rustup-home" "-w" "/opt/rustwide/workdir" "-m" "1610612736" "--user" "0:0" "--network" "none" "ghcr.io/rust-lang/crates-build-env/linux@sha256:34b6a614d2c27851fe6cbf88fbd1137609cefab8b10d0615aaeb6fd47975d74e" "/opt/rustwide/cargo-home/bin/cargo" "+beta-2021-08-01" "test" "--frozen" "--no-run" "--message-format=json", kill_on_drop: false }`
[INFO] [stdout] 562701bc2c587c8e16ba71ae6ffb9b52e3b4dfb2b4f58230012e9d85491c7e85
[INFO] running `Command { std: "docker" "start" "-a" "562701bc2c587c8e16ba71ae6ffb9b52e3b4dfb2b4f58230012e9d85491c7e85", kill_on_drop: false }`
[INFO] [stderr] warning: unused manifest key: profile.release.target-cpu
[INFO] [stderr]    Compiling raytracer v0.1.0 (/opt/rustwide/workdir)
[INFO] [stdout] warning: `...` range patterns are deprecated
[INFO] [stdout]    --> /opt/rustwide/target/debug/build/raytracer-f816ddac73f04d78/out/sdl_grammar.rs:283:788
[INFO] [stdout]     |
[INFO] [stdout] 283 | ...nge_at ( __input , __pos ) ; match __ch { '0' ... '9' => Matched ( __next , ( ) ) , _ => __state . mark_failure ( __pos , "[0-9]" ) , ...
[INFO] [stdout]     |                                                  ^^^ help: use `..=` for an inclusive range
[INFO] [stdout]     |
[INFO] [stdout]     = note: `#[warn(ellipsis_inclusive_range_patterns)]` on by default
[INFO] [stdout]     = warning: this is accepted in the current edition (Rust 2015) but is a hard error in Rust 2021!
[INFO] [stdout]     = note: for more information, see issue #80165 <https://github.com/rust-lang/rust/issues/80165>
[INFO] [stdout] 
[INFO] [stdout] 
[INFO] [stdout] warning: `...` range patterns are deprecated
[INFO] [stdout]    --> /opt/rustwide/target/debug/build/raytracer-f816ddac73f04d78/out/sdl_grammar.rs:283:1577
[INFO] [stdout]     |
[INFO] [stdout] 283 | ...nge_at ( __input , __pos ) ; match __ch { '0' ... '9' => Matched ( __next , ( ) ) , _ => __state . mark_failure ( __pos , "[0-9]" ) , ...
[INFO] [stdout]     |                                                  ^^^ help: use `..=` for an inclusive range
[INFO] [stdout]     |
[INFO] [stdout]     = warning: this is accepted in the current edition (Rust 2015) but is a hard error in Rust 2021!
[INFO] [stdout]     = note: for more information, see issue #80165 <https://github.com/rust-lang/rust/issues/80165>
[INFO] [stdout] 
[INFO] [stdout] 
[INFO] [stdout] warning: `...` range patterns are deprecated
[INFO] [stdout]    --> /opt/rustwide/target/debug/build/raytracer-f816ddac73f04d78/out/sdl_grammar.rs:283:2551
[INFO] [stdout]     |
[INFO] [stdout] 283 | ...nge_at ( __input , __pos ) ; match __ch { '0' ... '9' => Matched ( __next , ( ) ) , _ => __state . mark_failure ( __pos , "[0-9]" ) , ...
[INFO] [stdout]     |                                                  ^^^ help: use `..=` for an inclusive range
[INFO] [stdout]     |
[INFO] [stdout]     = warning: this is accepted in the current edition (Rust 2015) but is a hard error in Rust 2021!
[INFO] [stdout]     = note: for more information, see issue #80165 <https://github.com/rust-lang/rust/issues/80165>
[INFO] [stdout] 
[INFO] [stdout] 
[INFO] [stdout] warning: 3 warnings emitted
[INFO] [stdout] 
[INFO] [stdout] 
[INFO] [stderr]     Finished test [unoptimized + debuginfo] target(s) in 3.72s
[INFO] running `Command { std: "docker" "inspect" "562701bc2c587c8e16ba71ae6ffb9b52e3b4dfb2b4f58230012e9d85491c7e85", kill_on_drop: false }`
[INFO] running `Command { std: "docker" "rm" "-f" "562701bc2c587c8e16ba71ae6ffb9b52e3b4dfb2b4f58230012e9d85491c7e85", kill_on_drop: false }`
[INFO] [stdout] 562701bc2c587c8e16ba71ae6ffb9b52e3b4dfb2b4f58230012e9d85491c7e85
[INFO] running `Command { std: "docker" "create" "-v" "/var/lib/crater-agent-workspace/builds/worker-6/target:/opt/rustwide/target:rw,Z" "-v" "/var/lib/crater-agent-workspace/builds/worker-6/source:/opt/rustwide/workdir:ro,Z" "-v" "/var/lib/crater-agent-workspace/cargo-home:/opt/rustwide/cargo-home:ro,Z" "-v" "/var/lib/crater-agent-workspace/rustup-home:/opt/rustwide/rustup-home:ro,Z" "-e" "SOURCE_DIR=/opt/rustwide/workdir" "-e" "CARGO_TARGET_DIR=/opt/rustwide/target" "-e" "CARGO_INCREMENTAL=0" "-e" "RUST_BACKTRACE=full" "-e" "RUSTFLAGS=--cap-lints=warn" "-e" "CARGO_HOME=/opt/rustwide/cargo-home" "-e" "RUSTUP_HOME=/opt/rustwide/rustup-home" "-w" "/opt/rustwide/workdir" "-m" "1610612736" "--user" "0:0" "--network" "none" "ghcr.io/rust-lang/crates-build-env/linux@sha256:34b6a614d2c27851fe6cbf88fbd1137609cefab8b10d0615aaeb6fd47975d74e" "/opt/rustwide/cargo-home/bin/cargo" "+beta-2021-08-01" "test" "--frozen", kill_on_drop: false }`
[INFO] [stdout] 878345b086158e9da7f52cf91aa7ce0fa945b7f05001af64f3de18ad08378f0a
[INFO] running `Command { std: "docker" "start" "-a" "878345b086158e9da7f52cf91aa7ce0fa945b7f05001af64f3de18ad08378f0a", kill_on_drop: false }`
[INFO] [stderr] warning: unused manifest key: profile.release.target-cpu
[INFO] [stderr] warning: `...` range patterns are deprecated
[INFO] [stderr]    --> /opt/rustwide/target/debug/build/raytracer-f816ddac73f04d78/out/sdl_grammar.rs:283:788
[INFO] [stderr]     |
[INFO] [stderr] 283 | ...nge_at ( __input , __pos ) ; match __ch { '0' ... '9' => Matched ( __next , ( ) ) , _ => __state . mark_failure ( __pos , "[0-9]" ) , ...
[INFO] [stderr]     |                                                  ^^^ help: use `..=` for an inclusive range
[INFO] [stderr]     |
[INFO] [stderr]     = note: `#[warn(ellipsis_inclusive_range_patterns)]` on by default
[INFO] [stderr]     = warning: this is accepted in the current edition (Rust 2015) but is a hard error in Rust 2021!
[INFO] [stderr]     = note: for more information, see issue #80165 <https://github.com/rust-lang/rust/issues/80165>
[INFO] [stderr] 
[INFO] [stderr] warning: `...` range patterns are deprecated
[INFO] [stderr]    --> /opt/rustwide/target/debug/build/raytracer-f816ddac73f04d78/out/sdl_grammar.rs:283:1577
[INFO] [stderr]     |
[INFO] [stderr] 283 | ...nge_at ( __input , __pos ) ; match __ch { '0' ... '9' => Matched ( __next , ( ) ) , _ => __state . mark_failure ( __pos , "[0-9]" ) , ...
[INFO] [stderr]     |                                                  ^^^ help: use `..=` for an inclusive range
[INFO] [stderr]     |
[INFO] [stderr]     = warning: this is accepted in the current edition (Rust 2015) but is a hard error in Rust 2021!
[INFO] [stderr]     = note: for more information, see issue #80165 <https://github.com/rust-lang/rust/issues/80165>
[INFO] [stderr] 
[INFO] [stderr] warning: `...` range patterns are deprecated
[INFO] [stderr]    --> /opt/rustwide/target/debug/build/raytracer-f816ddac73f04d78/out/sdl_grammar.rs:283:2551
[INFO] [stderr]     |
[INFO] [stderr] 283 | ...nge_at ( __input , __pos ) ; match __ch { '0' ... '9' => Matched ( __next , ( ) ) , _ => __state . mark_failure ( __pos , "[0-9]" ) , ...
[INFO] [stderr]     |                                                  ^^^ help: use `..=` for an inclusive range
[INFO] [stderr]     |
[INFO] [stderr]     = warning: this is accepted in the current edition (Rust 2015) but is a hard error in Rust 2021!
[INFO] [stderr]     = note: for more information, see issue #80165 <https://github.com/rust-lang/rust/issues/80165>
[INFO] [stderr] 
[INFO] [stderr] warning: `raytracer` (bin "raytracer" test) generated 3 warnings
[INFO] [stderr]     Finished test [unoptimized + debuginfo] target(s) in 0.04s
[INFO] [stdout] 
[INFO] [stdout] running 45 tests
[INFO] [stdout] test color::tests::add_assign ... ok
[INFO] [stdout] test matrix::tests::dir_rotation_z ... ok
[INFO] [stdout] test matrix::tests::dir_rotation_then_scaling ... ok
[INFO] [stdout] test matrix::tests::point_rotation_then_translation ... ok
[INFO] [stdout] test matrix::tests::point_rotation_y ... ok
[INFO] [stdout] test matrix::tests::point_rotation_z ... ok
[INFO] [stdout] test matrix::tests::inverse_non_identity ... ok
[INFO] [stdout] test matrix::tests::point_translation_then_rotation ... ok
[INFO] [stdout] test matrix::tests::point_rotation_x ... ok
[INFO] [stdout] test matrix::tests::point_scaling ... ok
[INFO] [stdout] test matrix::tests::point_rotation_then_scaling ... ok
[INFO] [stdout] test shapes::plane::tests::back_intersection ... ok
[INFO] [stdout] test color::tests::add ... ok
[INFO] [stdout] test shapes::cube::tests::inside_intersection ... ok
[INFO] [stdout] test shapes::plane::tests::front_intersection ... ok
[INFO] [stdout] test shapes::plane::tests::intersection_behind_ray ... ok
[INFO] [stdout] test color::tests::div_f64 ... ok
[INFO] [stdout] test matrix::tests::dir_scaling ... ok
[INFO] [stderr]      Running unittests (/opt/rustwide/target/debug/deps/raytracer-b8c87a76103e49e2)
[INFO] [stdout] test shapes::sphere::tests::coincident_intersection ... ok
[INFO] [stdout] test shapes::cube::tests::coincident_intersection ... ok
[INFO] [stdout] test shapes::sphere::tests::inside_intersection ... ok
[INFO] [stdout] test shapes::plane::tests::non_intersection ... ok
[INFO] [stdout] test shapes::sphere::tests::outside_intersection ... ok
[INFO] [stdout] test shapes::torus::tests::top_lateral_intersection ... ok
[INFO] [stdout] test shapes::cube::tests::outside_intersection ... ok
[INFO] [stdout] test shapes::torus::tests::front_orthogonal_intersection ... ok
[INFO] [stdout] test matrix::tests::dir_translation ... ok
[INFO] [stdout] test matrix::tests::dir_scaling_then_rotation ... ok
[INFO] [stdout] test matrix::tests::dir_translation_then_rotation ... ok
[INFO] [stdout] test algebra::tests::cubic ... ok
[INFO] [stdout] test matrix::tests::point_translation_then_scaling ... ok
[INFO] [stdout] test matrix::tests::dir_rotation_y ... ok
[INFO] [stdout] test algebra::tests::quadratic ... ok
[INFO] [stdout] test matrix::tests::point_scaling_then_translation ... ok
[INFO] [stdout] test matrix::tests::point_translation ... ok
[INFO] [stdout] test matrix::tests::dir_rotation_x ... ok
[INFO] [stdout] test algebra::tests::quartic ... ok
[INFO] [stdout] test matrix::tests::dir_rotation_then_translation ... ok
[INFO] [stdout] test matrix::tests::point_scaling_then_rotation ... ok
[INFO] [stdout] test color::tests::mul_f64 ... ok
[INFO] [stdout] test matrix::tests::inverse_identity ... ok
[INFO] [stdout] test matrix::tests::dir_translation_then_scaling ... ok
[INFO] [stdout] test color::tests::mul_color ... ok
[INFO] [stdout] test matrix::tests::dir_scaling_then_translation ... ok
[INFO] [stdout] test shapes::torus::tests::front_oblique_intersection ... FAILED
[INFO] [stdout] 
[INFO] [stdout] failures:
[INFO] [stdout] 
[INFO] [stdout] ---- shapes::torus::tests::front_oblique_intersection stdout ----
[INFO] [stdout] thread 'shapes::torus::tests::front_oblique_intersection' panicked at 'assertion failed: `(left == right)`
[INFO] [stdout]    left: `[1.3142135623730977, 1.5142135623730923]`,
[INFO] [stdout]   right: `[0.9, 1.1]`', src/shapes/torus.rs:167:9
[INFO] [stdout] stack backtrace:
[INFO] [stdout]    0:     0x563c1ac14a20 - std::backtrace_rs::backtrace::libunwind::trace::hff4d1766e93f64f1
[INFO] [stdout]                                at /rustc/53fd98ca776cb875bc9e5514f56b52eb74f9e7a9/library/std/src/../../backtrace/src/backtrace/libunwind.rs:90:5
[INFO] [stdout]    1:     0x563c1ac14a20 - std::backtrace_rs::backtrace::trace_unsynchronized::h56bbc8eb78770bcb
[INFO] [stdout]                                at /rustc/53fd98ca776cb875bc9e5514f56b52eb74f9e7a9/library/std/src/../../backtrace/src/backtrace/mod.rs:66:5
[INFO] [stdout]    2:     0x563c1ac14a20 - std::sys_common::backtrace::_print_fmt::h5c8e75464faca780
[INFO] [stdout]                                at /rustc/53fd98ca776cb875bc9e5514f56b52eb74f9e7a9/library/std/src/sys_common/backtrace.rs:67:5
[INFO] [stdout]    3:     0x563c1ac14a20 - <std::sys_common::backtrace::_print::DisplayBacktrace as core::fmt::Display>::fmt::h48b88277def8b362
[INFO] [stdout]                                at /rustc/53fd98ca776cb875bc9e5514f56b52eb74f9e7a9/library/std/src/sys_common/backtrace.rs:46:22
[INFO] [stdout]    4:     0x563c1ac371ec - core::fmt::write::h3381b3176fe2b3d3
[INFO] [stdout]                                at /rustc/53fd98ca776cb875bc9e5514f56b52eb74f9e7a9/library/core/src/fmt/mod.rs:1115:17
[INFO] [stdout]    5:     0x563c1ac11985 - std::io::Write::write_fmt::h5f34a676f60246b5
[INFO] [stdout]                                at /rustc/53fd98ca776cb875bc9e5514f56b52eb74f9e7a9/library/std/src/io/mod.rs:1665:15
[INFO] [stdout]    6:     0x563c1ac16b9b - std::sys_common::backtrace::_print::ha537687d6c17dd0d
[INFO] [stdout]                                at /rustc/53fd98ca776cb875bc9e5514f56b52eb74f9e7a9/library/std/src/sys_common/backtrace.rs:49:5
[INFO] [stdout]    7:     0x563c1ac16b9b - std::sys_common::backtrace::print::h61376ae57d131d72
[INFO] [stdout]                                at /rustc/53fd98ca776cb875bc9e5514f56b52eb74f9e7a9/library/std/src/sys_common/backtrace.rs:36:9
[INFO] [stdout]    8:     0x563c1ac16b9b - std::panicking::default_hook::{{closure}}::h0f7208c0b9644a54
[INFO] [stdout]                                at /rustc/53fd98ca776cb875bc9e5514f56b52eb74f9e7a9/library/std/src/panicking.rs:208:50
[INFO] [stdout]    9:     0x563c1ac166ac - std::panicking::default_hook::hdac7fc06578c14ce
[INFO] [stdout]                                at /rustc/53fd98ca776cb875bc9e5514f56b52eb74f9e7a9/library/std/src/panicking.rs:222:9
[INFO] [stdout]   10:     0x563c1ac17264 - std::panicking::rust_panic_with_hook::h72b21c283da3d1ef
[INFO] [stdout]                                at /rustc/53fd98ca776cb875bc9e5514f56b52eb74f9e7a9/library/std/src/panicking.rs:622:17
[INFO] [stdout]   11:     0x563c1ac16d47 - std::panicking::begin_panic_handler::{{closure}}::he5778f1729cff84a
[INFO] [stdout]                                at /rustc/53fd98ca776cb875bc9e5514f56b52eb74f9e7a9/library/std/src/panicking.rs:519:13
[INFO] [stdout]   12:     0x563c1ac14efc - std::sys_common::backtrace::__rust_end_short_backtrace::h2d11ca8b453b4b1d
[INFO] [stdout]                                at /rustc/53fd98ca776cb875bc9e5514f56b52eb74f9e7a9/library/std/src/sys_common/backtrace.rs:141:18
[INFO] [stdout]   13:     0x563c1ac16ca9 - rust_begin_unwind
[INFO] [stdout]                                at /rustc/53fd98ca776cb875bc9e5514f56b52eb74f9e7a9/library/std/src/panicking.rs:515:5
[INFO] [stdout]   14:     0x563c1ab6ec8b - std::panicking::begin_panic_fmt::h746518bde832d259
[INFO] [stdout]                                at /rustc/53fd98ca776cb875bc9e5514f56b52eb74f9e7a9/library/std/src/panicking.rs:457:5
[INFO] [stdout]   15:     0x563c1abb4a8d - raytracer::shapes::torus::tests::front_oblique_intersection::h1d88d9fc1f642b86
[INFO] [stdout]                                at /opt/rustwide/workdir/src/shapes/torus.rs:167:9
[INFO] [stdout]   16:     0x563c1abb44ba - raytracer::shapes::torus::tests::front_oblique_intersection::{{closure}}::h7f96584d1fd9abb7
[INFO] [stdout]                                at /opt/rustwide/workdir/src/shapes/torus.rs:155:5
[INFO] [stdout]   17:     0x563c1abae53e - core::ops::function::FnOnce::call_once::h43c0870485c88cc8
[INFO] [stdout]                                at /rustc/53fd98ca776cb875bc9e5514f56b52eb74f9e7a9/library/core/src/ops/function.rs:227:5
[INFO] [stdout]   18:     0x563c1abee4e3 - core::ops::function::FnOnce::call_once::hbb52c4519d3137b0
[INFO] [stdout]                                at /rustc/53fd98ca776cb875bc9e5514f56b52eb74f9e7a9/library/core/src/ops/function.rs:227:5
[INFO] [stdout]   19:     0x563c1abee4e3 - test::__rust_begin_short_backtrace::h86fe3a2a5a5121af
[INFO] [stdout]                                at /rustc/53fd98ca776cb875bc9e5514f56b52eb74f9e7a9/library/test/src/lib.rs:578:5
[INFO] [stdout]   20:     0x563c1abecf98 - <alloc::boxed::Box<F,A> as core::ops::function::FnOnce<Args>>::call_once::hfd956bc3d57399be
[INFO] [stdout]                                at /rustc/53fd98ca776cb875bc9e5514f56b52eb74f9e7a9/library/alloc/src/boxed.rs:1572:9
[INFO] [stdout]   21:     0x563c1abecf98 - <std::panic::AssertUnwindSafe<F> as core::ops::function::FnOnce<()>>::call_once::h40dc93e0ddb5938a
[INFO] [stdout]                                at /rustc/53fd98ca776cb875bc9e5514f56b52eb74f9e7a9/library/std/src/panic.rs:347:9
[INFO] [stdout]   22:     0x563c1abecf98 - std::panicking::try::do_call::h90d07750cb47c562
[INFO] [stdout]                                at /rustc/53fd98ca776cb875bc9e5514f56b52eb74f9e7a9/library/std/src/panicking.rs:401:40
[INFO] [stdout]   23:     0x563c1abecf98 - std::panicking::try::h063c84733ad2a629
[INFO] [stdout]                                at /rustc/53fd98ca776cb875bc9e5514f56b52eb74f9e7a9/library/std/src/panicking.rs:365:19
[INFO] [stdout]   24:     0x563c1abecf98 - std::panic::catch_unwind::h0c464836a84e7c08
[INFO] [stdout]                                at /rustc/53fd98ca776cb875bc9e5514f56b52eb74f9e7a9/library/std/src/panic.rs:434:14
[INFO] [stdout]   25:     0x563c1abecf98 - test::run_test_in_process::h5cb06ef620b157fc
[INFO] [stdout]                                at /rustc/53fd98ca776cb875bc9e5514f56b52eb74f9e7a9/library/test/src/lib.rs:601:18
[INFO] [stdout]   26:     0x563c1abecf98 - test::run_test::run_test_inner::{{closure}}::h76f677f4b93f9828
[INFO] [stdout]                                at /rustc/53fd98ca776cb875bc9e5514f56b52eb74f9e7a9/library/test/src/lib.rs:493:39
[INFO] [stdout]   27:     0x563c1abbb72d - test::run_test::run_test_inner::{{closure}}::h366d01fe04f4d67a
[INFO] [stdout]                                at /rustc/53fd98ca776cb875bc9e5514f56b52eb74f9e7a9/library/test/src/lib.rs:520:37
[INFO] [stdout]   28:     0x563c1abbb72d - std::sys_common::backtrace::__rust_begin_short_backtrace::h7dfa0de4eb395af2
[INFO] [stdout]                                at /rustc/53fd98ca776cb875bc9e5514f56b52eb74f9e7a9/library/std/src/sys_common/backtrace.rs:125:18
[INFO] [stdout]   29:     0x563c1abbfef8 - std::thread::Builder::spawn_unchecked::{{closure}}::{{closure}}::hf0a74bb58798037f
[INFO] [stdout]                                at /rustc/53fd98ca776cb875bc9e5514f56b52eb74f9e7a9/library/std/src/thread/mod.rs:476:17
[INFO] [stdout]   30:     0x563c1abbfef8 - <std::panic::AssertUnwindSafe<F> as core::ops::function::FnOnce<()>>::call_once::hb024e854818586ac
[INFO] [stdout]                                at /rustc/53fd98ca776cb875bc9e5514f56b52eb74f9e7a9/library/std/src/panic.rs:347:9
[INFO] [stdout]   31:     0x563c1abbfef8 - std::panicking::try::do_call::hb2dd9f1d0d48e41d
[INFO] [stdout]                                at /rustc/53fd98ca776cb875bc9e5514f56b52eb74f9e7a9/library/std/src/panicking.rs:401:40
[INFO] [stdout]   32:     0x563c1abbfef8 - std::panicking::try::h4717ae7bac8b2bf3
[INFO] [stdout]                                at /rustc/53fd98ca776cb875bc9e5514f56b52eb74f9e7a9/library/std/src/panicking.rs:365:19
[INFO] [stdout]   33:     0x563c1abbfef8 - std::panic::catch_unwind::h0dc8a061326ce8d8
[INFO] [stdout]                                at /rustc/53fd98ca776cb875bc9e5514f56b52eb74f9e7a9/library/std/src/panic.rs:434:14
[INFO] [stdout]   34:     0x563c1abbfef8 - std::thread::Builder::spawn_unchecked::{{closure}}::haa369e2d6fd00aa1
[INFO] [stdout]                                at /rustc/53fd98ca776cb875bc9e5514f56b52eb74f9e7a9/library/std/src/thread/mod.rs:475:30
[INFO] [stdout]   35:     0x563c1abbfef8 - core::ops::function::FnOnce::call_once{{vtable.shim}}::h36dcf3de8b056f17
[INFO] [stdout]                                at /rustc/53fd98ca776cb875bc9e5514f56b52eb74f9e7a9/library/core/src/ops/function.rs:227:5
[INFO] [stdout]   36:     0x563c1ac1bdd7 - <alloc::boxed::Box<F,A> as core::ops::function::FnOnce<Args>>::call_once::h65c29e4642be2358
[INFO] [stdout]                                at /rustc/53fd98ca776cb875bc9e5514f56b52eb74f9e7a9/library/alloc/src/boxed.rs:1572:9
[INFO] [stdout]   37:     0x563c1ac1bdd7 - <alloc::boxed::Box<F,A> as core::ops::function::FnOnce<Args>>::call_once::hd0f8f7fbbd9fffbf
[INFO] [stdout]                                at /rustc/53fd98ca776cb875bc9e5514f56b52eb74f9e7a9/library/alloc/src/boxed.rs:1572:9
[INFO] [stdout]   38:     0x563c1ac1bdd7 - std::sys::unix::thread::Thread::new::thread_start::h2fd22fee3ca77b65
[INFO] [stdout]                                at /rustc/53fd98ca776cb875bc9e5514f56b52eb74f9e7a9/library/std/src/sys/unix/thread.rs:74:17
[INFO] [stdout]   39:     0x7f181889e609 - start_thread
[INFO] [stdout]   40:     0x7f1818676293 - clone
[INFO] [stdout]   41:                0x0 - <unknown>
[INFO] [stdout] 
[INFO] [stdout] 
[INFO] [stdout] failures:
[INFO] [stdout]     shapes::torus::tests::front_oblique_intersection
[INFO] [stdout] 
[INFO] [stdout] test result: FAILED. 44 passed; 1 failed; 0 ignored; 0 measured; 0 filtered out; finished in 0.05s
[INFO] [stdout] 
[INFO] [stderr] error: test failed, to rerun pass '--bin raytracer'
[INFO] running `Command { std: "docker" "inspect" "878345b086158e9da7f52cf91aa7ce0fa945b7f05001af64f3de18ad08378f0a", kill_on_drop: false }`
[INFO] running `Command { std: "docker" "rm" "-f" "878345b086158e9da7f52cf91aa7ce0fa945b7f05001af64f3de18ad08378f0a", kill_on_drop: false }`
[INFO] [stdout] 878345b086158e9da7f52cf91aa7ce0fa945b7f05001af64f3de18ad08378f0a
