[INFO] cloning repository https://github.com/donflopez/kineasy
[INFO] running `Command { std: "git" "-c" "credential.helper=" "-c" "credential.helper=/workspace/cargo-home/bin/git-credential-null" "clone" "--bare" "https://github.com/donflopez/kineasy" "/workspace/cache/git-repos/https%3A%2F%2Fgithub.com%2Fdonflopez%2Fkineasy", kill_on_drop: false }`
[INFO] [stderr] Cloning into bare repository '/workspace/cache/git-repos/https%3A%2F%2Fgithub.com%2Fdonflopez%2Fkineasy'...
[INFO] running `Command { std: "git" "rev-parse" "HEAD", kill_on_drop: false }`
[INFO] [stdout] abd54f57876e1320aabfa9917fbdea8392e85c75
[INFO] testing donflopez/kineasy against beta-2021-08-01 for beta-1.55-1
[INFO] running `Command { std: "git" "clone" "/workspace/cache/git-repos/https%3A%2F%2Fgithub.com%2Fdonflopez%2Fkineasy" "/workspace/builds/worker-0/source", kill_on_drop: false }`
[INFO] [stderr] Cloning into '/workspace/builds/worker-0/source'...
[INFO] [stderr] done.
[INFO] validating manifest of git repo https://github.com/donflopez/kineasy on toolchain beta-2021-08-01
[INFO] running `Command { std: "/workspace/cargo-home/bin/cargo" "+beta-2021-08-01" "metadata" "--manifest-path" "Cargo.toml" "--no-deps", kill_on_drop: false }`
[INFO] started tweaking git repo https://github.com/donflopez/kineasy
[INFO] finished tweaking git repo https://github.com/donflopez/kineasy
[INFO] tweaked toml for git repo https://github.com/donflopez/kineasy written to /workspace/builds/worker-0/source/Cargo.toml
[INFO] crate git repo https://github.com/donflopez/kineasy already has a lockfile, it will not be regenerated
[INFO] running `Command { std: "/workspace/cargo-home/bin/cargo" "+beta-2021-08-01" "fetch" "--manifest-path" "Cargo.toml", kill_on_drop: false }`
[INFO] [stderr]  Downloading crates ...
[INFO] [stderr]   Downloaded deque v0.3.2
[INFO] [stderr]   Downloaded tokio-macros v0.2.0-alpha.4
[INFO] [stderr]   Downloaded tracing-attributes v0.1.2
[INFO] [stderr]   Downloaded spin v0.5.1
[INFO] [stderr]   Downloaded tracing-core v0.1.5
[INFO] [stderr]   Downloaded dockers v0.1.6
[INFO] [stderr]   Downloaded tokio-fs v0.2.0-alpha.4
[INFO] [stderr]   Downloaded futures-io-preview v0.3.0-alpha.18
[INFO] [stderr]   Downloaded tokio-io v0.2.0-alpha.4
[INFO] [stderr]   Downloaded futures-sink-preview v0.3.0-alpha.18
[INFO] [stderr]   Downloaded tokio v0.2.0-alpha.4
[INFO] [stderr]   Downloaded futures-preview v0.3.0-alpha.18
[INFO] [stderr]   Downloaded tokio-timer v0.3.0-alpha.4
[INFO] [stderr]   Downloaded rusoto_kinesis v0.40.0
[INFO] [stderr]   Downloaded tokio-codec v0.2.0-alpha.4
[INFO] [stderr]   Downloaded tokio-executor v0.2.0-alpha.4
[INFO] [stderr]   Downloaded futures-util-preview v0.3.0-alpha.18
[INFO] [stderr]   Downloaded curl v0.4.23
[INFO] [stderr]   Downloaded tokio-net v0.2.0-alpha.4
[INFO] [stderr]   Downloaded futures-channel-preview v0.3.0-alpha.18
[INFO] [stderr]   Downloaded tracing v0.1.6
[INFO] [stderr]   Downloaded crossbeam v0.7.2
[INFO] [stderr]   Downloaded futures-executor-preview v0.3.0-alpha.18
[INFO] [stderr]   Downloaded kineasy_test_utils v0.1.0
[INFO] [stderr]   Downloaded tokio-sync v0.2.0-alpha.4
[INFO] [stderr]   Downloaded rusoto v0.24.2
[INFO] [stderr]   Downloaded futures-core-preview v0.3.0-alpha.18
[INFO] [stderr]   Downloaded curl-sys v0.4.21
[INFO] running `Command { std: "docker" "create" "-v" "/var/lib/crater-agent-workspace/builds/worker-0/target:/opt/rustwide/target:rw,Z" "-v" "/var/lib/crater-agent-workspace/builds/worker-0/source:/opt/rustwide/workdir:ro,Z" "-v" "/var/lib/crater-agent-workspace/cargo-home:/opt/rustwide/cargo-home:ro,Z" "-v" "/var/lib/crater-agent-workspace/rustup-home:/opt/rustwide/rustup-home:ro,Z" "-e" "SOURCE_DIR=/opt/rustwide/workdir" "-e" "CARGO_TARGET_DIR=/opt/rustwide/target" "-e" "CARGO_HOME=/opt/rustwide/cargo-home" "-e" "RUSTUP_HOME=/opt/rustwide/rustup-home" "-w" "/opt/rustwide/workdir" "-m" "1610612736" "--user" "0:0" "--network" "none" "ghcr.io/rust-lang/crates-build-env/linux@sha256:34b6a614d2c27851fe6cbf88fbd1137609cefab8b10d0615aaeb6fd47975d74e" "/opt/rustwide/cargo-home/bin/cargo" "+beta-2021-08-01" "metadata" "--no-deps" "--format-version=1", kill_on_drop: false }`
[INFO] [stdout] bebed2e3a1dd7430aeabbf8ceeed60d41ca7383fdc043b3e1826f82a769dfae2
[INFO] running `Command { std: "docker" "start" "-a" "bebed2e3a1dd7430aeabbf8ceeed60d41ca7383fdc043b3e1826f82a769dfae2", kill_on_drop: false }`
[INFO] running `Command { std: "docker" "inspect" "bebed2e3a1dd7430aeabbf8ceeed60d41ca7383fdc043b3e1826f82a769dfae2", kill_on_drop: false }`
[INFO] running `Command { std: "docker" "rm" "-f" "bebed2e3a1dd7430aeabbf8ceeed60d41ca7383fdc043b3e1826f82a769dfae2", kill_on_drop: false }`
[INFO] [stdout] bebed2e3a1dd7430aeabbf8ceeed60d41ca7383fdc043b3e1826f82a769dfae2
[INFO] running `Command { std: "docker" "create" "-v" "/var/lib/crater-agent-workspace/builds/worker-0/target:/opt/rustwide/target:rw,Z" "-v" "/var/lib/crater-agent-workspace/builds/worker-0/source:/opt/rustwide/workdir:ro,Z" "-v" "/var/lib/crater-agent-workspace/cargo-home:/opt/rustwide/cargo-home:ro,Z" "-v" "/var/lib/crater-agent-workspace/rustup-home:/opt/rustwide/rustup-home:ro,Z" "-e" "SOURCE_DIR=/opt/rustwide/workdir" "-e" "CARGO_TARGET_DIR=/opt/rustwide/target" "-e" "CARGO_INCREMENTAL=0" "-e" "RUST_BACKTRACE=full" "-e" "RUSTFLAGS=--cap-lints=warn" "-e" "CARGO_HOME=/opt/rustwide/cargo-home" "-e" "RUSTUP_HOME=/opt/rustwide/rustup-home" "-w" "/opt/rustwide/workdir" "-m" "1610612736" "--user" "0:0" "--network" "none" "ghcr.io/rust-lang/crates-build-env/linux@sha256:34b6a614d2c27851fe6cbf88fbd1137609cefab8b10d0615aaeb6fd47975d74e" "/opt/rustwide/cargo-home/bin/cargo" "+beta-2021-08-01" "build" "--frozen" "--message-format=json", kill_on_drop: false }`
[INFO] [stdout] 2603fc529a77f521e68eaa547b1148b2a252632e024a5863b1319d4f11e571ac
[INFO] running `Command { std: "docker" "start" "-a" "2603fc529a77f521e68eaa547b1148b2a252632e024a5863b1319d4f11e571ac", kill_on_drop: false }`
[INFO] [stderr]    Compiling libc v0.2.62
[INFO] [stderr]    Compiling cfg-if v0.1.9
[INFO] [stderr]    Compiling autocfg v0.1.6
[INFO] [stderr]    Compiling spin v0.5.1
[INFO] [stderr]    Compiling slab v0.4.2
[INFO] [stderr]    Compiling either v1.5.2
[INFO] [stderr]    Compiling futures v0.1.28
[INFO] [stderr]    Compiling fnv v1.0.6
[INFO] [stderr]    Compiling smallvec v0.6.10
[INFO] [stderr]    Compiling memchr v2.2.1
[INFO] [stderr]    Compiling arrayvec v0.4.11
[INFO] [stderr]    Compiling nodrop v0.1.13
[INFO] [stderr]    Compiling proc-macro2 v1.0.1
[INFO] [stderr]    Compiling stable_deref_trait v1.1.1
[INFO] [stderr]    Compiling scopeguard v0.3.3
[INFO] [stderr]    Compiling syn v1.0.5
[INFO] [stderr]    Compiling futures-core-preview v0.3.0-alpha.18
[INFO] [stderr]    Compiling pin-utils v0.1.0-alpha.4
[INFO] [stderr]    Compiling pkg-config v0.3.15
[INFO] [stderr]    Compiling cc v1.0.40
[INFO] [stderr]    Compiling typenum v1.11.2
[INFO] [stderr]    Compiling futures-io-preview v0.3.0-alpha.18
[INFO] [stderr]    Compiling bitflags v1.1.0
[INFO] [stderr]    Compiling serde v1.0.99
[INFO] [stderr]    Compiling arc-swap v0.4.2
[INFO] [stderr]    Compiling httparse v1.3.4
[INFO] [stderr]    Compiling openssl v0.10.24
[INFO] [stderr]    Compiling indexmap v1.1.0
[INFO] [stderr]    Compiling try-lock v0.2.2
[INFO] [stderr]    Compiling foreign-types-shared v0.1.1
[INFO] [stderr]    Compiling ryu v1.0.0
[INFO] [stderr]    Compiling getrandom v0.1.11
[INFO] [stderr]    Compiling matches v0.1.8
[INFO] [stderr]    Compiling native-tls v0.2.3
[INFO] [stderr]    Compiling openssl-probe v0.1.2
[INFO] [stderr]    Compiling constant_time_eq v0.1.4
[INFO] [stderr]    Compiling arrayref v0.3.5
[INFO] [stderr]    Compiling regex-syntax v0.6.11
[INFO] [stderr]    Compiling byte-tools v0.2.0
[INFO] [stderr]    Compiling shlex v0.1.1
[INFO] [stderr]    Compiling safemem v0.3.2
[INFO] [stderr]    Compiling percent-encoding v1.0.1
[INFO] [stderr]    Compiling ppv-lite86 v0.2.5
[INFO] [stderr]    Compiling hex v0.3.2
[INFO] [stderr]    Compiling md5 v0.3.8
[INFO] [stderr]    Compiling rusoto v0.24.2
[INFO] [stderr]    Compiling lock_api v0.3.1
[INFO] [stderr]    Compiling lazy_static v1.4.0
[INFO] [stderr]    Compiling foreign-types v0.3.2
[INFO] [stderr]    Compiling owning_ref v0.4.0
[INFO] [stderr]    Compiling unicode-bidi v0.3.4
[INFO] [stderr]    Compiling futures-sink-preview v0.3.0-alpha.18
[INFO] [stderr]    Compiling unicode-normalization v0.1.8
[INFO] [stderr]    Compiling log v0.4.8
[INFO] [stderr]    Compiling block-buffer v0.3.3
[INFO] [stderr]    Compiling crossbeam-utils v0.6.6
[INFO] [stderr]    Compiling tracing-core v0.1.5
[INFO] [stderr]    Compiling thread_local v0.3.6
[INFO] [stderr]    Compiling memoffset v0.5.1
[INFO] [stderr]    Compiling parking_lot_core v0.4.0
[INFO] [stderr]    Compiling hyper v0.12.33
[INFO] [stderr]    Compiling parking_lot_core v0.6.2
[INFO] [stderr]    Compiling parking_lot v0.9.0
[INFO] [stderr]    Compiling rusoto_core v0.40.0
[INFO] [stderr]    Compiling base64 v0.9.3
[INFO] [stderr]    Compiling rand_chacha v0.1.1
[INFO] [stderr]    Compiling rand_pcg v0.1.2
[INFO] [stderr]    Compiling rand v0.6.5
[INFO] [stderr]    Compiling num-traits v0.2.8
[INFO] [stderr]    Compiling num-integer v0.1.41
[INFO] [stderr]    Compiling lock_api v0.1.5
[INFO] [stderr]    Compiling futures-channel-preview v0.3.0-alpha.18
[INFO] [stderr]    Compiling c2-chacha v0.2.2
[INFO] [stderr]    Compiling crossbeam-queue v0.1.2
[INFO] [stderr]    Compiling crossbeam-channel v0.3.9
[INFO] [stderr]    Compiling xml-rs v0.7.0
[INFO] [stderr]    Compiling iovec v0.1.2
[INFO] [stderr]    Compiling num_cpus v1.10.1
[INFO] [stderr]    Compiling rand_os v0.1.3
[INFO] [stderr]    Compiling net2 v0.2.33
[INFO] [stderr]    Compiling time v0.1.42
[INFO] [stderr]    Compiling signal-hook-registry v1.1.1
[INFO] [stderr]    Compiling dirs v1.0.5
[INFO] [stderr]    Compiling futures-util-preview v0.3.0-alpha.18
[INFO] [stderr]    Compiling aho-corasick v0.7.6
[INFO] [stderr]    Compiling crossbeam-epoch v0.7.2
[INFO] [stderr]    Compiling bytes v0.4.12
[INFO] [stderr]    Compiling tokio-executor v0.1.8
[INFO] [stderr]    Compiling tokio-sync v0.1.6
[INFO] [stderr]    Compiling want v0.2.0
[INFO] [stderr]    Compiling quote v1.0.2
[INFO] [stderr]    Compiling openssl-sys v0.9.49
[INFO] [stderr]    Compiling futures-cpupool v0.1.8
[INFO] [stderr]    Compiling rand_core v0.5.0
[INFO] [stderr]    Compiling signal-hook v0.1.10
[INFO] [stderr]    Compiling mio v0.6.19
[INFO] [stderr]    Compiling idna v0.1.5
[INFO] [stderr]    Compiling crossbeam-deque v0.7.1
[INFO] [stderr]    Compiling tokio-current-thread v0.1.6
[INFO] [stderr]    Compiling tokio-timer v0.2.11
[INFO] [stderr]    Compiling rand_chacha v0.2.1
[INFO] [stderr]    Compiling tokio-io v0.1.12
[INFO] [stderr]    Compiling http v0.1.18
[INFO] [stderr]    Compiling tokio-buf v0.1.1
[INFO] [stderr]    Compiling string v0.2.1
[INFO] [stderr]    Compiling tokio-io v0.2.0-alpha.4
[INFO] [stderr]    Compiling regex v1.2.1
[INFO] [stderr]    Compiling crossbeam v0.7.2
[INFO] [stderr]    Compiling generic-array v0.9.0
[INFO] [stderr]    Compiling rand v0.7.0
[INFO] [stderr]    Compiling digest v0.7.6
[INFO] [stderr]    Compiling crypto-mac v0.5.2
[INFO] [stderr]    Compiling tokio-codec v0.2.0-alpha.4
[INFO] [stderr]    Compiling mio-uds v0.6.7
[INFO] [stderr]    Compiling tokio-codec v0.1.1
[INFO] [stderr]    Compiling sha2 v0.7.1
[INFO] [stderr]    Compiling hmac v0.5.0
[INFO] [stderr]    Compiling url v1.7.2
[INFO] [stderr]    Compiling tokio-threadpool v0.1.15
[INFO] [stderr]    Compiling parking_lot v0.7.1
[INFO] [stderr]    Compiling tokio-sync v0.2.0-alpha.4
[INFO] [stderr]    Compiling futures-executor-preview v0.3.0-alpha.18
[INFO] [stderr]    Compiling tokio-fs v0.1.6
[INFO] [stderr]    Compiling tokio-reactor v0.1.9
[INFO] [stderr]    Compiling h2 v0.1.26
[INFO] [stderr]    Compiling http-body v0.1.0
[INFO] [stderr]    Compiling tokio-udp v0.1.3
[INFO] [stderr]    Compiling tokio-uds v0.2.5
[INFO] [stderr]    Compiling tokio-tcp v0.1.3
[INFO] [stderr]    Compiling tokio-signal v0.2.7
[INFO] [stderr]    Compiling futures-preview v0.3.0-alpha.18
[INFO] [stderr]    Compiling tokio v0.1.22
[INFO] [stderr]    Compiling tokio-process v0.2.4
[INFO] [stderr]    Compiling serde_json v1.0.40
[INFO] [stderr]    Compiling chrono v0.4.9
[INFO] [stderr]    Compiling hyper-tls v0.3.2
[INFO] [stderr]    Compiling tracing-attributes v0.1.2
[INFO] [stderr]    Compiling serde_derive v1.0.99
[INFO] [stderr]    Compiling tokio-macros v0.2.0-alpha.4
[INFO] [stderr]    Compiling tracing v0.1.6
[INFO] [stderr]    Compiling tokio-executor v0.2.0-alpha.4
[INFO] [stderr]    Compiling tokio-timer v0.3.0-alpha.4
[INFO] [stderr]    Compiling tokio-fs v0.2.0-alpha.4
[INFO] [stderr]    Compiling tokio-net v0.2.0-alpha.4
[INFO] [stderr]    Compiling tokio v0.2.0-alpha.4
[INFO] [stderr]    Compiling rusoto_credential v0.40.0
[INFO] [stderr]    Compiling rusoto_kinesis v0.40.0
[INFO] [stderr]    Compiling kineasy v0.1.0 (/opt/rustwide/workdir)
[INFO] [stdout] warning: field is never read: `iterator_type`
[INFO] [stdout]   --> src/stream.rs:22:5
[INFO] [stdout]    |
[INFO] [stdout] 22 |     iterator_type: ShardIterator,
[INFO] [stdout]    |     ^^^^^^^^^^^^^^^^^^^^^^^^^^^^
[INFO] [stdout]    |
[INFO] [stdout]    = note: `#[warn(dead_code)]` on by default
[INFO] [stdout] 
[INFO] [stdout] 
[INFO] [stdout] warning: associated function is never used: `create_shards`
[INFO] [stdout]   --> src/stream.rs:62:8
[INFO] [stdout]    |
[INFO] [stdout] 62 |     fn create_shards(&mut self) {
[INFO] [stdout]    |        ^^^^^^^^^^^^^
[INFO] [stdout] 
[INFO] [stdout] 
[INFO] [stdout] warning: unused attribute
[INFO] [stdout]  --> src/stream.rs:1:1
[INFO] [stdout]   |
[INFO] [stdout] 1 | #![feature(async_await, async_closure)]
[INFO] [stdout]   | ^^^^^^^^^^^^^^^^^^^^^^^^^^^^^^^^^^^^^^^
[INFO] [stdout]   |
[INFO] [stdout]   = note: `#[warn(unused_attributes)]` on by default
[INFO] [stdout] 
[INFO] [stdout] 
[INFO] [stdout] warning: crate-level attribute should be in the root module
[INFO] [stdout]  --> src/stream.rs:1:1
[INFO] [stdout]   |
[INFO] [stdout] 1 | #![feature(async_await, async_closure)]
[INFO] [stdout]   | ^^^^^^^^^^^^^^^^^^^^^^^^^^^^^^^^^^^^^^^
[INFO] [stdout] 
[INFO] [stdout] 
[INFO] [stdout] warning: 4 warnings emitted
[INFO] [stdout] 
[INFO] [stdout] 
[INFO] [stderr]     Finished dev [unoptimized + debuginfo] target(s) in 1m 32s
[INFO] running `Command { std: "docker" "inspect" "2603fc529a77f521e68eaa547b1148b2a252632e024a5863b1319d4f11e571ac", kill_on_drop: false }`
[INFO] running `Command { std: "docker" "rm" "-f" "2603fc529a77f521e68eaa547b1148b2a252632e024a5863b1319d4f11e571ac", kill_on_drop: false }`
[INFO] [stdout] 2603fc529a77f521e68eaa547b1148b2a252632e024a5863b1319d4f11e571ac
[INFO] running `Command { std: "docker" "create" "-v" "/var/lib/crater-agent-workspace/builds/worker-0/target:/opt/rustwide/target:rw,Z" "-v" "/var/lib/crater-agent-workspace/builds/worker-0/source:/opt/rustwide/workdir:ro,Z" "-v" "/var/lib/crater-agent-workspace/cargo-home:/opt/rustwide/cargo-home:ro,Z" "-v" "/var/lib/crater-agent-workspace/rustup-home:/opt/rustwide/rustup-home:ro,Z" "-e" "SOURCE_DIR=/opt/rustwide/workdir" "-e" "CARGO_TARGET_DIR=/opt/rustwide/target" "-e" "CARGO_INCREMENTAL=0" "-e" "RUST_BACKTRACE=full" "-e" "RUSTFLAGS=--cap-lints=warn" "-e" "CARGO_HOME=/opt/rustwide/cargo-home" "-e" "RUSTUP_HOME=/opt/rustwide/rustup-home" "-w" "/opt/rustwide/workdir" "-m" "1610612736" "--user" "0:0" "--network" "none" "ghcr.io/rust-lang/crates-build-env/linux@sha256:34b6a614d2c27851fe6cbf88fbd1137609cefab8b10d0615aaeb6fd47975d74e" "/opt/rustwide/cargo-home/bin/cargo" "+beta-2021-08-01" "test" "--frozen" "--no-run" "--message-format=json", kill_on_drop: false }`
[INFO] [stdout] 4f7b98fb4043fc92e587b976de394fa191b0e6fd8536b177c8a21ed47bbfbd33
[INFO] running `Command { std: "docker" "start" "-a" "4f7b98fb4043fc92e587b976de394fa191b0e6fd8536b177c8a21ed47bbfbd33", kill_on_drop: false }`
[INFO] [stderr]    Compiling curl v0.4.23
[INFO] [stderr]    Compiling quick-error v1.2.2
[INFO] [stderr]    Compiling libz-sys v1.0.25
[INFO] [stderr]    Compiling curl-sys v0.4.21
[INFO] [stderr]    Compiling socket2 v0.3.11
[INFO] [stdout] warning: field is never read: `iterator_type`
[INFO] [stdout]   --> src/stream.rs:22:5
[INFO] [stdout]    |
[INFO] [stdout] 22 |     iterator_type: ShardIterator,
[INFO] [stdout]    |     ^^^^^^^^^^^^^^^^^^^^^^^^^^^^
[INFO] [stdout]    |
[INFO] [stdout]    = note: `#[warn(dead_code)]` on by default
[INFO] [stdout] 
[INFO] [stdout] 
[INFO] [stdout] warning: associated function is never used: `create_shards`
[INFO] [stdout]   --> src/stream.rs:62:8
[INFO] [stdout]    |
[INFO] [stdout] 62 |     fn create_shards(&mut self) {
[INFO] [stdout]    |        ^^^^^^^^^^^^^
[INFO] [stdout] 
[INFO] [stdout] 
[INFO] [stdout] warning: unused attribute
[INFO] [stdout]  --> src/stream.rs:1:1
[INFO] [stdout]   |
[INFO] [stdout] 1 | #![feature(async_await, async_closure)]
[INFO] [stdout]   | ^^^^^^^^^^^^^^^^^^^^^^^^^^^^^^^^^^^^^^^
[INFO] [stdout]   |
[INFO] [stdout]   = note: `#[warn(unused_attributes)]` on by default
[INFO] [stdout] 
[INFO] [stdout] 
[INFO] [stdout] warning: crate-level attribute should be in the root module
[INFO] [stdout]  --> src/stream.rs:1:1
[INFO] [stdout]   |
[INFO] [stdout] 1 | #![feature(async_await, async_closure)]
[INFO] [stdout]   | ^^^^^^^^^^^^^^^^^^^^^^^^^^^^^^^^^^^^^^^
[INFO] [stdout] 
[INFO] [stdout] 
[INFO] [stdout] warning: 4 warnings emitted
[INFO] [stdout] 
[INFO] [stdout] 
[INFO] [stderr]    Compiling dockers v0.1.6
[INFO] [stderr]    Compiling kineasy_test_utils v0.1.0
[INFO] [stderr]    Compiling kineasy v0.1.0 (/opt/rustwide/workdir)
[INFO] [stdout] warning: field is never read: `iterator_type`
[INFO] [stdout]   --> src/stream.rs:22:5
[INFO] [stdout]    |
[INFO] [stdout] 22 |     iterator_type: ShardIterator,
[INFO] [stdout]    |     ^^^^^^^^^^^^^^^^^^^^^^^^^^^^
[INFO] [stdout]    |
[INFO] [stdout]    = note: `#[warn(dead_code)]` on by default
[INFO] [stdout] 
[INFO] [stdout] 
[INFO] [stdout] warning: associated function is never used: `create_shards`
[INFO] [stdout]   --> src/stream.rs:62:8
[INFO] [stdout]    |
[INFO] [stdout] 62 |     fn create_shards(&mut self) {
[INFO] [stdout]    |        ^^^^^^^^^^^^^
[INFO] [stdout] 
[INFO] [stdout] 
[INFO] [stdout] warning: unused attribute
[INFO] [stdout]  --> src/stream.rs:1:1
[INFO] [stdout]   |
[INFO] [stdout] 1 | #![feature(async_await, async_closure)]
[INFO] [stdout]   | ^^^^^^^^^^^^^^^^^^^^^^^^^^^^^^^^^^^^^^^
[INFO] [stdout]   |
[INFO] [stdout]   = note: `#[warn(unused_attributes)]` on by default
[INFO] [stdout] 
[INFO] [stdout] 
[INFO] [stdout] warning: crate-level attribute should be in the root module
[INFO] [stdout]  --> src/stream.rs:1:1
[INFO] [stdout]   |
[INFO] [stdout] 1 | #![feature(async_await, async_closure)]
[INFO] [stdout]   | ^^^^^^^^^^^^^^^^^^^^^^^^^^^^^^^^^^^^^^^
[INFO] [stdout] 
[INFO] [stdout] 
[INFO] [stdout] warning: 4 warnings emitted
[INFO] [stdout] 
[INFO] [stdout] 
[INFO] [stderr]     Finished test [unoptimized + debuginfo] target(s) in 15.31s
[INFO] running `Command { std: "docker" "inspect" "4f7b98fb4043fc92e587b976de394fa191b0e6fd8536b177c8a21ed47bbfbd33", kill_on_drop: false }`
[INFO] running `Command { std: "docker" "rm" "-f" "4f7b98fb4043fc92e587b976de394fa191b0e6fd8536b177c8a21ed47bbfbd33", kill_on_drop: false }`
[INFO] [stdout] 4f7b98fb4043fc92e587b976de394fa191b0e6fd8536b177c8a21ed47bbfbd33
[INFO] running `Command { std: "docker" "create" "-v" "/var/lib/crater-agent-workspace/builds/worker-0/target:/opt/rustwide/target:rw,Z" "-v" "/var/lib/crater-agent-workspace/builds/worker-0/source:/opt/rustwide/workdir:ro,Z" "-v" "/var/lib/crater-agent-workspace/cargo-home:/opt/rustwide/cargo-home:ro,Z" "-v" "/var/lib/crater-agent-workspace/rustup-home:/opt/rustwide/rustup-home:ro,Z" "-e" "SOURCE_DIR=/opt/rustwide/workdir" "-e" "CARGO_TARGET_DIR=/opt/rustwide/target" "-e" "CARGO_INCREMENTAL=0" "-e" "RUST_BACKTRACE=full" "-e" "RUSTFLAGS=--cap-lints=warn" "-e" "CARGO_HOME=/opt/rustwide/cargo-home" "-e" "RUSTUP_HOME=/opt/rustwide/rustup-home" "-w" "/opt/rustwide/workdir" "-m" "1610612736" "--user" "0:0" "--network" "none" "ghcr.io/rust-lang/crates-build-env/linux@sha256:34b6a614d2c27851fe6cbf88fbd1137609cefab8b10d0615aaeb6fd47975d74e" "/opt/rustwide/cargo-home/bin/cargo" "+beta-2021-08-01" "test" "--frozen", kill_on_drop: false }`
[INFO] [stdout] 31e8220b166c1a59ae5f5e4e320b48ad77e313c015142c43b419b2f29707c5b3
[INFO] running `Command { std: "docker" "start" "-a" "31e8220b166c1a59ae5f5e4e320b48ad77e313c015142c43b419b2f29707c5b3", kill_on_drop: false }`
[INFO] [stderr]     Blocking waiting for file lock on package cache
[INFO] [stderr] warning: field is never read: `iterator_type`
[INFO] [stderr]   --> src/stream.rs:22:5
[INFO] [stderr]    |
[INFO] [stderr] 22 |     iterator_type: ShardIterator,
[INFO] [stderr]    |     ^^^^^^^^^^^^^^^^^^^^^^^^^^^^
[INFO] [stderr]    |
[INFO] [stderr]    = note: `#[warn(dead_code)]` on by default
[INFO] [stderr] 
[INFO] [stderr] warning: associated function is never used: `create_shards`
[INFO] [stderr]   --> src/stream.rs:62:8
[INFO] [stderr]    |
[INFO] [stderr] 62 |     fn create_shards(&mut self) {
[INFO] [stderr]    |        ^^^^^^^^^^^^^
[INFO] [stderr] 
[INFO] [stderr] warning: unused attribute
[INFO] [stderr]  --> src/stream.rs:1:1
[INFO] [stderr]   |
[INFO] [stdout] 
[INFO] [stderr] 1 | #![feature(async_await, async_closure)]
[INFO] [stdout] running 0 tests
[INFO] [stderr]   | ^^^^^^^^^^^^^^^^^^^^^^^^^^^^^^^^^^^^^^^
[INFO] [stderr]   |
[INFO] [stderr]   = note: `#[warn(unused_attributes)]` on by default
[INFO] [stderr] 
[INFO] [stderr] warning: crate-level attribute should be in the root module
[INFO] [stderr]  --> src/stream.rs:1:1
[INFO] [stderr]   |
[INFO] [stderr] 1 | #![feature(async_await, async_closure)]
[INFO] [stderr]   | ^^^^^^^^^^^^^^^^^^^^^^^^^^^^^^^^^^^^^^^
[INFO] [stderr] 
[INFO] [stderr] warning: `kineasy` (lib) generated 4 warnings
[INFO] [stderr] warning: `kineasy` (lib test) generated 4 warnings (4 duplicates)
[INFO] [stderr]     Finished test [unoptimized + debuginfo] target(s) in 2.85s
[INFO] [stderr]      Running unittests (/opt/rustwide/target/debug/deps/kineasy-117e754829d56928)
[INFO] [stdout] 
[INFO] [stderr]    Doc-tests kineasy
[INFO] [stdout] test result: ok. 0 passed; 0 failed; 0 ignored; 0 measured; 0 filtered out; finished in 0.00s
[INFO] [stdout] 
[INFO] [stdout] 
[INFO] [stdout] running 1 test
[INFO] [stdout] test src/lib.rs - (line 15) ... FAILED
[INFO] [stdout] 
[INFO] [stdout] failures:
[INFO] [stdout] 
[INFO] [stdout] ---- src/lib.rs - (line 15) stdout ----
[INFO] [stdout] Test executable failed (exit code 101).
[INFO] [stdout] 
[INFO] [stdout] stderr:
[INFO] [stdout] thread 'main' panicked at 'called `Result::unwrap()` on an `Err` value: Error { description: "An unknown option was passed in to libcurl", code: 48, extra: None }', /opt/rustwide/cargo-home/registry/src/github.com-1ecc6299db9ec823/dockers-0.1.6/src/docker/mod.rs:34:37
[INFO] [stdout] stack backtrace:
[INFO] [stdout]    0:     0x55c812aaa7b0 - std::backtrace_rs::backtrace::libunwind::trace::hff4d1766e93f64f1
[INFO] [stdout]                                at /rustc/53fd98ca776cb875bc9e5514f56b52eb74f9e7a9/library/std/src/../../backtrace/src/backtrace/libunwind.rs:90:5
[INFO] [stdout]    1:     0x55c812aaa7b0 - std::backtrace_rs::backtrace::trace_unsynchronized::h56bbc8eb78770bcb
[INFO] [stdout]                                at /rustc/53fd98ca776cb875bc9e5514f56b52eb74f9e7a9/library/std/src/../../backtrace/src/backtrace/mod.rs:66:5
[INFO] [stdout]    2:     0x55c812aaa7b0 - std::sys_common::backtrace::_print_fmt::h5c8e75464faca780
[INFO] [stdout]                                at /rustc/53fd98ca776cb875bc9e5514f56b52eb74f9e7a9/library/std/src/sys_common/backtrace.rs:67:5
[INFO] [stdout]    3:     0x55c812aaa7b0 - <std::sys_common::backtrace::_print::DisplayBacktrace as core::fmt::Display>::fmt::h48b88277def8b362
[INFO] [stdout]                                at /rustc/53fd98ca776cb875bc9e5514f56b52eb74f9e7a9/library/std/src/sys_common/backtrace.rs:46:22
[INFO] [stdout]    4:     0x55c812acdc1c - core::fmt::write::h3381b3176fe2b3d3
[INFO] [stdout]                                at /rustc/53fd98ca776cb875bc9e5514f56b52eb74f9e7a9/library/core/src/fmt/mod.rs:1115:17
[INFO] [stdout]    5:     0x55c812aa5215 - std::io::Write::write_fmt::hd42607e5d8e44db0
[INFO] [stdout]                                at /rustc/53fd98ca776cb875bc9e5514f56b52eb74f9e7a9/library/std/src/io/mod.rs:1665:15
[INFO] [stdout]    6:     0x55c812aac82b - std::sys_common::backtrace::_print::ha537687d6c17dd0d
[INFO] [stdout]                                at /rustc/53fd98ca776cb875bc9e5514f56b52eb74f9e7a9/library/std/src/sys_common/backtrace.rs:49:5
[INFO] [stdout]    7:     0x55c812aac82b - std::sys_common::backtrace::print::h61376ae57d131d72
[INFO] [stdout]                                at /rustc/53fd98ca776cb875bc9e5514f56b52eb74f9e7a9/library/std/src/sys_common/backtrace.rs:36:9
[INFO] [stdout]    8:     0x55c812aac82b - std::panicking::default_hook::{{closure}}::h0f7208c0b9644a54
[INFO] [stdout]                                at /rustc/53fd98ca776cb875bc9e5514f56b52eb74f9e7a9/library/std/src/panicking.rs:208:50
[INFO] [stdout]    9:     0x55c812aac301 - std::panicking::default_hook::hdac7fc06578c14ce
[INFO] [stdout]                                at /rustc/53fd98ca776cb875bc9e5514f56b52eb74f9e7a9/library/std/src/panicking.rs:225:9
[INFO] [stdout]   10:     0x55c812aacef4 - std::panicking::rust_panic_with_hook::h72b21c283da3d1ef
[INFO] [stdout]                                at /rustc/53fd98ca776cb875bc9e5514f56b52eb74f9e7a9/library/std/src/panicking.rs:622:17
[INFO] [stdout]   11:     0x55c812aac9d7 - std::panicking::begin_panic_handler::{{closure}}::he5778f1729cff84a
[INFO] [stdout]                                at /rustc/53fd98ca776cb875bc9e5514f56b52eb74f9e7a9/library/std/src/panicking.rs:519:13
[INFO] [stdout]   12:     0x55c812aaac8c - std::sys_common::backtrace::__rust_end_short_backtrace::h2d11ca8b453b4b1d
[INFO] [stdout]                                at /rustc/53fd98ca776cb875bc9e5514f56b52eb74f9e7a9/library/std/src/sys_common/backtrace.rs:141:18
[INFO] [stdout]   13:     0x55c812aac939 - rust_begin_unwind
[INFO] [stdout]                                at /rustc/53fd98ca776cb875bc9e5514f56b52eb74f9e7a9/library/std/src/panicking.rs:515:5
[INFO] [stdout]   14:     0x55c8121dd741 - core::panicking::panic_fmt::hf9de31d4acbce4db
[INFO] [stdout]                                at /rustc/53fd98ca776cb875bc9e5514f56b52eb74f9e7a9/library/core/src/panicking.rs:92:14
[INFO] [stdout]   15:     0x55c8121dd833 - core::result::unwrap_failed::ha0c84e81219e5878
[INFO] [stdout]                                at /rustc/53fd98ca776cb875bc9e5514f56b52eb74f9e7a9/library/core/src/result.rs:1599:5
[INFO] [stdout]   16:     0x55c8122134cd - core::result::Result<T,E>::unwrap::h8fe0a227440729fb
[INFO] [stdout]                                at /rustc/53fd98ca776cb875bc9e5514f56b52eb74f9e7a9/library/core/src/result.rs:1281:23
[INFO] [stdout]   17:     0x55c81221174b - dockers::docker::request::he0e03a7dc8fb5302
[INFO] [stdout]                                at /opt/rustwide/cargo-home/registry/src/github.com-1ecc6299db9ec823/dockers-0.1.6/src/docker/mod.rs:34:5
[INFO] [stdout]   18:     0x55c812212471 - dockers::docker::get_response_from_api_static::hc326b070ad75cbd1
[INFO] [stdout]                                at /opt/rustwide/cargo-home/registry/src/github.com-1ecc6299db9ec823/dockers-0.1.6/src/docker/mod.rs:113:8
[INFO] [stdout]   19:     0x55c812231697 - dockers::images::Image::create::hd449fb7d1bb55454
[INFO] [stdout]                                at /opt/rustwide/cargo-home/registry/src/github.com-1ecc6299db9ec823/dockers-0.1.6/src/images.rs:99:13
[INFO] [stdout]   20:     0x55c812231b5a - dockers::images::Image::pull::h866cfd0468a51c6d
[INFO] [stdout]                                at /opt/rustwide/cargo-home/registry/src/github.com-1ecc6299db9ec823/dockers-0.1.6/src/images.rs:112:9
[INFO] [stdout]   21:     0x55c8121f61d8 - rust_out::main::h61823b600df25383
[INFO] [stdout]   22:     0x55c8121e4013 - core::ops::function::FnOnce::call_once::h3d07824a44777914
[INFO] [stdout]   23:     0x55c8121e2f39 - std::sys_common::backtrace::__rust_begin_short_backtrace::h1ee1ba859d3174aa
[INFO] [stdout]   24:     0x55c8121e3169 - std::rt::lang_start::{{closure}}::hee9719d6b6efb7fa
[INFO] [stdout]   25:     0x55c812aad4fa - core::ops::function::impls::<impl core::ops::function::FnOnce<A> for &F>::call_once::ha88a7d1a4d24e549
[INFO] [stdout]                                at /rustc/53fd98ca776cb875bc9e5514f56b52eb74f9e7a9/library/core/src/ops/function.rs:259:13
[INFO] [stdout]   26:     0x55c812aad4fa - std::panicking::try::do_call::hd3b1d7740607ccc7
[INFO] [stdout]                                at /rustc/53fd98ca776cb875bc9e5514f56b52eb74f9e7a9/library/std/src/panicking.rs:401:40
[INFO] [stdout]   27:     0x55c812aad4fa - std::panicking::try::h0ee8c65ac7461507
[INFO] [stdout]                                at /rustc/53fd98ca776cb875bc9e5514f56b52eb74f9e7a9/library/std/src/panicking.rs:365:19
[INFO] [stdout]   28:     0x55c812aad4fa - std::panic::catch_unwind::head47f0de4ccd838
[INFO] [stdout]                                at /rustc/53fd98ca776cb875bc9e5514f56b52eb74f9e7a9/library/std/src/panic.rs:434:14
[INFO] [stdout]   29:     0x55c812aad4fa - std::rt::lang_start_internal::{{closure}}::hbc7de8ec820ac085
[INFO] [stdout]                                at /rustc/53fd98ca776cb875bc9e5514f56b52eb74f9e7a9/library/std/src/rt.rs:45:48
[INFO] [stdout]   30:     0x55c812aad4fa - std::panicking::try::do_call::h2609e52e8bad4a7b
[INFO] [stdout]                                at /rustc/53fd98ca776cb875bc9e5514f56b52eb74f9e7a9/library/std/src/panicking.rs:401:40
[INFO] [stdout]   31:     0x55c812aad4fa - std::panicking::try::hd0929f0b603e0389
[INFO] [stdout]                                at /rustc/53fd98ca776cb875bc9e5514f56b52eb74f9e7a9/library/std/src/panicking.rs:365:19
[INFO] [stdout]   32:     0x55c812aad4fa - std::panic::catch_unwind::h27902b81c3e47571
[INFO] [stdout]                                at /rustc/53fd98ca776cb875bc9e5514f56b52eb74f9e7a9/library/std/src/panic.rs:434:14
[INFO] [stdout]   33:     0x55c812aad4fa - std::rt::lang_start_internal::h3fb2d794dd391e3e
[INFO] [stdout]                                at /rustc/53fd98ca776cb875bc9e5514f56b52eb74f9e7a9/library/std/src/rt.rs:45:20
[INFO] [stdout]   34:     0x55c8121e3141 - std::rt::lang_start::h0745d281d96e0cdb
[INFO] [stdout]   35:     0x55c8121f75b3 - main
[INFO] [stdout]   36:     0x7f68e59a80b3 - __libc_start_main
[INFO] [stdout]   37:     0x55c8121ddf3e - _start
[INFO] [stdout]   38:                0x0 - <unknown>
[INFO] [stdout] 
[INFO] [stdout] 
[INFO] [stdout] 
[INFO] [stdout] failures:
[INFO] [stdout]     src/lib.rs - (line 15)
[INFO] [stdout] 
[INFO] [stdout] test result: FAILED. 0 passed; 1 failed; 0 ignored; 0 measured; 0 filtered out; finished in 6.68s
[INFO] [stdout] 
[INFO] [stderr] error: test failed, to rerun pass '--doc'
[INFO] running `Command { std: "docker" "inspect" "31e8220b166c1a59ae5f5e4e320b48ad77e313c015142c43b419b2f29707c5b3", kill_on_drop: false }`
[INFO] running `Command { std: "docker" "rm" "-f" "31e8220b166c1a59ae5f5e4e320b48ad77e313c015142c43b419b2f29707c5b3", kill_on_drop: false }`
[INFO] [stdout] 31e8220b166c1a59ae5f5e4e320b48ad77e313c015142c43b419b2f29707c5b3
