[INFO] cloning repository https://github.com/dogefordoges/mechadoge
[INFO] running `Command { std: "git" "-c" "credential.helper=" "-c" "credential.helper=/workspace/cargo-home/bin/git-credential-null" "clone" "--bare" "https://github.com/dogefordoges/mechadoge" "/workspace/cache/git-repos/https%3A%2F%2Fgithub.com%2Fdogefordoges%2Fmechadoge", kill_on_drop: false }`
[INFO] [stderr] Cloning into bare repository '/workspace/cache/git-repos/https%3A%2F%2Fgithub.com%2Fdogefordoges%2Fmechadoge'...
[INFO] running `Command { std: "git" "rev-parse" "HEAD", kill_on_drop: false }`
[INFO] [stdout] 8f884c5c8c21b266489f9ac6d3ecea699d957dbd
[INFO] testing dogefordoges/mechadoge against 1.54.0 for beta-1.55-1
[INFO] running `Command { std: "git" "clone" "/workspace/cache/git-repos/https%3A%2F%2Fgithub.com%2Fdogefordoges%2Fmechadoge" "/workspace/builds/worker-13/source", kill_on_drop: false }`
[INFO] [stderr] Cloning into '/workspace/builds/worker-13/source'...
[INFO] [stderr] done.
[INFO] validating manifest of git repo https://github.com/dogefordoges/mechadoge on toolchain 1.54.0
[INFO] running `Command { std: "/workspace/cargo-home/bin/cargo" "+1.54.0" "metadata" "--manifest-path" "Cargo.toml" "--no-deps", kill_on_drop: false }`
[INFO] started tweaking git repo https://github.com/dogefordoges/mechadoge
[INFO] finished tweaking git repo https://github.com/dogefordoges/mechadoge
[INFO] tweaked toml for git repo https://github.com/dogefordoges/mechadoge written to /workspace/builds/worker-13/source/Cargo.toml
[INFO] crate git repo https://github.com/dogefordoges/mechadoge already has a lockfile, it will not be regenerated
[INFO] running `Command { std: "/workspace/cargo-home/bin/cargo" "+1.54.0" "fetch" "--manifest-path" "Cargo.toml", kill_on_drop: false }`
[INFO] running `Command { std: "docker" "create" "-v" "/var/lib/crater-agent-workspace/builds/worker-13/target:/opt/rustwide/target:rw,Z" "-v" "/var/lib/crater-agent-workspace/builds/worker-13/source:/opt/rustwide/workdir:ro,Z" "-v" "/var/lib/crater-agent-workspace/cargo-home:/opt/rustwide/cargo-home:ro,Z" "-v" "/var/lib/crater-agent-workspace/rustup-home:/opt/rustwide/rustup-home:ro,Z" "-e" "SOURCE_DIR=/opt/rustwide/workdir" "-e" "CARGO_TARGET_DIR=/opt/rustwide/target" "-e" "CARGO_HOME=/opt/rustwide/cargo-home" "-e" "RUSTUP_HOME=/opt/rustwide/rustup-home" "-w" "/opt/rustwide/workdir" "-m" "1610612736" "--user" "0:0" "--network" "none" "ghcr.io/rust-lang/crates-build-env/linux@sha256:34b6a614d2c27851fe6cbf88fbd1137609cefab8b10d0615aaeb6fd47975d74e" "/opt/rustwide/cargo-home/bin/cargo" "+1.54.0" "metadata" "--no-deps" "--format-version=1", kill_on_drop: false }`
[INFO] [stdout] 2931f1f2c816c67ba60871a634aaecea58c5ba90bd9c7ab439d445adea8e3389
[INFO] running `Command { std: "docker" "start" "-a" "2931f1f2c816c67ba60871a634aaecea58c5ba90bd9c7ab439d445adea8e3389", kill_on_drop: false }`
[INFO] running `Command { std: "docker" "inspect" "2931f1f2c816c67ba60871a634aaecea58c5ba90bd9c7ab439d445adea8e3389", kill_on_drop: false }`
[INFO] running `Command { std: "docker" "rm" "-f" "2931f1f2c816c67ba60871a634aaecea58c5ba90bd9c7ab439d445adea8e3389", kill_on_drop: false }`
[INFO] [stdout] 2931f1f2c816c67ba60871a634aaecea58c5ba90bd9c7ab439d445adea8e3389
[INFO] running `Command { std: "docker" "create" "-v" "/var/lib/crater-agent-workspace/builds/worker-13/target:/opt/rustwide/target:rw,Z" "-v" "/var/lib/crater-agent-workspace/builds/worker-13/source:/opt/rustwide/workdir:ro,Z" "-v" "/var/lib/crater-agent-workspace/cargo-home:/opt/rustwide/cargo-home:ro,Z" "-v" "/var/lib/crater-agent-workspace/rustup-home:/opt/rustwide/rustup-home:ro,Z" "-e" "SOURCE_DIR=/opt/rustwide/workdir" "-e" "CARGO_TARGET_DIR=/opt/rustwide/target" "-e" "CARGO_INCREMENTAL=0" "-e" "RUST_BACKTRACE=full" "-e" "RUSTFLAGS=--cap-lints=warn" "-e" "CARGO_HOME=/opt/rustwide/cargo-home" "-e" "RUSTUP_HOME=/opt/rustwide/rustup-home" "-w" "/opt/rustwide/workdir" "-m" "1610612736" "--user" "0:0" "--network" "none" "ghcr.io/rust-lang/crates-build-env/linux@sha256:34b6a614d2c27851fe6cbf88fbd1137609cefab8b10d0615aaeb6fd47975d74e" "/opt/rustwide/cargo-home/bin/cargo" "+1.54.0" "build" "--frozen" "--message-format=json", kill_on_drop: false }`
[INFO] [stdout] a9e44893ed95ddab9f1c25f20572259fb1bfc27f149bec084f0ddf9daa130b4c
[INFO] running `Command { std: "docker" "start" "-a" "a9e44893ed95ddab9f1c25f20572259fb1bfc27f149bec084f0ddf9daa130b4c", kill_on_drop: false }`
[INFO] [stderr]    Compiling mechadoge v0.1.0 (/opt/rustwide/workdir)
[INFO] [stdout] warning: unnecessary trailing semicolon
[INFO] [stdout]    --> src/processor.rs:145:58
[INFO] [stdout]     |
[INFO] [stdout] 145 |                     split_line[t] = args.get(k).unwrap();;
[INFO] [stdout]     |                                                          ^ help: remove this semicolon
[INFO] [stdout]     |
[INFO] [stdout]     = note: `#[warn(redundant_semicolons)]` on by default
[INFO] [stdout] 
[INFO] [stdout] 
[INFO] [stdout] warning: unnecessary trailing semicolon
[INFO] [stdout]    --> src/processor.rs:235:75
[INFO] [stdout]     |
[INFO] [stdout] 235 |                     split_line[t] = global_variable_scope.get(k).unwrap();;
[INFO] [stdout]     |                                                                           ^ help: remove this semicolon
[INFO] [stdout] 
[INFO] [stdout] 
[INFO] [stdout] warning: variable does not need to be mutable
[INFO] [stdout]    --> src/main.rs:532:49
[INFO] [stdout]     |
[INFO] [stdout] 532 | ...                   let mut end_i: i64;                                            
[INFO] [stdout]     |                           ----^^^^^
[INFO] [stdout]     |                           |
[INFO] [stdout]     |                           help: remove this `mut`
[INFO] [stdout]     |
[INFO] [stdout]     = note: `#[warn(unused_mut)]` on by default
[INFO] [stdout] 
[INFO] [stdout] 
[INFO] [stdout] warning: panic message contains an unused formatting placeholder
[INFO] [stdout]    --> src/main.rs:232:76
[INFO] [stdout]     |
[INFO] [stdout] 232 | ...                   panic!("Cannot convert {:?} to float");
[INFO] [stdout]     |                                              ^^^^
[INFO] [stdout]     |
[INFO] [stdout]     = note: `#[warn(non_fmt_panic)]` on by default
[INFO] [stdout]     = note: this message is not used as a format string when given without arguments, but will be in Rust 2021
[INFO] [stdout] help: add the missing argument
[INFO] [stdout]     |
[INFO] [stdout] 232 |                                                     panic!("Cannot convert {:?} to float", ...);
[INFO] [stdout]     |                                                                                          ^^^^^
[INFO] [stdout] help: or add a "{}" format string to use the message literally
[INFO] [stdout]     |
[INFO] [stdout] 232 |                                                     panic!("{}", "Cannot convert {:?} to float");
[INFO] [stdout]     |                                                            ^^^^^
[INFO] [stdout] 
[INFO] [stdout] 
[INFO] [stdout] warning: panic message contains an unused formatting placeholder
[INFO] [stdout]    --> src/main.rs:246:76
[INFO] [stdout]     |
[INFO] [stdout] 246 | ...                   panic!("Cannot convert {:?} to int");
[INFO] [stdout]     |                                              ^^^^
[INFO] [stdout]     |
[INFO] [stdout]     = note: this message is not used as a format string when given without arguments, but will be in Rust 2021
[INFO] [stdout] help: add the missing argument
[INFO] [stdout]     |
[INFO] [stdout] 246 |                                                     panic!("Cannot convert {:?} to int", ...);
[INFO] [stdout]     |                                                                                        ^^^^^
[INFO] [stdout] help: or add a "{}" format string to use the message literally
[INFO] [stdout]     |
[INFO] [stdout] 246 |                                                     panic!("{}", "Cannot convert {:?} to int");
[INFO] [stdout]     |                                                            ^^^^^
[INFO] [stdout] 
[INFO] [stdout] 
[INFO] [stdout] warning: panic message contains an unused formatting placeholder
[INFO] [stdout]    --> src/main.rs:260:76
[INFO] [stdout]     |
[INFO] [stdout] 260 | ...                   panic!("Cannot convert {:?} to uint");
[INFO] [stdout]     |                                              ^^^^
[INFO] [stdout]     |
[INFO] [stdout]     = note: this message is not used as a format string when given without arguments, but will be in Rust 2021
[INFO] [stdout] help: add the missing argument
[INFO] [stdout]     |
[INFO] [stdout] 260 |                                                     panic!("Cannot convert {:?} to uint", ...);
[INFO] [stdout]     |                                                                                         ^^^^^
[INFO] [stdout] help: or add a "{}" format string to use the message literally
[INFO] [stdout]     |
[INFO] [stdout] 260 |                                                     panic!("{}", "Cannot convert {:?} to uint");
[INFO] [stdout]     |                                                            ^^^^^
[INFO] [stdout] 
[INFO] [stdout] 
[INFO] [stdout] warning: 6 warnings emitted
[INFO] [stdout] 
[INFO] [stdout] 
[INFO] [stderr]     Finished dev [unoptimized + debuginfo] target(s) in 1.45s
[INFO] running `Command { std: "docker" "inspect" "a9e44893ed95ddab9f1c25f20572259fb1bfc27f149bec084f0ddf9daa130b4c", kill_on_drop: false }`
[INFO] running `Command { std: "docker" "rm" "-f" "a9e44893ed95ddab9f1c25f20572259fb1bfc27f149bec084f0ddf9daa130b4c", kill_on_drop: false }`
[INFO] [stdout] a9e44893ed95ddab9f1c25f20572259fb1bfc27f149bec084f0ddf9daa130b4c
[INFO] running `Command { std: "docker" "create" "-v" "/var/lib/crater-agent-workspace/builds/worker-13/target:/opt/rustwide/target:rw,Z" "-v" "/var/lib/crater-agent-workspace/builds/worker-13/source:/opt/rustwide/workdir:ro,Z" "-v" "/var/lib/crater-agent-workspace/cargo-home:/opt/rustwide/cargo-home:ro,Z" "-v" "/var/lib/crater-agent-workspace/rustup-home:/opt/rustwide/rustup-home:ro,Z" "-e" "SOURCE_DIR=/opt/rustwide/workdir" "-e" "CARGO_TARGET_DIR=/opt/rustwide/target" "-e" "CARGO_INCREMENTAL=0" "-e" "RUST_BACKTRACE=full" "-e" "RUSTFLAGS=--cap-lints=warn" "-e" "CARGO_HOME=/opt/rustwide/cargo-home" "-e" "RUSTUP_HOME=/opt/rustwide/rustup-home" "-w" "/opt/rustwide/workdir" "-m" "1610612736" "--user" "0:0" "--network" "none" "ghcr.io/rust-lang/crates-build-env/linux@sha256:34b6a614d2c27851fe6cbf88fbd1137609cefab8b10d0615aaeb6fd47975d74e" "/opt/rustwide/cargo-home/bin/cargo" "+1.54.0" "test" "--frozen" "--no-run" "--message-format=json", kill_on_drop: false }`
[INFO] [stdout] 46118a1d0de32d3fbd98d67b4916fda96ad55d0bb5d99b2e0c424a9526c3dc0f
[INFO] running `Command { std: "docker" "start" "-a" "46118a1d0de32d3fbd98d67b4916fda96ad55d0bb5d99b2e0c424a9526c3dc0f", kill_on_drop: false }`
[INFO] [stderr]     Blocking waiting for file lock on package cache
[INFO] [stderr]    Compiling mechadoge v0.1.0 (/opt/rustwide/workdir)
[INFO] [stdout] warning: unnecessary trailing semicolon
[INFO] [stdout]    --> src/processor.rs:145:58
[INFO] [stdout]     |
[INFO] [stdout] 145 |                     split_line[t] = args.get(k).unwrap();;
[INFO] [stdout]     |                                                          ^ help: remove this semicolon
[INFO] [stdout]     |
[INFO] [stdout]     = note: `#[warn(redundant_semicolons)]` on by default
[INFO] [stdout] 
[INFO] [stdout] 
[INFO] [stdout] warning: unnecessary trailing semicolon
[INFO] [stdout]    --> src/processor.rs:235:75
[INFO] [stdout]     |
[INFO] [stdout] 235 |                     split_line[t] = global_variable_scope.get(k).unwrap();;
[INFO] [stdout]     |                                                                           ^ help: remove this semicolon
[INFO] [stdout] 
[INFO] [stdout] 
[INFO] [stdout] warning: variable does not need to be mutable
[INFO] [stdout]    --> src/main.rs:532:49
[INFO] [stdout]     |
[INFO] [stdout] 532 | ...                   let mut end_i: i64;                                            
[INFO] [stdout]     |                           ----^^^^^
[INFO] [stdout]     |                           |
[INFO] [stdout]     |                           help: remove this `mut`
[INFO] [stdout]     |
[INFO] [stdout]     = note: `#[warn(unused_mut)]` on by default
[INFO] [stdout] 
[INFO] [stdout] 
[INFO] [stdout] warning: panic message contains an unused formatting placeholder
[INFO] [stdout]    --> src/main.rs:232:76
[INFO] [stdout]     |
[INFO] [stdout] 232 | ...                   panic!("Cannot convert {:?} to float");
[INFO] [stdout]     |                                              ^^^^
[INFO] [stdout]     |
[INFO] [stdout]     = note: `#[warn(non_fmt_panic)]` on by default
[INFO] [stdout]     = note: this message is not used as a format string when given without arguments, but will be in Rust 2021
[INFO] [stdout] help: add the missing argument
[INFO] [stdout]     |
[INFO] [stdout] 232 |                                                     panic!("Cannot convert {:?} to float", ...);
[INFO] [stdout]     |                                                                                          ^^^^^
[INFO] [stdout] help: or add a "{}" format string to use the message literally
[INFO] [stdout]     |
[INFO] [stdout] 232 |                                                     panic!("{}", "Cannot convert {:?} to float");
[INFO] [stdout]     |                                                            ^^^^^
[INFO] [stdout] 
[INFO] [stdout] 
[INFO] [stdout] warning: panic message contains an unused formatting placeholder
[INFO] [stdout]    --> src/main.rs:246:76
[INFO] [stdout]     |
[INFO] [stdout] 246 | ...                   panic!("Cannot convert {:?} to int");
[INFO] [stdout]     |                                              ^^^^
[INFO] [stdout]     |
[INFO] [stdout]     = note: this message is not used as a format string when given without arguments, but will be in Rust 2021
[INFO] [stdout] help: add the missing argument
[INFO] [stdout]     |
[INFO] [stdout] 246 |                                                     panic!("Cannot convert {:?} to int", ...);
[INFO] [stdout]     |                                                                                        ^^^^^
[INFO] [stdout] help: or add a "{}" format string to use the message literally
[INFO] [stdout]     |
[INFO] [stdout] 246 |                                                     panic!("{}", "Cannot convert {:?} to int");
[INFO] [stdout]     |                                                            ^^^^^
[INFO] [stdout] 
[INFO] [stdout] 
[INFO] [stdout] warning: panic message contains an unused formatting placeholder
[INFO] [stdout]    --> src/main.rs:260:76
[INFO] [stdout]     |
[INFO] [stdout] 260 | ...                   panic!("Cannot convert {:?} to uint");
[INFO] [stdout]     |                                              ^^^^
[INFO] [stdout]     |
[INFO] [stdout]     = note: this message is not used as a format string when given without arguments, but will be in Rust 2021
[INFO] [stdout] help: add the missing argument
[INFO] [stdout]     |
[INFO] [stdout] 260 |                                                     panic!("Cannot convert {:?} to uint", ...);
[INFO] [stdout]     |                                                                                         ^^^^^
[INFO] [stdout] help: or add a "{}" format string to use the message literally
[INFO] [stdout]     |
[INFO] [stdout] 260 |                                                     panic!("{}", "Cannot convert {:?} to uint");
[INFO] [stdout]     |                                                            ^^^^^
[INFO] [stdout] 
[INFO] [stdout] 
[INFO] [stdout] warning: 6 warnings emitted
[INFO] [stdout] 
[INFO] [stdout] 
[INFO] [stderr]     Finished test [unoptimized + debuginfo] target(s) in 1.69s
[INFO] running `Command { std: "docker" "inspect" "46118a1d0de32d3fbd98d67b4916fda96ad55d0bb5d99b2e0c424a9526c3dc0f", kill_on_drop: false }`
[INFO] running `Command { std: "docker" "rm" "-f" "46118a1d0de32d3fbd98d67b4916fda96ad55d0bb5d99b2e0c424a9526c3dc0f", kill_on_drop: false }`
[INFO] [stdout] 46118a1d0de32d3fbd98d67b4916fda96ad55d0bb5d99b2e0c424a9526c3dc0f
[INFO] running `Command { std: "docker" "create" "-v" "/var/lib/crater-agent-workspace/builds/worker-13/target:/opt/rustwide/target:rw,Z" "-v" "/var/lib/crater-agent-workspace/builds/worker-13/source:/opt/rustwide/workdir:ro,Z" "-v" "/var/lib/crater-agent-workspace/cargo-home:/opt/rustwide/cargo-home:ro,Z" "-v" "/var/lib/crater-agent-workspace/rustup-home:/opt/rustwide/rustup-home:ro,Z" "-e" "SOURCE_DIR=/opt/rustwide/workdir" "-e" "CARGO_TARGET_DIR=/opt/rustwide/target" "-e" "CARGO_INCREMENTAL=0" "-e" "RUST_BACKTRACE=full" "-e" "RUSTFLAGS=--cap-lints=warn" "-e" "CARGO_HOME=/opt/rustwide/cargo-home" "-e" "RUSTUP_HOME=/opt/rustwide/rustup-home" "-w" "/opt/rustwide/workdir" "-m" "1610612736" "--user" "0:0" "--network" "none" "ghcr.io/rust-lang/crates-build-env/linux@sha256:34b6a614d2c27851fe6cbf88fbd1137609cefab8b10d0615aaeb6fd47975d74e" "/opt/rustwide/cargo-home/bin/cargo" "+1.54.0" "test" "--frozen", kill_on_drop: false }`
[INFO] [stdout] 36f038e7292b6482fb8b0e9cd7a17c424a06ef85fc6c3214f434e494450a6cf2
[INFO] running `Command { std: "docker" "start" "-a" "36f038e7292b6482fb8b0e9cd7a17c424a06ef85fc6c3214f434e494450a6cf2", kill_on_drop: false }`
[INFO] [stderr] warning: unnecessary trailing semicolon
[INFO] [stderr]    --> src/processor.rs:145:58
[INFO] [stderr]     |
[INFO] [stderr] 145 |                     split_line[t] = args.get(k).unwrap();;
[INFO] [stderr]     |                                                          ^ help: remove this semicolon
[INFO] [stderr]     |
[INFO] [stderr]     = note: `#[warn(redundant_semicolons)]` on by default
[INFO] [stderr] 
[INFO] [stderr] warning: unnecessary trailing semicolon
[INFO] [stderr]    --> src/processor.rs:235:75
[INFO] [stderr]     |
[INFO] [stderr] 235 |                     split_line[t] = global_variable_scope.get(k).unwrap();;
[INFO] [stderr]     |                                                                           ^ help: remove this semicolon
[INFO] [stderr] 
[INFO] [stderr] warning: variable does not need to be mutable
[INFO] [stderr]    --> src/main.rs:532:49
[INFO] [stderr]     |
[INFO] [stderr] 532 | ...                   let mut end_i: i64;                                            
[INFO] [stderr]     |                           ----^^^^^
[INFO] [stderr]     |                           |
[INFO] [stderr]     |                           help: remove this `mut`
[INFO] [stderr]     |
[INFO] [stderr]     = note: `#[warn(unused_mut)]` on by default
[INFO] [stderr] 
[INFO] [stderr] warning: panic message contains an unused formatting placeholder
[INFO] [stderr]    --> src/main.rs:232:76
[INFO] [stderr]     |
[INFO] [stderr] 232 | ...                   panic!("Cannot convert {:?} to float");
[INFO] [stderr]     |                                              ^^^^
[INFO] [stderr]     |
[INFO] [stderr]     = note: `#[warn(non_fmt_panic)]` on by default
[INFO] [stderr]     = note: this message is not used as a format string when given without arguments, but will be in Rust 2021
[INFO] [stderr] help: add the missing argument
[INFO] [stderr]     |
[INFO] [stderr] 232 |                                                     panic!("Cannot convert {:?} to float", ...);
[INFO] [stderr]     |                                                                                          ^^^^^
[INFO] [stderr] help: or add a "{}" format string to use the message literally
[INFO] [stderr]     |
[INFO] [stderr] 232 |                                                     panic!("{}", "Cannot convert {:?} to float");
[INFO] [stderr]     |                                                            ^^^^^
[INFO] [stderr] 
[INFO] [stderr] warning: panic message contains an unused formatting placeholder
[INFO] [stderr]    --> src/main.rs:246:76
[INFO] [stderr]     |
[INFO] [stderr] 246 | ...                   panic!("Cannot convert {:?} to int");
[INFO] [stderr]     |                                              ^^^^
[INFO] [stderr]     |
[INFO] [stderr]     = note: this message is not used as a format string when given without arguments, but will be in Rust 2021
[INFO] [stderr] help: add the missing argument
[INFO] [stderr]     |
[INFO] [stderr] 246 |                                                     panic!("Cannot convert {:?} to int", ...);
[INFO] [stderr]     |                                                                                        ^^^^^
[INFO] [stderr] help: or add a "{}" format string to use the message literally
[INFO] [stderr]     |
[INFO] [stderr] 246 |                                                     panic!("{}", "Cannot convert {:?} to int");
[INFO] [stderr]     |                                                            ^^^^^
[INFO] [stderr] 
[INFO] [stderr] warning: panic message contains an unused formatting placeholder
[INFO] [stderr]    --> src/main.rs:260:76
[INFO] [stderr]     |
[INFO] [stderr] 260 | ...                   panic!("Cannot convert {:?} to uint");
[INFO] [stderr]     |                                              ^^^^
[INFO] [stderr]     |
[INFO] [stderr]     = note: this message is not used as a format string when given without arguments, but will be in Rust 2021
[INFO] [stderr] help: add the missing argument
[INFO] [stderr]     |
[INFO] [stderr] 260 |                                                     panic!("Cannot convert {:?} to uint", ...);
[INFO] [stderr]     |                                                                                         ^^^^^
[INFO] [stderr] help: or add a "{}" format string to use the message literally
[INFO] [stderr]     |
[INFO] [stderr] 260 |                                                     panic!("{}", "Cannot convert {:?} to uint");
[INFO] [stderr]     |                                                            ^^^^^
[INFO] [stderr] 
[INFO] [stderr] warning: 6 warnings emitted
[INFO] [stderr] 
[INFO] [stderr]     Finished test [unoptimized + debuginfo] target(s) in 0.01s
[INFO] [stderr]      Running unittests (/opt/rustwide/target/debug/deps/mechadoge-62dcc3689dfe6fa5)
[INFO] [stdout] 
[INFO] [stdout] running 14 tests
[INFO] [stdout] test interpreter_tests::test_much_control ... ok
[INFO] [stdout] test processor::processor_tests::test_comment_processor ... ok
[INFO] [stdout] test interpreter_tests::test_much_loops ... ok
[INFO] [stdout] test interpreter_tests::test_much_array ... ok
[INFO] [stdout] test interpreter_tests::test_fun_program ... ok
[INFO] [stdout] test interpreter_tests::test_much_fun ... ok
[INFO] [stdout] test processor::processor_tests::test_global_scope_processor ... ok
[INFO] [stdout] test processor::processor_tests::test_local_scope_processor ... ok
[INFO] [stdout] test processor::processor_tests::test_snackify ... ok
[INFO] [stdout] test processor::processor_tests::test_function_processor ... ok
[INFO] [stdout] test processor::processor_tests::test_string_processor ... ok
[INFO] [stdout] test processor::processor_tests::test_array_processor ... FAILED
[INFO] [stdout] test processor::processor_tests::test_preprocessor ... FAILED
[INFO] [stdout] test interpreter_tests::test_many_array_mutate ... ok
[INFO] [stdout] 
[INFO] [stdout] failures:
[INFO] [stdout] 
[INFO] [stdout] ---- processor::processor_tests::test_array_processor stdout ----
[INFO] [stdout] thread 'processor::processor_tests::test_array_processor' panicked at 'Read-only file system (os error 30)', src/processor.rs:935:25
[INFO] [stdout] stack backtrace:
[INFO] [stdout]    0:     0x557c81cc3490 - std::backtrace_rs::backtrace::libunwind::trace::h34055254b57d8e79
[INFO] [stdout]                                at /rustc/a178d0322ce20e33eac124758e837cbd80a6f633/library/std/src/../../backtrace/src/backtrace/libunwind.rs:90:5
[INFO] [stdout]    1:     0x557c81cc3490 - std::backtrace_rs::backtrace::trace_unsynchronized::h8f1e3fbd9afff6ec
[INFO] [stdout]                                at /rustc/a178d0322ce20e33eac124758e837cbd80a6f633/library/std/src/../../backtrace/src/backtrace/mod.rs:66:5
[INFO] [stdout]    2:     0x557c81cc3490 - std::sys_common::backtrace::_print_fmt::h3a99a796b770c360
[INFO] [stdout]                                at /rustc/a178d0322ce20e33eac124758e837cbd80a6f633/library/std/src/sys_common/backtrace.rs:67:5
[INFO] [stdout]    3:     0x557c81cc3490 - <std::sys_common::backtrace::_print::DisplayBacktrace as core::fmt::Display>::fmt::h32d1f94a80615d18
[INFO] [stdout]                                at /rustc/a178d0322ce20e33eac124758e837cbd80a6f633/library/std/src/sys_common/backtrace.rs:46:22
[INFO] [stdout]    4:     0x557c81ce6e3c - core::fmt::write::h306731c068f7162c
[INFO] [stdout]                                at /rustc/a178d0322ce20e33eac124758e837cbd80a6f633/library/core/src/fmt/mod.rs:1110:17
[INFO] [stdout]    5:     0x557c81cc03b5 - std::io::Write::write_fmt::h87f19b0a2cd190bc
[INFO] [stdout]                                at /rustc/a178d0322ce20e33eac124758e837cbd80a6f633/library/std/src/io/mod.rs:1588:15
[INFO] [stdout]    6:     0x557c81cc55fb - std::sys_common::backtrace::_print::h5abaa2601a852287
[INFO] [stdout]                                at /rustc/a178d0322ce20e33eac124758e837cbd80a6f633/library/std/src/sys_common/backtrace.rs:49:5
[INFO] [stdout]    7:     0x557c81cc55fb - std::sys_common::backtrace::print::h8d81445442bb638f
[INFO] [stdout]                                at /rustc/a178d0322ce20e33eac124758e837cbd80a6f633/library/std/src/sys_common/backtrace.rs:36:9
[INFO] [stdout]    8:     0x557c81cc55fb - std::panicking::default_hook::{{closure}}::hcfe804496a9fa747
[INFO] [stdout]                                at /rustc/a178d0322ce20e33eac124758e837cbd80a6f633/library/std/src/panicking.rs:208:50
[INFO] [stdout]    9:     0x557c81cc510c - std::panicking::default_hook::hbea8e3ccf2ba8901
[INFO] [stdout]                                at /rustc/a178d0322ce20e33eac124758e837cbd80a6f633/library/std/src/panicking.rs:222:9
[INFO] [stdout]   10:     0x557c81cc5cc4 - std::panicking::rust_panic_with_hook::h7ee9e1a2d0f8975a
[INFO] [stdout]                                at /rustc/a178d0322ce20e33eac124758e837cbd80a6f633/library/std/src/panicking.rs:622:17
[INFO] [stdout]   11:     0x557c81cc57a7 - std::panicking::begin_panic_handler::{{closure}}::h8ab3b4491718b2c7
[INFO] [stdout]                                at /rustc/a178d0322ce20e33eac124758e837cbd80a6f633/library/std/src/panicking.rs:519:13
[INFO] [stdout]   12:     0x557c81cc398c - std::sys_common::backtrace::__rust_end_short_backtrace::hd489062ffa586a9f
[INFO] [stdout]                                at /rustc/a178d0322ce20e33eac124758e837cbd80a6f633/library/std/src/sys_common/backtrace.rs:141:18
[INFO] [stdout]   13:     0x557c81cc5709 - rust_begin_unwind
[INFO] [stdout]                                at /rustc/a178d0322ce20e33eac124758e837cbd80a6f633/library/std/src/panicking.rs:515:5
[INFO] [stdout]   14:     0x557c81c11f2b - std::panicking::begin_panic_fmt::h5479575e112541f8
[INFO] [stdout]                                at /rustc/a178d0322ce20e33eac124758e837cbd80a6f633/library/std/src/panicking.rs:457:5
[INFO] [stdout]   15:     0x557c81c47ff7 - mechadoge::processor::processor_tests::test_array_processor::h659dbc0016f39165
[INFO] [stdout]                                at /opt/rustwide/workdir/src/processor.rs:935:25
[INFO] [stdout]   16:     0x557c81c47cca - mechadoge::processor::processor_tests::test_array_processor::{{closure}}::h6dba4710a880458d
[INFO] [stdout]                                at /opt/rustwide/workdir/src/processor.rs:916:5
[INFO] [stdout]   17:     0x557c81c2a44e - core::ops::function::FnOnce::call_once::hb9b6c8fa03b9d442
[INFO] [stdout]                                at /rustc/a178d0322ce20e33eac124758e837cbd80a6f633/library/core/src/ops/function.rs:227:5
[INFO] [stdout]   18:     0x557c81c9a993 - core::ops::function::FnOnce::call_once::h152e7e439ff59e19
[INFO] [stdout]                                at /rustc/a178d0322ce20e33eac124758e837cbd80a6f633/library/core/src/ops/function.rs:227:5
[INFO] [stdout]   19:     0x557c81c9a993 - test::__rust_begin_short_backtrace::h0908f3b1fdbb72ab
[INFO] [stdout]                                at /rustc/a178d0322ce20e33eac124758e837cbd80a6f633/library/test/src/lib.rs:577:5
[INFO] [stdout]   20:     0x557c81c99450 - <alloc::boxed::Box<F,A> as core::ops::function::FnOnce<Args>>::call_once::hf6d2a51e5587546c
[INFO] [stdout]                                at /rustc/a178d0322ce20e33eac124758e837cbd80a6f633/library/alloc/src/boxed.rs:1575:9
[INFO] [stdout]   21:     0x557c81c99450 - <std::panic::AssertUnwindSafe<F> as core::ops::function::FnOnce<()>>::call_once::h8af660f3a89ef593
[INFO] [stdout]                                at /rustc/a178d0322ce20e33eac124758e837cbd80a6f633/library/std/src/panic.rs:347:9
[INFO] [stdout]   22:     0x557c81c99450 - std::panicking::try::do_call::hd36aef60f84b6d36
[INFO] [stdout]                                at /rustc/a178d0322ce20e33eac124758e837cbd80a6f633/library/std/src/panicking.rs:401:40
[INFO] [stdout]   23:     0x557c81c99450 - std::panicking::try::h9932b4480e69817c
[INFO] [stdout]                                at /rustc/a178d0322ce20e33eac124758e837cbd80a6f633/library/std/src/panicking.rs:365:19
[INFO] [stdout]   24:     0x557c81c99450 - std::panic::catch_unwind::h6aa177099cfff5f8
[INFO] [stdout]                                at /rustc/a178d0322ce20e33eac124758e837cbd80a6f633/library/std/src/panic.rs:434:14
[INFO] [stdout]   25:     0x557c81c99450 - test::run_test_in_process::h5884d6f2d99e20c3
[INFO] [stdout]                                at /rustc/a178d0322ce20e33eac124758e837cbd80a6f633/library/test/src/lib.rs:600:18
[INFO] [stdout]   26:     0x557c81c99450 - test::run_test::run_test_inner::{{closure}}::h6fdc58c6d5f5b6e3
[INFO] [stdout]                                at /rustc/a178d0322ce20e33eac124758e837cbd80a6f633/library/test/src/lib.rs:492:39
[INFO] [stdout]   27:     0x557c81c72b02 - test::run_test::run_test_inner::{{closure}}::h408365d67a78ade8
[INFO] [stdout]                                at /rustc/a178d0322ce20e33eac124758e837cbd80a6f633/library/test/src/lib.rs:519:37
[INFO] [stdout]   28:     0x557c81c72b02 - std::sys_common::backtrace::__rust_begin_short_backtrace::hb560b77c4f701523
[INFO] [stdout]                                at /rustc/a178d0322ce20e33eac124758e837cbd80a6f633/library/std/src/sys_common/backtrace.rs:125:18
[INFO] [stdout]   29:     0x557c81c766b8 - std::thread::Builder::spawn_unchecked::{{closure}}::{{closure}}::hf2e7831dad93c597
[INFO] [stdout]                                at /rustc/a178d0322ce20e33eac124758e837cbd80a6f633/library/std/src/thread/mod.rs:481:17
[INFO] [stdout]   30:     0x557c81c766b8 - <std::panic::AssertUnwindSafe<F> as core::ops::function::FnOnce<()>>::call_once::hd2e08783d8be4d02
[INFO] [stdout]                                at /rustc/a178d0322ce20e33eac124758e837cbd80a6f633/library/std/src/panic.rs:347:9
[INFO] [stdout]   31:     0x557c81c766b8 - std::panicking::try::do_call::h062597b7acfd6b82
[INFO] [stdout]                                at /rustc/a178d0322ce20e33eac124758e837cbd80a6f633/library/std/src/panicking.rs:401:40
[INFO] [stdout]   32:     0x557c81c766b8 - std::panicking::try::h0d7b79db04c14552
[INFO] [stdout]                                at /rustc/a178d0322ce20e33eac124758e837cbd80a6f633/library/std/src/panicking.rs:365:19
[INFO] [stdout]   33:     0x557c81c766b8 - std::panic::catch_unwind::hb01a0b5e7c8cd43b
[INFO] [stdout]                                at /rustc/a178d0322ce20e33eac124758e837cbd80a6f633/library/std/src/panic.rs:434:14
[INFO] [stdout]   34:     0x557c81c766b8 - std::thread::Builder::spawn_unchecked::{{closure}}::h5bde48cc887e0d1e
[INFO] [stdout]                                at /rustc/a178d0322ce20e33eac124758e837cbd80a6f633/library/std/src/thread/mod.rs:480:30
[INFO] [stdout]   35:     0x557c81c766b8 - core::ops::function::FnOnce::call_once{{vtable.shim}}::h745ea30807a29e55
[INFO] [stdout]                                at /rustc/a178d0322ce20e33eac124758e837cbd80a6f633/library/core/src/ops/function.rs:227:5
[INFO] [stdout]   36:     0x557c81cca787 - <alloc::boxed::Box<F,A> as core::ops::function::FnOnce<Args>>::call_once::h7ece6cfefaff1005
[INFO] [stdout]                                at /rustc/a178d0322ce20e33eac124758e837cbd80a6f633/library/alloc/src/boxed.rs:1575:9
[INFO] [stdout]   37:     0x557c81cca787 - <alloc::boxed::Box<F,A> as core::ops::function::FnOnce<Args>>::call_once::hb8b48e55c21f193e
[INFO] [stdout]                                at /rustc/a178d0322ce20e33eac124758e837cbd80a6f633/library/alloc/src/boxed.rs:1575:9
[INFO] [stdout]   38:     0x557c81cca787 - std::sys::unix::thread::Thread::new::thread_start::h8c7c4450dba62914
[INFO] [stdout]                                at /rustc/a178d0322ce20e33eac124758e837cbd80a6f633/library/std/src/sys/unix/thread.rs:71:17
[INFO] [stdout]   39:     0x7f9e43c44609 - start_thread
[INFO] [stdout]   40:     0x7f9e43a16293 - clone
[INFO] [stdout]   41:                0x0 - <unknown>
[INFO] [stdout] 
[INFO] [stdout] ---- processor::processor_tests::test_preprocessor stdout ----
[INFO] [stdout] thread 'processor::processor_tests::test_preprocessor' panicked at 'Read-only file system (os error 30)', src/processor.rs:973:25
[INFO] [stdout] stack backtrace:
[INFO] [stdout]    0:     0x557c81cc3490 - std::backtrace_rs::backtrace::libunwind::trace::h34055254b57d8e79
[INFO] [stdout]                                at /rustc/a178d0322ce20e33eac124758e837cbd80a6f633/library/std/src/../../backtrace/src/backtrace/libunwind.rs:90:5
[INFO] [stdout]    1:     0x557c81cc3490 - std::backtrace_rs::backtrace::trace_unsynchronized::h8f1e3fbd9afff6ec
[INFO] [stdout]                                at /rustc/a178d0322ce20e33eac124758e837cbd80a6f633/library/std/src/../../backtrace/src/backtrace/mod.rs:66:5
[INFO] [stdout]    2:     0x557c81cc3490 - std::sys_common::backtrace::_print_fmt::h3a99a796b770c360
[INFO] [stdout]                                at /rustc/a178d0322ce20e33eac124758e837cbd80a6f633/library/std/src/sys_common/backtrace.rs:67:5
[INFO] [stdout]    3:     0x557c81cc3490 - <std::sys_common::backtrace::_print::DisplayBacktrace as core::fmt::Display>::fmt::h32d1f94a80615d18
[INFO] [stdout]                                at /rustc/a178d0322ce20e33eac124758e837cbd80a6f633/library/std/src/sys_common/backtrace.rs:46:22
[INFO] [stdout]    4:     0x557c81ce6e3c - core::fmt::write::h306731c068f7162c
[INFO] [stdout]                                at /rustc/a178d0322ce20e33eac124758e837cbd80a6f633/library/core/src/fmt/mod.rs:1110:17
[INFO] [stdout]    5:     0x557c81cc03b5 - std::io::Write::write_fmt::h87f19b0a2cd190bc
[INFO] [stdout]                                at /rustc/a178d0322ce20e33eac124758e837cbd80a6f633/library/std/src/io/mod.rs:1588:15
[INFO] [stdout]    6:     0x557c81cc55fb - std::sys_common::backtrace::_print::h5abaa2601a852287
[INFO] [stdout]                                at /rustc/a178d0322ce20e33eac124758e837cbd80a6f633/library/std/src/sys_common/backtrace.rs:49:5
[INFO] [stdout]    7:     0x557c81cc55fb - std::sys_common::backtrace::print::h8d81445442bb638f
[INFO] [stdout]                                at /rustc/a178d0322ce20e33eac124758e837cbd80a6f633/library/std/src/sys_common/backtrace.rs:36:9
[INFO] [stdout]    8:     0x557c81cc55fb - std::panicking::default_hook::{{closure}}::hcfe804496a9fa747
[INFO] [stdout]                                at /rustc/a178d0322ce20e33eac124758e837cbd80a6f633/library/std/src/panicking.rs:208:50
[INFO] [stdout]    9:     0x557c81cc510c - std::panicking::default_hook::hbea8e3ccf2ba8901
[INFO] [stdout]                                at /rustc/a178d0322ce20e33eac124758e837cbd80a6f633/library/std/src/panicking.rs:222:9
[INFO] [stdout]   10:     0x557c81cc5cc4 - std::panicking::rust_panic_with_hook::h7ee9e1a2d0f8975a
[INFO] [stdout]                                at /rustc/a178d0322ce20e33eac124758e837cbd80a6f633/library/std/src/panicking.rs:622:17
[INFO] [stdout]   11:     0x557c81cc57a7 - std::panicking::begin_panic_handler::{{closure}}::h8ab3b4491718b2c7
[INFO] [stdout]                                at /rustc/a178d0322ce20e33eac124758e837cbd80a6f633/library/std/src/panicking.rs:519:13
[INFO] [stdout]   12:     0x557c81cc398c - std::sys_common::backtrace::__rust_end_short_backtrace::hd489062ffa586a9f
[INFO] [stdout]                                at /rustc/a178d0322ce20e33eac124758e837cbd80a6f633/library/std/src/sys_common/backtrace.rs:141:18
[INFO] [stdout]   13:     0x557c81cc5709 - rust_begin_unwind
[INFO] [stdout]                                at /rustc/a178d0322ce20e33eac124758e837cbd80a6f633/library/std/src/panicking.rs:515:5
[INFO] [stdout]   14:     0x557c81c11f2b - std::panicking::begin_panic_fmt::h5479575e112541f8
[INFO] [stdout]                                at /rustc/a178d0322ce20e33eac124758e837cbd80a6f633/library/std/src/panicking.rs:457:5
[INFO] [stdout]   15:     0x557c81c48fdd - mechadoge::processor::processor_tests::test_preprocessor::h72ba8b60ec597a6f
[INFO] [stdout]                                at /opt/rustwide/workdir/src/processor.rs:973:25
[INFO] [stdout]   16:     0x557c81c48d4a - mechadoge::processor::processor_tests::test_preprocessor::{{closure}}::hd0277746d3a5393e
[INFO] [stdout]                                at /opt/rustwide/workdir/src/processor.rs:958:5
[INFO] [stdout]   17:     0x557c81c2a4de - core::ops::function::FnOnce::call_once::hbf037008b6622c83
[INFO] [stdout]                                at /rustc/a178d0322ce20e33eac124758e837cbd80a6f633/library/core/src/ops/function.rs:227:5
[INFO] [stdout]   18:     0x557c81c9a993 - core::ops::function::FnOnce::call_once::h152e7e439ff59e19
[INFO] [stdout]                                at /rustc/a178d0322ce20e33eac124758e837cbd80a6f633/library/core/src/ops/function.rs:227:5
[INFO] [stdout]   19:     0x557c81c9a993 - test::__rust_begin_short_backtrace::h0908f3b1fdbb72ab
[INFO] [stdout]                                at /rustc/a178d0322ce20e33eac124758e837cbd80a6f633/library/test/src/lib.rs:577:5
[INFO] [stdout]   20:     0x557c81c99450 - <alloc::boxed::Box<F,A> as core::ops::function::FnOnce<Args>>::call_once::hf6d2a51e5587546c
[INFO] [stdout]                                at /rustc/a178d0322ce20e33eac124758e837cbd80a6f633/library/alloc/src/boxed.rs:1575:9
[INFO] [stdout]   21:     0x557c81c99450 - <std::panic::AssertUnwindSafe<F> as core::ops::function::FnOnce<()>>::call_once::h8af660f3a89ef593
[INFO] [stdout]                                at /rustc/a178d0322ce20e33eac124758e837cbd80a6f633/library/std/src/panic.rs:347:9
[INFO] [stdout]   22:     0x557c81c99450 - std::panicking::try::do_call::hd36aef60f84b6d36
[INFO] [stdout]                                at /rustc/a178d0322ce20e33eac124758e837cbd80a6f633/library/std/src/panicking.rs:401:40
[INFO] [stdout]   23:     0x557c81c99450 - std::panicking::try::h9932b4480e69817c
[INFO] [stdout]                                at /rustc/a178d0322ce20e33eac124758e837cbd80a6f633/library/std/src/panicking.rs:365:19
[INFO] [stdout]   24:     0x557c81c99450 - std::panic::catch_unwind::h6aa177099cfff5f8
[INFO] [stdout]                                at /rustc/a178d0322ce20e33eac124758e837cbd80a6f633/library/std/src/panic.rs:434:14
[INFO] [stdout]   25:     0x557c81c99450 - test::run_test_in_process::h5884d6f2d99e20c3
[INFO] [stdout]                                at /rustc/a178d0322ce20e33eac124758e837cbd80a6f633/library/test/src/lib.rs:600:18
[INFO] [stdout]   26:     0x557c81c99450 - test::run_test::run_test_inner::{{closure}}::h6fdc58c6d5f5b6e3
[INFO] [stdout]                                at /rustc/a178d0322ce20e33eac124758e837cbd80a6f633/library/test/src/lib.rs:492:39
[INFO] [stdout]   27:     0x557c81c72b02 - test::run_test::run_test_inner::{{closure}}::h408365d67a78ade8
[INFO] [stdout]                                at /rustc/a178d0322ce20e33eac124758e837cbd80a6f633/library/test/src/lib.rs:519:37
[INFO] [stdout]   28:     0x557c81c72b02 - std::sys_common::backtrace::__rust_begin_short_backtrace::hb560b77c4f701523
[INFO] [stdout]                                at /rustc/a178d0322ce20e33eac124758e837cbd80a6f633/library/std/src/sys_common/backtrace.rs:125:18
[INFO] [stdout]   29:     0x557c81c766b8 - std::thread::Builder::spawn_unchecked::{{closure}}::{{closure}}::hf2e7831dad93c597
[INFO] [stdout]                                at /rustc/a178d0322ce20e33eac124758e837cbd80a6f633/library/std/src/thread/mod.rs:481:17
[INFO] [stdout]   30:     0x557c81c766b8 - <std::panic::AssertUnwindSafe<F> as core::ops::function::FnOnce<()>>::call_once::hd2e08783d8be4d02
[INFO] [stdout]                                at /rustc/a178d0322ce20e33eac124758e837cbd80a6f633/library/std/src/panic.rs:347:9
[INFO] [stdout]   31:     0x557c81c766b8 - std::panicking::try::do_call::h062597b7acfd6b82
[INFO] [stdout]                                at /rustc/a178d0322ce20e33eac124758e837cbd80a6f633/library/std/src/panicking.rs:401:40
[INFO] [stdout]   32:     0x557c81c766b8 - std::panicking::try::h0d7b79db04c14552
[INFO] [stdout]                                at /rustc/a178d0322ce20e33eac124758e837cbd80a6f633/library/std/src/panicking.rs:365:19
[INFO] [stdout]   33:     0x557c81c766b8 - std::panic::catch_unwind::hb01a0b5e7c8cd43b
[INFO] [stdout]                                at /rustc/a178d0322ce20e33eac124758e837cbd80a6f633/library/std/src/panic.rs:434:14
[INFO] [stdout]   34:     0x557c81c766b8 - std::thread::Builder::spawn_unchecked::{{closure}}::h5bde48cc887e0d1e
[INFO] [stdout]                                at /rustc/a178d0322ce20e33eac124758e837cbd80a6f633/library/std/src/thread/mod.rs:480:30
[INFO] [stdout]   35:     0x557c81c766b8 - core::ops::function::FnOnce::call_once{{vtable.shim}}::h745ea30807a29e55
[INFO] [stdout]                                at /rustc/a178d0322ce20e33eac124758e837cbd80a6f633/library/core/src/ops/function.rs:227:5
[INFO] [stdout]   36:     0x557c81cca787 - <alloc::boxed::Box<F,A> as core::ops::function::FnOnce<Args>>::call_once::h7ece6cfefaff1005
[INFO] [stdout]                                at /rustc/a178d0322ce20e33eac124758e837cbd80a6f633/library/alloc/src/boxed.rs:1575:9
[INFO] [stdout]   37:     0x557c81cca787 - <alloc::boxed::Box<F,A> as core::ops::function::FnOnce<Args>>::call_once::hb8b48e55c21f193e
[INFO] [stdout]                                at /rustc/a178d0322ce20e33eac124758e837cbd80a6f633/library/alloc/src/boxed.rs:1575:9
[INFO] [stdout]   38:     0x557c81cca787 - std::sys::unix::thread::Thread::new::thread_start::h8c7c4450dba62914
[INFO] [stdout]                                at /rustc/a178d0322ce20e33eac124758e837cbd80a6f633/library/std/src/sys/unix/thread.rs:71:17
[INFO] [stdout]   39:     0x7f9e43c44609 - start_thread
[INFO] [stdout]   40:     0x7f9e43a16293 - clone
[INFO] [stdout]   41:                0x0 - <unknown>
[INFO] [stdout] 
[INFO] [stdout] 
[INFO] [stdout] failures:
[INFO] [stdout]     processor::processor_tests::test_array_processor
[INFO] [stdout]     processor::processor_tests::test_preprocessor
[INFO] [stdout] 
[INFO] [stdout] test result: FAILED. 12 passed; 2 failed; 0 ignored; 0 measured; 0 filtered out; finished in 3.94s
[INFO] [stdout] 
[INFO] [stderr] error: test failed, to rerun pass '--bin mechadoge'
[INFO] running `Command { std: "docker" "inspect" "36f038e7292b6482fb8b0e9cd7a17c424a06ef85fc6c3214f434e494450a6cf2", kill_on_drop: false }`
[INFO] running `Command { std: "docker" "rm" "-f" "36f038e7292b6482fb8b0e9cd7a17c424a06ef85fc6c3214f434e494450a6cf2", kill_on_drop: false }`
[INFO] [stdout] 36f038e7292b6482fb8b0e9cd7a17c424a06ef85fc6c3214f434e494450a6cf2
