[INFO] cloning repository https://github.com/dmntk/feel
[INFO] running `Command { std: "git" "-c" "credential.helper=" "-c" "credential.helper=/workspace/cargo-home/bin/git-credential-null" "clone" "--bare" "https://github.com/dmntk/feel" "/workspace/cache/git-repos/https%3A%2F%2Fgithub.com%2Fdmntk%2Ffeel", kill_on_drop: false }`
[INFO] [stderr] Cloning into bare repository '/workspace/cache/git-repos/https%3A%2F%2Fgithub.com%2Fdmntk%2Ffeel'...
[INFO] running `Command { std: "git" "rev-parse" "HEAD", kill_on_drop: false }`
[INFO] [stdout] 5da62a59070575b0a032f471200e86c2a2609191
[INFO] testing dmntk/feel against 1.54.0 for beta-1.55-1
[INFO] running `Command { std: "git" "clone" "/workspace/cache/git-repos/https%3A%2F%2Fgithub.com%2Fdmntk%2Ffeel" "/workspace/builds/worker-11/source", kill_on_drop: false }`
[INFO] [stderr] Cloning into '/workspace/builds/worker-11/source'...
[INFO] [stderr] done.
[INFO] validating manifest of git repo https://github.com/dmntk/feel on toolchain 1.54.0
[INFO] running `Command { std: "/workspace/cargo-home/bin/cargo" "+1.54.0" "metadata" "--manifest-path" "Cargo.toml" "--no-deps", kill_on_drop: false }`
[INFO] started tweaking git repo https://github.com/dmntk/feel
[INFO] finished tweaking git repo https://github.com/dmntk/feel
[INFO] tweaked toml for git repo https://github.com/dmntk/feel written to /workspace/builds/worker-11/source/Cargo.toml
[INFO] crate git repo https://github.com/dmntk/feel already has a lockfile, it will not be regenerated
[INFO] running `Command { std: "/workspace/cargo-home/bin/cargo" "+1.54.0" "fetch" "--manifest-path" "Cargo.toml", kill_on_drop: false }`
[INFO] running `Command { std: "docker" "create" "-v" "/var/lib/crater-agent-workspace/builds/worker-11/target:/opt/rustwide/target:rw,Z" "-v" "/var/lib/crater-agent-workspace/builds/worker-11/source:/opt/rustwide/workdir:ro,Z" "-v" "/var/lib/crater-agent-workspace/cargo-home:/opt/rustwide/cargo-home:ro,Z" "-v" "/var/lib/crater-agent-workspace/rustup-home:/opt/rustwide/rustup-home:ro,Z" "-e" "SOURCE_DIR=/opt/rustwide/workdir" "-e" "CARGO_TARGET_DIR=/opt/rustwide/target" "-e" "CARGO_HOME=/opt/rustwide/cargo-home" "-e" "RUSTUP_HOME=/opt/rustwide/rustup-home" "-w" "/opt/rustwide/workdir" "-m" "1610612736" "--user" "0:0" "--network" "none" "ghcr.io/rust-lang/crates-build-env/linux@sha256:34b6a614d2c27851fe6cbf88fbd1137609cefab8b10d0615aaeb6fd47975d74e" "/opt/rustwide/cargo-home/bin/cargo" "+1.54.0" "metadata" "--no-deps" "--format-version=1", kill_on_drop: false }`
[INFO] [stdout] d306307dcde9610574ed1f2506fa711d0897827451fe5382ad4d037e91978565
[INFO] running `Command { std: "docker" "start" "-a" "d306307dcde9610574ed1f2506fa711d0897827451fe5382ad4d037e91978565", kill_on_drop: false }`
[INFO] running `Command { std: "docker" "inspect" "d306307dcde9610574ed1f2506fa711d0897827451fe5382ad4d037e91978565", kill_on_drop: false }`
[INFO] running `Command { std: "docker" "rm" "-f" "d306307dcde9610574ed1f2506fa711d0897827451fe5382ad4d037e91978565", kill_on_drop: false }`
[INFO] [stdout] d306307dcde9610574ed1f2506fa711d0897827451fe5382ad4d037e91978565
[INFO] running `Command { std: "docker" "create" "-v" "/var/lib/crater-agent-workspace/builds/worker-11/target:/opt/rustwide/target:rw,Z" "-v" "/var/lib/crater-agent-workspace/builds/worker-11/source:/opt/rustwide/workdir:ro,Z" "-v" "/var/lib/crater-agent-workspace/cargo-home:/opt/rustwide/cargo-home:ro,Z" "-v" "/var/lib/crater-agent-workspace/rustup-home:/opt/rustwide/rustup-home:ro,Z" "-e" "SOURCE_DIR=/opt/rustwide/workdir" "-e" "CARGO_TARGET_DIR=/opt/rustwide/target" "-e" "CARGO_INCREMENTAL=0" "-e" "RUST_BACKTRACE=full" "-e" "RUSTFLAGS=--cap-lints=warn" "-e" "CARGO_HOME=/opt/rustwide/cargo-home" "-e" "RUSTUP_HOME=/opt/rustwide/rustup-home" "-w" "/opt/rustwide/workdir" "-m" "1610612736" "--user" "0:0" "--network" "none" "ghcr.io/rust-lang/crates-build-env/linux@sha256:34b6a614d2c27851fe6cbf88fbd1137609cefab8b10d0615aaeb6fd47975d74e" "/opt/rustwide/cargo-home/bin/cargo" "+1.54.0" "build" "--frozen" "--message-format=json", kill_on_drop: false }`
[INFO] [stdout] 7bfd482b7f00a358290ce61f09131f5287dc538d934a7aee7b3cb13ad9ee911a
[INFO] running `Command { std: "docker" "start" "-a" "7bfd482b7f00a358290ce61f09131f5287dc538d934a7aee7b3cb13ad9ee911a", kill_on_drop: false }`
[INFO] [stderr]    Compiling libc v0.2.94
[INFO] [stderr]    Compiling syn v1.0.72
[INFO] [stderr]    Compiling serde v1.0.126
[INFO] [stderr]    Compiling uriparse v0.6.3
[INFO] [stderr]    Compiling parse-zoneinfo v0.3.0
[INFO] [stderr]    Compiling chrono-tz v0.5.3
[INFO] [stderr]    Compiling time v0.1.44
[INFO] [stderr]    Compiling chrono v0.4.19
[INFO] [stderr]    Compiling serde_derive v1.0.126
[INFO] [stderr]    Compiling serde_yaml v0.8.17
[INFO] [stderr]    Compiling dmntk-common v0.0.11
[INFO] [stderr]    Compiling dmntk-feel v0.0.11 (/opt/rustwide/workdir)
[INFO] [stderr]     Finished dev [unoptimized + debuginfo] target(s) in 28.43s
[INFO] running `Command { std: "docker" "inspect" "7bfd482b7f00a358290ce61f09131f5287dc538d934a7aee7b3cb13ad9ee911a", kill_on_drop: false }`
[INFO] running `Command { std: "docker" "rm" "-f" "7bfd482b7f00a358290ce61f09131f5287dc538d934a7aee7b3cb13ad9ee911a", kill_on_drop: false }`
[INFO] [stdout] 7bfd482b7f00a358290ce61f09131f5287dc538d934a7aee7b3cb13ad9ee911a
[INFO] running `Command { std: "docker" "create" "-v" "/var/lib/crater-agent-workspace/builds/worker-11/target:/opt/rustwide/target:rw,Z" "-v" "/var/lib/crater-agent-workspace/builds/worker-11/source:/opt/rustwide/workdir:ro,Z" "-v" "/var/lib/crater-agent-workspace/cargo-home:/opt/rustwide/cargo-home:ro,Z" "-v" "/var/lib/crater-agent-workspace/rustup-home:/opt/rustwide/rustup-home:ro,Z" "-e" "SOURCE_DIR=/opt/rustwide/workdir" "-e" "CARGO_TARGET_DIR=/opt/rustwide/target" "-e" "CARGO_INCREMENTAL=0" "-e" "RUST_BACKTRACE=full" "-e" "RUSTFLAGS=--cap-lints=warn" "-e" "CARGO_HOME=/opt/rustwide/cargo-home" "-e" "RUSTUP_HOME=/opt/rustwide/rustup-home" "-w" "/opt/rustwide/workdir" "-m" "1610612736" "--user" "0:0" "--network" "none" "ghcr.io/rust-lang/crates-build-env/linux@sha256:34b6a614d2c27851fe6cbf88fbd1137609cefab8b10d0615aaeb6fd47975d74e" "/opt/rustwide/cargo-home/bin/cargo" "+1.54.0" "test" "--frozen" "--no-run" "--message-format=json", kill_on_drop: false }`
[INFO] [stdout] d72f97ce82c9f82c642f9baa8bc9a924511752c42d7667a615324b3b1a790adb
[INFO] running `Command { std: "docker" "start" "-a" "d72f97ce82c9f82c642f9baa8bc9a924511752c42d7667a615324b3b1a790adb", kill_on_drop: false }`
[INFO] [stderr]     Blocking waiting for file lock on package cache
[INFO] [stderr]     Blocking waiting for file lock on package cache
[INFO] [stderr]    Compiling dmntk-feel v0.0.11 (/opt/rustwide/workdir)
[INFO] [stderr]     Finished test [unoptimized + debuginfo] target(s) in 2m 23s
[INFO] running `Command { std: "docker" "inspect" "d72f97ce82c9f82c642f9baa8bc9a924511752c42d7667a615324b3b1a790adb", kill_on_drop: false }`
[INFO] running `Command { std: "docker" "rm" "-f" "d72f97ce82c9f82c642f9baa8bc9a924511752c42d7667a615324b3b1a790adb", kill_on_drop: false }`
[INFO] [stdout] d72f97ce82c9f82c642f9baa8bc9a924511752c42d7667a615324b3b1a790adb
[INFO] running `Command { std: "docker" "create" "-v" "/var/lib/crater-agent-workspace/builds/worker-11/target:/opt/rustwide/target:rw,Z" "-v" "/var/lib/crater-agent-workspace/builds/worker-11/source:/opt/rustwide/workdir:ro,Z" "-v" "/var/lib/crater-agent-workspace/cargo-home:/opt/rustwide/cargo-home:ro,Z" "-v" "/var/lib/crater-agent-workspace/rustup-home:/opt/rustwide/rustup-home:ro,Z" "-e" "SOURCE_DIR=/opt/rustwide/workdir" "-e" "CARGO_TARGET_DIR=/opt/rustwide/target" "-e" "CARGO_INCREMENTAL=0" "-e" "RUST_BACKTRACE=full" "-e" "RUSTFLAGS=--cap-lints=warn" "-e" "CARGO_HOME=/opt/rustwide/cargo-home" "-e" "RUSTUP_HOME=/opt/rustwide/rustup-home" "-w" "/opt/rustwide/workdir" "-m" "1610612736" "--user" "0:0" "--network" "none" "ghcr.io/rust-lang/crates-build-env/linux@sha256:34b6a614d2c27851fe6cbf88fbd1137609cefab8b10d0615aaeb6fd47975d74e" "/opt/rustwide/cargo-home/bin/cargo" "+1.54.0" "test" "--frozen", kill_on_drop: false }`
[INFO] [stdout] 3427ea23380721478270753487dd326f86e96a5bccc574434232de3384262c31
[INFO] running `Command { std: "docker" "start" "-a" "3427ea23380721478270753487dd326f86e96a5bccc574434232de3384262c31", kill_on_drop: false }`
[INFO] [stderr]     Finished test [unoptimized + debuginfo] target(s) in 0.03s
[INFO] [stdout] 
[INFO] [stderr]      Running unittests (/opt/rustwide/target/debug/deps/dmntk_feel-69dc5537e7ea8288)
[INFO] [stdout] running 57 tests
[INFO] [stdout] test context::tests::test_context_stringify ... ok
[INFO] [stdout] test bif::tests::test_is_built_in_function_name ... ok
[INFO] [stdout] test names::tests::test_new_qualified_name ... ok
[INFO] [stdout] test context::tests::test_flatten_two_levels ... ok
[INFO] [stdout] test temporal::date::tests::test_is_valid_date ... ok
[INFO] [stdout] test temporal::date::tests::test_is_leap_year ... ok
[INFO] [stdout] test temporal::date::tests::test_last_day_of_month ... ok
[INFO] [stdout] test temporal::date::tests::test_last_day_of_month_leap_year ... ok
[INFO] [stdout] test temporal::dt_duration::tests::test_add_should_pass ... ok
[INFO] [stdout] test context::tests::test_context_flatten_keys_one_level ... ok
[INFO] [stdout] test temporal::dt_duration::tests::test_gt_should_pass ... ok
[INFO] [stdout] test scope::tests::test_scope_default ... ok
[INFO] [stdout] test context::tests::test_context_two_levels ... ok
[INFO] [stdout] test scope::tests::test_scope_new ... ok
[INFO] [stdout] test scope::tests::test_scope_single_empty_context ... ok
[INFO] [stdout] test scope::tests::test_scope_multiple_empty_contexts ... ok
[INFO] [stdout] test context::tests::test_flatten_three_levels ... ok
[INFO] [stdout] test context::tests::test_flatten_names_with_additional_characters ... ok
[INFO] [stdout] test context::tests::test_context_jsonify ... ok
[INFO] [stdout] test context::tests::test_context_search_entry ... ok
[INFO] [stdout] test temporal::dt_duration::tests::test_eq_should_pass ... ok
[INFO] [stdout] test temporal::dt_duration::tests::test_ge_should_pass ... ok
[INFO] [stdout] test bif::tests::test_built_in_function_from_string ... ok
[INFO] [stdout] test names::tests::test_default_name ... ok
[INFO] [stdout] test names::tests::test_from_vector ... ok
[INFO] [stdout] test scope::tests::test_scope_no_context ... ok
[INFO] [stdout] test context::tests::test_context_default ... ok
[INFO] [stdout] test temporal::dt_duration::tests::test_converting_nanos_to_string_should_pass ... ok
[INFO] [stdout] test context::tests::test_context_three_levels ... ok
[INFO] [stdout] test temporal::dt_duration::tests::test_sub_should_pass ... ok
[INFO] [stdout] test bif::tests::test_is_built_in_date_time_function_name ... ok
[INFO] [stdout] test temporal::dt_duration::tests::test_converting_to_string_should_pass ... ok
[INFO] [stdout] test scope::tests::test_scope_single_context ... ok
[INFO] [stdout] test context::tests::test_context_one_level ... ok
[INFO] [stdout] test temporal::dt_duration::tests::test_le_should_pass ... ok
[INFO] [stdout] test temporal::tests::test_get_zone_offset ... ok
[INFO] [stdout] test temporal::ym_duration::tests::test_converting_to_string_should_pass ... ok
[INFO] [stdout] test temporal::ym_duration::tests::test_parsing_from_string_should_fail ... ok
[INFO] [stdout] test temporal::ym_duration::tests::test_parsing_from_string_should_pass ... ok
[INFO] [stdout] test types::tests::test_is_built_in_type_name ... ok
[INFO] [stdout] test types::tests::test_retrieve_value_with_type_checking ... ok
[INFO] [stdout] test types::tests::test_type_equivalence ... ok
[INFO] [stdout] test temporal::tests::test_parse_date ... ok
[INFO] [stdout] test context::tests::test_context_search_entries ... ok
[INFO] [stdout] test values::tests::test_value_equality_boolean ... ok
[INFO] [stdout] test values::tests::test_value_equality_context ... ok
[INFO] [stdout] test values::tests::test_value_is_number ... ok
[INFO] [stdout] test values::tests::test_value_equality_number ... ok
[INFO] [stdout] test types::tests::test_type_conformance ... ok
[INFO] [stdout] test temporal::dt_duration::tests::test_lt_should_pass ... ok
[INFO] [stdout] test context::tests::test_context_create_entry ... ok
[INFO] [stdout] test temporal::dt_duration::tests::test_parsing_from_string_should_pass ... ok
[INFO] [stdout] test temporal::dt_duration::tests::test_parsing_from_string_should_fail ... ok
[INFO] [stdout] test temporal::tests::test_parse_date_time ... ok
[INFO] [stdout] test temporal::tests::test_get_local_offset ... FAILED
[INFO] [stdout] test temporal::tests::test_after_or_equal ... ok
[INFO] [stdout] test temporal::tests::test_parse_time ... ok
[INFO] [stdout] 
[INFO] [stdout] failures:
[INFO] [stdout] 
[INFO] [stdout] ---- temporal::tests::test_get_local_offset stdout ----
[INFO] [stdout] thread 'temporal::tests::test_get_local_offset' panicked at 'assertion failed: `(left == right)`
[INFO] [stdout]   left: `Some(3600)`,
[INFO] [stdout]  right: `Some(0)`', src/temporal/mod.rs:717:5
[INFO] [stdout] stack backtrace:
[INFO] [stdout]    0:     0x55f27665d9f0 - std::backtrace_rs::backtrace::libunwind::trace::h34055254b57d8e79
[INFO] [stdout]                                at /rustc/a178d0322ce20e33eac124758e837cbd80a6f633/library/std/src/../../backtrace/src/backtrace/libunwind.rs:90:5
[INFO] [stdout]    1:     0x55f27665d9f0 - std::backtrace_rs::backtrace::trace_unsynchronized::h8f1e3fbd9afff6ec
[INFO] [stdout]                                at /rustc/a178d0322ce20e33eac124758e837cbd80a6f633/library/std/src/../../backtrace/src/backtrace/mod.rs:66:5
[INFO] [stdout]    2:     0x55f27665d9f0 - std::sys_common::backtrace::_print_fmt::h3a99a796b770c360
[INFO] [stdout]                                at /rustc/a178d0322ce20e33eac124758e837cbd80a6f633/library/std/src/sys_common/backtrace.rs:67:5
[INFO] [stdout]    3:     0x55f27665d9f0 - <std::sys_common::backtrace::_print::DisplayBacktrace as core::fmt::Display>::fmt::h32d1f94a80615d18
[INFO] [stdout]                                at /rustc/a178d0322ce20e33eac124758e837cbd80a6f633/library/std/src/sys_common/backtrace.rs:46:22
[INFO] [stdout]    4:     0x55f27668183c - core::fmt::write::h306731c068f7162c
[INFO] [stdout]                                at /rustc/a178d0322ce20e33eac124758e837cbd80a6f633/library/core/src/fmt/mod.rs:1110:17
[INFO] [stdout]    5:     0x55f27665a845 - std::io::Write::write_fmt::h87f19b0a2cd190bc
[INFO] [stdout]                                at /rustc/a178d0322ce20e33eac124758e837cbd80a6f633/library/std/src/io/mod.rs:1588:15
[INFO] [stdout]    6:     0x55f27665fb5b - std::sys_common::backtrace::_print::h5abaa2601a852287
[INFO] [stdout]                                at /rustc/a178d0322ce20e33eac124758e837cbd80a6f633/library/std/src/sys_common/backtrace.rs:49:5
[INFO] [stdout]    7:     0x55f27665fb5b - std::sys_common::backtrace::print::h8d81445442bb638f
[INFO] [stdout]                                at /rustc/a178d0322ce20e33eac124758e837cbd80a6f633/library/std/src/sys_common/backtrace.rs:36:9
[INFO] [stdout]    8:     0x55f27665fb5b - std::panicking::default_hook::{{closure}}::hcfe804496a9fa747
[INFO] [stdout]                                at /rustc/a178d0322ce20e33eac124758e837cbd80a6f633/library/std/src/panicking.rs:208:50
[INFO] [stdout]    9:     0x55f27665f66c - std::panicking::default_hook::hbea8e3ccf2ba8901
[INFO] [stdout]                                at /rustc/a178d0322ce20e33eac124758e837cbd80a6f633/library/std/src/panicking.rs:222:9
[INFO] [stdout]   10:     0x55f276660224 - std::panicking::rust_panic_with_hook::h7ee9e1a2d0f8975a
[INFO] [stdout]                                at /rustc/a178d0322ce20e33eac124758e837cbd80a6f633/library/std/src/panicking.rs:622:17
[INFO] [stdout]   11:     0x55f27665fd07 - std::panicking::begin_panic_handler::{{closure}}::h8ab3b4491718b2c7
[INFO] [stdout]                                at /rustc/a178d0322ce20e33eac124758e837cbd80a6f633/library/std/src/panicking.rs:519:13
[INFO] [stdout]   12:     0x55f27665deec - std::sys_common::backtrace::__rust_end_short_backtrace::hd489062ffa586a9f
[INFO] [stdout]                                at /rustc/a178d0322ce20e33eac124758e837cbd80a6f633/library/std/src/sys_common/backtrace.rs:141:18
[INFO] [stdout]   13:     0x55f27665fc69 - rust_begin_unwind
[INFO] [stdout]                                at /rustc/a178d0322ce20e33eac124758e837cbd80a6f633/library/std/src/panicking.rs:515:5
[INFO] [stdout]   14:     0x55f276383b31 - core::panicking::panic_fmt::hca6330e3e14086b4
[INFO] [stdout]                                at /rustc/a178d0322ce20e33eac124758e837cbd80a6f633/library/core/src/panicking.rs:92:14
[INFO] [stdout]   15:     0x55f27667fea8 - core::panicking::assert_failed_inner::h33b45280069a80ed
[INFO] [stdout]   16:     0x55f2763f945a - core::panicking::assert_failed::ha90e07836e5bb1c3
[INFO] [stdout]                                at /rustc/a178d0322ce20e33eac124758e837cbd80a6f633/library/core/src/panicking.rs:117:5
[INFO] [stdout]   17:     0x55f2763bd34d - dmntk_feel::temporal::tests::test_get_local_offset::h857e7c915461a86a
[INFO] [stdout]                                at /opt/rustwide/workdir/src/temporal/mod.rs:717:5
[INFO] [stdout]   18:     0x55f2763bd1ca - dmntk_feel::temporal::tests::test_get_local_offset::{{closure}}::hc956508ff611017e
[INFO] [stdout]                                at /opt/rustwide/workdir/src/temporal/mod.rs:716:3
[INFO] [stdout]   19:     0x55f2763962be - core::ops::function::FnOnce::call_once::hc771c03af39380dd
[INFO] [stdout]                                at /rustc/a178d0322ce20e33eac124758e837cbd80a6f633/library/core/src/ops/function.rs:227:5
[INFO] [stdout]   20:     0x55f276443943 - core::ops::function::FnOnce::call_once::h152e7e439ff59e19
[INFO] [stdout]                                at /rustc/a178d0322ce20e33eac124758e837cbd80a6f633/library/core/src/ops/function.rs:227:5
[INFO] [stdout]   21:     0x55f276443943 - test::__rust_begin_short_backtrace::h0908f3b1fdbb72ab
[INFO] [stdout]                                at /rustc/a178d0322ce20e33eac124758e837cbd80a6f633/library/test/src/lib.rs:577:5
[INFO] [stdout]   22:     0x55f276442400 - <alloc::boxed::Box<F,A> as core::ops::function::FnOnce<Args>>::call_once::hf6d2a51e5587546c
[INFO] [stdout]                                at /rustc/a178d0322ce20e33eac124758e837cbd80a6f633/library/alloc/src/boxed.rs:1575:9
[INFO] [stdout]   23:     0x55f276442400 - <std::panic::AssertUnwindSafe<F> as core::ops::function::FnOnce<()>>::call_once::h8af660f3a89ef593
[INFO] [stdout]                                at /rustc/a178d0322ce20e33eac124758e837cbd80a6f633/library/std/src/panic.rs:347:9
[INFO] [stdout]   24:     0x55f276442400 - std::panicking::try::do_call::hd36aef60f84b6d36
[INFO] [stdout]                                at /rustc/a178d0322ce20e33eac124758e837cbd80a6f633/library/std/src/panicking.rs:401:40
[INFO] [stdout]   25:     0x55f276442400 - std::panicking::try::h9932b4480e69817c
[INFO] [stdout]                                at /rustc/a178d0322ce20e33eac124758e837cbd80a6f633/library/std/src/panicking.rs:365:19
[INFO] [stdout]   26:     0x55f276442400 - std::panic::catch_unwind::h6aa177099cfff5f8
[INFO] [stdout]                                at /rustc/a178d0322ce20e33eac124758e837cbd80a6f633/library/std/src/panic.rs:434:14
[INFO] [stdout]   27:     0x55f276442400 - test::run_test_in_process::h5884d6f2d99e20c3
[INFO] [stdout]                                at /rustc/a178d0322ce20e33eac124758e837cbd80a6f633/library/test/src/lib.rs:600:18
[INFO] [stdout]   28:     0x55f276442400 - test::run_test::run_test_inner::{{closure}}::h6fdc58c6d5f5b6e3
[INFO] [stdout]                                at /rustc/a178d0322ce20e33eac124758e837cbd80a6f633/library/test/src/lib.rs:492:39
[INFO] [stdout]   29:     0x55f27641bab2 - test::run_test::run_test_inner::{{closure}}::h408365d67a78ade8
[INFO] [stdout]                                at /rustc/a178d0322ce20e33eac124758e837cbd80a6f633/library/test/src/lib.rs:519:37
[INFO] [stdout]   30:     0x55f27641bab2 - std::sys_common::backtrace::__rust_begin_short_backtrace::hb560b77c4f701523
[INFO] [stdout]                                at /rustc/a178d0322ce20e33eac124758e837cbd80a6f633/library/std/src/sys_common/backtrace.rs:125:18
[INFO] [stdout]   31:     0x55f27641f668 - std::thread::Builder::spawn_unchecked::{{closure}}::{{closure}}::hf2e7831dad93c597
[INFO] [stdout]                                at /rustc/a178d0322ce20e33eac124758e837cbd80a6f633/library/std/src/thread/mod.rs:481:17
[INFO] [stdout]   32:     0x55f27641f668 - <std::panic::AssertUnwindSafe<F> as core::ops::function::FnOnce<()>>::call_once::hd2e08783d8be4d02
[INFO] [stdout]                                at /rustc/a178d0322ce20e33eac124758e837cbd80a6f633/library/std/src/panic.rs:347:9
[INFO] [stdout]   33:     0x55f27641f668 - std::panicking::try::do_call::h062597b7acfd6b82
[INFO] [stdout]                                at /rustc/a178d0322ce20e33eac124758e837cbd80a6f633/library/std/src/panicking.rs:401:40
[INFO] [stdout]   34:     0x55f27641f668 - std::panicking::try::h0d7b79db04c14552
[INFO] [stdout]                                at /rustc/a178d0322ce20e33eac124758e837cbd80a6f633/library/std/src/panicking.rs:365:19
[INFO] [stdout]   35:     0x55f27641f668 - std::panic::catch_unwind::hb01a0b5e7c8cd43b
[INFO] [stdout]                                at /rustc/a178d0322ce20e33eac124758e837cbd80a6f633/library/std/src/panic.rs:434:14
[INFO] [stdout]   36:     0x55f27641f668 - std::thread::Builder::spawn_unchecked::{{closure}}::h5bde48cc887e0d1e
[INFO] [stdout]                                at /rustc/a178d0322ce20e33eac124758e837cbd80a6f633/library/std/src/thread/mod.rs:480:30
[INFO] [stdout]   37:     0x55f27641f668 - core::ops::function::FnOnce::call_once{{vtable.shim}}::h745ea30807a29e55
[INFO] [stdout]                                at /rustc/a178d0322ce20e33eac124758e837cbd80a6f633/library/core/src/ops/function.rs:227:5
[INFO] [stdout]   38:     0x55f276664d47 - <alloc::boxed::Box<F,A> as core::ops::function::FnOnce<Args>>::call_once::h7ece6cfefaff1005
[INFO] [stdout]                                at /rustc/a178d0322ce20e33eac124758e837cbd80a6f633/library/alloc/src/boxed.rs:1575:9
[INFO] [stdout]   39:     0x55f276664d47 - <alloc::boxed::Box<F,A> as core::ops::function::FnOnce<Args>>::call_once::hb8b48e55c21f193e
[INFO] [stdout]                                at /rustc/a178d0322ce20e33eac124758e837cbd80a6f633/library/alloc/src/boxed.rs:1575:9
[INFO] [stdout]   40:     0x55f276664d47 - std::sys::unix::thread::Thread::new::thread_start::h8c7c4450dba62914
[INFO] [stdout]                                at /rustc/a178d0322ce20e33eac124758e837cbd80a6f633/library/std/src/sys/unix/thread.rs:71:17
[INFO] [stdout]   41:     0x7fbdc4d48609 - start_thread
[INFO] [stdout]   42:     0x7fbdc4b1a293 - clone
[INFO] [stdout]   43:                0x0 - <unknown>
[INFO] [stdout] 
[INFO] [stdout] 
[INFO] [stdout] failures:
[INFO] [stdout]     temporal::tests::test_get_local_offset
[INFO] [stdout] 
[INFO] [stdout] test result: FAILED. 56 passed; 1 failed; 0 ignored; 0 measured; 0 filtered out; finished in 0.12s
[INFO] [stdout] 
[INFO] [stderr] error: test failed, to rerun pass '--lib'
[INFO] running `Command { std: "docker" "inspect" "3427ea23380721478270753487dd326f86e96a5bccc574434232de3384262c31", kill_on_drop: false }`
[INFO] running `Command { std: "docker" "rm" "-f" "3427ea23380721478270753487dd326f86e96a5bccc574434232de3384262c31", kill_on_drop: false }`
[INFO] [stdout] 3427ea23380721478270753487dd326f86e96a5bccc574434232de3384262c31
